000
CDUS44 KHGX 161312
CLIHOU

CLIMATE REPORT
NATIONAL WEATHER SERVICE HOUSTON/GALVESTON TX
812 AM CDT WED APR 16 2014



...MORNING CLIMATE DATA...

                            MORNING LOW    PRECIP SINCE MIDNIGHT
HOUSTON INTERCONTINENTAL         41                0.00
GALVESTON SCHOLES FIELD          53                0.00
BRYAN/COLLEGE STATION            42                0.00
HOUSTON HOBBY                    44                0.00

...................................



...THE HOUSTON INTERCONTINENTAL CLIMATE SUMMARY FOR APRIL 15 2014...

CLIMATE NORMAL PERIOD 1981 TO 2010
CLIMATE RECORD PERIOD 1892 TO 2014


WEATHER ITEM   OBSERVED TIME   RECORD YEAR NORMAL DEPARTURE LAST
                VALUE   (LST)  VALUE       VALUE  FROM      YEAR
                                                  NORMAL
..................................................................
TEMPERATURE (F)
 YESTERDAY
  MAXIMUM         64    521 PM  90    1944  80    -16       84
  MINIMUM         41    615 AM  38    1928  59    -18       70
  AVERAGE         53                        69    -16       77

PRECIPITATION (IN)
  YESTERDAY        0.00          3.05 1954   0.10  -0.10     0.00
  MONTH TO DATE    1.56                      1.52   0.04     2.57
  SINCE MAR 1      4.01                      4.93  -0.92     3.46
  SINCE JAN 1      7.36                     11.51  -4.15     7.99

SNOWFALL (IN)
  YESTERDAY        0.0          MM      MM
  MONTH TO DATE    0.0
  SINCE MAR 1      0.0
  SINCE JUL 1      T

DEGREE DAYS
 HEATING
  YESTERDAY       12                         1     11        0
  MONTH TO DATE   28                        27      1       40
  SINCE MAR 1    242                       168     74      216
  SINCE JUL 1   1722                      1356    366     1146

 COOLING
  YESTERDAY        0                         6     -6       12
  MONTH TO DATE   67                        69     -2       49
  SINCE MAR 1     99                       140    -41      114
  SINCE JAN 1    133                       178    -45      154
..................................................................


WIND (MPH)
  HIGHEST WIND SPEED    24   HIGHEST WIND DIRECTION    NE (40)
  HIGHEST GUST SPEED    32   HIGHEST GUST DIRECTION    NE (30)




RELATIVE HUMIDITY (PERCENT)
 HIGHEST    71
 LOWEST     25
 AVERAGE    48

..........................................................


THE HOUSTON INTERCONTINENTAL CLIMATE NORMALS FOR TODAY
                         NORMAL    RECORD    YEAR
 MAXIMUM TEMPERATURE (F)   80        92      1987
                                             1920
 MINIMUM TEMPERATURE (F)   59        38      1983


SUNRISE AND SUNSET
APRIL 16 2014.........SUNRISE   653 AM CDT   SUNSET   749 PM CDT
APRIL 17 2014.........SUNRISE   652 AM CDT   SUNSET   750 PM CDT


-  INDICATES NEGATIVE NUMBERS.
R  INDICATES RECORD WAS SET OR TIED.
MM INDICATES DATA IS MISSING.
T  INDICATES TRACE AMOUNT.




...................................

...THE HOUSTON/HOBBY AIRPORT CLIMATE SUMMARY FOR APRIL 15 2014...

CLIMATE NORMAL PERIOD 1981 TO 2010
CLIMATE RECORD PERIOD 1930 TO 2014


WEATHER ITEM   OBSERVED TIME   RECORD YEAR NORMAL DEPARTURE LAST
                VALUE   (LST)  VALUE       VALUE  FROM      YEAR
                                                  NORMAL
..................................................................
TEMPERATURE (F)
 YESTERDAY
  MAXIMUM         64    456 PM  90    1944  79    -15       79
  MINIMUM         43    639 AM  37    1933  61    -18       68
  AVERAGE         54                        70    -16       74

PRECIPITATION (IN)
  YESTERDAY        0.00          1.68 1973   0.10  -0.10     0.00
  MONTH TO DATE    1.11                      1.50  -0.39     3.06
  SINCE MAR 1      3.65                      4.70  -1.05     4.24
  SINCE JAN 1      6.27                     11.78  -5.51     9.00

SNOWFALL (IN)
  YESTERDAY        0.0          MM      MM
  MONTH TO DATE    0.0
  SINCE MAR 1      0.0
  SINCE JUL 1      T

DEGREE DAYS
 HEATING
  YESTERDAY       11                         1     10        0
  MONTH TO DATE   22                        22      0       31
  SINCE MAR 1    209                       143     66      174
  SINCE JUL 1   1536                      1213    323      942

 COOLING
  YESTERDAY        0                         6     -6        9
  MONTH TO DATE   61                        69     -8       46
  SINCE MAR 1     99                       138    -39      117
  SINCE JAN 1    138                       176    -38      163
..................................................................


WIND (MPH)
  HIGHEST WIND SPEED    28   HIGHEST WIND DIRECTION    NE (30)
  HIGHEST GUST SPEED    35   HIGHEST GUST DIRECTION     N (10)




RELATIVE HUMIDITY (PERCENT)
 HIGHEST    65
 LOWEST     25
 AVERAGE    45

..........................................................


THE HOUSTON/HOBBY AIRPORT CLIMATE NORMALS FOR TODAY
                         NORMAL    RECORD    YEAR
 MAXIMUM TEMPERATURE (F)   79        92      1987
 MINIMUM TEMPERATURE (F)   61        39      1961


SUNRISE AND SUNSET
APRIL 16 2014.........SUNRISE   654 AM CDT   SUNSET   749 PM CDT
APRIL 17 2014.........SUNRISE   652 AM CDT   SUNSET   749 PM CDT


-  INDICATES NEGATIVE NUMBERS.
R  INDICATES RECORD WAS SET OR TIED.
MM INDICATES DATA IS MISSING.
T  INDICATES TRACE AMOUNT.



...MISCELLANEOUS CLIMATE DATA FOR YESTERDAY...

LOCATION                        HIGH    LOW     PRECIP

PEARLAND                         65      44      0.00
SUGAR LAND                       65      39      0.00
TOMBALL                          64      42      0.00
CONROE                           63      37      0.00
HUNTSVILLE                       61      36      0.00
ANGLETON/LAKE JACKSON            65      37      0.00
PALACIOS                         66      41      0.00
LEAGUE CITY (NWS)                64      43      0.00


THIS PRODUCT...ALONG WITH OTHER WEATHER...HYDROLOGIC...AND CLIMATE
PRODUCTS...IS AVAILABLE ON THE WEB AT HTTP://WWW.SRH.NOAA.GOV/HGX
OR AT HTTP://WEATHER.GOV


$$
