000
CDUS44 KHGX 171416 CCA
CLIHOU

CLIMATE REPORT
NATIONAL WEATHER SERVICE HOUSTON/GALVESTON TX
815 AM CST WED DEC 17 2014


...MORNING CLIMATE DATA...

                            MORNING LOW    PRECIP SINCE MIDNIGHT
HOUSTON INTERCONTINENTAL         44                0.00
GALVESTON SCHOLES FIELD          53                0.00
BRYAN/COLLEGE STATION            44                0.00
HOUSTON HOBBY                    48                0.00
...................................


...THE HOUSTON INTERCONTINENTAL CLIMATE SUMMARY FOR DECEMBER 16 2014...

CLIMATE NORMAL PERIOD 1981 TO 2010
CLIMATE RECORD PERIOD 1892 TO 2014


WEATHER ITEM   OBSERVED TIME   RECORD YEAR NORMAL DEPARTURE LAST
                VALUE   (LST)  VALUE       VALUE  FROM      YEAR
                                                  NORMAL
..................................................................
TEMPERATURE (F)
 YESTERDAY
  MAXIMUM         66    311 PM  82    1971  64      2       63
                                      1908
  MINIMUM         48   1159 PM  19    1989  44      4       30
  AVERAGE         57                        54      3       47

PRECIPITATION (IN)
  YESTERDAY        0.00          3.05 1937   0.12  -0.12     0.00
  MONTH TO DATE    0.12                      2.05  -1.93     0.14
  SINCE DEC 1      0.12                      2.05  -1.93     0.14
  SINCE JAN 1     38.24                     48.08  -9.84    37.32

SNOWFALL (IN)
  YESTERDAY        0.0           0.0  2002
                                      2001
  MONTH TO DATE    0.0
  SINCE DEC 1      0.0
  SINCE JUL 1      0.0

DEGREE DAYS
 HEATING
  YESTERDAY        8                        12     -4       18
  MONTH TO DATE   74                       167    -93      248
  SINCE DEC 1     74                       167    -93      248
  SINCE JUL 1    322                       352    -30      497
..................................................................


WIND (MPH)
  HIGHEST WIND SPEED    17   HIGHEST WIND DIRECTION     N (360)
  HIGHEST GUST SPEED    23   HIGHEST GUST DIRECTION     N (20)




RELATIVE HUMIDITY (PERCENT)
 HIGHEST    66
 LOWEST     34
 AVERAGE    50

..........................................................


THE HOUSTON INTERCONTINENTAL CLIMATE NORMALS FOR TODAY
                         NORMAL    RECORD    YEAR
 MAXIMUM TEMPERATURE (F)   64        80      1990
                                             1984
                                             1908
 MINIMUM TEMPERATURE (F)   44        20      1932


SUNRISE AND SUNSET
DECEMBER 17 2014......SUNRISE   711 AM CST   SUNSET   524 PM CST
DECEMBER 18 2014......SUNRISE   711 AM CST   SUNSET   525 PM CST


-  INDICATES NEGATIVE NUMBERS.
R  INDICATES RECORD WAS SET OR TIED.
MM INDICATES DATA IS MISSING.
T  INDICATES TRACE AMOUNT.




...................................

&&

...THE HOUSTON/HOBBY AIRPORT CLIMATE SUMMARY FOR DECEMBER 16 2014...

CLIMATE NORMAL PERIOD 1981 TO 2010
CLIMATE RECORD PERIOD 1930 TO 2014


WEATHER ITEM   OBSERVED TIME   RECORD YEAR NORMAL DEPARTURE LAST
                VALUE   (LST)  VALUE       VALUE  FROM      YEAR
                                                  NORMAL
..................................................................
TEMPERATURE (F)
 YESTERDAY
  MAXIMUM         67    401 PM  82    1971  64      3       63
  MINIMUM         51   1159 PM  23    1989  46      5       32
  AVERAGE         59                        55      4       48

PRECIPITATION (IN)
  YESTERDAY        0.00          1.80 2012   0.14  -0.14     0.00
  MONTH TO DATE    1.13                      2.16  -1.03     0.14
  SINCE DEC 1      1.13                      2.16  -1.03     0.14
  SINCE JAN 1     37.65                     52.78 -15.13    42.33

SNOWFALL (IN)
  YESTERDAY        0.0          MM      MM
  MONTH TO DATE    0.0
  SINCE DEC 1      0.0
  SINCE JUL 1      0.0

DEGREE DAYS
 HEATING
  YESTERDAY        6                        11     -5       17
  MONTH TO DATE   63                       150    -87      226
  SINCE DEC 1     63                       150    -87      226
  SINCE JUL 1    277                       306    -29      443
..................................................................


WIND (MPH)
  HIGHEST WIND SPEED    16   HIGHEST WIND DIRECTION     N (360)
  HIGHEST GUST SPEED    18   HIGHEST GUST DIRECTION     N (360)




RELATIVE HUMIDITY (PERCENT)
 HIGHEST    64
 LOWEST     29
 AVERAGE    47

..........................................................


THE HOUSTON/HOBBY AIRPORT CLIMATE NORMALS FOR TODAY
                         NORMAL    RECORD    YEAR
 MAXIMUM TEMPERATURE (F)   64        80      2006
 MINIMUM TEMPERATURE (F)   46        22      1932


SUNRISE AND SUNSET
DECEMBER 17 2014......SUNRISE   710 AM CST   SUNSET   525 PM CST
DECEMBER 18 2014......SUNRISE   710 AM CST   SUNSET   525 PM CST


-  INDICATES NEGATIVE NUMBERS.
R  INDICATES RECORD WAS SET OR TIED.
MM INDICATES DATA IS MISSING.
T  INDICATES TRACE AMOUNT.


...MISCELLANEOUS CLIMATE DATA FOR YESTERDAY...

LOCATION                        HIGH    LOW     PRECIP

PEARLAND                         69      50      0.00
SUGAR LAND                       67      48      0.00
TOMBALL                          66      44      0.00
CONROE                           63      40      0.00
HUNTSVILLE                       61      40      0.00
ANGLETON/LAKE JACKSON            69      47      0.00
PALACIOS                         69      51      0.00
LEAGUE CITY (NWS)                67      46      0.00


THIS PRODUCT...ALONG WITH OTHER WEATHER...HYDROLOGIC...AND CLIMATE
PRODUCTS...IS AVAILABLE ON THE WEB AT HTTP://WWW.SRH.NOAA.GOV/HGX
OR AT HTTP://WEATHER.GOV


$$
