000
CDUS44 KHGX 212225
CLIHOU

CLIMATE REPORT
NATIONAL WEATHER SERVICE
420 PM WED FEB 21 2018


...................................

...THE HOUSTON INTERCONTINENTAL CLIMATE SUMMARY FOR FEBRUARY 21 2018...
VALID TODAY AS OF 400 PM LOCAL TIME.

CLIMATE NORMAL PERIOD 1981 TO 2010
CLIMATE RECORD PERIOD 1892 TO 2018


WEATHER ITEM   OBSERVED TIME   RECORD YEAR NORMAL DEPARTURE LAST
                VALUE   (LST)  VALUE       VALUE  FROM      YEAR
                                                  NORMAL
..................................................................
TEMPERATURE (F)
 TODAY
  MAXIMUM         75   1030 AM  89    1996  67      8       77
  MINIMUM         57   1255 PM  24    1978  48      9       54
  AVERAGE         66                        58      8       66

PRECIPITATION (IN)
  TODAY            1.30          1.98 1928   0.12   1.18     0.00
  MONTH TO DATE    4.01                      2.40   1.61     2.41
  SINCE DEC 1     10.79                      9.52   1.27    12.06
  SINCE JAN 1      7.07                      5.78   1.29     8.50

SNOWFALL (IN)
  TODAY            0.0          MM      MM   0.0    0.0      0.0
  MONTH TO DATE    0.0                       0.0    0.0      0.0
  SINCE DEC 1      0.8                       0.1    0.7      0.0
  SINCE JUL 1      0.8                       0.1    0.7      0.0
  SNOW DEPTH       0

DEGREE DAYS
 HEATING
  TODAY            0                         8     -8        0
  MONTH TO DATE  137                       210    -73       59
  SINCE DEC 1   1004                       949     55      530
  SINCE JUL 1   1115                      1134    -19      588
..................................................................


WIND (MPH)
  RESULTANT WIND SPEED   6   RESULTANT WIND DIRECTION   S (160)
  HIGHEST WIND SPEED    20   HIGHEST WIND DIRECTION    SE (130)
  HIGHEST GUST SPEED    22   HIGHEST GUST DIRECTION    SE (130)
  AVERAGE WIND SPEED     8.9



WEATHER CONDITIONS
 THE FOLLOWING WEATHER WAS RECORDED TODAY.
  THUNDERSTORM
  HEAVY RAIN
  RAIN
  LIGHT RAIN
  FOG


RELATIVE HUMIDITY (PERCENT)
 HIGHEST   100           800 AM
 LOWEST     87          1200 AM
 AVERAGE    94

..........................................................


THE HOUSTON INTERCONTINENTAL CLIMATE NORMALS FOR TOMORROW
                         NORMAL    RECORD    YEAR
 MAXIMUM TEMPERATURE (F)   68        90      1996
 MINIMUM TEMPERATURE (F)   48        21      1978


SUNRISE AND SUNSET
FEBRUARY 21 2018......SUNRISE   655 AM CST   SUNSET   615 PM CST
FEBRUARY 22 2018......SUNRISE   654 AM CST   SUNSET   616 PM CST


-  INDICATES NEGATIVE NUMBERS.
R  INDICATES RECORD WAS SET OR TIED.
MM INDICATES DATA IS MISSING.
T  INDICATES TRACE AMOUNT.

&&

...................................

...THE HOUSTON/HOBBY AIRPORT CLIMATE SUMMARY FOR FEBRUARY 21 2018...
VALID TODAY AS OF 400 PM LOCAL TIME.

CLIMATE NORMAL PERIOD 1981 TO 2010
CLIMATE RECORD PERIOD 1930 TO 2018


WEATHER ITEM   OBSERVED TIME   RECORD YEAR NORMAL DEPARTURE LAST
                VALUE   (LST)  VALUE       VALUE  FROM      YEAR
                                                  NORMAL
..................................................................
TEMPERATURE (F)
 TODAY
  MAXIMUM         77    131 PM  86    1996  67     10       77
  MINIMUM         63    359 PM  27    1978  50     13       56
  AVERAGE         70                        58     12       67

PRECIPITATION (IN)
  TODAY            1.11          2.56 1969   0.11   1.00     0.00
  MONTH TO DATE    3.52                      2.45   1.07     2.05
  SINCE DEC 1     11.48                     10.35   1.13     9.81
  SINCE JAN 1      6.82                      6.32   0.50     6.12

SNOWFALL (IN)
  TODAY            0.0           T    1964   0.0    0.0      0.0
  MONTH TO DATE    0.0                       0.0    0.0      0.0
  SINCE DEC 1      1.5                       0.0    1.5      0.0
  SINCE JUL 1      1.5                       0.0    1.5      0.0
  SNOW DEPTH       0

DEGREE DAYS
 HEATING
  TODAY            0                         7     -7        0
  MONTH TO DATE  118                       191    -73       52
  SINCE DEC 1    956                       866     90      453
  SINCE JUL 1   1037                      1022     15      490
..................................................................


WIND (MPH)
  RESULTANT WIND SPEED   6   RESULTANT WIND DIRECTION   S (160)
  HIGHEST WIND SPEED    23   HIGHEST WIND DIRECTION     S (170)
  HIGHEST GUST SPEED    32   HIGHEST GUST DIRECTION     S (160)
  AVERAGE WIND SPEED     8.1



WEATHER CONDITIONS
 THE FOLLOWING WEATHER WAS RECORDED TODAY.
  THUNDERSTORM
  HEAVY RAIN
  RAIN
  LIGHT RAIN
  FOG


RELATIVE HUMIDITY (PERCENT)
 HIGHEST   100           100 AM
 LOWEST     93          1200 AM
 AVERAGE    97

..........................................................


THE HOUSTON/HOBBY AIRPORT CLIMATE NORMALS FOR TOMORROW
                         NORMAL    RECORD    YEAR
 MAXIMUM TEMPERATURE (F)   67        86      1996
 MINIMUM TEMPERATURE (F)   50        24      1978


SUNRISE AND SUNSET
FEBRUARY 21 2018......SUNRISE   655 AM CST   SUNSET   615 PM CST
FEBRUARY 22 2018......SUNRISE   654 AM CST   SUNSET   616 PM CST


-  INDICATES NEGATIVE NUMBERS.
R  INDICATES RECORD WAS SET OR TIED.
MM INDICATES DATA IS MISSING.
T  INDICATES TRACE AMOUNT.

...MISCELLANEOUS CLIMATE DATA FOR TODAY...

LOCATION                        HIGH    LOW     PRECIP
PEARLAND                         75      69      1.75
SUGAR LAND                       76      58      1.93
TOMBALL                          74      54      1.56
CONROE                           72      52      1.73
HUNTSVILLE                       72      47      1.07
ANGLETON/LAKE JACKSON            79      70      0.12
PALACIOS                         81      71      T
LEAGUE CITY (NWS)                76      68      1.54


THIS PRODUCT...ALONG WITH OTHER WEATHER...HYDROLOGIC...AND CLIMATE
PRODUCTS...IS AVAILABLE ON THE WEB AT HTTP://WWW.WEATHER.GOV/HGX

$$
