000
CDUS44 KHGX 221412
CLIHOU

CLIMATE REPORT
NATIONAL WEATHER SERVICE HOUSTON/GALVESTON TX
812 AM CST SUN JAN 22 2017


...MORNING CLIMATE DATA...

                            MORNING LOW    PRECIP SINCE MIDNIGHT
HOUSTON INTERCONTINENTAL         57                0.04
GALVESTON SCHOLES FIELD          62                0.00
BRYAN/COLLEGE STATION            53                 T
HOUSTON HOBBY                    58                0.02

...................................

...THE HOUSTON INTERCONTINENTAL CLIMATE SUMMARY FOR JANUARY 21 2017...

CLIMATE NORMAL PERIOD 1981 TO 2010
CLIMATE RECORD PERIOD 1892 TO 2017


WEATHER ITEM   OBSERVED TIME   RECORD YEAR NORMAL DEPARTURE LAST
                VALUE   (LST)  VALUE       VALUE  FROM      YEAR
                                                  NORMAL
..................................................................
TEMPERATURE (F)
 YESTERDAY
  MAXIMUM         78    416 PM  81    1911  63     15       74
  MINIMUM         62   1159 PM  16    1985  43     19       44
  AVERAGE         70                        53     17       59

PRECIPITATION (IN)
  YESTERDAY        0.01          2.05 1949   0.11  -0.10      T
  MONTH TO DATE    6.05                      2.25   3.80     1.89
  SINCE DEC 1      9.61                      5.99   3.62     7.10
  SINCE JAN 1      6.05                      2.25   3.80     1.89

SNOWFALL (IN)
  YESTERDAY        0.0           T    1928
  MONTH TO DATE    0.0
  SINCE DEC 1      0.0
  SINCE JUL 1      0.0

DEGREE DAYS
 HEATING
  YESTERDAY        0                        12    -12        6
  MONTH TO DATE  143                       270   -127      283
  SINCE DEC 1    402                       624   -222      503
  SINCE JUL 1    460                       809   -349      616
..................................................................


WIND (MPH)
  HIGHEST WIND SPEED    24   HIGHEST WIND DIRECTION    NW (300)
  HIGHEST GUST SPEED    37   HIGHEST GUST DIRECTION    NW (310)


RELATIVE HUMIDITY (PERCENT)
 HIGHEST   100
 LOWEST     45
 AVERAGE    73

..........................................................


THE HOUSTON INTERCONTINENTAL CLIMATE NORMALS FOR TODAY
                         NORMAL    RECORD    YEAR
 MAXIMUM TEMPERATURE (F)   63        80      1972
                                             1909
 MINIMUM TEMPERATURE (F)   43        15      1930


SUNRISE AND SUNSET
JANUARY 22 2017.......SUNRISE   716 AM CST   SUNSET   550 PM CST
JANUARY 23 2017.......SUNRISE   716 AM CST   SUNSET   551 PM CST


-  INDICATES NEGATIVE NUMBERS.
R  INDICATES RECORD WAS SET OR TIED.
MM INDICATES DATA IS MISSING.
T  INDICATES TRACE AMOUNT.


&&

...................................

...THE HOUSTON/HOBBY AIRPORT CLIMATE SUMMARY FOR JANUARY 21 2017...

CLIMATE NORMAL PERIOD 1981 TO 2010
CLIMATE RECORD PERIOD 1930 TO 2017


WEATHER ITEM   OBSERVED TIME   RECORD YEAR NORMAL DEPARTURE LAST
                VALUE   (LST)  VALUE       VALUE  FROM      YEAR
                                                  NORMAL
..................................................................
TEMPERATURE (F)
 YESTERDAY
  MAXIMUM         81R   227 PM  79    1969  63     18       74
                                      1962
  MINIMUM         63   1159 PM  20    1940  45     18       45
  AVERAGE         72                        54     18       60

PRECIPITATION (IN)
  YESTERDAY        0.12          3.97 1998   0.13  -0.01     0.18
  MONTH TO DATE    4.05                      2.58   1.47     2.14
  SINCE DEC 1      7.74                      6.61   1.13     5.63
  SINCE JAN 1      4.05                      2.58   1.47     2.14

SNOWFALL (IN)
  YESTERDAY        0.0          MM      MM
  MONTH TO DATE    0.0
  SINCE DEC 1      0.0
  SINCE JUL 1      0.0

DEGREE DAYS
 HEATING
  YESTERDAY        0                        11    -11        5
  MONTH TO DATE  126                       249   -123      245
  SINCE DEC 1    338                       569   -231      416
  SINCE JUL 1    375                       725   -350      490
..................................................................


WIND (MPH)
  HIGHEST WIND SPEED    23   HIGHEST WIND DIRECTION     W (290)
  HIGHEST GUST SPEED    29   HIGHEST GUST DIRECTION    NW (310)


RELATIVE HUMIDITY (PERCENT)
 HIGHEST   100
 LOWEST     42
 AVERAGE    71

..........................................................


THE HOUSTON/HOBBY AIRPORT CLIMATE NORMALS FOR TODAY
                         NORMAL    RECORD    YEAR
 MAXIMUM TEMPERATURE (F)   63        82      1967
 MINIMUM TEMPERATURE (F)   45        18      1935


SUNRISE AND SUNSET
JANUARY 22 2017.......SUNRISE   715 AM CST   SUNSET   551 PM CST
JANUARY 23 2017.......SUNRISE   715 AM CST   SUNSET   552 PM CST


-  INDICATES NEGATIVE NUMBERS.
R  INDICATES RECORD WAS SET OR TIED.
MM INDICATES DATA IS MISSING.
T  INDICATES TRACE AMOUNT.


...MISCELLANEOUS CLIMATE DATA FOR YESTERDAY...

LOCATION                        HIGH    LOW     PRECIP
PEARLAND                         83      67       T
SUGAR LAND                       77      63      0.04
TOMBALL                          77      61      0.03
CONROE                           76      56      0.01
HUNTSVILLE                       74      58      0.01
ANGLETON/LAKE JACKSON            80      62      0.02
PALACIOS                         69      62      0.00
LEAGUE CITY (NWS)                82      64      0.02


THIS PRODUCT...ALONG WITH OTHER WEATHER...HYDROLOGIC...AND CLIMATE
PRODUCTS...IS AVAILABLE ON THE WEB AT HTTP://WWW.SRH.NOAA.GOV/HGX
OR AT HTTP://WEATHER.GOV

$$
