000
CDUS44 KHGX 251404
CLIHOU

CLIMATE REPORT
NATIONAL WEATHER SERVICE HOUSTON/GALVESTON TX
804 AM CST SAT FEB 25 2017


...MORNING CLIMATE DATA...

                            MORNING LOW    PRECIP SINCE MIDNIGHT
HOUSTON INTERCONTINENTAL         49                0.00
GALVESTON SCHOLES FIELD          57                0.00
BRYAN/COLLEGE STATION            45                0.00
HOUSTON HOBBY                    52                0.00

...................................

...THE HOUSTON INTERCONTINENTAL CLIMATE SUMMARY FOR FEBRUARY 24 2017...

CLIMATE NORMAL PERIOD 1981 TO 2010
CLIMATE RECORD PERIOD 1892 TO 2017


WEATHER ITEM   OBSERVED TIME   RECORD YEAR NORMAL DEPARTURE LAST
                VALUE   (LST)  VALUE       VALUE  FROM      YEAR
                                                  NORMAL
..................................................................
TEMPERATURE (F)
 YESTERDAY
  MAXIMUM         84    348 PM  87    1927  68     16       63
  MINIMUM         58   1159 PM  26    1914  48     10       41
                                      1901
  AVERAGE         71                        58     13       52

PRECIPITATION (IN)
  YESTERDAY        0.00          1.38 1964   0.12  -0.12      T
  MONTH TO DATE    2.41                      2.75  -0.34     1.95
  SINCE DEC 1     12.06                      9.87   2.19     9.32
  SINCE JAN 1      8.50                      6.13   2.37     4.11

SNOWFALL (IN)
  YESTERDAY        0.0           T    1965
                                      1914
  MONTH TO DATE    0.0
  SINCE DEC 1      0.0
  SINCE JUL 1      0.0

DEGREE DAYS
 HEATING
  YESTERDAY        0                         8     -8       13
  MONTH TO DATE   59                       234   -175      156
  SINCE DEC 1    530                       973   -443      766
  SINCE JUL 1    588                      1158   -570      879
..................................................................


WIND (MPH)
  HIGHEST WIND SPEED    22   HIGHEST WIND DIRECTION     N (350)
  HIGHEST GUST SPEED    27   HIGHEST GUST DIRECTION     N (340)


RELATIVE HUMIDITY (PERCENT)
 HIGHEST    93
 LOWEST     15
 AVERAGE    54

..........................................................


THE HOUSTON INTERCONTINENTAL CLIMATE NORMALS FOR TODAY
                         NORMAL    RECORD    YEAR
 MAXIMUM TEMPERATURE (F)   68        85      1918
                                             1917
 MINIMUM TEMPERATURE (F)   49        26      1974
                                             1901


SUNRISE AND SUNSET
FEBRUARY 25 2017......SUNRISE   651 AM CST   SUNSET   618 PM CST
FEBRUARY 26 2017......SUNRISE   650 AM CST   SUNSET   619 PM CST


-  INDICATES NEGATIVE NUMBERS.
R  INDICATES RECORD WAS SET OR TIED.
MM INDICATES DATA IS MISSING.
T  INDICATES TRACE AMOUNT.


&&

...................................

...THE HOUSTON/HOBBY AIRPORT CLIMATE SUMMARY FOR FEBRUARY 24 2017...

CLIMATE NORMAL PERIOD 1981 TO 2010
CLIMATE RECORD PERIOD 1930 TO 2017


WEATHER ITEM   OBSERVED TIME   RECORD YEAR NORMAL DEPARTURE LAST
                VALUE   (LST)  VALUE       VALUE  FROM      YEAR
                                                  NORMAL
..................................................................
TEMPERATURE (F)
 YESTERDAY
  MAXIMUM         84R   422 PM  83    1972  68     16       64
  MINIMUM         59   1159 PM  26    1965  50      9       45
  AVERAGE         72                        59     13       55

PRECIPITATION (IN)
  YESTERDAY        0.00          2.68 1955   0.11  -0.11     0.00
  MONTH TO DATE    2.05                      2.79  -0.74     1.66
  SINCE DEC 1      9.81                     10.69  -0.88     7.66
  SINCE JAN 1      6.12                      6.66  -0.54     4.17

SNOWFALL (IN)
  YESTERDAY        0.0           T    1965
  MONTH TO DATE    0.0
  SINCE DEC 1      0.0
  SINCE JUL 1      0.0

DEGREE DAYS
 HEATING
  YESTERDAY        0                         7     -7       10
  MONTH TO DATE   52                       212   -160      123
  SINCE DEC 1    453                       887   -434      634
  SINCE JUL 1    490                      1043   -553      708
..................................................................


WIND (MPH)
  HIGHEST WIND SPEED    23   HIGHEST WIND DIRECTION    NW (330)
  HIGHEST GUST SPEED    30   HIGHEST GUST DIRECTION     N (360)


RELATIVE HUMIDITY (PERCENT)
 HIGHEST    93
 LOWEST     14
 AVERAGE    54

..........................................................


THE HOUSTON/HOBBY AIRPORT CLIMATE NORMALS FOR TODAY
                         NORMAL    RECORD    YEAR
 MAXIMUM TEMPERATURE (F)   68        83      1972
                                             1962
 MINIMUM TEMPERATURE (F)   51        26      1960


SUNRISE AND SUNSET
FEBRUARY 25 2017......SUNRISE   651 AM CST   SUNSET   618 PM CST
FEBRUARY 26 2017......SUNRISE   650 AM CST   SUNSET   619 PM CST


-  INDICATES NEGATIVE NUMBERS.
R  INDICATES RECORD WAS SET OR TIED.
MM INDICATES DATA IS MISSING.
T  INDICATES TRACE AMOUNT.


...MISCELLANEOUS CLIMATE DATA FOR YESTERDAY...

LOCATION                        HIGH    LOW     PRECIP
PEARLAND                         86      62      0.00
SUGAR LAND                       82      57      0.00
TOMBALL                          84      57       T
CONROE                           83      56      0.00
HUNTSVILLE                       81      54      0.00
ANGLETON/LAKE JACKSON            84      57      0.00
PALACIOS                         86      55      0.00
LEAGUE CITY (NWS)                84      59      0.00


THIS PRODUCT...ALONG WITH OTHER WEATHER...HYDROLOGIC...AND CLIMATE
PRODUCTS...IS AVAILABLE ON THE WEB AT HTTP://WWW.SRH.NOAA.GOV/HGX
OR AT HTTP://WEATHER.GOV

$$
