000
CDUS44 KHGX 051313 CCA
CLIHOU

CLIMATE REPORT
NATIONAL WEATHER SERVICE HOUSTON/GALVESTON TX
810 AM CDT SUN JUL 5 2015


...MORNING CLIMATE DATA...

                            MORNING LOW    PRECIP SINCE MIDNIGHT
HOUSTON INTERCONTINENTAL         77                0.00
GALVESTON SCHOLES FIELD          82                 T
BRYAN/COLLEGE STATION            78                0.00
HOUSTON HOBBY                    78                0.00
...................................

...THE HOUSTON INTERCONTINENTAL CLIMATE SUMMARY FOR JULY 4 2015...

CLIMATE NORMAL PERIOD 1981 TO 2010
CLIMATE RECORD PERIOD 1892 TO 2015


WEATHER ITEM   OBSERVED TIME   RECORD YEAR NORMAL DEPARTURE LAST
                VALUE   (LST)  VALUE       VALUE  FROM      YEAR
                                                  NORMAL
..................................................................
TEMPERATURE (F)
 YESTERDAY
  MAXIMUM         92    219 PM 101    2009  93     -1       91
  MINIMUM         78    535 AM  66    1910  75      3       72
  AVERAGE         85                        84      1       82

PRECIPITATION (IN)
  YESTERDAY        T             3.49 1942   0.15  -0.15     0.48
  MONTH TO DATE    0.38                      0.63  -0.25     0.48
  SINCE JUN 1     11.77                      6.56   5.21     2.66
  SINCE JAN 1     42.21                     24.95  17.26    21.73

DEGREE DAYS
 COOLING
  YESTERDAY       20                        19      1       17
  MONTH TO DATE   72                        76     -4       74
  SINCE JUN 1    595                       596     -1      607
  SINCE JAN 1   1287                      1248     39     1148
..................................................................


WIND (MPH)
  HIGHEST WIND SPEED    18   HIGHEST WIND DIRECTION    SE (150)
  HIGHEST GUST SPEED    26   HIGHEST GUST DIRECTION     S (170)




RELATIVE HUMIDITY (PERCENT)
 HIGHEST    91
 LOWEST     56
 AVERAGE    74

..........................................................


THE HOUSTON INTERCONTINENTAL CLIMATE NORMALS FOR TODAY
                         NORMAL    RECORD    YEAR
 MAXIMUM TEMPERATURE (F)   93       102      2009
 MINIMUM TEMPERATURE (F)   75        66      1924


SUNRISE AND SUNSET
JULY  5 2015..........SUNRISE   626 AM CDT   SUNSET   826 PM CDT
JULY  6 2015..........SUNRISE   626 AM CDT   SUNSET   826 PM CDT


-  INDICATES NEGATIVE NUMBERS.
R  INDICATES RECORD WAS SET OR TIED.
MM INDICATES DATA IS MISSING.
T  INDICATES TRACE AMOUNT.



&&
...................................

...THE HOUSTON/HOBBY AIRPORT CLIMATE SUMMARY FOR JULY 4 2015...

CLIMATE NORMAL PERIOD 1981 TO 2010
CLIMATE RECORD PERIOD 1930 TO 2015


WEATHER ITEM   OBSERVED TIME   RECORD YEAR NORMAL DEPARTURE LAST
                VALUE   (LST)  VALUE       VALUE  FROM      YEAR
                                                  NORMAL
..................................................................
TEMPERATURE (F)
 YESTERDAY
  MAXIMUM         92    109 PM 100    1933  91      1       91
  MINIMUM         76    512 AM  69    1962  75      1       75
  AVERAGE         84                        83      1       83

PRECIPITATION (IN)
  YESTERDAY        0.01          3.04 1942   0.19  -0.18     0.09
  MONTH TO DATE    2.04                      0.79   1.25     0.09
  SINCE JUN 1      6.91                      7.89  -0.98     3.07
  SINCE JAN 1     41.77                     26.17  15.60    19.91

DEGREE DAYS
 COOLING
  YESTERDAY       19                        18      1       18
  MONTH TO DATE   69                        72     -3       76
  SINCE JUN 1    608                       582     26      605
  SINCE JAN 1   1347                      1236    111     1156
..................................................................


WIND (MPH)
  HIGHEST WIND SPEED    23   HIGHEST WIND DIRECTION     S (200)
  HIGHEST GUST SPEED    35   HIGHEST GUST DIRECTION     S (160)




RELATIVE HUMIDITY (PERCENT)
 HIGHEST    94
 LOWEST     56
 AVERAGE    75

..........................................................


THE HOUSTON/HOBBY AIRPORT CLIMATE NORMALS FOR TODAY
                         NORMAL    RECORD    YEAR
 MAXIMUM TEMPERATURE (F)   92       103      2009
 MINIMUM TEMPERATURE (F)   75        70      1985
                                             1968
                                             1947


SUNRISE AND SUNSET
JULY  5 2015..........SUNRISE   626 AM CDT   SUNSET   825 PM CDT
JULY  6 2015..........SUNRISE   626 AM CDT   SUNSET   825 PM CDT


-  INDICATES NEGATIVE NUMBERS.
R  INDICATES RECORD WAS SET OR TIED.
MM INDICATES DATA IS MISSING.
T  INDICATES TRACE AMOUNT.

...MISCELLANEOUS CLIMATE DATA FOR YESTERDAY...

LOCATION                        HIGH    LOW     PRECIP
PEARLAND                         92      78      0.30
SUGAR LAND                       94      76       T
TOMBALL                          92      77       T
CONROE                           91      74      0.86
HUNTSVILLE                       93      77      0.00
ANGLETON/LAKE JACKSON            90      77      0.09
PALACIOS                         90      82      0.00
LEAGUE CITY (NWS)                90      79      0.00


THIS PRODUCT...ALONG WITH OTHER WEATHER...HYDROLOGIC...AND CLIMATE
PRODUCTS...IS AVAILABLE ON THE WEB AT HTTP://WWW.SRH.NOAA.GOV/HGX
OR AT HTTP://WEATHER.GOV

$$
