000
CDUS44 KHGX 192127
CLIHOU

CLIMATE REPORT
NATIONAL WEATHER SERVICE HOUSTON/GALVESTON TX
421 PM CDT TUE SEP 19 2017


...................................

...THE HOUSTON INTERCONTINENTAL CLIMATE SUMMARY FOR SEPTEMBER 19 2017...
VALID TODAY AS OF 400 PM LOCAL TIME.

CLIMATE NORMAL PERIOD 1981 TO 2010
CLIMATE RECORD PERIOD 1892 TO 2017


WEATHER ITEM   OBSERVED TIME   RECORD YEAR NORMAL DEPARTURE LAST
                VALUE   (LST)  VALUE       VALUE  FROM      YEAR
                                                  NORMAL
..................................................................
TEMPERATURE (F)
 TODAY
  MAXIMUM         93    245 PM  97    1995  89      4       96
                                      1956
                                      1906
  MINIMUM         73    540 AM  51    1981  69      4       76
  AVERAGE         83                        79      4       86

PRECIPITATION (IN)
  TODAY            0.00          6.92 1979   0.12  -0.12     0.00
  MONTH TO DATE    0.48                      2.71  -2.23     0.46
  SINCE SEP 1      0.48                      2.71  -2.23     0.46
  SINCE JAN 1     71.30                     34.58  36.72    54.03

DEGREE DAYS
 HEATING
  TODAY            0                         0      0        0
  MONTH TO DATE    0                         0      0        0
  SINCE SEP 1      0                         0      0        0
  SINCE JUL 1      0                         0      0        0

 COOLING
  TODAY           18                        14      4       21
  MONTH TO DATE  263                       308    -45      368
  SINCE SEP 1    263                       308    -45      368
  SINCE JAN 1   2915                      2690    225     2776
..................................................................


WIND (MPH)
  RESULTANT WIND SPEED   3   RESULTANT WIND DIRECTION   S (190)
  HIGHEST WIND SPEED    13   HIGHEST WIND DIRECTION     S (160)
  HIGHEST GUST SPEED    16   HIGHEST GUST DIRECTION     S (180)
  AVERAGE WIND SPEED     4.1



WEATHER CONDITIONS
 THE FOLLOWING WEATHER WAS RECORDED TODAY.
  FOG


RELATIVE HUMIDITY (PERCENT)
 HIGHEST   100           600 AM
 LOWEST     49           200 PM
 AVERAGE    75

..........................................................


THE HOUSTON INTERCONTINENTAL CLIMATE NORMALS FOR TOMORROW
                         NORMAL    RECORD    YEAR
 MAXIMUM TEMPERATURE (F)   89        99      1999
 MINIMUM TEMPERATURE (F)   69        54      1901
                                             1889


SUNRISE AND SUNSET
SEPTEMBER 19 2017.....SUNRISE   708 AM CDT   SUNSET   721 PM CDT
SEPTEMBER 20 2017.....SUNRISE   709 AM CDT   SUNSET   720 PM CDT


-  INDICATES NEGATIVE NUMBERS.
R  INDICATES RECORD WAS SET OR TIED.
MM INDICATES DATA IS MISSING.
T  INDICATES TRACE AMOUNT.


&&

...................................

...THE HOUSTON/HOBBY AIRPORT CLIMATE SUMMARY FOR SEPTEMBER 19 2017...
VALID TODAY AS OF 400 PM LOCAL TIME.

CLIMATE NORMAL PERIOD 1981 TO 2010
CLIMATE RECORD PERIOD 1930 TO 2017


WEATHER ITEM   OBSERVED TIME   RECORD YEAR NORMAL DEPARTURE LAST
                VALUE   (LST)  VALUE       VALUE  FROM      YEAR
                                                  NORMAL
..................................................................
TEMPERATURE (F)
 TODAY
  MAXIMUM         94    212 PM 101    1956  88      6       96
  MINIMUM         78    605 AM  55    1981  71      7       79
  AVERAGE         86                        79      7       88

PRECIPITATION (IN)
  TODAY            0.00          8.83 1979   0.15  -0.15     0.00
  MONTH TO DATE    1.32                      3.56  -2.24     1.09
  SINCE SEP 1      1.32                      3.56  -2.24     1.09
  SINCE JAN 1     68.44                     38.66  29.78    48.40

DEGREE DAYS
 HEATING
  TODAY            0                         0      0        0
  MONTH TO DATE    0                         0      0        0
  SINCE SEP 1      0                         0      0        0
  SINCE JUL 1      0                         0      0        0

 COOLING
  TODAY           21                        14      7       23
  MONTH TO DATE  313                       311      2      378
  SINCE SEP 1    313                       311      2      378
  SINCE JAN 1   3112                      2652    460     3009
..................................................................


WIND (MPH)
  RESULTANT WIND SPEED   6   RESULTANT WIND DIRECTION   S (180)
  HIGHEST WIND SPEED    15   HIGHEST WIND DIRECTION    SE (150)
  HIGHEST GUST SPEED    19   HIGHEST GUST DIRECTION    SE (150)
  AVERAGE WIND SPEED     6.0



WEATHER CONDITIONS
 THE FOLLOWING WEATHER WAS RECORDED TODAY.
  FOG


RELATIVE HUMIDITY (PERCENT)
 HIGHEST    91           100 AM
 LOWEST     49           200 PM
 AVERAGE    70

..........................................................


THE HOUSTON/HOBBY AIRPORT CLIMATE NORMALS FOR TOMORROW
                         NORMAL    RECORD    YEAR
 MAXIMUM TEMPERATURE (F)   88        98      1956
 MINIMUM TEMPERATURE (F)   71        59      1981
                                             1971
                                             1938


SUNRISE AND SUNSET
SEPTEMBER 19 2017.....SUNRISE   708 AM CDT   SUNSET   721 PM CDT
SEPTEMBER 20 2017.....SUNRISE   709 AM CDT   SUNSET   720 PM CDT


-  INDICATES NEGATIVE NUMBERS.
R  INDICATES RECORD WAS SET OR TIED.
MM INDICATES DATA IS MISSING.
T  INDICATES TRACE AMOUNT.

...MISCELLANEOUS CLIMATE DATA FOR TODAY...

LOCATION                        HIGH    LOW     PRECIP
PEARLAND                         93      77      0.00
SUGAR LAND                       94      75      0.00
TOMBALL                          92      72      0.00
CONROE                           92      71      0.00
HUNTSVILLE                       92      73      0.00
ANGLETON/LAKE JACKSON            92      76       T
PALACIOS                         81      77      0.00
LEAGUE CITY (NWS)                91      78      0.00


THIS PRODUCT...ALONG WITH OTHER WEATHER...HYDROLOGIC...AND CLIMATE
PRODUCTS...IS AVAILABLE ON THE WEB AT HTTP://WWW.WEATHER.GOV/HGX


$$
