148
CDUS44 KHGX 281329
CLIHOU

CLIMATE REPORT
NATIONAL WEATHER SERVICE HOUSTON/GALVESTON TX
825 AM CDT TUE MAR 28 2017

...MORNING CLIMATE DATA...

                            MORNING LOW    PRECIP SINCE MIDNIGHT
HOUSTON INTERCONTINENTAL         68                0.00
GALVESTON SCHOLES FIELD          74                0.00
BRYAN/COLLEGE STATION            67                0.00
HOUSTON HOBBY                    71                0.00

...................................

...THE HOUSTON INTERCONTINENTAL CLIMATE SUMMARY FOR MARCH 27 2017...

CLIMATE NORMAL PERIOD 1981 TO 2010
CLIMATE RECORD PERIOD 1892 TO 2017


WEATHER ITEM   OBSERVED TIME   RECORD YEAR NORMAL DEPARTURE LAST
                VALUE   (LST)  VALUE       VALUE  FROM      YEAR
                                                  NORMAL
..................................................................
TEMPERATURE (F)
 YESTERDAY
  MAXIMUM         87    148 PM  89    1935  76     11       77
  MINIMUM         69   1157 PM  31    1955  55     14       57
  AVERAGE         78                        65     13       67

PRECIPITATION (IN)
  YESTERDAY        0.00          3.00 1923   0.11  -0.11     0.00
  MONTH TO DATE    3.95                      2.99   0.96     3.10
  SINCE MAR 1      3.95                      2.99   0.96     3.10
  SINCE JAN 1     12.46                      9.57   2.89     7.21

SNOWFALL (IN)
  YESTERDAY        0.0          MM      MM
  MONTH TO DATE    0.0
  SINCE MAR 1      0.0
  SINCE JUL 1      0.0

DEGREE DAYS
 HEATING
  YESTERDAY        0                         3     -3        0
  MONTH TO DATE   52                       131    -79       77
  SINCE MAR 1     52                       131    -79       77
  SINCE JUL 1    652                      1319   -667      994

 COOLING
  YESTERDAY       13                         3     10        2
  MONTH TO DATE  132                        58     74       82
  SINCE MAR 1    132                        58     74       82
  SINCE JAN 1    311                        96    215      119
..................................................................


WIND (MPH)
  HIGHEST WIND SPEED    17   HIGHEST WIND DIRECTION     S (160)
  HIGHEST GUST SPEED    22   HIGHEST GUST DIRECTION     S (160)




RELATIVE HUMIDITY (PERCENT)
 HIGHEST    93
 LOWEST     48
 AVERAGE    71

..........................................................


THE HOUSTON INTERCONTINENTAL CLIMATE NORMALS FOR TODAY
                         NORMAL    RECORD    YEAR
 MAXIMUM TEMPERATURE (F)   76        89      1972
 MINIMUM TEMPERATURE (F)   55        33      1931


SUNRISE AND SUNSET
MARCH 28 2017.........SUNRISE   715 AM CDT   SUNSET   738 PM CDT
MARCH 29 2017.........SUNRISE   714 AM CDT   SUNSET   738 PM CDT


-  INDICATES NEGATIVE NUMBERS.
R  INDICATES RECORD WAS SET OR TIED.
MM INDICATES DATA IS MISSING.
T  INDICATES TRACE AMOUNT.


&&

...................................

...THE HOUSTON/HOBBY AIRPORT CLIMATE SUMMARY FOR MARCH 27 2017...

CLIMATE NORMAL PERIOD 1981 TO 2010
CLIMATE RECORD PERIOD 1930 TO 2017


WEATHER ITEM   OBSERVED TIME   RECORD YEAR NORMAL DEPARTURE LAST
                VALUE   (LST)  VALUE       VALUE  FROM      YEAR
                                                  NORMAL
..................................................................
TEMPERATURE (F)
 YESTERDAY
  MAXIMUM         84    340 PM  88    1935  75      9       81
  MINIMUM         71   1154 PM  31    1955  56     15       62
  AVERAGE         78                        66     12       72

PRECIPITATION (IN)
  YESTERDAY        0.00          2.04 1980   0.11  -0.11     0.00
  MONTH TO DATE    7.01                      2.80   4.21     4.05
  SINCE MAR 1      7.01                      2.80   4.21     4.05
  SINCE JAN 1     13.13                      9.88   3.25     8.22

SNOWFALL (IN)
  YESTERDAY        0.0          MM      MM
  MONTH TO DATE    0.0
  SINCE MAR 1      0.0
  SINCE JUL 1      0.0

DEGREE DAYS
 HEATING
  YESTERDAY        0                         2     -2        0
  MONTH TO DATE   42                       113    -71       44
  SINCE MAR 1     42                       113    -71       44
  SINCE JUL 1    540                      1183   -643      782

 COOLING
  YESTERDAY       13                         3     10        7
  MONTH TO DATE  141                        57     84      115
  SINCE MAR 1    141                        57     84      115
  SINCE JAN 1    328                        95    233      153
..................................................................


WIND (MPH)
  HIGHEST WIND SPEED    20   HIGHEST WIND DIRECTION     S (160)
  HIGHEST GUST SPEED    24   HIGHEST GUST DIRECTION     S (160)




RELATIVE HUMIDITY (PERCENT)
 HIGHEST    93
 LOWEST     55
 AVERAGE    74

..........................................................


THE HOUSTON/HOBBY AIRPORT CLIMATE NORMALS FOR TODAY
                         NORMAL    RECORD    YEAR
 MAXIMUM TEMPERATURE (F)   75        91      1972
 MINIMUM TEMPERATURE (F)   57        33      1931


SUNRISE AND SUNSET
MARCH 28 2017.........SUNRISE   715 AM CDT   SUNSET   738 PM CDT
MARCH 29 2017.........SUNRISE   714 AM CDT   SUNSET   738 PM CDT


-  INDICATES NEGATIVE NUMBERS.
R  INDICATES RECORD WAS SET OR TIED.
MM INDICATES DATA IS MISSING.
T  INDICATES TRACE AMOUNT.

...MISCELLANEOUS CLIMATE DATA FOR YESTERDAY...

LOCATION                        HIGH    LOW     PRECIP
PEARLAND                         86      73      0.00
SUGAR LAND                       87      70      0.00
TOMBALL                          87      69      0.00
CONROE                           85      65      0.00
HUNTSVILLE                       82      69      0.00
ANGLETON/LAKE JACKSON            84      72      0.00
PALACIOS                         81      69      0.00
LEAGUE CITY (NWS)                82      71      0.00


THIS PRODUCT...ALONG WITH OTHER WEATHER...HYDROLOGIC...AND CLIMATE
PRODUCTS...IS AVAILABLE ON THE WEB AT HTTP://WWW.SRH.NOAA.GOV/HGX
OR AT HTTP://WEATHER.GOV



$$
