000
CDUS46 KSEW 260119
CLIHQM


CLIMATE REPORT
NATIONAL WEATHER SERVICE SEATTLE WA
618 PM PDT FRI JUL 25 2014


...................................

...THE HOQUIAM WA AIRPORT CLIMATE SUMMARY FOR JULY 25 2014...
VALID TODAY AS OF 0600 PM LOCAL TIME.

CLIMATE NORMAL PERIOD 1981 TO 2010
CLIMATE RECORD PERIOD 1953 TO 2014


WEATHER ITEM   OBSERVED TIME   RECORD YEAR NORMAL DEPARTURE LAST
                VALUE   (LST)  VALUE       VALUE  FROM      YEAR
                                                  NORMAL
..................................................................
TEMPERATURE (F)
 TODAY
  MAXIMUM         69    320 PM  90    1978  67      2       69
  MINIMUM         55    612 AM  46    1971  54      1       52
  AVERAGE         62                        60      2       61

PRECIPITATION (IN)
  TODAY            0.00          0.75 1970   0.03  -0.03     0.00
  MONTH TO DATE    0.83                      0.97  -0.14      T
  SINCE OCT 1     53.77                     63.79 -10.02    46.17
  SINCE JAN 1     41.66                     36.13   5.53    32.56

DEGREE DAYS
 HEATING
  TODAY            3                         5     -2        4
  MONTH TO DATE   98                       133    -35      110
  SINCE JUN 1    302                       379    -77      285

 COOLING
  TODAY            0                         0      0        0
  MONTH TO DATE    8                         0      8        0
  SINCE JUN 1      8                         2      6        8
  SINCE JAN 1     23                         3     20       11
..................................................................


WIND (MPH)
  RESULTANT WIND SPEED   3   RESULTANT WIND DIRECTION  SW (240)
  HIGHEST WIND SPEED    15   HIGHEST WIND DIRECTION     W (250)
  HIGHEST GUST SPEED    18   HIGHEST GUST DIRECTION     W (260)
  AVERAGE WIND SPEED     6.0


SKY COVER
  AVERAGE SKY COVER 0.9


WEATHER CONDITIONS
 THE FOLLOWING WEATHER WAS RECORDED TODAY.
  FOG


RELATIVE HUMIDITY (PERCENT)
 HIGHEST    93          1200 AM
 LOWEST     55           300 PM
 AVERAGE    74

..........................................................


THE HOQUIAM WA AIRPORT CLIMATE NORMALS FOR TOMORROW
                         NORMAL    RECORD    YEAR
 MAXIMUM TEMPERATURE (F)   67        85      1958
 MINIMUM TEMPERATURE (F)   54        44      1969


SUNRISE AND SUNSET
JULY 25 2014..........SUNRISE   547 AM PDT   SUNSET   857 PM PDT
JULY 26 2014..........SUNRISE   548 AM PDT   SUNSET   856 PM PDT


-  INDICATES NEGATIVE NUMBERS.
R  INDICATES RECORD WAS SET OR TIED.
MM INDICATES DATA IS MISSING.
T  INDICATES TRACE AMOUNT.




$$
