000
CDUS46 KSEW 280828
CLIHQM


CLIMATE REPORT
NATIONAL WEATHER SERVICE SEATTLE WA
128 AM PDT SAT MAY 28 2016


...................................

...THE HOQUIAM WA AIRPORT CLIMATE SUMMARY FOR MAY 27 2016...

CLIMATE NORMAL PERIOD 1981 TO 2010
CLIMATE RECORD PERIOD 1953 TO 2016


WEATHER ITEM   OBSERVED TIME   RECORD YEAR NORMAL DEPARTURE LAST
                VALUE   (LST)  VALUE       VALUE  FROM      YEAR
                                                  NORMAL
..................................................................
TEMPERATURE (F)
 YESTERDAY
  MAXIMUM         59    209 PM  86    1972  61     -2       60
  MINIMUM         46    522 AM  38    1966  48     -2       51
                                      1955
  AVERAGE         53                        55     -2       56

PRECIPITATION (IN)
  YESTERDAY        0.08          1.20 1977   0.10  -0.02     0.00
  MONTH TO DATE    0.62                      2.90  -2.28     0.28
  SINCE OCT 1     72.49                     60.19  12.30    57.53
  SINCE JAN 1     39.07                     32.53   6.54    26.11

DEGREE DAYS
 HEATING
  YESTERDAY       12                        10      2        9
  MONTH TO DATE  250                       330    -80      292
  SINCE MAR 1   1107                      1408   -301     1227

 COOLING
  YESTERDAY        0                         0      0        0
  MONTH TO DATE    1                         0      1        0
  SINCE MAR 1      5                         0      5        0
  SINCE JAN 1      5                         0      5        0
..................................................................


WIND (MPH)
  RESULTANT WIND SPEED   8   RESULTANT WIND DIRECTION   W (250)
  HIGHEST WIND SPEED    21   HIGHEST WIND DIRECTION    SW (230)
  HIGHEST GUST SPEED    24   HIGHEST GUST DIRECTION    SW (230)
  AVERAGE WIND SPEED     7.9


SKY COVER
  AVERAGE SKY COVER 0.9


WEATHER CONDITIONS
 THE FOLLOWING WEATHER WAS RECORDED YESTERDAY.
  LIGHT RAIN
  FOG


RELATIVE HUMIDITY (PERCENT)
 HIGHEST   100           500 AM
 LOWEST     62           500 PM
 AVERAGE    81

..........................................................


THE HOQUIAM WA AIRPORT CLIMATE NORMALS FOR TODAY
                         NORMAL    RECORD    YEAR
 MAXIMUM TEMPERATURE (F)   61        82      1972
 MINIMUM TEMPERATURE (F)   48        37      1966


SUNRISE AND SUNSET
MAY 28 2016...........SUNRISE   527 AM PDT   SUNSET   900 PM PDT
MAY 29 2016...........SUNRISE   526 AM PDT   SUNSET   901 PM PDT


-  INDICATES NEGATIVE NUMBERS.
R  INDICATES RECORD WAS SET OR TIED.
MM INDICATES DATA IS MISSING.
T  INDICATES TRACE AMOUNT.




$$
