771
CDUS46 KSEW 140830
CLIHQM


CLIMATE REPORT
NATIONAL WEATHER SERVICE SEATTLE WA
1229 AM PST SUN FEB 14 2016


...................................

...THE HOQUIAM WA AIRPORT CLIMATE SUMMARY FOR FEBRUARY 13 2016...

CLIMATE NORMAL PERIOD 1981 TO 2010
CLIMATE RECORD PERIOD 1953 TO 2016


WEATHER ITEM   OBSERVED TIME   RECORD YEAR NORMAL DEPARTURE LAST
                VALUE   (LST)  VALUE       VALUE  FROM      YEAR
                                                  NORMAL
..................................................................
TEMPERATURE (F)
 YESTERDAY
  MAXIMUM         51   1012 PM  65    1996  50      1       61
  MINIMUM         46    927 AM  25    1995  38      8       46
                                      1990
  AVERAGE         49                        44      5       54

PRECIPITATION (IN)
  YESTERDAY        1.09          2.60 1982   0.25   0.84      T
  MONTH TO DATE    3.76                      3.60   0.16     4.63
  SINCE OCT 1     51.48                     41.59   9.89    47.05
  SINCE JAN 1     18.06                     13.93   4.13    15.63

DEGREE DAYS
 HEATING
  YESTERDAY       16                        21     -5       11
  MONTH TO DATE  219                       283    -64      172
  SINCE DEC 1   1528                      1704   -176     1341

 COOLING
  YESTERDAY        0                         0      0        0
  MONTH TO DATE    0                         0      0        0
  SINCE DEC 1      0                         0      0        0
  SINCE JAN 1      0                         0      0        0
..................................................................


WIND (MPH)
  RESULTANT WIND SPEED  14   RESULTANT WIND DIRECTION   S (180)
  HIGHEST WIND SPEED    30   HIGHEST WIND DIRECTION     S (170)
  HIGHEST GUST SPEED    37   HIGHEST GUST DIRECTION    SE (150)
  AVERAGE WIND SPEED    13.7


SKY COVER
  AVERAGE SKY COVER 0.8


WEATHER CONDITIONS
 THE FOLLOWING WEATHER WAS RECORDED YESTERDAY.
  RAIN
  LIGHT RAIN
  FOG


RELATIVE HUMIDITY (PERCENT)
 HIGHEST   100           700 PM
 LOWEST     86           100 AM
 AVERAGE    93

..........................................................


THE HOQUIAM WA AIRPORT CLIMATE NORMALS FOR TODAY
                         NORMAL    RECORD    YEAR
 MAXIMUM TEMPERATURE (F)   50        65      1996
 MINIMUM TEMPERATURE (F)   38        23      1990


SUNRISE AND SUNSET
FEBRUARY 14 2016......SUNRISE   722 AM PST   SUNSET   538 PM PST
FEBRUARY 15 2016......SUNRISE   721 AM PST   SUNSET   540 PM PST


-  INDICATES NEGATIVE NUMBERS.
R  INDICATES RECORD WAS SET OR TIED.
MM INDICATES DATA IS MISSING.
T  INDICATES TRACE AMOUNT.




$$
