000
CDUS46 KSEW 280828
CLIHQM


CLIMATE REPORT
NATIONAL WEATHER SERVICE SEATTLE WA
127 AM PDT WED SEP 28 2016


...................................

...THE HOQUIAM WA AIRPORT CLIMATE SUMMARY FOR SEPTEMBER 27 2016...

CLIMATE NORMAL PERIOD 1981 TO 2010
CLIMATE RECORD PERIOD 1953 TO 2016


WEATHER ITEM   OBSERVED TIME   RECORD YEAR NORMAL DEPARTURE LAST
                VALUE   (LST)  VALUE       VALUE  FROM      YEAR
                                                  NORMAL
..................................................................
TEMPERATURE (F)
 YESTERDAY
  MAXIMUM         67   1236 PM  88    2003  65      2       63
  MINIMUM         53   1159 PM  32    1972  49      4       39
  AVERAGE         60                        57      3       51

PRECIPITATION (IN)
  YESTERDAY        0.00          0.92 1971   0.09  -0.09     0.00
  MONTH TO DATE    3.24                      1.97   1.27     2.76
  SINCE OCT 1     78.33                     67.24  11.09    62.82
  SINCE JAN 1     44.91                     39.58   5.33    31.40

DEGREE DAYS
 HEATING
  YESTERDAY        5                         8     -3       14
  MONTH TO DATE  167                       163      4      159
  SINCE SEP 1    167                       163      4      159

 COOLING
  YESTERDAY        0                         0      0        0
  MONTH TO DATE    1                         0      1        4
  SINCE SEP 1      1                         0      1        4
  SINCE JAN 1     50                        16     34       35
..................................................................


WIND (MPH)
  RESULTANT WIND SPEED   5   RESULTANT WIND DIRECTION   W (270)
  HIGHEST WIND SPEED    14   HIGHEST WIND DIRECTION     W (260)
  HIGHEST GUST SPEED    18   HIGHEST GUST DIRECTION     W (280)
  AVERAGE WIND SPEED     6.2


SKY COVER
  AVERAGE SKY COVER 0.3


WEATHER CONDITIONS
 THE FOLLOWING WEATHER WAS RECORDED YESTERDAY.
  FOG


RELATIVE HUMIDITY (PERCENT)
 HIGHEST   100          1200 AM
 LOWEST     72           500 PM
 AVERAGE    86

..........................................................


THE HOQUIAM WA AIRPORT CLIMATE NORMALS FOR TODAY
                         NORMAL    RECORD    YEAR
 MAXIMUM TEMPERATURE (F)   64        85      1970
 MINIMUM TEMPERATURE (F)   49        38      1983


SUNRISE AND SUNSET
SEPTEMBER 28 2016.....SUNRISE   711 AM PDT   SUNSET   700 PM PDT
SEPTEMBER 29 2016.....SUNRISE   713 AM PDT   SUNSET   658 PM PDT


-  INDICATES NEGATIVE NUMBERS.
R  INDICATES RECORD WAS SET OR TIED.
MM INDICATES DATA IS MISSING.
T  INDICATES TRACE AMOUNT.




$$
