000
CDUS46 KSEW 280833
CLIHQM


CLIMATE REPORT
NATIONAL WEATHER SERVICE SEATTLE WA
133 AM PDT FRI JUL 28 2017


...................................

...THE HOQUIAM WA AIRPORT CLIMATE SUMMARY FOR JULY 27 2017...

CLIMATE NORMAL PERIOD 1981 TO 2010
CLIMATE RECORD PERIOD 1953 TO 2017


WEATHER ITEM   OBSERVED TIME   RECORD YEAR NORMAL DEPARTURE LAST
                VALUE   (LST)  VALUE       VALUE  FROM      YEAR
                                                  NORMAL
..................................................................
TEMPERATURE (F)
 YESTERDAY
  MAXIMUM         68    200 PM  92    1958  67      1       66
  MINIMUM         54   1159 PM  47    1976  54      0       55
                                      1972
                                      1954
  AVERAGE         61                        61      0       61

PRECIPITATION (IN)
  YESTERDAY        0.00          0.33 2001   0.02  -0.02     0.00
  MONTH TO DATE    0.10                      1.03  -0.93     0.37
  SINCE OCT 1     84.15                     63.85  20.30    74.49
  SINCE JAN 1     42.61                     36.19   6.42    41.07

DEGREE DAYS
 HEATING
  YESTERDAY        4                         4      0        4
  MONTH TO DATE  131                       141    -10      100
  SINCE JUN 1    335                       387    -52      313

 COOLING
  YESTERDAY        0                         0      0        0
  MONTH TO DATE    1                         0      1        0
  SINCE JUN 1     14                         2     12       13
  SINCE JAN 1     14                         3     11       18
..................................................................


WIND (MPH)
  RESULTANT WIND SPEED  11   RESULTANT WIND DIRECTION   W (260)
  HIGHEST WIND SPEED    21   HIGHEST WIND DIRECTION     W (270)
  HIGHEST GUST SPEED    26   HIGHEST GUST DIRECTION     W (260)
  AVERAGE WIND SPEED    10.9


SKY COVER
  AVERAGE SKY COVER 0.6


WEATHER CONDITIONS
 THE FOLLOWING WEATHER WAS RECORDED YESTERDAY.
  NO SIGNIFICANT WEATHER WAS OBSERVED.


RELATIVE HUMIDITY (PERCENT)
 HIGHEST    93          1000 PM
 LOWEST     58           100 PM
 AVERAGE    76

..........................................................


THE HOQUIAM WA AIRPORT CLIMATE NORMALS FOR TODAY
                         NORMAL    RECORD    YEAR
 MAXIMUM TEMPERATURE (F)   67        93      2009
 MINIMUM TEMPERATURE (F)   54        41      1954


SUNRISE AND SUNSET
JULY 28 2017..........SUNRISE   551 AM PDT   SUNSET   853 PM PDT
JULY 29 2017..........SUNRISE   552 AM PDT   SUNSET   852 PM PDT


-  INDICATES NEGATIVE NUMBERS.
R  INDICATES RECORD WAS SET OR TIED.
MM INDICATES DATA IS MISSING.
T  INDICATES TRACE AMOUNT.




$$
