000
CDUS46 KSEW 300839
CLIHQM


CLIMATE REPORT
NATIONAL WEATHER SERVICE SEATTLE WA
138 AM PDT SAT APR 30 2016


...................................

...THE HOQUIAM WA AIRPORT CLIMATE SUMMARY FOR APRIL 29 2016...

CLIMATE NORMAL PERIOD 1981 TO 2010
CLIMATE RECORD PERIOD 1953 TO 2016


WEATHER ITEM   OBSERVED TIME   RECORD YEAR NORMAL DEPARTURE LAST
                VALUE   (LST)  VALUE       VALUE  FROM      YEAR
                                                  NORMAL
..................................................................
TEMPERATURE (F)
 YESTERDAY
  MAXIMUM         62        MM  82    1998  57      5       59
  MINIMUM         46        MM  33    2011  43      3       43
                                      1986
                                      1975
  AVERAGE         54                        50      4       51

PRECIPITATION (IN)
  YESTERDAY        0.00          3.00 1959   0.14  -0.14     0.03
  MONTH TO DATE    2.68                      4.97  -2.29     3.22
  SINCE OCT 1     71.87                     57.16  14.71    57.25
  SINCE JAN 1     38.45                     29.50   8.95    25.83

DEGREE DAYS
 HEATING
  YESTERDAY       11                        15     -4       14
  MONTH TO DATE  317                       474   -157      458
  SINCE MAR 1    845                      1063   -218      921

 COOLING
  YESTERDAY        0                         0      0        0
  MONTH TO DATE    4                         0      4        0
  SINCE MAR 1      4                         0      4        0
  SINCE JAN 1      4                         0      4        0
..................................................................


WIND (MPH)
  RESULTANT WIND SPEED  MM   RESULTANT WIND DIRECTION  MM
  HIGHEST WIND SPEED    MM   HIGHEST WIND DIRECTION    MM
  HIGHEST GUST SPEED    MM   HIGHEST GUST DIRECTION    MM
  AVERAGE WIND SPEED    MM


SKY COVER
  AVERAGE SKY COVER  MM


WEATHER CONDITIONS
 THE FOLLOWING WEATHER WAS RECORDED YESTERDAY.
  NO SIGNIFICANT WEATHER WAS OBSERVED.


RELATIVE HUMIDITY (PERCENT)
 HIGHEST    MM
 LOWEST     MM
 AVERAGE    MM

..........................................................


THE HOQUIAM WA AIRPORT CLIMATE NORMALS FOR TODAY
                         NORMAL    RECORD    YEAR
 MAXIMUM TEMPERATURE (F)   58        84      2014
 MINIMUM TEMPERATURE (F)   44        33      1954


SUNRISE AND SUNSET
APRIL 30 2016.........SUNRISE   601 AM PDT   SUNSET   826 PM PDT
MAY  1 2016...........SUNRISE   559 AM PDT   SUNSET   827 PM PDT


-  INDICATES NEGATIVE NUMBERS.
R  INDICATES RECORD WAS SET OR TIED.
MM INDICATES DATA IS MISSING.
T  INDICATES TRACE AMOUNT.




$$
