000
CDUS46 KSEW 190142
CLIHQM


CLIMATE REPORT
NATIONAL WEATHER SERVICE SEATTLE WA
541 PM PST THU JAN 18 2018


...................................

...THE HOQUIAM WA AIRPORT CLIMATE SUMMARY FOR JANUARY 18 2018...
VALID TODAY AS OF 0500 PM LOCAL TIME.

CLIMATE NORMAL PERIOD 1981 TO 2010
CLIMATE RECORD PERIOD 1953 TO 2018


WEATHER ITEM   OBSERVED TIME   RECORD YEAR NORMAL DEPARTURE LAST
                VALUE   (LST)  VALUE       VALUE  FROM      YEAR
                                                  NORMAL
..................................................................
TEMPERATURE (F)
 TODAY
  MAXIMUM         50    127 PM  58    1981  47      3       52
  MINIMUM         44    218 PM  25    1957  38      6       46
  AVERAGE         47                        43      4       49

PRECIPITATION (IN)
  TODAY            0.62          3.49 1986   0.36   0.26     1.37
  MONTH TO DATE    5.73                      6.34  -0.61     3.67
  SINCE OCT 1     37.32                     34.00   3.32    45.21
  SINCE JAN 1      5.73                      6.34  -0.61     3.67

DEGREE DAYS
 HEATING
  TODAY           18                        22     -4       16
  MONTH TO DATE  337                       407    -70      509
  SINCE DEC 1   1069                      1134    -65     1317

 COOLING
  TODAY            0                         0      0        0
  MONTH TO DATE    0                         0      0        0
  SINCE DEC 1      0                         0      0        0
  SINCE JAN 1      0                         0      0        0
..................................................................


WIND (MPH)
  RESULTANT WIND SPEED  15   RESULTANT WIND DIRECTION   S (170)
  HIGHEST WIND SPEED    37   HIGHEST WIND DIRECTION     S (200)
  HIGHEST GUST SPEED    47   HIGHEST GUST DIRECTION     S (190)
  AVERAGE WIND SPEED    MM


SKY COVER
  AVERAGE SKY COVER 1.0


WEATHER CONDITIONS
 THE FOLLOWING WEATHER WAS RECORDED TODAY.
  THUNDERSTORM
  HEAVY RAIN
  RAIN
  LIGHT RAIN
  FOG


RELATIVE HUMIDITY (PERCENT)
 HIGHEST    92           200 AM
 LOWEST     80           400 AM
 AVERAGE    86

..........................................................


THE HOQUIAM WA AIRPORT CLIMATE NORMALS FOR TOMORROW
                         NORMAL    RECORD    YEAR
 MAXIMUM TEMPERATURE (F)   48        58      2005
                                             1961
 MINIMUM TEMPERATURE (F)   38        24      1962
                                             1954


SUNRISE AND SUNSET
JANUARY 18 2018.......SUNRISE   755 AM PST   SUNSET   458 PM PST
JANUARY 19 2018.......SUNRISE   754 AM PST   SUNSET   500 PM PST


-  INDICATES NEGATIVE NUMBERS.
R  INDICATES RECORD WAS SET OR TIED.
MM INDICATES DATA IS MISSING.
T  INDICATES TRACE AMOUNT.




$$
