274
CDUS46 KSEW 200836
CLIHQM


CLIMATE REPORT
NATIONAL WEATHER SERVICE SEATTLE WA
1235 AM PST MON NOV 20 2017


...................................

...THE HOQUIAM WA AIRPORT CLIMATE SUMMARY FOR NOVEMBER 19 2017...

CLIMATE NORMAL PERIOD 1981 TO 2010
CLIMATE RECORD PERIOD 1953 TO 2017


WEATHER ITEM   OBSERVED TIME   RECORD YEAR NORMAL DEPARTURE LAST
                VALUE   (LST)  VALUE       VALUE  FROM      YEAR
                                                  NORMAL
..................................................................
TEMPERATURE (F)
 YESTERDAY
  MAXIMUM         53   1159 PM  62    1987  50      3       57
  MINIMUM         44    234 AM  24    1977  40      4       45
  AVERAGE         49                        45      4       51

PRECIPITATION (IN)
  YESTERDAY        1.20          2.84 2012   0.39   0.81     0.45
  MONTH TO DATE   10.25                      7.01   3.24     7.49
  SINCE OCT 1     17.55                     13.54   4.01    23.34
  SINCE JAN 1     63.05                     53.43   9.62    68.25

DEGREE DAYS
 HEATING
  YESTERDAY       16                        20     -4       14
  MONTH TO DATE  363                       343     20      229
  SINCE SEP 1    893                       935    -42      774

 COOLING
  YESTERDAY        0                         0      0        0
  MONTH TO DATE    0                         0      0        0
  SINCE SEP 1     32                         7     25        1
  SINCE JAN 1     77                        23     54       50
..................................................................


WIND (MPH)
  RESULTANT WIND SPEED  13   RESULTANT WIND DIRECTION  SE (150)
  HIGHEST WIND SPEED    35   HIGHEST WIND DIRECTION     S (170)
  HIGHEST GUST SPEED    44   HIGHEST GUST DIRECTION     S (170)
  AVERAGE WIND SPEED    17.0


SKY COVER
  AVERAGE SKY COVER 1.0


WEATHER CONDITIONS
 THE FOLLOWING WEATHER WAS RECORDED YESTERDAY.
  RAIN
  LIGHT RAIN
  FOG


RELATIVE HUMIDITY (PERCENT)
 HIGHEST   100          1000 PM
 LOWEST     71          1000 AM
 AVERAGE    86

..........................................................


THE HOQUIAM WA AIRPORT CLIMATE NORMALS FOR TODAY
                         NORMAL    RECORD    YEAR
 MAXIMUM TEMPERATURE (F)   50        61      2002
 MINIMUM TEMPERATURE (F)   40        23      1977


SUNRISE AND SUNSET
NOVEMBER 20 2017......SUNRISE   727 AM PST   SUNSET   436 PM PST
NOVEMBER 21 2017......SUNRISE   728 AM PST   SUNSET   435 PM PST


-  INDICATES NEGATIVE NUMBERS.
R  INDICATES RECORD WAS SET OR TIED.
MM INDICATES DATA IS MISSING.
T  INDICATES TRACE AMOUNT.




$$
