000
CDUS46 KSEW 260829
CLIHQM


CLIMATE REPORT
NATIONAL WEATHER SERVICE SEATTLE WA
1228 AM PST WED NOV 26 2014


...................................

...THE HOQUIAM WA AIRPORT CLIMATE SUMMARY FOR NOVEMBER 25 2014...

CLIMATE NORMAL PERIOD 1981 TO 2010
CLIMATE RECORD PERIOD 1953 TO 2014


WEATHER ITEM   OBSERVED TIME   RECORD YEAR NORMAL DEPARTURE LAST
                VALUE   (LST)  VALUE       VALUE  FROM      YEAR
                                                  NORMAL
..................................................................
TEMPERATURE (F)
 YESTERDAY
  MAXIMUM         56    931 PM  59    1977  49      7       49
  MINIMUM         52    917 AM  24    1985  39     13       32
  AVERAGE         54                        44     10       41

PRECIPITATION (IN)
  YESTERDAY        0.74          2.53 1977   0.37   0.37     0.00
  MONTH TO DATE    7.64                      9.29  -1.65     5.19
  SINCE OCT 1     18.19                     15.82   2.37     7.45
  SINCE JAN 1     65.28                     55.71   9.57    49.32

DEGREE DAYS
 HEATING
  YESTERDAY       11                        21    -10       24
  MONTH TO DATE  452                       467    -15      469
  SINCE SEP 1    766                      1059   -293     1029

 COOLING
  YESTERDAY        0                         0      0        0
  MONTH TO DATE    0                         0      0        0
  SINCE SEP 1     18                         7     11        7
  SINCE JAN 1     48                        23     25       20
..................................................................


WIND (MPH)
  RESULTANT WIND SPEED  14   RESULTANT WIND DIRECTION  SW (210)
  HIGHEST WIND SPEED    25   HIGHEST WIND DIRECTION     S (200)
  HIGHEST GUST SPEED    30   HIGHEST GUST DIRECTION     S (200)
  AVERAGE WIND SPEED    15.7


SKY COVER
  AVERAGE SKY COVER 1.0


WEATHER CONDITIONS
 THE FOLLOWING WEATHER WAS RECORDED YESTERDAY.
  RAIN
  LIGHT RAIN
  FOG


RELATIVE HUMIDITY (PERCENT)
 HIGHEST   100          1200 AM
 LOWEST     93           400 PM
 AVERAGE    97

..........................................................


THE HOQUIAM WA AIRPORT CLIMATE NORMALS FOR TODAY
                         NORMAL    RECORD    YEAR
 MAXIMUM TEMPERATURE (F)   49        55      1997
                                             1969
                                             1954
 MINIMUM TEMPERATURE (F)   39        30      1985
                                             1961
                                             1956


SUNRISE AND SUNSET
NOVEMBER 26 2014......SUNRISE   734 AM PST   SUNSET   431 PM PST
NOVEMBER 27 2014......SUNRISE   736 AM PST   SUNSET   431 PM PST


-  INDICATES NEGATIVE NUMBERS.
R  INDICATES RECORD WAS SET OR TIED.
MM INDICATES DATA IS MISSING.
T  INDICATES TRACE AMOUNT.




$$
