000
CDUS46 KSEW 220830
CLIHQM


CLIMATE REPORT
NATIONAL WEATHER SERVICE SEATTLE WA
130 AM PDT MON SEP 22 2014


...................................

...THE HOQUIAM WA AIRPORT CLIMATE SUMMARY FOR SEPTEMBER 21 2014...

CLIMATE NORMAL PERIOD 1981 TO 2010
CLIMATE RECORD PERIOD 1953 TO 2014


WEATHER ITEM   OBSERVED TIME   RECORD YEAR NORMAL DEPARTURE LAST
                VALUE   (LST)  VALUE       VALUE  FROM      YEAR
                                                  NORMAL
..................................................................
TEMPERATURE (F)
 YESTERDAY
  MAXIMUM         66    322 PM  90    1974  66      0       65
  MINIMUM         58    646 AM  35    1955  50      8       50
  AVERAGE         62                        58      4       58

PRECIPITATION (IN)
  YESTERDAY        0.00          1.44 1972   0.08  -0.08     0.09
  MONTH TO DATE    0.57                      1.44  -0.87     1.22
  SINCE OCT 1     56.33                     66.71 -10.38    49.17
  SINCE JAN 1     44.22                     39.05   5.17    35.56

DEGREE DAYS
 HEATING
  YESTERDAY        3                         7     -4        7
  MONTH TO DATE   50                       117    -67       59
  SINCE SEP 1     50                       117    -67       59

 COOLING
  YESTERDAY        0                         0      0        0
  MONTH TO DATE   18                         0     18        7
  SINCE SEP 1     18                         0     18        7
  SINCE JAN 1     48                        16     32       20
..................................................................


WIND (MPH)
  RESULTANT WIND SPEED   6   RESULTANT WIND DIRECTION   S (180)
  HIGHEST WIND SPEED    16   HIGHEST WIND DIRECTION     S (180)
  HIGHEST GUST SPEED    19   HIGHEST GUST DIRECTION     S (180)
  AVERAGE WIND SPEED     7.4


SKY COVER
  AVERAGE SKY COVER 0.8


WEATHER CONDITIONS
 THE FOLLOWING WEATHER WAS RECORDED YESTERDAY.
  FOG


RELATIVE HUMIDITY (PERCENT)
 HIGHEST   100           600 PM
 LOWEST     78          1200 AM
 AVERAGE    89

..........................................................


THE HOQUIAM WA AIRPORT CLIMATE NORMALS FOR TODAY
                         NORMAL    RECORD    YEAR
 MAXIMUM TEMPERATURE (F)   66        88      1989
 MINIMUM TEMPERATURE (F)   50        39      1955


SUNRISE AND SUNSET
SEPTEMBER 22 2014.....SUNRISE   703 AM PDT   SUNSET   713 PM PDT
SEPTEMBER 23 2014.....SUNRISE   704 AM PDT   SUNSET   711 PM PDT


-  INDICATES NEGATIVE NUMBERS.
R  INDICATES RECORD WAS SET OR TIED.
MM INDICATES DATA IS MISSING.
T  INDICATES TRACE AMOUNT.




$$
