000
CDUS46 KSEW 310826
CLIHQM


CLIMATE REPORT
NATIONAL WEATHER SERVICE SEATTLE WA
1226 AM PST SAT JAN 31 2015


...................................

...THE HOQUIAM WA AIRPORT CLIMATE SUMMARY FOR JANUARY 30 2015...

CLIMATE NORMAL PERIOD 1981 TO 2010
CLIMATE RECORD PERIOD 1953 TO 2015


WEATHER ITEM   OBSERVED TIME   RECORD YEAR NORMAL DEPARTURE LAST
                VALUE   (LST)  VALUE       VALUE  FROM      YEAR
                                                  NORMAL
..................................................................
TEMPERATURE (F)
 YESTERDAY
  MAXIMUM         56    328 PM  59    1962  48      8       48
  MINIMUM         34    751 AM  18    1969  38     -4       40
  AVERAGE         45                        43      2       44

PRECIPITATION (IN)
  YESTERDAY        0.00          1.22 1995   0.30  -0.30     0.23
  MONTH TO DATE   11.00                     10.03   0.97     6.46
  SINCE OCT 1     42.42                     37.69   4.73    18.57
  SINCE JAN 1     11.00                     10.03   0.97     6.46

DEGREE DAYS
 HEATING
  YESTERDAY       20                        22     -2       21
  MONTH TO DATE  555                       671   -116      633
  SINCE DEC 1   1148                      1398   -250     1459

 COOLING
  YESTERDAY        0                         0      0        0
  MONTH TO DATE    0                         0      0        0
  SINCE DEC 1      0                         0      0        0
  SINCE JAN 1      0                         0      0        0
..................................................................


WIND (MPH)
  RESULTANT WIND SPEED   4   RESULTANT WIND DIRECTION   E (80)
  HIGHEST WIND SPEED    12   HIGHEST WIND DIRECTION     E (80)
  HIGHEST GUST SPEED    14   HIGHEST GUST DIRECTION     E (80)
  AVERAGE WIND SPEED     6.2


SKY COVER
  AVERAGE SKY COVER 0.1


WEATHER CONDITIONS
 THE FOLLOWING WEATHER WAS RECORDED YESTERDAY.
  FOG
  FOG W/VISIBILITY <= 1/4 MILE


RELATIVE HUMIDITY (PERCENT)
 HIGHEST   100           300 AM
 LOWEST     71           200 PM
 AVERAGE    86

..........................................................


THE HOQUIAM WA AIRPORT CLIMATE NORMALS FOR TODAY
                         NORMAL    RECORD    YEAR
 MAXIMUM TEMPERATURE (F)   49        59      1998
                                             1993
 MINIMUM TEMPERATURE (F)   38        23      1979
                                             1956


SUNRISE AND SUNSET
JANUARY 31 2015.......SUNRISE   742 AM PST   SUNSET   517 PM PST
FEBRUARY  1 2015......SUNRISE   741 AM PST   SUNSET   518 PM PST


-  INDICATES NEGATIVE NUMBERS.
R  INDICATES RECORD WAS SET OR TIED.
MM INDICATES DATA IS MISSING.
T  INDICATES TRACE AMOUNT.




$$
