000
CDUS46 KSEW 250831
CLIHQM


CLIMATE REPORT
NATIONAL WEATHER SERVICE SEATTLE WA
130 AM PDT SAT OCT 25 2014


...................................

...THE HOQUIAM WA AIRPORT CLIMATE SUMMARY FOR OCTOBER 24 2014...

CLIMATE NORMAL PERIOD 1981 TO 2010
CLIMATE RECORD PERIOD 1953 TO 2014


WEATHER ITEM   OBSERVED TIME   RECORD YEAR NORMAL DEPARTURE LAST
                VALUE   (LST)  VALUE       VALUE  FROM      YEAR
                                                  NORMAL
..................................................................
TEMPERATURE (F)
 YESTERDAY
  MAXIMUM         55    359 PM  71    1965  57     -2       54
  MINIMUM         47    712 AM  33    1954  44      3       45
  AVERAGE         51                        50      1       50

PRECIPITATION (IN)
  YESTERDAY        0.47          1.96 1955   0.26   0.21     0.00
  MONTH TO DATE    7.32                      4.49   2.83     1.72
  SINCE OCT 1      7.32                      4.49   2.83     1.72
  SINCE JAN 1     54.41                     44.38  10.03    43.59

DEGREE DAYS
 HEATING
  YESTERDAY       14                        15     -1       15
  MONTH TO DATE  142                       286   -144      312
  SINCE SEP 1    235                       482   -247      457

 COOLING
  YESTERDAY        0                         0      0        0
  MONTH TO DATE    0                         0      0        0
  SINCE SEP 1     18                         7     11        7
  SINCE JAN 1     48                        23     25       20
..................................................................


WIND (MPH)
  RESULTANT WIND SPEED  11   RESULTANT WIND DIRECTION  NE (50)
  HIGHEST WIND SPEED    22   HIGHEST WIND DIRECTION    NE (50)
  HIGHEST GUST SPEED    30   HIGHEST GUST DIRECTION    NE (50)
  AVERAGE WIND SPEED    11.2


SKY COVER
  AVERAGE SKY COVER 0.7


WEATHER CONDITIONS
 THE FOLLOWING WEATHER WAS RECORDED YESTERDAY.
  RAIN
  LIGHT RAIN
  FOG


RELATIVE HUMIDITY (PERCENT)
 HIGHEST   100           100 AM
 LOWEST     77           400 PM
 AVERAGE    89

..........................................................


THE HOQUIAM WA AIRPORT CLIMATE NORMALS FOR TODAY
                         NORMAL    RECORD    YEAR
 MAXIMUM TEMPERATURE (F)   56        71      1965
 MINIMUM TEMPERATURE (F)   44        32      1954


SUNRISE AND SUNSET
OCTOBER 25 2014.......SUNRISE   748 AM PDT   SUNSET   611 PM PDT
OCTOBER 26 2014.......SUNRISE   750 AM PDT   SUNSET   609 PM PDT


-  INDICATES NEGATIVE NUMBERS.
R  INDICATES RECORD WAS SET OR TIED.
MM INDICATES DATA IS MISSING.
T  INDICATES TRACE AMOUNT.




$$
