000
CDUS46 KSEW 290827
CLIHQM


CLIMATE REPORT
NATIONAL WEATHER SERVICE SEATTLE WA
126 AM PDT SUN MAR 29 2015


...................................

...THE HOQUIAM WA AIRPORT CLIMATE SUMMARY FOR MARCH 28 2015...

CLIMATE NORMAL PERIOD 1981 TO 2010
CLIMATE RECORD PERIOD 1953 TO 2015


WEATHER ITEM   OBSERVED TIME   RECORD YEAR NORMAL DEPARTURE LAST
                VALUE   (LST)  VALUE       VALUE  FROM      YEAR
                                                  NORMAL
..................................................................
TEMPERATURE (F)
 YESTERDAY
  MAXIMUM         57    310 PM  69    1995  53      4       54
                                      1969
                                      1964
  MINIMUM         49   1135 PM  29    1996  41      8       46
                                      1962
  AVERAGE         53                        47      6       50

PRECIPITATION (IN)
  YESTERDAY        0.13          1.38 1955   0.22  -0.09     0.85
  MONTH TO DATE    6.34                      6.34   0.00    13.24
  SINCE OCT 1     53.63                     51.54   2.09    39.87
  SINCE JAN 1     22.21                     23.88  -1.67    27.76

DEGREE DAYS
 HEATING
  YESTERDAY       12                        18     -6       15
  MONTH TO DATE  422                       533   -111      487
  SINCE MAR 1    422                       533   -111      487

 COOLING
  YESTERDAY        0                         0      0        0
  MONTH TO DATE    0                         0      0        0
  SINCE MAR 1      0                         0      0        0
  SINCE JAN 1      0                         0      0        0
..................................................................


WIND (MPH)
  RESULTANT WIND SPEED   8   RESULTANT WIND DIRECTION  SW (210)
  HIGHEST WIND SPEED    24   HIGHEST WIND DIRECTION    SW (240)
  HIGHEST GUST SPEED    31   HIGHEST GUST DIRECTION    SW (230)
  AVERAGE WIND SPEED    11.0


SKY COVER
  AVERAGE SKY COVER 0.8


WEATHER CONDITIONS
 THE FOLLOWING WEATHER WAS RECORDED YESTERDAY.
  LIGHT RAIN
  FOG


RELATIVE HUMIDITY (PERCENT)
 HIGHEST    89           200 AM
 LOWEST     71           400 PM
 AVERAGE    80

..........................................................


THE HOQUIAM WA AIRPORT CLIMATE NORMALS FOR TODAY
                         NORMAL    RECORD    YEAR
 MAXIMUM TEMPERATURE (F)   54        74      1964
 MINIMUM TEMPERATURE (F)   41        28      1954


SUNRISE AND SUNSET
MARCH 29 2015.........SUNRISE   701 AM PDT   SUNSET   741 PM PDT
MARCH 30 2015.........SUNRISE   659 AM PDT   SUNSET   742 PM PDT


-  INDICATES NEGATIVE NUMBERS.
R  INDICATES RECORD WAS SET OR TIED.
MM INDICATES DATA IS MISSING.
T  INDICATES TRACE AMOUNT.




$$
