000
CDUS46 KSEW 232034 CCA
CLIHQM

CLIMATE REPORT...CORRECTED
NATIONAL WEATHER SERVICE SEATTLE WA
134 PM PDT SAT JUL 23 2016


...................................

...THE HOQUIAM WA AIRPORT CLIMATE SUMMARY FOR JULY 22 2016...

CLIMATE NORMAL PERIOD 1981 TO 2010
CLIMATE RECORD PERIOD 1953 TO 2016


WEATHER ITEM   OBSERVED TIME   RECORD YEAR NORMAL DEPARTURE LAST
                VALUE   (LST)  VALUE       VALUE  FROM      YEAR
                                                  NORMAL
..................................................................
TEMPERATURE (F)
 YESTERDAY
  MAXIMUM         67    227 PM  91    2006  67      0       69
  MINIMUM         59   1109 PM  46    1982  54      5       59
                                      1977
                                      1975
  AVERAGE         63                        60      3       64

PRECIPITATION (IN)
  YESTERDAY        0.01          0.79 2007   0.03  -0.02     0.00
  MONTH TO DATE    0.37                      0.88  -0.51     0.08
  SINCE OCT 1     74.49                     63.70  10.79    57.99
  SINCE JAN 1     41.07                     36.04   5.03    26.57

DEGREE DAYS
 HEATING
  YESTERDAY        1                         5     -4        1
  MONTH TO DATE   86                       118    -32       30
  SINCE JUN 1    299                       364    -65      190

 COOLING
  YESTERDAY        0                         0      0        0
  MONTH TO DATE    0                         0      0        7
  SINCE JUN 1     13                         2     11       10
  SINCE JAN 1     18                         3     15       10
..................................................................


WIND (MPH)
  RESULTANT WIND SPEED   9   RESULTANT WIND DIRECTION   W (260)
  HIGHEST WIND SPEED    20   HIGHEST WIND DIRECTION    SW (240)
  HIGHEST GUST SPEED    24   HIGHEST GUST DIRECTION    SW (240)
  AVERAGE WIND SPEED     9.6


SKY COVER
  AVERAGE SKY COVER 0.9


WEATHER CONDITIONS
 THE FOLLOWING WEATHER WAS RECORDED YESTERDAY.
  LIGHT RAIN
  FOG


RELATIVE HUMIDITY (PERCENT)
 HIGHEST    90          1200 AM
 LOWEST     73           900 AM
 AVERAGE    82

..........................................................


THE HOQUIAM WA AIRPORT CLIMATE NORMALS FOR TODAY
                         NORMAL    RECORD    YEAR
 MAXIMUM TEMPERATURE (F)   67        93      2004
 MINIMUM TEMPERATURE (F)   54        43      1970
                                             1968


SUNRISE AND SUNSET
JULY 23 2016..........SUNRISE   545 AM PDT   SUNSET   859 PM PDT
JULY 24 2016..........SUNRISE   546 AM PDT   SUNSET   857 PM PDT


-  INDICATES NEGATIVE NUMBERS.
R  INDICATES RECORD WAS SET OR TIED.
MM INDICATES DATA IS MISSING.
T  INDICATES TRACE AMOUNT.




$$
