000
CDUS44 KBRO 300634
CLIHRL


CLIMATE REPORT
NATIONAL WEATHER SERVICE BROWNSVILLE TX
131 AM CDT SUN APR 30 2017


...................................

...THE HARLINGEN CLIMATE SUMMARY FOR APRIL 29 2017...

CLIMATE NORMAL PERIOD 1981 TO 2010
CLIMATE RECORD PERIOD 1912 TO 2017


WEATHER ITEM   OBSERVED TIME   RECORD YEAR NORMAL DEPARTURE LAST
                VALUE   (LST)  VALUE       VALUE  FROM      YEAR
                                                  NORMAL
..................................................................
TEMPERATURE (F)
 YESTERDAY
  MAXIMUM         97    213 PM 102    1937  88      9       89
  MINIMUM         77    551 AM  48    1920  68      9       80
  AVERAGE         87                        78      9       85

PRECIPITATION (IN)
  YESTERDAY        0.00          2.89 1957   0.05  -0.05     0.00
  MONTH TO DATE    0.87                      1.61  -0.74     0.48
  SINCE MAR 1      3.09                      2.90   0.19     2.26
  SINCE JAN 1      4.40                      5.37  -0.97     4.17

SNOWFALL (IN)
  YESTERDAY        0.0
  MONTH TO DATE    0.0
  SINCE MAR 1      0.0
  SINCE JUL 1      0.0

DEGREE DAYS
 HEATING
  YESTERDAY        0                         0      0        0
  MONTH TO DATE    0                         7     -7        2
  SINCE MAR 1      4                        53    -49       13
  SINCE JUL 1    234                       621   -387      389

 COOLING
  YESTERDAY       22                        13      9       20
  MONTH TO DATE  370                       306     64      365
  SINCE MAR 1    660                       476    184      650
  SINCE JAN 1   1027                       601    426      790
..................................................................


WIND (MPH)
  HIGHEST WIND SPEED    36   HIGHEST WIND DIRECTION     S (170)
  HIGHEST GUST SPEED    43   HIGHEST GUST DIRECTION     S (170)
  AVERAGE WIND SPEED    20.9



WEATHER CONDITIONS
 THE FOLLOWING WEATHER WAS RECORDED YESTERDAY.
  FOG
  HAZE


RELATIVE HUMIDITY (PERCENT)
 HIGHEST    97
 LOWEST     49
 AVERAGE    73

..........................................................


THE HARLINGEN CLIMATE NORMALS FOR TODAY
                         NORMAL    RECORD    YEAR
 MAXIMUM TEMPERATURE (F)   88       103      1953
 MINIMUM TEMPERATURE (F)   68        48      1925


SUNRISE AND SUNSET
APRIL 30 2017.........SUNRISE   654 AM CDT   SUNSET   802 PM CDT
MAY  1 2017...........SUNRISE   653 AM CDT   SUNSET   803 PM CDT


-  INDICATES NEGATIVE NUMBERS.
R  INDICATES RECORD WAS SET OR TIED.
MM INDICATES DATA IS MISSING.
T  INDICATES TRACE AMOUNT.




$$
