000
CDUS44 KBRO 282150
CLIHRL


CLIMATE REPORT
NATIONAL WEATHER SERVICE BROWNSVILLE TX
449 PM CDT SAT MAY 28 2016


...................................

...THE HARLINGEN CLIMATE SUMMARY FOR MAY 28 2016...
VALID TODAY AS OF 0400 PM LOCAL TIME.

CLIMATE NORMAL PERIOD 1981 TO 2010
CLIMATE RECORD PERIOD 1912 TO 2016


WEATHER ITEM   OBSERVED TIME   RECORD YEAR NORMAL DEPARTURE LAST
                VALUE   (LST)  VALUE       VALUE  FROM      YEAR
                                                  NORMAL
..................................................................
TEMPERATURE (F)
 TODAY
  MAXIMUM         95    105 PM 104    1973  92      3       92
  MINIMUM         79    122 AM  58    1913  73      6       79
  AVERAGE         87                        82      5       86

PRECIPITATION (IN)
  TODAY            0.00          4.00 1944   0.10  -0.10     0.00
  MONTH TO DATE    1.63                      2.24  -0.61     2.74
  SINCE MAR 1      3.90                      5.20  -1.30     9.53
  SINCE JAN 1      5.81                      7.67  -1.86    12.45

SNOWFALL (IN)
  TODAY            0.0
  MONTH TO DATE    0.0
  SINCE MAR 1      0.0
  SINCE JUL 1      0.0
  SNOW DEPTH       0

DEGREE DAYS
 HEATING
  TODAY            0                         0      0        0
  MONTH TO DATE    0                         0      0        0
  SINCE MAR 1     13                        54    -41       74
  SINCE JUL 1    389                       622   -233      767

 COOLING
  TODAY           22                        17      5       21
  MONTH TO DATE  490                       433     57      480
  SINCE MAR 1   1162                       922    240      980
  SINCE JAN 1   1302                      1047    255     1039
..................................................................


WIND (MPH)
  HIGHEST WIND SPEED    24   HIGHEST WIND DIRECTION    SE (140)
  HIGHEST GUST SPEED    31   HIGHEST GUST DIRECTION    SE (150)
  AVERAGE WIND SPEED    16.1



WEATHER CONDITIONS
 THE FOLLOWING WEATHER WAS RECORDED TODAY.
  FOG
  HAZE


RELATIVE HUMIDITY (PERCENT)
 HIGHEST    91
 LOWEST     52
 AVERAGE    72

..........................................................


THE HARLINGEN CLIMATE NORMALS FOR TOMORROW
                         NORMAL    RECORD    YEAR
 MAXIMUM TEMPERATURE (F)   92       101      1922
 MINIMUM TEMPERATURE (F)   73        61      1992


SUNRISE AND SUNSET
MAY 28 2016...........SUNRISE   639 AM CDT   SUNSET   817 PM CDT
MAY 29 2016...........SUNRISE   639 AM CDT   SUNSET   818 PM CDT


-  INDICATES NEGATIVE NUMBERS.
R  INDICATES RECORD WAS SET OR TIED.
MM INDICATES DATA IS MISSING.
T  INDICATES TRACE AMOUNT.




$$
