977
CDUS44 KBRO 070725
CLIHRL


CLIMATE REPORT
NATIONAL WEATHER SERVICE BROWNSVILLE TX
125 AM CST SUN FEB 7 2016


...................................

...THE HARLINGEN CLIMATE SUMMARY FOR FEBRUARY 6 2016...

CLIMATE NORMAL PERIOD 1981 TO 2010
CLIMATE RECORD PERIOD 1912 TO 2016


WEATHER ITEM   OBSERVED TIME   RECORD YEAR NORMAL DEPARTURE LAST
                VALUE   (LST)  VALUE       VALUE  FROM      YEAR
                                                  NORMAL
..................................................................
TEMPERATURE (F)
 YESTERDAY
  MAXIMUM         74    324 PM  89    1957  73      1       63
  MINIMUM         43   1129 PM  29    1923  52     -9       52
                                      1989
  AVERAGE         59                        62     -3       58

PRECIPITATION (IN)
  YESTERDAY        0.00          1.50 1965   0.06  -0.06     0.00
  MONTH TO DATE    0.00                      0.34  -0.34     0.69
  SINCE DEC 1      2.21                      2.66  -0.45     4.93
  SINCE JAN 1      1.91                      1.40   0.51     2.62

SNOWFALL (IN)
  YESTERDAY        0.0
  MONTH TO DATE    0.0
  SINCE DEC 1      0.0
  SINCE JUL 1      0.0

DEGREE DAYS
 HEATING
  YESTERDAY        6                         5      1        7
  MONTH TO DATE   33                        30      3       45
  SINCE DEC 1    306                       421   -115      444
  SINCE JUL 1    342                       478   -136      579

 COOLING
  YESTERDAY        0                         2     -2        0
  MONTH TO DATE   12                        12      0        6
  SINCE DEC 1    173                       119     54      111
  SINCE JAN 1     40                        61    -21       20
..................................................................


WIND (MPH)
  HIGHEST WIND SPEED    26   HIGHEST WIND DIRECTION    NW (330)
  HIGHEST GUST SPEED    32   HIGHEST GUST DIRECTION    NW (330)
  AVERAGE WIND SPEED    11.3



WEATHER CONDITIONS
 THE FOLLOWING WEATHER WAS RECORDED YESTERDAY.
  NO SIGNIFICANT WEATHER WAS OBSERVED.


RELATIVE HUMIDITY (PERCENT)
 HIGHEST    93
 LOWEST     13
 AVERAGE    53

..........................................................


THE HARLINGEN CLIMATE NORMALS FOR TODAY
                         NORMAL    RECORD    YEAR
 MAXIMUM TEMPERATURE (F)   73        90      1957
 MINIMUM TEMPERATURE (F)   52        28      1989


SUNRISE AND SUNSET
FEBRUARY  7 2016......SUNRISE   712 AM CST   SUNSET   618 PM CST
FEBRUARY  8 2016......SUNRISE   711 AM CST   SUNSET   619 PM CST


-  INDICATES NEGATIVE NUMBERS.
R  INDICATES RECORD WAS SET OR TIED.
MM INDICATES DATA IS MISSING.
T  INDICATES TRACE AMOUNT.




$$
