000
CDUS44 KBRO 220630
CLIHRL


CLIMATE REPORT
NATIONAL WEATHER SERVICE BROWNSVILLE TX
130 AM CDT SUN OCT 22 2017


...................................

...THE HARLINGEN CLIMATE SUMMARY FOR OCTOBER 21 2017...

CLIMATE NORMAL PERIOD 1981 TO 2010
CLIMATE RECORD PERIOD 1912 TO 2017


WEATHER ITEM   OBSERVED TIME   RECORD YEAR NORMAL DEPARTURE LAST
                VALUE   (LST)  VALUE       VALUE  FROM      YEAR
                                                  NORMAL
..................................................................
TEMPERATURE (F)
 YESTERDAY
  MAXIMUM         92    228 PM  97    1956  86      6       85
  MINIMUM         69    644 AM  44    1964  64      5       58
  AVERAGE         81                        75      6       72

PRECIPITATION (IN)
  YESTERDAY        0.00          1.18 1985   0.11  -0.11     0.00
  MONTH TO DATE    3.50                      2.01   1.49     0.31
  SINCE SEP 1      5.44                      7.23  -1.79     2.80
  SINCE JAN 1     17.61                     21.44  -3.83    17.70

SNOWFALL (IN)
  YESTERDAY        0.0
  MONTH TO DATE    0.0
  SINCE SEP 1      0.0
  SINCE JUL 1      0.0

DEGREE DAYS
 HEATING
  YESTERDAY        0                         0      0        0
  MONTH TO DATE    0                         0      0        0
  SINCE SEP 1      0                         0      0        0
  SINCE JUL 1      0                         0      0        0

 COOLING
  YESTERDAY       16                        10      6        7
  MONTH TO DATE  285                       255     30      340
  SINCE SEP 1    857                       760     97      942
  SINCE JAN 1   4362                      3684    678     4261
..................................................................


WIND (MPH)
  HIGHEST WIND SPEED    20   HIGHEST WIND DIRECTION    SE (130)
  HIGHEST GUST SPEED    24   HIGHEST GUST DIRECTION    SE (130)
  AVERAGE WIND SPEED     8.9



WEATHER CONDITIONS
 THE FOLLOWING WEATHER WAS RECORDED YESTERDAY.
  FOG
  FOG W/VISIBILITY <= 1/4 MILE


RELATIVE HUMIDITY (PERCENT)
 HIGHEST   100
 LOWEST     56
 AVERAGE    78

..........................................................


THE HARLINGEN CLIMATE NORMALS FOR TODAY
                         NORMAL    RECORD    YEAR
 MAXIMUM TEMPERATURE (F)   86        96      1931
 MINIMUM TEMPERATURE (F)   64        44      1964


SUNRISE AND SUNSET
OCTOBER 22 2017.......SUNRISE   734 AM CDT   SUNSET   656 PM CDT
OCTOBER 23 2017.......SUNRISE   734 AM CDT   SUNSET   655 PM CDT


-  INDICATES NEGATIVE NUMBERS.
R  INDICATES RECORD WAS SET OR TIED.
MM INDICATES DATA IS MISSING.
T  INDICATES TRACE AMOUNT.




$$
