000
CDUS44 KBRO 272127
CLIHRL


CLIMATE REPORT
NATIONAL WEATHER SERVICE BROWNSVILLE TX
427 PM CDT FRI MAR 27 2015


...................................

...THE HARLINGEN CLIMATE SUMMARY FOR MARCH 27 2015...
VALID TODAY AS OF 0400 PM LOCAL TIME.

CLIMATE NORMAL PERIOD 1981 TO 2010
CLIMATE RECORD PERIOD 1912 TO 2015


WEATHER ITEM   OBSERVED TIME   RECORD YEAR NORMAL DEPARTURE LAST
                VALUE   (LST)  VALUE       VALUE  FROM      YEAR
                                                  NORMAL
..................................................................
TEMPERATURE (F)
 TODAY
  MAXIMUM         81    259 PM 101    2009  83     -2       85
  MINIMUM         50    647 AM  38    1913  60    -10       70
  AVERAGE         66                        71     -5       78

PRECIPITATION (IN)
  TODAY            0.00          0.78 1923   0.05  -0.05      T
  MONTH TO DATE    3.06                      1.10   1.96     1.78
  SINCE MAR 1      3.06                      1.10   1.96     1.78
  SINCE JAN 1      5.98                      3.57   2.41     2.78

SNOWFALL (IN)
  TODAY            0.0
  MONTH TO DATE    0.0
  SINCE MAR 1      0.0
  SINCE JUL 1      0.0
  SNOW DEPTH       0

DEGREE DAYS
 HEATING
  TODAY            0                         1     -1        0
  MONTH TO DATE   74                        45     29      107
  SINCE MAR 1     74                        45     29      107
  SINCE JUL 1    767                       613    154      918

 COOLING
  TODAY            1                         7     -6       13
  MONTH TO DATE   92                       141    -49       81
  SINCE MAR 1     92                       141    -49       81
  SINCE JAN 1    151                       266   -115      192
..................................................................


WIND (MPH)
  HIGHEST WIND SPEED    13   HIGHEST WIND DIRECTION    NW (300)
  HIGHEST GUST SPEED    16   HIGHEST GUST DIRECTION    NW (300)
  AVERAGE WIND SPEED     7.5



WEATHER CONDITIONS
 THE FOLLOWING WEATHER WAS RECORDED TODAY.
  NO SIGNIFICANT WEATHER WAS OBSERVED.


RELATIVE HUMIDITY (PERCENT)
 HIGHEST    93
 LOWEST     23
 AVERAGE    58

..........................................................


THE HARLINGEN CLIMATE NORMALS FOR TOMORROW
                         NORMAL    RECORD    YEAR
 MAXIMUM TEMPERATURE (F)   83       104      1984
 MINIMUM TEMPERATURE (F)   61        40      1913


SUNRISE AND SUNSET
MARCH 27 2015.........SUNRISE   727 AM CDT   SUNSET   745 PM CDT
MARCH 28 2015.........SUNRISE   726 AM CDT   SUNSET   746 PM CDT


-  INDICATES NEGATIVE NUMBERS.
R  INDICATES RECORD WAS SET OR TIED.
MM INDICATES DATA IS MISSING.
T  INDICATES TRACE AMOUNT.




$$
