000
CDUS44 KBRO 200745
CLIHRL


CLIMATE REPORT
NATIONAL WEATHER SERVICE BROWNSVILLE TX
145 AM CST SAT DEC 20 2014


...................................

...THE HARLINGEN CLIMATE SUMMARY FOR DECEMBER 19 2014...

CLIMATE NORMAL PERIOD 1981 TO 2010
CLIMATE RECORD PERIOD 1912 TO 2014


WEATHER ITEM   OBSERVED TIME   RECORD YEAR NORMAL DEPARTURE LAST
                VALUE   (LST)  VALUE       VALUE  FROM      YEAR
                                                  NORMAL
..................................................................
TEMPERATURE (F)
 YESTERDAY
  MAXIMUM         70   1234 PM  87    1921  71     -1       82
  MINIMUM         60    705 PM  28    1996  49     11       61
  AVERAGE         65                        60      5       72

PRECIPITATION (IN)
  YESTERDAY        T             1.00 1940   0.04  -0.04     0.00
  MONTH TO DATE    1.05                      0.94   0.11     0.13
  SINCE DEC 1      1.05                      0.94   0.11     0.13
  SINCE JAN 1     22.84                     24.86  -2.02    29.30

SNOWFALL (IN)
  YESTERDAY        0.0
  MONTH TO DATE    0.0
  SINCE DEC 1      0.0
  SINCE JUL 1      0.0

DEGREE DAYS
 HEATING
  YESTERDAY        0                         7     -7        0
  MONTH TO DATE   17                       107    -90      154
  SINCE DEC 1     17                       107    -90      154
  SINCE JUL 1    152                       164    -12      286

 COOLING
  YESTERDAY        0                         1     -1        7
  MONTH TO DATE   80                        42     38       37
  SINCE DEC 1     80                        42     38       37
  SINCE JAN 1   3907                      3976    -69     4050
..................................................................


WIND (MPH)
  HIGHEST WIND SPEED    21   HIGHEST WIND DIRECTION     N (340)
  HIGHEST GUST SPEED    24   HIGHEST GUST DIRECTION     N (340)
  AVERAGE WIND SPEED     8.2



WEATHER CONDITIONS
 THE FOLLOWING WEATHER WAS RECORDED YESTERDAY.
  FOG


RELATIVE HUMIDITY (PERCENT)
 HIGHEST   100
 LOWEST     90
 AVERAGE    95

..........................................................


THE HARLINGEN CLIMATE NORMALS FOR TODAY
                         NORMAL    RECORD    YEAR
 MAXIMUM TEMPERATURE (F)   71        88      2007
                                             1921
 MINIMUM TEMPERATURE (F)   49        28      1924


SUNRISE AND SUNSET
DECEMBER 20 2014......SUNRISE   713 AM CST   SUNSET   543 PM CST
DECEMBER 21 2014......SUNRISE   714 AM CST   SUNSET   544 PM CST


-  INDICATES NEGATIVE NUMBERS.
R  INDICATES RECORD WAS SET OR TIED.
MM INDICATES DATA IS MISSING.
T  INDICATES TRACE AMOUNT.




$$
