000
CDUS44 KBRO 190628
CLIHRL


CLIMATE REPORT
NATIONAL WEATHER SERVICE BROWNSVILLE TX
126 AM CDT FRI SEP 19 2014


...................................

...THE HARLINGEN CLIMATE SUMMARY FOR SEPTEMBER 18 2014...

CLIMATE NORMAL PERIOD 1981 TO 2010
CLIMATE RECORD PERIOD 1912 TO 2014


WEATHER ITEM   OBSERVED TIME   RECORD YEAR NORMAL DEPARTURE LAST
                VALUE   (LST)  VALUE       VALUE  FROM      YEAR
                                                  NORMAL
..................................................................
TEMPERATURE (F)
 YESTERDAY
  MAXIMUM         93    253 PM 100    2011  91      2       88
                                      1912
  MINIMUM         75    643 AM  60    1981  72      3       75
  AVERAGE         84                        81      3       82

PRECIPITATION (IN)
  YESTERDAY        0.01          5.05 1984   0.18  -0.17     0.53
  MONTH TO DATE    5.22                      3.25   1.97     8.67
  SINCE SEP 1      5.22                      3.25   1.97     8.67
  SINCE JAN 1     11.87                     17.46  -5.59    20.51

DEGREE DAYS
 HEATING
  YESTERDAY        0                         0      0        0
  MONTH TO DATE    0                         0      0        0
  SINCE SEP 1      0                         0      0        0
  SINCE JUL 1      0                         0      0        0

 COOLING
  YESTERDAY       19                        16      3       17
  MONTH TO DATE  333                       323     10      300
  SINCE SEP 1    333                       323     10      300
  SINCE JAN 1   3230                      3247    -17     3317
..................................................................


WIND (MPH)
  HIGHEST WIND SPEED    21   HIGHEST WIND DIRECTION     S (180)
  HIGHEST GUST SPEED    25   HIGHEST GUST DIRECTION     S (180)
  AVERAGE WIND SPEED     9.9



WEATHER CONDITIONS
 THE FOLLOWING WEATHER WAS RECORDED YESTERDAY.
  LIGHT RAIN
  FOG


RELATIVE HUMIDITY (PERCENT)
 HIGHEST   100
 LOWEST     52
 AVERAGE    76

..........................................................


THE HARLINGEN CLIMATE NORMALS FOR TODAY
                         NORMAL    RECORD    YEAR
 MAXIMUM TEMPERATURE (F)   91       101      1957
 MINIMUM TEMPERATURE (F)   72        59      1981


SUNRISE AND SUNSET
SEPTEMBER 19 2014.....SUNRISE   718 AM CDT   SUNSET   730 PM CDT
SEPTEMBER 20 2014.....SUNRISE   718 AM CDT   SUNSET   729 PM CDT


-  INDICATES NEGATIVE NUMBERS.
R  INDICATES RECORD WAS SET OR TIED.
MM INDICATES DATA IS MISSING.
T  INDICATES TRACE AMOUNT.

$$
