000
CDUS44 KBRO 290726
CLIHRL


CLIMATE REPORT
NATIONAL WEATHER SERVICE BROWNSVILLE TX
125 AM CST THU JAN 29 2015


...................................

...THE HARLINGEN CLIMATE SUMMARY FOR JANUARY 28 2015...

CLIMATE NORMAL PERIOD 1981 TO 2010
CLIMATE RECORD PERIOD 1912 TO 2015


WEATHER ITEM   OBSERVED TIME   RECORD YEAR NORMAL DEPARTURE LAST
                VALUE   (LST)  VALUE       VALUE  FROM      YEAR
                                                  NORMAL
..................................................................
TEMPERATURE (F)
 YESTERDAY
  MAXIMUM         80    208 PM  89    1914  72      8       53
  MINIMUM         51    306 AM  26    1925  51      0       33
  AVERAGE         66                        61      5       43

PRECIPITATION (IN)
  YESTERDAY        0.00          9.00 1941   0.05  -0.05     0.03
  MONTH TO DATE    1.91                      0.93   0.98     0.22
  SINCE DEC 1      4.22                      2.19   2.03     3.94
  SINCE JAN 1      1.91                      0.93   0.98     0.22

SNOWFALL (IN)
  YESTERDAY        0.0
  MONTH TO DATE    0.0
  SINCE DEC 1      0.0
  SINCE JUL 1      0.0

DEGREE DAYS
 HEATING
  YESTERDAY        0                         6     -6       22
  MONTH TO DATE  310                       184    126      225
  SINCE DEC 1    398                       375     23      467
  SINCE JUL 1    533                       432    101      599

 COOLING
  YESTERDAY        1                         2     -1        0
  MONTH TO DATE   10                        52    -42       16
  SINCE DEC 1    101                       110     -9       79
  SINCE JAN 1     10                        52    -42       16
..................................................................


WIND (MPH)
  HIGHEST WIND SPEED    18   HIGHEST WIND DIRECTION    SE (150)
  HIGHEST GUST SPEED    24   HIGHEST GUST DIRECTION     S (170)
  AVERAGE WIND SPEED    10.0



WEATHER CONDITIONS
 THE FOLLOWING WEATHER WAS RECORDED YESTERDAY.
  FOG
  FOG W/VISIBILITY <= 1/4 MILE


RELATIVE HUMIDITY (PERCENT)
 HIGHEST   100
 LOWEST     42
 AVERAGE    71

..........................................................


THE HARLINGEN CLIMATE NORMALS FOR TODAY
                         NORMAL    RECORD    YEAR
 MAXIMUM TEMPERATURE (F)   72        87      2013
                                             2006
 MINIMUM TEMPERATURE (F)   51        28      1948


SUNRISE AND SUNSET
JANUARY 29 2015.......SUNRISE   716 AM CST   SUNSET   611 PM CST
JANUARY 30 2015.......SUNRISE   716 AM CST   SUNSET   612 PM CST


-  INDICATES NEGATIVE NUMBERS.
R  INDICATES RECORD WAS SET OR TIED.
MM INDICATES DATA IS MISSING.
T  INDICATES TRACE AMOUNT.




$$
