000
CDUS44 KBRO 290628
CLIHRL


CLIMATE REPORT
NATIONAL WEATHER SERVICE BROWNSVILLE TX
128 AM CDT FRI MAY 29 2015


...................................

...THE HARLINGEN CLIMATE SUMMARY FOR MAY 28 2015...

CLIMATE NORMAL PERIOD 1981 TO 2010
CLIMATE RECORD PERIOD 1912 TO 2015


WEATHER ITEM   OBSERVED TIME   RECORD YEAR NORMAL DEPARTURE LAST
                VALUE   (LST)  VALUE       VALUE  FROM      YEAR
                                                  NORMAL
..................................................................
TEMPERATURE (F)
 YESTERDAY
  MAXIMUM         92    310 PM 104    1973  92      0       95
  MINIMUM         79   1159 PM  58    1913  73      6       72
  AVERAGE         86                        82      4       84

PRECIPITATION (IN)
  YESTERDAY        0.00          4.00 1944   0.10  -0.10     0.12
  MONTH TO DATE    1.13                      2.24  -1.11     1.89
  SINCE MAR 1      7.92                      5.20   2.72     3.84
  SINCE JAN 1     10.84                      7.67   3.17     4.84

SNOWFALL (IN)
  YESTERDAY        0.0
  MONTH TO DATE    0.0
  SINCE MAR 1      0.0
  SINCE JUL 1      0.0

DEGREE DAYS
 HEATING
  YESTERDAY        0                         0      0        0
  MONTH TO DATE    0                         0      0        0
  SINCE MAR 1     74                        54     20      119
  SINCE JUL 1    767                       622    145      930

 COOLING
  YESTERDAY       21                        17      4       19
  MONTH TO DATE  480                       433     47      360
  SINCE MAR 1    980                       922     58      771
  SINCE JAN 1   1039                      1047     -8      882
..................................................................


WIND (MPH)
  HIGHEST WIND SPEED    22   HIGHEST WIND DIRECTION     S (170)
  HIGHEST GUST SPEED    26   HIGHEST GUST DIRECTION    SE (140)
  AVERAGE WIND SPEED    14.3



WEATHER CONDITIONS
 THE FOLLOWING WEATHER WAS RECORDED YESTERDAY.
  FOG


RELATIVE HUMIDITY (PERCENT)
 HIGHEST    94
 LOWEST     56
 AVERAGE    75

..........................................................


THE HARLINGEN CLIMATE NORMALS FOR TODAY
                         NORMAL    RECORD    YEAR
 MAXIMUM TEMPERATURE (F)   92       101      1922
 MINIMUM TEMPERATURE (F)   73        61      1992


SUNRISE AND SUNSET
MAY 29 2015...........SUNRISE   639 AM CDT   SUNSET   817 PM CDT
MAY 30 2015...........SUNRISE   639 AM CDT   SUNSET   818 PM CDT


-  INDICATES NEGATIVE NUMBERS.
R  INDICATES RECORD WAS SET OR TIED.
MM INDICATES DATA IS MISSING.
T  INDICATES TRACE AMOUNT.




$$
