000
CDUS44 KBRO 100626
CLIHRL


CLIMATE REPORT
NATIONAL WEATHER SERVICE BROWNSVILLE TX
126 AM CDT THU JUL 10 2014


...................................

...THE HARLINGEN CLIMATE SUMMARY FOR JULY 9 2014...

CLIMATE NORMAL PERIOD 1981 TO 2010
CLIMATE RECORD PERIOD 1912 TO 2014


WEATHER ITEM   OBSERVED TIME   RECORD YEAR NORMAL DEPARTURE LAST
                VALUE   (LST)  VALUE       VALUE  FROM      YEAR
                                                  NORMAL
..................................................................
TEMPERATURE (F)
 YESTERDAY
  MAXIMUM         95    259 PM 107    1939  95      0       96
  MINIMUM         74   1159 PM  69    1913  75     -1       75
                                      1925
                                      1977
  AVERAGE         85                        85      0       86

PRECIPITATION (IN)
  YESTERDAY        T             1.60 1955   0.08  -0.08     0.00
  MONTH TO DATE    0.04                      0.66  -0.62     1.12
  SINCE JUN 1      0.33                      3.16  -2.83     1.92
  SINCE JAN 1      5.17                     11.08  -5.91     9.09

SNOWFALL (IN)
  YESTERDAY        0.0
  MONTH TO DATE    0.0
  SINCE JUN 1      0.0
  SINCE JUL 1      0.0

DEGREE DAYS
 HEATING
  YESTERDAY        0                         0      0        0
  MONTH TO DATE    0                         0      0        0
  SINCE JUN 1      0                         0      0        0
  SINCE JUL 1      0                         0      0        0

 COOLING
  YESTERDAY       20                        20      0       21
  MONTH TO DATE  173                       180     -7      169
  SINCE JUN 1    795                       748     47      804
  SINCE JAN 1   1731                      1849   -118     1899
..................................................................


WIND (MPH)
  HIGHEST WIND SPEED    26   HIGHEST WIND DIRECTION     S (190)
  HIGHEST GUST SPEED    31   HIGHEST GUST DIRECTION     S (190)
  AVERAGE WIND SPEED    11.4



WEATHER CONDITIONS
 THE FOLLOWING WEATHER WAS RECORDED YESTERDAY.
  LIGHT RAIN


RELATIVE HUMIDITY (PERCENT)
 HIGHEST    97
 LOWEST     41
 AVERAGE    69

..........................................................


THE HARLINGEN CLIMATE NORMALS FOR TODAY
                         NORMAL    RECORD    YEAR
 MAXIMUM TEMPERATURE (F)   95       100      1940
 MINIMUM TEMPERATURE (F)   75        69      1976
                                             1977


SUNRISE AND SUNSET
JULY 10 2014..........SUNRISE   646 AM CDT   SUNSET   826 PM CDT
JULY 11 2014..........SUNRISE   646 AM CDT   SUNSET   826 PM CDT


-  INDICATES NEGATIVE NUMBERS.
R  INDICATES RECORD WAS SET OR TIED.
MM INDICATES DATA IS MISSING.
T  INDICATES TRACE AMOUNT.




$$
