000
CDUS44 KBRO 232129
CLIHRL


CLIMATE REPORT
NATIONAL WEATHER SERVICE BROWNSVILLE TX
428 PM CDT FRI JUN 23 2017


...................................

...THE HARLINGEN CLIMATE SUMMARY FOR JUNE 23 2017...
VALID TODAY AS OF 0400 PM LOCAL TIME.

CLIMATE NORMAL PERIOD 1981 TO 2010
CLIMATE RECORD PERIOD 1912 TO 2017


WEATHER ITEM   OBSERVED TIME   RECORD YEAR NORMAL DEPARTURE LAST
                VALUE   (LST)  VALUE       VALUE  FROM      YEAR
                                                  NORMAL
..................................................................
TEMPERATURE (F)
 TODAY
  MAXIMUM        100    251 PM 101    1921  94      6       95
                                      1933
  MINIMUM         81    614 AM  67    1923  75      6       72
                                      1935
                                      1942
  AVERAGE         91                        84      7       84

PRECIPITATION (IN)
  TODAY            0.00          3.50 1942   0.09  -0.09     0.00
  MONTH TO DATE    0.07                      1.78  -1.71     4.64
  SINCE JUN 1      0.07                      1.78  -1.71     4.64
  SINCE JAN 1      6.66                      9.70  -3.04    11.53

SNOWFALL (IN)
  TODAY            0.0
  MONTH TO DATE    0.0
  SINCE JUN 1      0.0
  SINCE JUL 1      0.0
  SNOW DEPTH       0

DEGREE DAYS
 HEATING
  TODAY            0                         0      0        0
  MONTH TO DATE    0                         0      0        0
  SINCE JUN 1      0                         0      0        0
  SINCE JUL 1    234                       622   -388      389

 COOLING
  TODAY           26                        19      7       19
  MONTH TO DATE  470                       430     40      439
  SINCE JUN 1    470                       430     40      439
  SINCE JAN 1   2005                      1531    474     1800
..................................................................


WIND (MPH)
  HIGHEST WIND SPEED    23   HIGHEST WIND DIRECTION     S (160)
  HIGHEST GUST SPEED    29   HIGHEST GUST DIRECTION    SE (150)
  AVERAGE WIND SPEED    17.5



WEATHER CONDITIONS
 THE FOLLOWING WEATHER WAS RECORDED TODAY.
  NO SIGNIFICANT WEATHER WAS OBSERVED.


RELATIVE HUMIDITY (PERCENT)
 HIGHEST    94
 LOWEST     45
 AVERAGE    70

..........................................................


THE HARLINGEN CLIMATE NORMALS FOR TOMORROW
                         NORMAL    RECORD    YEAR
 MAXIMUM TEMPERATURE (F)   94       100      1933
                                             1945
 MINIMUM TEMPERATURE (F)   75        67      1956


SUNRISE AND SUNSET
JUNE 23 2017..........SUNRISE   639 AM CDT   SUNSET   826 PM CDT
JUNE 24 2017..........SUNRISE   640 AM CDT   SUNSET   827 PM CDT


-  INDICATES NEGATIVE NUMBERS.
R  INDICATES RECORD WAS SET OR TIED.
MM INDICATES DATA IS MISSING.
T  INDICATES TRACE AMOUNT.




$$
