000
CDUS44 KLZK 240634
CLIHRO


CLIMATE REPORT
NATIONAL WEATHER SERVICE LITTLE ROCK AR
1233 AM CST WED JAN 24 2018


...................................

...THE HARRISON CLIMATE SUMMARY FOR JANUARY 23 2018...

CLIMATE NORMAL PERIOD 1981 TO 2010
CLIMATE RECORD PERIOD 1891 TO 2018


WEATHER ITEM   OBSERVED TIME   RECORD YEAR NORMAL DEPARTURE LAST
                VALUE   (LST)  VALUE       VALUE  FROM      YEAR
                                                  NORMAL
..................................................................
TEMPERATURE (F)
 YESTERDAY
  MAXIMUM         45    335 PM  75    1943  47     -2       52
                                      1909
  MINIMUM         32    900 AM -17    1926  27      5       34
  AVERAGE         39                        37      2       43

PRECIPITATION (IN)
  YESTERDAY        0.00          1.84 1920   0.08  -0.08     0.01
  MONTH TO DATE    2.47                      1.92   0.55     2.18
  SINCE DEC 1      4.35                      5.12  -0.77     3.50
  SINCE JAN 1      2.47                      1.92   0.55     2.18

SNOWFALL (IN)
  YESTERDAY        0.0           6.0  1956   0.2   -0.2      0.0
  MONTH TO DATE    1.5                       2.8   -1.3      0.4
  SINCE DEC 1      1.8                       4.1   -2.3      0.9
  SINCE JUL 1      1.8                       4.6   -2.8      0.9
  SNOW DEPTH       0

DEGREE DAYS
 HEATING
  YESTERDAY       26                        28     -2       22
  MONTH TO DATE  779                       664    115      571
  SINCE DEC 1   1558                      1499     59     1380
  SINCE JUL 1   2154                      2263   -109     1830

 COOLING
  YESTERDAY        0                         0      0        0
  MONTH TO DATE    0                         0      0        0
  SINCE DEC 1      0                         0      0        0
  SINCE JAN 1      0                         0      0        0
..................................................................


WIND (MPH)
  HIGHEST WIND SPEED    23   HIGHEST WIND DIRECTION    NW (310)
  HIGHEST GUST SPEED    35   HIGHEST GUST DIRECTION    NW (300)
  AVERAGE WIND SPEED    10.3


SKY COVER
  POSSIBLE SUNSHINE  MM
  AVERAGE SKY COVER 0.5


WEATHER CONDITIONS
 THE FOLLOWING WEATHER WAS RECORDED YESTERDAY.
  NO SIGNIFICANT WEATHER WAS OBSERVED.


RELATIVE HUMIDITY (PERCENT)
 HIGHEST    78           800 AM
 LOWEST     49           400 PM
 AVERAGE    64

..........................................................


THE HARRISON CLIMATE NORMALS FOR TODAY
                         NORMAL    RECORD    YEAR
 MAXIMUM TEMPERATURE (F)   47        81      1943
 MINIMUM TEMPERATURE (F)   27        -2      1930


SUNRISE AND SUNSET
JANUARY 24 2018.......SUNRISE   719 AM CST   SUNSET   531 PM CST
JANUARY 25 2018.......SUNRISE   719 AM CST   SUNSET   532 PM CST


-  INDICATES NEGATIVE NUMBERS.
R  INDICATES RECORD WAS SET OR TIED.
MM INDICATES DATA IS MISSING.
T  INDICATES TRACE AMOUNT.




$$
