000
CDUS44 KLZK 250639
CLIHRO


CLIMATE REPORT
NATIONAL WEATHER SERVICE LITTLE ROCK AR
1238 AM CST SAT FEB 25 2017


...................................

...THE HARRISON CLIMATE SUMMARY FOR FEBRUARY 24 2017...

CLIMATE NORMAL PERIOD 1981 TO 2010
CLIMATE RECORD PERIOD 1891 TO 2017


WEATHER ITEM   OBSERVED TIME   RECORD YEAR NORMAL DEPARTURE LAST
                VALUE   (LST)  VALUE       VALUE  FROM      YEAR
                                                  NORMAL
..................................................................
TEMPERATURE (F)
 YESTERDAY
  MAXIMUM         67    138 AM  83    1918  53     14       43
  MINIMUM         31   1159 PM   4    1910  32     -1       32
  AVERAGE         49                        43      6       38

PRECIPITATION (IN)
  YESTERDAY        0.00          1.57 2011   0.10  -0.10     0.31
  MONTH TO DATE    1.37                      2.23  -0.86     1.33
  SINCE DEC 1      4.87                      7.99  -3.12    10.72
  SINCE JAN 1      3.55                      4.79  -1.24     2.28

SNOWFALL (IN)
  YESTERDAY        0.0           4.0  1979   0.1   -0.1      2.5
  MONTH TO DATE    0.0                       2.8   -2.8      3.0
  SINCE DEC 1      0.9                       8.3   -7.4      3.7
  SINCE JUL 1      0.9                       8.8   -7.9      3.7
  SNOW DEPTH       0

DEGREE DAYS
 HEATING
  YESTERDAY       16                        22     -6       27
  MONTH TO DATE  334                       600   -266      519
  SINCE DEC 1   1884                      2322   -438     1943
  SINCE JUL 1   2334                      3086   -752     2529

 COOLING
  YESTERDAY        0                         0      0        0
  MONTH TO DATE    4                         0      4        0
  SINCE DEC 1      4                         0      4        2
  SINCE JAN 1      4                         0      4        0
..................................................................


WIND (MPH)
  HIGHEST WIND SPEED    22   HIGHEST WIND DIRECTION     S (180)
  HIGHEST GUST SPEED    33   HIGHEST GUST DIRECTION     S (180)
  AVERAGE WIND SPEED    11.9


SKY COVER
  POSSIBLE SUNSHINE  MM
  AVERAGE SKY COVER 0.3


WEATHER CONDITIONS
 THE FOLLOWING WEATHER WAS RECORDED YESTERDAY.
  NO SIGNIFICANT WEATHER WAS OBSERVED.


RELATIVE HUMIDITY (PERCENT)
 HIGHEST    80           800 AM
 LOWEST     38           400 PM
 AVERAGE    59

..........................................................


THE HARRISON CLIMATE NORMALS FOR TODAY
                         NORMAL    RECORD    YEAR
 MAXIMUM TEMPERATURE (F)   53        83      1917
 MINIMUM TEMPERATURE (F)   33         9      1967


SUNRISE AND SUNSET
FEBRUARY 25 2017......SUNRISE   648 AM CST   SUNSET   604 PM CST
FEBRUARY 26 2017......SUNRISE   646 AM CST   SUNSET   605 PM CST


-  INDICATES NEGATIVE NUMBERS.
R  INDICATES RECORD WAS SET OR TIED.
MM INDICATES DATA IS MISSING.
T  INDICATES TRACE AMOUNT.




$$
