307
CDUS44 KLZK 250641
CLIHRO


CLIMATE REPORT
NATIONAL WEATHER SERVICE LITTLE ROCK AR
140 AM CDT WED MAY 25 2016


...................................

...THE HARRISON CLIMATE SUMMARY FOR MAY 24 2016...

CLIMATE NORMAL PERIOD 1981 TO 2010
CLIMATE RECORD PERIOD 1891 TO 2016


WEATHER ITEM   OBSERVED TIME   RECORD YEAR NORMAL DEPARTURE LAST
                VALUE   (LST)  VALUE       VALUE  FROM      YEAR
                                                  NORMAL
..................................................................
TEMPERATURE (F)
 YESTERDAY
  MAXIMUM         83   1159 AM  97    1926  78      5       76
  MINIMUM         62    828 PM  43    1951  57      5       63
  AVERAGE         73                        68      5       70

PRECIPITATION (IN)
  YESTERDAY        0.93          1.38 1976   0.13   0.80     0.55
  MONTH TO DATE    2.57                      3.73  -1.16     8.07
  SINCE MAR 1      9.63                     11.84  -2.21    16.77
  SINCE JAN 1     11.91                     17.04  -5.13    20.31

SNOWFALL (IN)
  YESTERDAY        0.0          MM      MM   0.0    0.0      0.0
  MONTH TO DATE    0.0                       0.0    0.0      0.0
  SINCE MAR 1      0.0                       2.3   -2.3      4.3
  SINCE JUL 1      3.7                      11.5   -7.8     13.6
  SNOW DEPTH       0

DEGREE DAYS
 HEATING
  YESTERDAY        0                         2     -2        0
  MONTH TO DATE  104                        70     34       54
  SINCE MAR 1    620                       819   -199      757
  SINCE JUL 1   3233                      3991   -758     4152

 COOLING
  YESTERDAY        8                         4      4        5
  MONTH TO DATE   33                        69    -36       62
  SINCE MAR 1     56                       106    -50       87
  SINCE JAN 1     56                       106    -50       87
..................................................................


WIND (MPH)
  HIGHEST WIND SPEED    21   HIGHEST WIND DIRECTION    NE (30)
  HIGHEST GUST SPEED    31   HIGHEST GUST DIRECTION     N (20)
  AVERAGE WIND SPEED     9.3


SKY COVER
  POSSIBLE SUNSHINE  MM
  AVERAGE SKY COVER 0.7


WEATHER CONDITIONS
 THE FOLLOWING WEATHER WAS RECORDED YESTERDAY.
  THUNDERSTORM
  HEAVY RAIN
  RAIN
  LIGHT RAIN
  FOG
  HAZE


RELATIVE HUMIDITY (PERCENT)
 HIGHEST   100           700 PM
 LOWEST     58          1100 AM
 AVERAGE    79

..........................................................


THE HARRISON CLIMATE NORMALS FOR TODAY
                         NORMAL    RECORD    YEAR
 MAXIMUM TEMPERATURE (F)   79        94      1926
 MINIMUM TEMPERATURE (F)   58        35      1925


SUNRISE AND SUNSET
MAY 25 2016...........SUNRISE   559 AM CDT   SUNSET   820 PM CDT
MAY 26 2016...........SUNRISE   559 AM CDT   SUNSET   821 PM CDT


-  INDICATES NEGATIVE NUMBERS.
R  INDICATES RECORD WAS SET OR TIED.
MM INDICATES DATA IS MISSING.
T  INDICATES TRACE AMOUNT.




$$
