000
CDUS44 KLZK 231005
CLIHRO


CLIMATE REPORT
NATIONAL WEATHER SERVICE LITTLE ROCK AR
404 AM CST SUN NOV 23 2014


...................................

...THE HARRISON CLIMATE SUMMARY FOR NOVEMBER 22 2014...

CLIMATE NORMAL PERIOD 1981 TO 2010
CLIMATE RECORD PERIOD 1891 TO 2014


WEATHER ITEM   OBSERVED TIME   RECORD YEAR NORMAL DEPARTURE LAST
                VALUE   (LST)  VALUE       VALUE  FROM      YEAR
                                                  NORMAL
..................................................................
TEMPERATURE (F)
 YESTERDAY
  MAXIMUM         55    826 AM  81    1900  56     -1       50
  MINIMUM         44   1219 AM  10    1964  36      8       31
  AVERAGE         50                        46      4       41

PRECIPITATION (IN)
  YESTERDAY        0.61          1.67 1982   0.13   0.48     0.03
  MONTH TO DATE    1.96                      3.18  -1.22     2.78
  SINCE SEP 1     12.15                     10.93   1.22     8.67
  SINCE JAN 1     38.83                     39.89  -1.06    41.49

SNOWFALL (IN)
  YESTERDAY        0.0           1.0  1971   0.0    0.0       T
  MONTH TO DATE    0.6                       0.0    0.6       T
  SINCE SEP 1      0.6                       0.1    0.5       T
  SINCE JUL 1      0.6                       0.1    0.5       T
  SNOW DEPTH       0

DEGREE DAYS
 HEATING
  YESTERDAY       15                        19     -4       24
  MONTH TO DATE  515                       330    185      331
  SINCE SEP 1    710                       594    116      566
  SINCE JUL 1    711                       595    116      567

 COOLING
  YESTERDAY        0                         0      0        0
  MONTH TO DATE    0                         0      0        0
  SINCE SEP 1    224                       201     23      270
  SINCE JAN 1   1354                      1412    -58     1414
..................................................................


WIND (MPH)
  HIGHEST WIND SPEED    20   HIGHEST WIND DIRECTION     S (170)
  HIGHEST GUST SPEED    26   HIGHEST GUST DIRECTION     S (160)
  AVERAGE WIND SPEED    10.9


SKY COVER
  POSSIBLE SUNSHINE  MM
  AVERAGE SKY COVER 0.8


WEATHER CONDITIONS
 THE FOLLOWING WEATHER WAS RECORDED YESTERDAY.
  HEAVY RAIN
  RAIN
  LIGHT RAIN
  FOG


RELATIVE HUMIDITY (PERCENT)
 HIGHEST   100          1200 AM
 LOWEST     83           300 AM
 AVERAGE    92

..........................................................


THE HARRISON CLIMATE NORMALS FOR TODAY
                         NORMAL    RECORD    YEAR
 MAXIMUM TEMPERATURE (F)   55        76      1904
 MINIMUM TEMPERATURE (F)   35        12      1929


SUNRISE AND SUNSET
NOVEMBER 23 2014......SUNRISE   658 AM CST   SUNSET   500 PM CST
NOVEMBER 24 2014......SUNRISE   659 AM CST   SUNSET   500 PM CST


-  INDICATES NEGATIVE NUMBERS.
R  INDICATES RECORD WAS SET OR TIED.
MM INDICATES DATA IS MISSING.
T  INDICATES TRACE AMOUNT.




$$
