000
CDUS44 KLZK 170634
CLIHRO


CLIMATE REPORT
NATIONAL WEATHER SERVICE LITTLE ROCK AR
134 AM CDT THU AUG 17 2017


...................................

...THE HARRISON CLIMATE SUMMARY FOR AUGUST 16 2017...

CLIMATE NORMAL PERIOD 1981 TO 2010
CLIMATE RECORD PERIOD 1891 TO 2017


WEATHER ITEM   OBSERVED TIME   RECORD YEAR NORMAL DEPARTURE LAST
                VALUE   (LST)  VALUE       VALUE  FROM      YEAR
                                                  NORMAL
..................................................................
TEMPERATURE (F)
 YESTERDAY
  MAXIMUM         88    147 PM 109    1936  89     -1       84
  MINIMUM         66   1159 PM  50    1992  67     -1       63
  AVERAGE         77                        78     -1       74

PRECIPITATION (IN)
  YESTERDAY        0.27          2.62 1966   0.11   0.16     0.00
  MONTH TO DATE    1.44                      1.94  -0.50     6.42
  SINCE JUN 1      8.44                      9.32  -0.88    14.94
  SINCE JAN 1     34.52                     27.32   7.20    27.77

SNOWFALL (IN)
  YESTERDAY        0.0          MM      MM   0.0    0.0      0.0
  MONTH TO DATE    0.0                       0.0    0.0      0.0
  SINCE JUN 1      0.0                       0.0    0.0      0.0
  SINCE JUL 1      0.0                       0.0    0.0      0.0
  SNOW DEPTH       0

DEGREE DAYS
 HEATING
  YESTERDAY        0                         0      0        0
  MONTH TO DATE    0                         0      0        0
  SINCE JUN 1      0                         6     -6        0
  SINCE JUL 1      0                         0      0        0

 COOLING
  YESTERDAY       12                        13     -1        9
  MONTH TO DATE  141                       220    -79      225
  SINCE JUN 1    814                       899    -85     1045
  SINCE JAN 1    965                      1038    -73     1150
..................................................................


WIND (MPH)
  HIGHEST WIND SPEED    29   HIGHEST WIND DIRECTION    NW (320)
  HIGHEST GUST SPEED    42   HIGHEST GUST DIRECTION     N (340)
  AVERAGE WIND SPEED     7.7


SKY COVER
  POSSIBLE SUNSHINE  MM
  AVERAGE SKY COVER 0.4


WEATHER CONDITIONS
 THE FOLLOWING WEATHER WAS RECORDED YESTERDAY.
  RAIN
  LIGHT RAIN
  FOG


RELATIVE HUMIDITY (PERCENT)
 HIGHEST   100           100 AM
 LOWEST     59          1200 PM
 AVERAGE    80

..........................................................


THE HARRISON CLIMATE NORMALS FOR TODAY
                         NORMAL    RECORD    YEAR
 MAXIMUM TEMPERATURE (F)   89       107      1909
 MINIMUM TEMPERATURE (F)   67        53      1992
                                             1962


SUNRISE AND SUNSET
AUGUST 17 2017........SUNRISE   632 AM CDT   SUNSET   800 PM CDT
AUGUST 18 2017........SUNRISE   633 AM CDT   SUNSET   759 PM CDT


-  INDICATES NEGATIVE NUMBERS.
R  INDICATES RECORD WAS SET OR TIED.
MM INDICATES DATA IS MISSING.
T  INDICATES TRACE AMOUNT.




$$
