000
CDUS42 KMHX 240542
CLIHSE


CLIMATE REPORT
NATIONAL WEATHER SERVICE NEWPORT/MOREHEAD CITY NC
140 AM EDT SUN MAY 24 2015


...................................

...THE CAPE HATTERAS NC CLIMATE SUMMARY FOR MAY 23 2015...

CLIMATE NORMAL PERIOD 1981 TO 2010
CLIMATE RECORD PERIOD 1874 TO 2015


WEATHER ITEM   OBSERVED TIME   RECORD YEAR NORMAL DEPARTURE LAST
                VALUE   (LST)  VALUE       VALUE  FROM      YEAR
                                                  NORMAL
..................................................................
TEMPERATURE (F)
 YESTERDAY
  MAXIMUM         73    839 AM  86    1975  76     -3       79
  MINIMUM         49    152 AM  45    1968  62    -13       66
  AVERAGE         61                        69     -8       73

PRECIPITATION (IN)
  YESTERDAY        0.00          2.56 2003   0.11  -0.11     0.00
  MONTH TO DATE    3.21                      2.66   0.55     1.39
  SINCE MAR 1      7.68                     11.07  -3.39    12.67
  SINCE JAN 1     19.63                     20.33  -0.70    22.76

SNOWFALL (IN)
  YESTERDAY        0.0
  MONTH TO DATE    0.0
  SINCE NOV 1      2.0
  SINCE JUL 1      2.0
  SNOW DEPTH       0

DEGREE DAYS
 HEATING
  YESTERDAY        4                         1      3        0
  MONTH TO DATE   56                        44     12        9
  SINCE MAR 1    633                       654    -21      701
  SINCE JUL 1   2806                      2578    228     2534

 COOLING
  YESTERDAY        0                         5     -5        8
  MONTH TO DATE   71                        70      1      156
  SINCE MAR 1     88                        98    -10      183
  SINCE JAN 1     90                        98     -8      183
..................................................................


WIND (MPH)
  HIGHEST WIND SPEED    14   HIGHEST WIND DIRECTION    NE (40)
  HIGHEST GUST SPEED    20   HIGHEST GUST DIRECTION    NE (50)
  AVERAGE WIND SPEED     6.6


SKY COVER
  POSSIBLE SUNSHINE  MM
  AVERAGE SKY COVER 0.0


WEATHER CONDITIONS
 THE FOLLOWING WEATHER WAS RECORDED YESTERDAY.
  NO SIGNIFICANT WEATHER WAS OBSERVED.


RELATIVE HUMIDITY (PERCENT)
 HIGHEST    93           200 AM
 LOWEST     37           300 PM
 AVERAGE    65

..........................................................


THE CAPE HATTERAS NC CLIMATE NORMALS FOR TODAY
                         NORMAL    RECORD    YEAR
 MAXIMUM TEMPERATURE (F)   76        87      1992
 MINIMUM TEMPERATURE (F)   63        47      2002
                                             1990


SUNRISE AND SUNSET
MAY 24 2015...........SUNRISE   553 AM EDT   SUNSET   806 PM EDT
MAY 25 2015...........SUNRISE   552 AM EDT   SUNSET   807 PM EDT


-  INDICATES NEGATIVE NUMBERS.
R  INDICATES RECORD WAS SET OR TIED.
MM INDICATES DATA IS MISSING.
T  INDICATES TRACE AMOUNT.




$$
