000
CDUS42 KMHX 280526
CLIHSE


CLIMATE REPORT
NATIONAL WEATHER SERVICE NEWPORT/MOREHEAD CITY NC
126 AM EDT TUE MAR 28 2017


...................................

...THE CAPE HATTERAS NC CLIMATE SUMMARY FOR MARCH 27 2017...

CLIMATE NORMAL PERIOD 1981 TO 2010
CLIMATE RECORD PERIOD 1874 TO 2017


WEATHER ITEM   OBSERVED TIME   RECORD YEAR NORMAL DEPARTURE LAST
                VALUE   (LST)  VALUE       VALUE  FROM      YEAR
                                                  NORMAL
..................................................................
TEMPERATURE (F)
 YESTERDAY
  MAXIMUM         77    226 PM  78    1921  61     16       67
  MINIMUM         65    631 AM  23    1895  47     18       59
  AVERAGE         71                        54     17       63

PRECIPITATION (IN)
  YESTERDAY        0.00          2.58 1943   0.16  -0.16     0.84
  MONTH TO DATE    4.07                      4.13  -0.06     5.01
  SINCE MAR 1      4.07                      4.13  -0.06     5.01
  SINCE JAN 1     10.38                     13.39  -3.01    18.12

SNOWFALL (IN)
  YESTERDAY        0.0
  MONTH TO DATE    0.0
  SINCE NOV 1      T
  SINCE JUL 1      T
  SNOW DEPTH       0

DEGREE DAYS
 HEATING
  YESTERDAY        0                        11    -11        2
  MONTH TO DATE  344                       377    -33      183
  SINCE MAR 1    344                       377    -33      183
  SINCE JUL 1   1666                      2301   -635     1496

 COOLING
  YESTERDAY        6                         0      6        0
  MONTH TO DATE   18                         0     18       17
  SINCE MAR 1     18                         0     18       17
  SINCE JAN 1     26                         0     26       18
..................................................................


WIND (MPH)
  HIGHEST WIND SPEED    14   HIGHEST WIND DIRECTION    SW (210)
  HIGHEST GUST SPEED    20   HIGHEST GUST DIRECTION    SW (220)
  AVERAGE WIND SPEED     8.4


SKY COVER
  POSSIBLE SUNSHINE  MM
  AVERAGE SKY COVER 0.2


WEATHER CONDITIONS
 THE FOLLOWING WEATHER WAS RECORDED YESTERDAY.
  HAZE


RELATIVE HUMIDITY (PERCENT)
 HIGHEST    73          1100 PM
 LOWEST     46           900 AM
 AVERAGE    60

..........................................................


THE CAPE HATTERAS NC CLIMATE NORMALS FOR TODAY
                         NORMAL    RECORD    YEAR
 MAXIMUM TEMPERATURE (F)   62        77      1994
 MINIMUM TEMPERATURE (F)   48        29      1966


SUNRISE AND SUNSET
MARCH 28 2017.........SUNRISE   654 AM EDT   SUNSET   721 PM EDT
MARCH 29 2017.........SUNRISE   653 AM EDT   SUNSET   722 PM EDT


-  INDICATES NEGATIVE NUMBERS.
R  INDICATES RECORD WAS SET OR TIED.
MM INDICATES DATA IS MISSING.
T  INDICATES TRACE AMOUNT.




$$
