000
CDUS42 KMHX 270526
CLIHSE


CLIMATE REPORT
NATIONAL WEATHER SERVICE NEWPORT/MOREHEAD CITY NC
126 AM EDT FRI MAR 27 2015


...................................

...THE CAPE HATTERAS NC CLIMATE SUMMARY FOR MARCH 26 2015...

CLIMATE NORMAL PERIOD 1981 TO 2010
CLIMATE RECORD PERIOD 1874 TO 2015


WEATHER ITEM   OBSERVED TIME   RECORD YEAR NORMAL DEPARTURE LAST
                VALUE   (LST)  VALUE       VALUE  FROM      YEAR
                                                  NORMAL
..................................................................
TEMPERATURE (F)
 YESTERDAY
  MAXIMUM         70    209 PM  75    1921  61      9       44
  MINIMUM         62   1200 AM  29    1981  47     15       35
  AVERAGE         66                        54     12       40

PRECIPITATION (IN)
  YESTERDAY        0.01          3.48 1992   0.17  -0.16      T
  MONTH TO DATE    2.32                      3.97  -1.65     5.11
  SINCE MAR 1      2.32                      3.97  -1.65     5.11
  SINCE JAN 1     14.27                     13.23   1.04    15.20

SNOWFALL (IN)
  YESTERDAY        0.0
  MONTH TO DATE    0.0
  SINCE NOV 1      2.0
  SINCE JUL 1      2.0
  SNOW DEPTH       0

DEGREE DAYS
 HEATING
  YESTERDAY        0                        11    -11       25
  MONTH TO DATE  335                       366    -31      439
  SINCE MAR 1    335                       366    -31      439
  SINCE JUL 1   2508                      2290    218     2272

 COOLING
  YESTERDAY        1                         0      1        0
  MONTH TO DATE    1                         0      1        0
  SINCE MAR 1      1                         0      1        0
  SINCE JAN 1      3                         0      3        0
..................................................................


WIND (MPH)
  HIGHEST WIND SPEED    35   HIGHEST WIND DIRECTION     S (170)
  HIGHEST GUST SPEED    44   HIGHEST GUST DIRECTION     S (190)
  AVERAGE WIND SPEED    18.0


SKY COVER
  POSSIBLE SUNSHINE  MM
  AVERAGE SKY COVER 0.5


WEATHER CONDITIONS
 THE FOLLOWING WEATHER WAS RECORDED YESTERDAY.
  LIGHT RAIN


RELATIVE HUMIDITY (PERCENT)
 HIGHEST    87           300 PM
 LOWEST     73           600 AM
 AVERAGE    80

..........................................................


THE CAPE HATTERAS NC CLIMATE NORMALS FOR TODAY
                         NORMAL    RECORD    YEAR
 MAXIMUM TEMPERATURE (F)   61        78      1921
 MINIMUM TEMPERATURE (F)   47        23      1895


SUNRISE AND SUNSET
MARCH 27 2015.........SUNRISE   657 AM EDT   SUNSET   720 PM EDT
MARCH 28 2015.........SUNRISE   655 AM EDT   SUNSET   721 PM EDT


-  INDICATES NEGATIVE NUMBERS.
R  INDICATES RECORD WAS SET OR TIED.
MM INDICATES DATA IS MISSING.
T  INDICATES TRACE AMOUNT.




$$
