000
CDUS42 KMHX 240526
CLIHSE


CLIMATE REPORT
NATIONAL WEATHER SERVICE NEWPORT/MOREHEAD CITY NC
125 AM EDT THU AUG 24 2017


...................................

...THE CAPE HATTERAS NC CLIMATE SUMMARY FOR AUGUST 23 2017...

CLIMATE NORMAL PERIOD 1981 TO 2010
CLIMATE RECORD PERIOD 1874 TO 2017


WEATHER ITEM   OBSERVED TIME   RECORD YEAR NORMAL DEPARTURE LAST
                VALUE   (LST)  VALUE       VALUE  FROM      YEAR
                                                  NORMAL
..................................................................
TEMPERATURE (F)
 YESTERDAY
  MAXIMUM         88    211 PM  94    1968  84      4       85
  MINIMUM         79   1159 PM  62    1985  73      6       72
  AVERAGE         84                        78      6       79

PRECIPITATION (IN)
  YESTERDAY        T             2.01 1967   0.24  -0.24     0.00
  MONTH TO DATE    4.45                      4.95  -0.50     3.83
  SINCE JUN 1     11.10                     13.97  -2.87    16.39
  SINCE JAN 1     37.83                     35.21   2.62    50.45

SNOWFALL (IN)
  YESTERDAY        0.0
  MONTH TO DATE    0.0
  SINCE NOV 1      T
  SINCE JUL 1      0.0
  SNOW DEPTH       0

DEGREE DAYS
 HEATING
  YESTERDAY        0                         0      0        0
  MONTH TO DATE    0                         0      0        0
  SINCE JUN 1      0                         3     -3        0
  SINCE JUL 1      0                         0      0        0

 COOLING
  YESTERDAY       19                        13      6       14
  MONTH TO DATE  352                       316     36      412
  SINCE JUN 1   1230                      1061    169     1296
  SINCE JAN 1   1657                      1204    453     1505
..................................................................


WIND (MPH)
  HIGHEST WIND SPEED    14   HIGHEST WIND DIRECTION    SW (220)
  HIGHEST GUST SPEED    19   HIGHEST GUST DIRECTION    SW (230)
  AVERAGE WIND SPEED     8.9


SKY COVER
  POSSIBLE SUNSHINE  MM
  AVERAGE SKY COVER 0.0


WEATHER CONDITIONS
 THE FOLLOWING WEATHER WAS RECORDED YESTERDAY.
  LIGHT RAIN


RELATIVE HUMIDITY (PERCENT)
 HIGHEST    94           300 AM
 LOWEST     75          1100 AM
 AVERAGE    85

..........................................................


THE CAPE HATTERAS NC CLIMATE NORMALS FOR TODAY
                         NORMAL    RECORD    YEAR
 MAXIMUM TEMPERATURE (F)   84        91      1968
 MINIMUM TEMPERATURE (F)   73        59      1985
                                             1978


SUNRISE AND SUNSET
AUGUST 24 2017........SUNRISE   629 AM EDT   SUNSET   740 PM EDT
AUGUST 25 2017........SUNRISE   630 AM EDT   SUNSET   738 PM EDT


-  INDICATES NEGATIVE NUMBERS.
R  INDICATES RECORD WAS SET OR TIED.
MM INDICATES DATA IS MISSING.
T  INDICATES TRACE AMOUNT.




$$
