000
CDUS42 KMHX 300526
CLIHSE


CLIMATE REPORT
NATIONAL WEATHER SERVICE NEWPORT/MOREHEAD CITY NC
125 AM EDT TUE SEP 30 2014


...................................

...THE CAPE HATTERAS NC CLIMATE SUMMARY FOR SEPTEMBER 29 2014...

CLIMATE NORMAL PERIOD 1981 TO 2010
CLIMATE RECORD PERIOD 1874 TO 2014


WEATHER ITEM   OBSERVED TIME   RECORD YEAR NORMAL DEPARTURE LAST
                VALUE   (LST)  VALUE       VALUE  FROM      YEAR
                                                  NORMAL
..................................................................
TEMPERATURE (F)
 YESTERDAY
  MAXIMUM         75   1015 AM  85    1986  77     -2       76
                                      1979
                                      1973
  MINIMUM         66   1159 PM  47    1981  65      1       67
  AVERAGE         71                        71      0       72

PRECIPITATION (IN)
  YESTERDAY        0.07          4.83 1938   0.19  -0.12     0.00
  MONTH TO DATE   10.77                      6.05   4.72     4.83
  SINCE SEP 1     10.77                      6.05   4.72     4.83
  SINCE JAN 1     51.82                     43.24   8.58    36.03

SNOWFALL (IN)
  YESTERDAY        0.0
  MONTH TO DATE    0.0
  SINCE NOV 1      5.7
  SINCE JUL 1      0.0
  SNOW DEPTH       0

DEGREE DAYS
 HEATING
  YESTERDAY        0                         0      0        0
  MONTH TO DATE    0                         0      0        4
  SINCE SEP 1      0                         0      0        4
  SINCE JUL 1      0                         0      0        4

 COOLING
  YESTERDAY        6                         6      0        7
  MONTH TO DATE  284                       279      5      286
  SINCE SEP 1    284                       279      5      286
  SINCE JAN 1   1660                      1585     75     1830
..................................................................


WIND (MPH)
  HIGHEST WIND SPEED    10   HIGHEST WIND DIRECTION    NE (40)
  HIGHEST GUST SPEED    17   HIGHEST GUST DIRECTION    NE (30)
  AVERAGE WIND SPEED     5.8


SKY COVER
  POSSIBLE SUNSHINE  MM
  AVERAGE SKY COVER 0.5


WEATHER CONDITIONS
 THE FOLLOWING WEATHER WAS RECORDED YESTERDAY.
  LIGHT RAIN


RELATIVE HUMIDITY (PERCENT)
 HIGHEST   100           300 AM
 LOWEST     84          1100 AM
 AVERAGE    92

..........................................................


THE CAPE HATTERAS NC CLIMATE NORMALS FOR TODAY
                         NORMAL    RECORD    YEAR
 MAXIMUM TEMPERATURE (F)   76        86      1986
 MINIMUM TEMPERATURE (F)   65        45      1970


SUNRISE AND SUNSET
SEPTEMBER 30 2014.....SUNRISE   656 AM EDT   SUNSET   648 PM EDT
OCTOBER  1 2014.......SUNRISE   657 AM EDT   SUNSET   646 PM EDT


-  INDICATES NEGATIVE NUMBERS.
R  INDICATES RECORD WAS SET OR TIED.
MM INDICATES DATA IS MISSING.
T  INDICATES TRACE AMOUNT.




$$
