000
CDUS42 KMHX 140530
CLIHSE


CLIMATE REPORT
NATIONAL WEATHER SERVICE NEWPORT/MOREHEAD CITY NC
1229 AM EST THU DEC 14 2017


...................................

...THE CAPE HATTERAS NC CLIMATE SUMMARY FOR DECEMBER 13 2017...

CLIMATE NORMAL PERIOD 1981 TO 2010
CLIMATE RECORD PERIOD 1874 TO 2017


WEATHER ITEM   OBSERVED TIME   RECORD YEAR NORMAL DEPARTURE LAST
                VALUE   (LST)  VALUE       VALUE  FROM      YEAR
                                                  NORMAL
..................................................................
TEMPERATURE (F)
 YESTERDAY
  MAXIMUM         52   1159 PM  76    1991  56     -4       58
  MINIMUM         32    809 AM  19    1962  43    -11       47
                                      1960
  AVERAGE         42                        50     -8       53

PRECIPITATION (IN)
  YESTERDAY        0.00          2.04 1954   0.14  -0.14     0.37
  MONTH TO DATE    3.07                      1.75   1.32     2.90
  SINCE DEC 1      3.07                      1.75   1.32     2.90
  SINCE JAN 1     56.87                     55.52   1.35    71.14

SNOWFALL (IN)
  YESTERDAY        0.0
  MONTH TO DATE    0.0
  SINCE NOV 1      0.0
  SINCE JUL 1      0.0
  SNOW DEPTH       0

DEGREE DAYS
 HEATING
  YESTERDAY       23                        15      8       12
  MONTH TO DATE  168                       177     -9      166
  SINCE DEC 1    168                       177     -9      166
  SINCE JUL 1    414                       495    -81      438

 COOLING
  YESTERDAY        0                         0      0        0
  MONTH TO DATE    2                         0      2        0
  SINCE DEC 1      2                         0      2        0
  SINCE JAN 1   2352                      1711    641     2221
..................................................................


WIND (MPH)
  HIGHEST WIND SPEED    26   HIGHEST WIND DIRECTION    NW (300)
  HIGHEST GUST SPEED    40   HIGHEST GUST DIRECTION    NW (310)
  AVERAGE WIND SPEED    13.9


SKY COVER
  POSSIBLE SUNSHINE  MM
  AVERAGE SKY COVER 0.1


WEATHER CONDITIONS
 THE FOLLOWING WEATHER WAS RECORDED YESTERDAY.
  NO SIGNIFICANT WEATHER WAS OBSERVED.


RELATIVE HUMIDITY (PERCENT)
 HIGHEST    61          1100 PM
 LOWEST     37           200 PM
 AVERAGE    49

..........................................................


THE CAPE HATTERAS NC CLIMATE NORMALS FOR TODAY
                         NORMAL    RECORD    YEAR
 MAXIMUM TEMPERATURE (F)   56        75      2015
 MINIMUM TEMPERATURE (F)   43        25      1960


SUNRISE AND SUNSET
DECEMBER 14 2017......SUNRISE   703 AM EST   SUNSET   451 PM EST
DECEMBER 15 2017......SUNRISE   704 AM EST   SUNSET   452 PM EST


-  INDICATES NEGATIVE NUMBERS.
R  INDICATES RECORD WAS SET OR TIED.
MM INDICATES DATA IS MISSING.
T  INDICATES TRACE AMOUNT.




$$
