000
CDUS42 KMHX 270545
CLIHSE


CLIMATE REPORT
NATIONAL WEATHER SERVICE NEWPORT/MOREHEAD CITY NC
145 AM EDT SAT MAY 27 2017


...................................

...THE CAPE HATTERAS NC CLIMATE SUMMARY FOR MAY 26 2017...

CLIMATE NORMAL PERIOD 1981 TO 2010
CLIMATE RECORD PERIOD 1874 TO 2017


WEATHER ITEM   OBSERVED TIME   RECORD YEAR NORMAL DEPARTURE LAST
                VALUE   (LST)  VALUE       VALUE  FROM      YEAR
                                                  NORMAL
..................................................................
TEMPERATURE (F)
 YESTERDAY
  MAXIMUM         81    440 PM  88    1962  76      5       79
  MINIMUM         70    608 AM  45    1967  63      7       68
  AVERAGE         76                        70      6       74

PRECIPITATION (IN)
  YESTERDAY        0.00          3.28 1958   0.12  -0.12     0.00
  MONTH TO DATE    5.77                      3.01   2.76     4.46
  SINCE MAR 1     19.08                     11.42   7.66    12.74
  SINCE JAN 1     25.39                     20.68   4.71    25.85

SNOWFALL (IN)
  YESTERDAY        0.0
  MONTH TO DATE    0.0
  SINCE NOV 1      T
  SINCE JUL 1      T
  SNOW DEPTH       0

DEGREE DAYS
 HEATING
  YESTERDAY        0                         1     -1        0
  MONTH TO DATE    3                        47    -44       21
  SINCE MAR 1    406                       657   -251      387
  SINCE JUL 1   1728                      2581   -853     1700

 COOLING
  YESTERDAY       11                         5      6        9
  MONTH TO DATE  168                        85     83       98
  SINCE MAR 1    346                       113    233      152
  SINCE JAN 1    354                       113    241      153
..................................................................


WIND (MPH)
  HIGHEST WIND SPEED    21   HIGHEST WIND DIRECTION     W (260)
  HIGHEST GUST SPEED    33   HIGHEST GUST DIRECTION     W (250)
  AVERAGE WIND SPEED    11.3


SKY COVER
  POSSIBLE SUNSHINE  MM
  AVERAGE SKY COVER 0.0


WEATHER CONDITIONS
 THE FOLLOWING WEATHER WAS RECORDED YESTERDAY.
  FOG
  HAZE


RELATIVE HUMIDITY (PERCENT)
 HIGHEST    84          1000 PM
 LOWEST     48          1200 PM
 AVERAGE    66

..........................................................


THE CAPE HATTERAS NC CLIMATE NORMALS FOR TODAY
                         NORMAL    RECORD    YEAR
 MAXIMUM TEMPERATURE (F)   77        86      2004
                                             1991
 MINIMUM TEMPERATURE (F)   64        42      1979


SUNRISE AND SUNSET
MAY 27 2017...........SUNRISE   551 AM EDT   SUNSET   809 PM EDT
MAY 28 2017...........SUNRISE   551 AM EDT   SUNSET   809 PM EDT


-  INDICATES NEGATIVE NUMBERS.
R  INDICATES RECORD WAS SET OR TIED.
MM INDICATES DATA IS MISSING.
T  INDICATES TRACE AMOUNT.




$$
