000
CDUS42 KMHX 190625
CLIHSE


CLIMATE REPORT
NATIONAL WEATHER SERVICE NEWPORT/MOREHEAD CITY NC
125 AM EST FRI DEC 19 2014


...................................

...THE CAPE HATTERAS NC CLIMATE SUMMARY FOR DECEMBER 18 2014...

CLIMATE NORMAL PERIOD 1981 TO 2010
CLIMATE RECORD PERIOD 1874 TO 2014


WEATHER ITEM   OBSERVED TIME   RECORD YEAR NORMAL DEPARTURE LAST
                VALUE   (LST)  VALUE       VALUE  FROM      YEAR
                                                  NORMAL
..................................................................
TEMPERATURE (F)
 YESTERDAY
  MAXIMUM         49    204 PM  72    1990  55     -6       59
                                      1984
                                      1967
  MINIMUM         33   1153 PM  23    1968  42     -9       35
  AVERAGE         41                        49     -8       47

PRECIPITATION (IN)
  YESTERDAY        0.00          2.47 1929   0.14  -0.14     0.00
  MONTH TO DATE    1.23                      2.43  -1.20     2.45
  SINCE DEC 1      1.23                      2.43  -1.20     2.45
  SINCE JAN 1     60.62                     56.20   4.42    51.86

SNOWFALL (IN)
  YESTERDAY        0.0
  MONTH TO DATE    0.0
  SINCE NOV 1      0.0
  SINCE JUL 1      0.0
  SNOW DEPTH       0

DEGREE DAYS
 HEATING
  YESTERDAY       24                        16      8       18
  MONTH TO DATE  265                       257      8      245
  SINCE DEC 1    265                       257      8      245
  SINCE JUL 1    666                       575     91      560

 COOLING
  YESTERDAY        0                         0      0        0
  MONTH TO DATE    0                         0      0        2
  SINCE DEC 1      0                         0      0        2
  SINCE JAN 1   1764                      1711     53     1992
..................................................................


WIND (MPH)
  HIGHEST WIND SPEED    12   HIGHEST WIND DIRECTION     N (20)
  HIGHEST GUST SPEED    19   HIGHEST GUST DIRECTION     N (10)
  AVERAGE WIND SPEED     4.6


SKY COVER
  POSSIBLE SUNSHINE  MM
  AVERAGE SKY COVER 0.1


WEATHER CONDITIONS
 THE FOLLOWING WEATHER WAS RECORDED YESTERDAY.
  NO SIGNIFICANT WEATHER WAS OBSERVED.


RELATIVE HUMIDITY (PERCENT)
 HIGHEST    96           900 PM
 LOWEST     56           100 PM
 AVERAGE    76

..........................................................


THE CAPE HATTERAS NC CLIMATE NORMALS FOR TODAY
                         NORMAL    RECORD    YEAR
 MAXIMUM TEMPERATURE (F)   55        72      1990
                                             1967
 MINIMUM TEMPERATURE (F)   42        25      1979
                                             1963


SUNRISE AND SUNSET
DECEMBER 19 2014......SUNRISE   706 AM EST   SUNSET   453 PM EST
DECEMBER 20 2014......SUNRISE   707 AM EST   SUNSET   454 PM EST


-  INDICATES NEGATIVE NUMBERS.
R  INDICATES RECORD WAS SET OR TIED.
MM INDICATES DATA IS MISSING.
T  INDICATES TRACE AMOUNT.




$$
