000
CDUS42 KMHX 220525
CLIHSE


CLIMATE REPORT
NATIONAL WEATHER SERVICE NEWPORT/MOREHEAD CITY NC
125 AM EDT SUN OCT 22 2017


...................................

...THE CAPE HATTERAS NC CLIMATE SUMMARY FOR OCTOBER 21 2017...

CLIMATE NORMAL PERIOD 1981 TO 2010
CLIMATE RECORD PERIOD 1874 TO 2017


WEATHER ITEM   OBSERVED TIME   RECORD YEAR NORMAL DEPARTURE LAST
                VALUE   (LST)  VALUE       VALUE  FROM      YEAR
                                                  NORMAL
..................................................................
TEMPERATURE (F)
 YESTERDAY
  MAXIMUM         76    125 PM  84    1993  71      5       81
  MINIMUM         57    158 AM  40    1992  58     -1       65
  AVERAGE         67                        64      3       73

PRECIPITATION (IN)
  YESTERDAY        0.00          5.29 1985   0.18  -0.18     0.00
  MONTH TO DATE    0.68                      3.66  -2.98     5.02
  SINCE SEP 1      7.78                      9.91  -2.13    13.88
  SINCE JAN 1     50.14                     47.10   3.04    66.14

SNOWFALL (IN)
  YESTERDAY        0.0
  MONTH TO DATE    0.0
  SINCE NOV 1      T
  SINCE JUL 1      0.0
  SNOW DEPTH       0

DEGREE DAYS
 HEATING
  YESTERDAY        0                         3     -3        0
  MONTH TO DATE    1                        34    -33        4
  SINCE SEP 1      1                        37    -36        4
  SINCE JUL 1      1                        37    -36        4

 COOLING
  YESTERDAY        2                         2      0        8
  MONTH TO DATE  180                        81     99      150
  SINCE SEP 1    527                       367    160      560
  SINCE JAN 1   2288                      1673    615     2195
..................................................................


WIND (MPH)
  HIGHEST WIND SPEED    10   HIGHEST WIND DIRECTION    NE (30)
  HIGHEST GUST SPEED    14   HIGHEST GUST DIRECTION    NE (40)
  AVERAGE WIND SPEED     4.1


SKY COVER
  POSSIBLE SUNSHINE  MM
  AVERAGE SKY COVER 0.0


WEATHER CONDITIONS
 THE FOLLOWING WEATHER WAS RECORDED YESTERDAY.
  NO SIGNIFICANT WEATHER WAS OBSERVED.


RELATIVE HUMIDITY (PERCENT)
 HIGHEST   100           100 AM
 LOWEST     60           200 PM
 AVERAGE    80

..........................................................


THE CAPE HATTERAS NC CLIMATE NORMALS FOR TODAY
                         NORMAL    RECORD    YEAR
 MAXIMUM TEMPERATURE (F)   70        82      1990
 MINIMUM TEMPERATURE (F)   58        38      1974


SUNRISE AND SUNSET
OCTOBER 22 2017.......SUNRISE   715 AM EDT   SUNSET   618 PM EDT
OCTOBER 23 2017.......SUNRISE   716 AM EDT   SUNSET   617 PM EDT


-  INDICATES NEGATIVE NUMBERS.
R  INDICATES RECORD WAS SET OR TIED.
MM INDICATES DATA IS MISSING.
T  INDICATES TRACE AMOUNT.




$$
