000
CDUS42 KMHX 160625
CLIHSE


CLIMATE REPORT
NATIONAL WEATHER SERVICE NEWPORT/MOREHEAD CITY NC
125 AM EST MON JAN 16 2017


...................................

...THE CAPE HATTERAS NC CLIMATE SUMMARY FOR JANUARY 15 2017...

CLIMATE NORMAL PERIOD 1981 TO 2010
CLIMATE RECORD PERIOD 1874 TO 2017


WEATHER ITEM   OBSERVED TIME   RECORD YEAR NORMAL DEPARTURE LAST
                VALUE   (LST)  VALUE       VALUE  FROM      YEAR
                                                  NORMAL
..................................................................
TEMPERATURE (F)
 YESTERDAY
  MAXIMUM         51   1119 AM  74    1937  52     -1       68
  MINIMUM         44    913 PM  19    1964  39      5       39
  AVERAGE         48                        45      3       54

PRECIPITATION (IN)
  YESTERDAY        0.00          2.29 1995   0.17  -0.17     0.79
  MONTH TO DATE    2.76                      2.55   0.21     2.42
  SINCE DEC 1      7.77                      6.82   0.95     7.39
  SINCE JAN 1      2.76                      2.55   0.21     2.42

SNOWFALL (IN)
  YESTERDAY        0.0
  MONTH TO DATE    T
  SINCE NOV 1      T
  SINCE JUL 1      T
  SNOW DEPTH       0

DEGREE DAYS
 HEATING
  YESTERDAY       17                        20     -3       11
  MONTH TO DATE  199                       293    -94      238
  SINCE DEC 1    585                       782   -197      361
  SINCE JUL 1    857                      1100   -243      533

 COOLING
  YESTERDAY        0                         0      0        0
  MONTH TO DATE    0                         0      0        0
  SINCE DEC 1      3                         3      0       64
  SINCE JAN 1      0                         0      0        0
..................................................................


WIND (MPH)
  HIGHEST WIND SPEED    12   HIGHEST WIND DIRECTION     N (20)
  HIGHEST GUST SPEED    21   HIGHEST GUST DIRECTION     N (10)
  AVERAGE WIND SPEED     6.7


SKY COVER
  POSSIBLE SUNSHINE  MM
  AVERAGE SKY COVER 0.7


WEATHER CONDITIONS
 THE FOLLOWING WEATHER WAS RECORDED YESTERDAY.
  FOG
  FOG W/VISIBILITY <= 1/4 MILE
  HAZE


RELATIVE HUMIDITY (PERCENT)
 HIGHEST    93          1200 AM
 LOWEST     71          1100 AM
 AVERAGE    82

..........................................................


THE CAPE HATTERAS NC CLIMATE NORMALS FOR TODAY
                         NORMAL    RECORD    YEAR
 MAXIMUM TEMPERATURE (F)   52        69      1950
                                             1913
 MINIMUM TEMPERATURE (F)   39        16      1994
                                             1972


SUNRISE AND SUNSET
JANUARY 16 2017.......SUNRISE   710 AM EST   SUNSET   515 PM EST
JANUARY 17 2017.......SUNRISE   710 AM EST   SUNSET   516 PM EST


-  INDICATES NEGATIVE NUMBERS.
R  INDICATES RECORD WAS SET OR TIED.
MM INDICATES DATA IS MISSING.
T  INDICATES TRACE AMOUNT.




$$
