000
CDUS43 KGID 300631
CLIHSI


CLIMATE REPORT
NATIONAL WEATHER SERVICE HASTINGS NE
130 AM CDT SUN APR 30 2017


...................................

...THE HASTINGS NE CLIMATE SUMMARY FOR APRIL 29 2017...

CLIMATE NORMAL PERIOD 1981 TO 2010
CLIMATE RECORD PERIOD 1894 TO 2017


WEATHER ITEM   OBSERVED TIME   RECORD YEAR NORMAL DEPARTURE LAST
                VALUE   (LST)  VALUE       VALUE  FROM      YEAR
                                                  NORMAL
..................................................................
TEMPERATURE (F)
 YESTERDAY
  MAXIMUM         43    514 PM  90    1934  67    -24       45
  MINIMUM         36   1159 PM  24    1975  44     -8       40
  AVERAGE         40                        55    -15       43

PRECIPITATION (IN)
  YESTERDAY        0.24          2.00 1919   0.13   0.11     0.53
  MONTH TO DATE    1.86                      2.43  -0.57     5.20
  SINCE MAR 1      2.94                      4.22  -1.28     5.74
  SINCE JAN 1      4.04                      5.12  -1.08     7.66

SNOWFALL (IN)
  YESTERDAY        T             2.0  1994   0.0    0.0      0.0
                                      1903
  MONTH TO DATE    T                         1.2   -1.2      0.0
  SINCE MAR 1      1.2                       6.4   -5.2      2.1
  SINCE JUL 1     10.3                      28.8  -18.5     32.4
  SNOW DEPTH       0

DEGREE DAYS
 HEATING
  YESTERDAY       25                        10     15       22
  MONTH TO DATE  357                       423    -66      340
  SINCE MAR 1   1020                      1200   -180      910
  SINCE JUL 1   4950                      5830   -880     4820

 COOLING
  YESTERDAY        0                         0      0        0
  MONTH TO DATE    8                         0      8        0
  SINCE MAR 1      8                         0      8        0
  SINCE JAN 1      8                         0      8        0
..................................................................


WIND (MPH)
  HIGHEST WIND SPEED    33   HIGHEST WIND DIRECTION     N (20)
  HIGHEST GUST SPEED    43   HIGHEST GUST DIRECTION     N (20)
  AVERAGE WIND SPEED    21.8


SKY COVER
  AVERAGE SKY COVER 1.0


WEATHER CONDITIONS
 THE FOLLOWING WEATHER WAS RECORDED YESTERDAY.
  RAIN
  LIGHT RAIN
  LIGHT SNOW
  FOG


RELATIVE HUMIDITY (PERCENT)
 HIGHEST    92           100 AM
 LOWEST     70          1200 PM
 AVERAGE    81

..........................................................


THE HASTINGS NE CLIMATE NORMALS FOR TODAY
                         NORMAL    RECORD    YEAR
 MAXIMUM TEMPERATURE (F)   67        92      1987
 MINIMUM TEMPERATURE (F)   44        27      1950


SUNRISE AND SUNSET
APRIL 30 2017.........SUNRISE   633 AM CDT   SUNSET   829 PM CDT
MAY  1 2017...........SUNRISE   632 AM CDT   SUNSET   830 PM CDT


-  INDICATES NEGATIVE NUMBERS.
R  INDICATES RECORD WAS SET OR TIED.
MM INDICATES DATA IS MISSING.
T  INDICATES TRACE AMOUNT.




$$
