000
CDUS43 KGID 200645
CLIHSI


CLIMATE REPORT
NATIONAL WEATHER SERVICE HASTINGS NE
144 AM CDT MON OCT 20 2014


...................................

...THE HASTINGS NE CLIMATE SUMMARY FOR OCTOBER 19 2014...

CLIMATE NORMAL PERIOD 1981 TO 2010
CLIMATE RECORD PERIOD 1894 TO 2014


WEATHER ITEM   OBSERVED TIME   RECORD YEAR NORMAL DEPARTURE LAST
                VALUE   (LST)  VALUE       VALUE  FROM      YEAR
                                                  NORMAL
..................................................................
TEMPERATURE (F)
 YESTERDAY
  MAXIMUM         73    414 PM  89    2003  63     10       64
  MINIMUM         41    224 AM  13    1917  40      1       32
  AVERAGE         57                        51      6       48

PRECIPITATION (IN)
  YESTERDAY        0.00          1.20 1904   0.07  -0.07     0.00
  MONTH TO DATE    1.35                      1.35   0.00     4.65
  SINCE SEP 1      3.13                      3.91  -0.78     5.91
  SINCE JAN 1     28.03                     24.57   3.46    23.97

SNOWFALL (IN)
  YESTERDAY        0.0           2.2  1916   0.0    0.0      0.0
  MONTH TO DATE    0.0                       0.4   -0.4      0.0
  SINCE SEP 1      0.0                       0.6   -0.6      0.0
  SINCE JUL 1      0.0                       0.6   -0.6      0.0
  SNOW DEPTH       0

DEGREE DAYS
 HEATING
  YESTERDAY        8                        14     -6       17
  MONTH TO DATE  195                       197     -2      186
  SINCE SEP 1    304                       287     17      215
  SINCE JUL 1    310                       293     17      221

 COOLING
  YESTERDAY        0                         0      0        0
  MONTH TO DATE    3                        11     -8       15
  SINCE SEP 1     98                       121    -23      200
  SINCE JAN 1   1018                      1074    -56     1158
..................................................................


WIND (MPH)
  HIGHEST WIND SPEED    17   HIGHEST WIND DIRECTION    SW (210)
  HIGHEST GUST SPEED    22   HIGHEST GUST DIRECTION     S (200)
  AVERAGE WIND SPEED     7.0


SKY COVER
  AVERAGE SKY COVER 0.0


WEATHER CONDITIONS
 THE FOLLOWING WEATHER WAS RECORDED YESTERDAY.
  NO SIGNIFICANT WEATHER WAS OBSERVED.


RELATIVE HUMIDITY (PERCENT)
 HIGHEST    82           200 AM
 LOWEST     37           100 PM
 AVERAGE    60

..........................................................


THE HASTINGS NE CLIMATE NORMALS FOR TODAY
                         NORMAL    RECORD    YEAR
 MAXIMUM TEMPERATURE (F)   63        92      1947
 MINIMUM TEMPERATURE (F)   39        18      1916


SUNRISE AND SUNSET
OCTOBER 20 2014.......SUNRISE   750 AM CDT   SUNSET   646 PM CDT
OCTOBER 21 2014.......SUNRISE   751 AM CDT   SUNSET   645 PM CDT


-  INDICATES NEGATIVE NUMBERS.
R  INDICATES RECORD WAS SET OR TIED.
MM INDICATES DATA IS MISSING.
T  INDICATES TRACE AMOUNT.




$$
