000
CDUS43 KGID 190625
CLIHSI


CLIMATE REPORT
NATIONAL WEATHER SERVICE HASTINGS NE
124 AM CDT THU OCT 19 2017


...................................

...THE HASTINGS NE CLIMATE SUMMARY FOR OCTOBER 18 2017...

CLIMATE NORMAL PERIOD 1981 TO 2010
CLIMATE RECORD PERIOD 1894 TO 2017


WEATHER ITEM   OBSERVED TIME   RECORD YEAR NORMAL DEPARTURE LAST
                VALUE   (LST)  VALUE       VALUE  FROM      YEAR
                                                  NORMAL
..................................................................
TEMPERATURE (F)
 YESTERDAY
  MAXIMUM         76    322 PM  89    2003  64     12       69
  MINIMUM         45   1150 PM  20    1922  40      5       45
  AVERAGE         61                        52      9       57

PRECIPITATION (IN)
  YESTERDAY        0.00          1.88 1897   0.06  -0.06     0.00
  MONTH TO DATE    4.68                      1.28   3.40     0.22
  SINCE SEP 1      6.86                      3.84   3.02     2.02
  SINCE JAN 1     30.30                     24.50   5.80    18.59

SNOWFALL (IN)
  YESTERDAY        0.0           T    2006   0.1   -0.1      0.0
                                      1898
  MONTH TO DATE    T                         0.4   -0.4      0.0
  SINCE SEP 1      T                         0.6   -0.6      0.0
  SINCE JUL 1      T                         0.6   -0.6      0.0
  SNOW DEPTH       0

DEGREE DAYS
 HEATING
  YESTERDAY        4                        13     -9        8
  MONTH TO DATE  143                       183    -40      140
  SINCE SEP 1    195                       273    -78      203
  SINCE JUL 1    199                       279    -80      207

 COOLING
  YESTERDAY        0                         0      0        0
  MONTH TO DATE    5                        11     -6        7
  SINCE SEP 1    171                       121     50      145
  SINCE JAN 1   1128                      1074     54     1193
..................................................................


WIND (MPH)
  HIGHEST WIND SPEED    17   HIGHEST WIND DIRECTION     N (20)
  HIGHEST GUST SPEED    22   HIGHEST GUST DIRECTION     N (20)
  AVERAGE WIND SPEED     7.8


SKY COVER
  AVERAGE SKY COVER 0.0


WEATHER CONDITIONS
 THE FOLLOWING WEATHER WAS RECORDED YESTERDAY.
  NO SIGNIFICANT WEATHER WAS OBSERVED.


RELATIVE HUMIDITY (PERCENT)
 HIGHEST    83           600 AM
 LOWEST     25           100 PM
 AVERAGE    54

..........................................................


THE HASTINGS NE CLIMATE NORMALS FOR TODAY
                         NORMAL    RECORD    YEAR
 MAXIMUM TEMPERATURE (F)   63        89      2003
 MINIMUM TEMPERATURE (F)   40        13      1917


SUNRISE AND SUNSET
OCTOBER 19 2017.......SUNRISE   749 AM CDT   SUNSET   647 PM CDT
OCTOBER 20 2017.......SUNRISE   751 AM CDT   SUNSET   646 PM CDT


-  INDICATES NEGATIVE NUMBERS.
R  INDICATES RECORD WAS SET OR TIED.
MM INDICATES DATA IS MISSING.
T  INDICATES TRACE AMOUNT.




$$
