000
CDUS43 KGID 180627
CLIHSI


CLIMATE REPORT
NATIONAL WEATHER SERVICE HASTINGS NE
1226 AM CST MON DEC 18 2017


...................................

...THE HASTINGS NE CLIMATE SUMMARY FOR DECEMBER 17 2017...

CLIMATE NORMAL PERIOD 1981 TO 2010
CLIMATE RECORD PERIOD 1894 TO 2017


WEATHER ITEM   OBSERVED TIME   RECORD YEAR NORMAL DEPARTURE LAST
                VALUE   (LST)  VALUE       VALUE  FROM      YEAR
                                                  NORMAL
..................................................................
TEMPERATURE (F)
 YESTERDAY
  MAXIMUM         43    227 PM  72    1939  36      7       16
  MINIMUM         24    919 AM -11    2016  18      6      -11
                                      1964
                                      1914
  AVERAGE         34                        27      7        3

PRECIPITATION (IN)
  YESTERDAY        0.00          0.70 1897   0.02  -0.02     0.01
  MONTH TO DATE    0.03                      0.44  -0.41     0.09
  SINCE DEC 1      0.03                      0.44  -0.41     0.09
  SINCE JAN 1     30.42                     26.94   3.48    20.14

SNOWFALL (IN)
  YESTERDAY        0.0           7.0  1897   0.2   -0.2      0.3
  MONTH TO DATE    0.2                       3.2   -3.0      1.0
  SINCE DEC 1      0.2                       3.2   -3.0      1.0
  SINCE JUL 1      0.4                       7.0   -6.6      1.1
  6 AM SNOW DEPTH  0

DEGREE DAYS
 HEATING
  YESTERDAY       31                        38     -7       62
  MONTH TO DATE  485                       613   -128      712
  SINCE DEC 1    485                       613   -128      712
  SINCE JUL 1   1628                      1894   -266     1579

 COOLING
  YESTERDAY        0                         0      0        0
  MONTH TO DATE    0                         0      0        0
  SINCE DEC 1      0                         0      0        0
  SINCE JAN 1   1129                      1077     52     1195
..................................................................


WIND (MPH)
  HIGHEST WIND SPEED    18   HIGHEST WIND DIRECTION    NE (30)
  HIGHEST GUST SPEED    23   HIGHEST GUST DIRECTION    NE (30)
  AVERAGE WIND SPEED     9.1


SKY COVER
  AVERAGE SKY COVER 0.1


WEATHER CONDITIONS
 THE FOLLOWING WEATHER WAS RECORDED YESTERDAY.
  FOG


RELATIVE HUMIDITY (PERCENT)
 HIGHEST    92           400 AM
 LOWEST     57           200 PM
 AVERAGE    75

..........................................................


THE HASTINGS NE CLIMATE NORMALS FOR TODAY
                         NORMAL    RECORD    YEAR
 MAXIMUM TEMPERATURE (F)   36        68      1979
 MINIMUM TEMPERATURE (F)   17       -13      2016


SUNRISE AND SUNSET
DECEMBER 18 2017......SUNRISE   752 AM CST   SUNSET   509 PM CST
DECEMBER 19 2017......SUNRISE   753 AM CST   SUNSET   509 PM CST


-  INDICATES NEGATIVE NUMBERS.
R  INDICATES RECORD WAS SET OR TIED.
MM INDICATES DATA IS MISSING.
T  INDICATES TRACE AMOUNT.




$$
