000
CDUS43 KGID 270640
CLIHSI


CLIMATE REPORT
NATIONAL WEATHER SERVICE HASTINGS NE
140 AM CDT TUE JUN 27 2017


...................................

...THE HASTINGS NE CLIMATE SUMMARY FOR JUNE 26 2017...

CLIMATE NORMAL PERIOD 1981 TO 2010
CLIMATE RECORD PERIOD 1894 TO 2017


WEATHER ITEM   OBSERVED TIME   RECORD YEAR NORMAL DEPARTURE LAST
                VALUE   (LST)  VALUE       VALUE  FROM      YEAR
                                                  NORMAL
..................................................................
TEMPERATURE (F)
 YESTERDAY
  MAXIMUM         80    329 PM 110    1936  86     -6       91
  MINIMUM         56    511 AM  43    1958  64     -8       64
  AVERAGE         68                        75     -7       78

PRECIPITATION (IN)
  YESTERDAY        T             1.25 1965   0.12  -0.12     0.00
  MONTH TO DATE    1.70                      3.39  -1.69     0.41
  SINCE JUN 1      1.70                      3.39  -1.69     0.41
  SINCE JAN 1     13.54                     13.21   0.33    12.24

SNOWFALL (IN)
  YESTERDAY        0.0                       0.0    0.0      0.0
  MONTH TO DATE    0.0                       0.0    0.0      0.0
  SINCE JUN 1      0.0                       0.0    0.0      0.0
  SINCE JUL 1     11.1                      28.8  -17.7     32.4
  SNOW DEPTH       0

DEGREE DAYS
 HEATING
  YESTERDAY        0                         0      0        0
  MONTH TO DATE    3                        19    -16        0
  SINCE JUN 1      3                        19    -16        0
  SINCE JUL 1   5146                      6027   -881     5016

 COOLING
  YESTERDAY        3                        10     -7       13
  MONTH TO DATE  254                       183     71      309
  SINCE JUN 1    254                       183     71      309
  SINCE JAN 1    315                       242     73      338
..................................................................


WIND (MPH)
  HIGHEST WIND SPEED    18   HIGHEST WIND DIRECTION    NE (50)
  HIGHEST GUST SPEED    23   HIGHEST GUST DIRECTION    NE (40)
  AVERAGE WIND SPEED     8.6


SKY COVER
  AVERAGE SKY COVER 0.4


WEATHER CONDITIONS
 THE FOLLOWING WEATHER WAS RECORDED YESTERDAY.
  THUNDERSTORM
  LIGHT RAIN


RELATIVE HUMIDITY (PERCENT)
 HIGHEST    90          1100 PM
 LOWEST     39           500 PM
 AVERAGE    65

..........................................................


THE HASTINGS NE CLIMATE NORMALS FOR TODAY
                         NORMAL    RECORD    YEAR
 MAXIMUM TEMPERATURE (F)   86       106      1936
 MINIMUM TEMPERATURE (F)   64        47      1968


SUNRISE AND SUNSET
JUNE 27 2017..........SUNRISE   605 AM CDT   SUNSET   909 PM CDT
JUNE 28 2017..........SUNRISE   605 AM CDT   SUNSET   909 PM CDT


-  INDICATES NEGATIVE NUMBERS.
R  INDICATES RECORD WAS SET OR TIED.
MM INDICATES DATA IS MISSING.
T  INDICATES TRACE AMOUNT.




$$
