000
CDUS43 KGID 270628
CLIHSI


CLIMATE REPORT
NATIONAL WEATHER SERVICE HASTINGS NE
1227 AM CST FRI FEB 27 2015


...................................

...THE HASTINGS NE CLIMATE SUMMARY FOR FEBRUARY 26 2015...

CLIMATE NORMAL PERIOD 1981 TO 2010
CLIMATE RECORD PERIOD 1894 TO 2015


WEATHER ITEM   OBSERVED TIME   RECORD YEAR NORMAL DEPARTURE LAST
                VALUE   (LST)  VALUE       VALUE  FROM      YEAR
                                                  NORMAL
..................................................................
TEMPERATURE (F)
 YESTERDAY
  MAXIMUM         19    419 PM  74    1986  43    -24       31
  MINIMUM          0   1159 PM  -8    1934  23    -23        2
  AVERAGE         10                        33    -23       17

PRECIPITATION (IN)
  YESTERDAY        0.00          0.45 1906   0.02  -0.02     0.00
  MONTH TO DATE    0.33                      0.45  -0.12     0.34
  SINCE DEC 1      1.64                      1.47   0.17     0.85
  SINCE JAN 1      1.10                      0.86   0.24     0.71

SNOWFALL (IN)
  YESTERDAY        0.0           4.0  1912   0.2   -0.2      0.0
                                      1906
  MONTH TO DATE    5.3                       6.1   -0.8      7.5
  SINCE DEC 1     14.4                      18.2   -3.8     17.9
  SINCE JUL 1     16.1                      22.0   -5.9     18.3
  SNOW DEPTH       0

DEGREE DAYS
 HEATING
  YESTERDAY       55                        32     23       48
  MONTH TO DATE  996                       919     77     1077
  SINCE DEC 1   3179                      3287   -108     3534
  SINCE JUL 1   4517                      4568    -51     4799

 COOLING
  YESTERDAY        0                         0      0        0
  MONTH TO DATE    0                         0      0        0
  SINCE DEC 1      0                         0      0        0
  SINCE JAN 1      0                         0      0        0
..................................................................


WIND (MPH)
  HIGHEST WIND SPEED    31   HIGHEST WIND DIRECTION     N (360)
  HIGHEST GUST SPEED    37   HIGHEST GUST DIRECTION     N (360)
  AVERAGE WIND SPEED    14.5


SKY COVER
  AVERAGE SKY COVER 0.2


WEATHER CONDITIONS
 THE FOLLOWING WEATHER WAS RECORDED YESTERDAY.
  NO SIGNIFICANT WEATHER WAS OBSERVED.


RELATIVE HUMIDITY (PERCENT)
 HIGHEST    76           400 AM
 LOWEST     31           400 PM
 AVERAGE    54

..........................................................


THE HASTINGS NE CLIMATE NORMALS FOR TODAY
                         NORMAL    RECORD    YEAR
 MAXIMUM TEMPERATURE (F)   44        77      2006
 MINIMUM TEMPERATURE (F)   23        -8      1962


SUNRISE AND SUNSET
FEBRUARY 27 2015......SUNRISE   711 AM CST   SUNSET   623 PM CST
FEBRUARY 28 2015......SUNRISE   709 AM CST   SUNSET   624 PM CST


-  INDICATES NEGATIVE NUMBERS.
R  INDICATES RECORD WAS SET OR TIED.
MM INDICATES DATA IS MISSING.
T  INDICATES TRACE AMOUNT.




$$

BRYANT
