000
CDUS44 KHUN 140810
CLIHSV


CLIMATE REPORT
NATIONAL WEATHER SERVICE HUNTSVILLE AL
210 AM CST SUN FEB 14 2016


...................................

...THE HUNTSVILLE CLIMATE SUMMARY FOR FEBRUARY 13 2016...

CLIMATE NORMAL PERIOD 1981 TO 2010
CLIMATE RECORD PERIOD 1894 TO 2016


WEATHER ITEM   OBSERVED TIME   RECORD YEAR NORMAL DEPARTURE LAST
                VALUE   (LST)  VALUE       VALUE  FROM      YEAR
                                                  NORMAL
..................................................................
TEMPERATURE (F)
 YESTERDAY
  MAXIMUM         39    411 PM  82    1962  55    -16       43
  MINIMUM         25    704 AM   7    1910  35    -10       21
  AVERAGE         32                        45    -13       32

PRECIPITATION (IN)
  YESTERDAY        0.00          1.67 1973   0.17  -0.17     0.00
  MONTH TO DATE    2.27                      2.18   0.09     0.55
  SINCE DEC 1     16.52                     12.84   3.68    10.25
  SINCE JAN 1      5.84                      7.07  -1.23     4.52

SNOWFALL (IN)
  YESTERDAY        0.0
  MONTH TO DATE    T
  SINCE DEC 1      0.4
  SINCE JUL 1      0.4
  SNOW DEPTH       0

DEGREE DAYS
 HEATING
  YESTERDAY       33                        20     13       33
  MONTH TO DATE  286                       275     11      274
  SINCE DEC 1   1369                      1658   -289     1554
  SINCE JUL 1   1663                      2185   -522     2170

 COOLING
  YESTERDAY        0                         0      0        0
  MONTH TO DATE    1                         0      1        0
  SINCE DEC 1     24                         2     22        0
  SINCE JAN 1      1                         0      1        0
..................................................................


WIND (MPH)
  HIGHEST WIND SPEED    20   HIGHEST WIND DIRECTION     N (20)
  HIGHEST GUST SPEED    24   HIGHEST GUST DIRECTION     N (10)
  AVERAGE WIND SPEED     9.9


SKY COVER
  POSSIBLE SUNSHINE  MM
  AVERAGE SKY COVER 0.1


WEATHER CONDITIONS
 THE FOLLOWING WEATHER WAS RECORDED YESTERDAY.
  NO SIGNIFICANT WEATHER WAS OBSERVED.


RELATIVE HUMIDITY (PERCENT)
 HIGHEST    63           200 AM
 LOWEST     20           300 PM
 AVERAGE    42

..........................................................


THE HUNTSVILLE CLIMATE NORMALS FOR TODAY
                         NORMAL    RECORD    YEAR
 MAXIMUM TEMPERATURE (F)   56        77      1926
 MINIMUM TEMPERATURE (F)   35         9      1960


SUNRISE AND SUNSET
FEBRUARY 14 2016......SUNRISE   634 AM CST   SUNSET   529 PM CST
FEBRUARY 15 2016......SUNRISE   633 AM CST   SUNSET   530 PM CST


-  INDICATES NEGATIVE NUMBERS.
R  INDICATES RECORD WAS SET OR TIED.
MM INDICATES DATA IS MISSING.
T  INDICATES TRACE AMOUNT.




$$
