000
CDUS44 KHUN 220822
CLIHSV


CLIMATE REPORT
NATIONAL WEATHER SERVICE HUNTSVILLE AL
222 AM CST MON DEC 22 2014


...................................

...THE HUNTSVILLE CLIMATE SUMMARY FOR DECEMBER 21 2014...

CLIMATE NORMAL PERIOD 1981 TO 2010
CLIMATE RECORD PERIOD 1894 TO 2014


WEATHER ITEM   OBSERVED TIME   RECORD YEAR NORMAL DEPARTURE LAST
                VALUE   (LST)  VALUE       VALUE  FROM      YEAR
                                                  NORMAL
..................................................................
TEMPERATURE (F)
 YESTERDAY
  MAXIMUM         55    319 PM  77    1956  52      3       75
  MINIMUM         31    737 AM   7    1989  33     -2       63
  AVERAGE         43                        43      0       69

PRECIPITATION (IN)
  YESTERDAY        0.00          1.87 1990   0.18  -0.18     0.23
  MONTH TO DATE    2.53                      4.05  -1.52     4.52
  SINCE DEC 1      2.53                      4.05  -1.52     4.52
  SINCE JAN 1     50.27                     52.62  -2.35    56.24

SNOWFALL (IN)
  YESTERDAY        0.0
  MONTH TO DATE    0.0
  SINCE DEC 1      0.0
  SINCE JUL 1      T
  SNOW DEPTH       0

DEGREE DAYS
 HEATING
  YESTERDAY       22                        22      0        0
  MONTH TO DATE  365                       425    -60      398
  SINCE DEC 1    365                       425    -60      398
  SINCE JUL 1    981                       952     29     1033

 COOLING
  YESTERDAY        0                         0      0        4
  MONTH TO DATE    0                         0      0        5
  SINCE DEC 1      0                         0      0        5
  SINCE JAN 1   2032                      1949     83     1839
..................................................................


WIND (MPH)
  HIGHEST WIND SPEED    14   HIGHEST WIND DIRECTION    SE (120)
  HIGHEST GUST SPEED    17   HIGHEST GUST DIRECTION     E (110)
  AVERAGE WIND SPEED     4.0


SKY COVER
  POSSIBLE SUNSHINE  MM
  AVERAGE SKY COVER 0.5


WEATHER CONDITIONS
 THE FOLLOWING WEATHER WAS RECORDED YESTERDAY.
  FOG
  HAZE


RELATIVE HUMIDITY (PERCENT)
 HIGHEST    86          1000 PM
 LOWEST     59           200 PM
 AVERAGE    73

..........................................................


THE HUNTSVILLE CLIMATE NORMALS FOR TODAY
                         NORMAL    RECORD    YEAR
 MAXIMUM TEMPERATURE (F)   52        71      2013
                                             1970
                                             1933
 MINIMUM TEMPERATURE (F)   33        -3      1989


SUNRISE AND SUNSET
DECEMBER 22 2014......SUNRISE   651 AM CST   SUNSET   441 PM CST
DECEMBER 23 2014......SUNRISE   651 AM CST   SUNSET   441 PM CST


-  INDICATES NEGATIVE NUMBERS.
R  INDICATES RECORD WAS SET OR TIED.
MM INDICATES DATA IS MISSING.
T  INDICATES TRACE AMOUNT.




$$
