000
CDUS44 KHUN 220816
CLIHSV


CLIMATE REPORT
NATIONAL WEATHER SERVICE HUNTSVILLE AL
215 AM CST SAT NOV 22 2014


...................................

...THE HUNTSVILLE CLIMATE SUMMARY FOR NOVEMBER 21 2014...

CLIMATE NORMAL PERIOD 1981 TO 2010
CLIMATE RECORD PERIOD 1894 TO 2014


WEATHER ITEM   OBSERVED TIME   RECORD YEAR NORMAL DEPARTURE LAST
                VALUE   (LST)  VALUE       VALUE  FROM      YEAR
                                                  NORMAL
..................................................................
TEMPERATURE (F)
 YESTERDAY
  MAXIMUM         62    334 PM  78    1942  61      1       63
  MINIMUM         37    314 AM  17    1937  40     -3       47
  AVERAGE         50                        51     -1       55

PRECIPITATION (IN)
  YESTERDAY        0.00          1.98 1977   0.18  -0.18      T
  MONTH TO DATE    2.36                      3.25  -0.89     0.96
  SINCE SEP 1      9.28                     10.56  -1.28     5.98
  SINCE JAN 1     47.43                     46.88   0.55    49.60

SNOWFALL (IN)
  YESTERDAY        0.0
  MONTH TO DATE    T
  SINCE SEP 1      T
  SINCE JUL 1      T
  SNOW DEPTH       0

DEGREE DAYS
 HEATING
  YESTERDAY       15                        14      1       10
  MONTH TO DATE  382                       232    150      272
  SINCE SEP 1    479                       383     96      403
  SINCE JUL 1    479                       383     96      403

 COOLING
  YESTERDAY        0                         0      0        0
  MONTH TO DATE    0                         7     -7        1
  SINCE SEP 1    480                       352    128      368
  SINCE JAN 1   2032                      1947     85     1834
..................................................................


WIND (MPH)
  HIGHEST WIND SPEED    15   HIGHEST WIND DIRECTION    NE (50)
  HIGHEST GUST SPEED    17   HIGHEST GUST DIRECTION    NE (50)
  AVERAGE WIND SPEED     5.8


SKY COVER
  POSSIBLE SUNSHINE  MM
  AVERAGE SKY COVER 0.4


WEATHER CONDITIONS
 THE FOLLOWING WEATHER WAS RECORDED YESTERDAY.
  NO SIGNIFICANT WEATHER WAS OBSERVED.


RELATIVE HUMIDITY (PERCENT)
 HIGHEST    82           100 AM
 LOWEST     35           100 PM
 AVERAGE    59

..........................................................


THE HUNTSVILLE CLIMATE NORMALS FOR TODAY
                         NORMAL    RECORD    YEAR
 MAXIMUM TEMPERATURE (F)   61        79      1940
 MINIMUM TEMPERATURE (F)   40        17      1964


SUNRISE AND SUNSET
NOVEMBER 22 2014......SUNRISE   628 AM CST   SUNSET   439 PM CST
NOVEMBER 23 2014......SUNRISE   628 AM CST   SUNSET   438 PM CST


-  INDICATES NEGATIVE NUMBERS.
R  INDICATES RECORD WAS SET OR TIED.
MM INDICATES DATA IS MISSING.
T  INDICATES TRACE AMOUNT.




$$
