968
CDUS44 KHUN 240800
CLIHSV


CLIMATE REPORT
NATIONAL WEATHER SERVICE HUNTSVILLE AL
200 AM CST TUE JAN 24 2017


...................................

...THE HUNTSVILLE CLIMATE SUMMARY FOR JANUARY 23 2017...

CLIMATE NORMAL PERIOD 1981 TO 2010
CLIMATE RECORD PERIOD 1894 TO 2017


WEATHER ITEM   OBSERVED TIME   RECORD YEAR NORMAL DEPARTURE LAST
                VALUE   (LST)  VALUE       VALUE  FROM      YEAR
                                                  NORMAL
..................................................................
TEMPERATURE (F)
 YESTERDAY
  MAXIMUM         62    254 PM  74    2002  51     11       34
                                      1943
  MINIMUM         46   1159 PM  -1    1963  32     14       23
  AVERAGE         54                        42     12       29

PRECIPITATION (IN)
  YESTERDAY        0.03          2.16 1982   0.15  -0.12      T
  MONTH TO DATE    6.18                      3.65   2.53     2.97
  SINCE DEC 1     12.09                      9.42   2.67    13.65
  SINCE JAN 1      6.18                      3.65   2.53     2.97

SNOWFALL (IN)
  YESTERDAY        0.0
  MONTH TO DATE    T
  SINCE DEC 1      T
  SINCE JUL 1      T
  SNOW DEPTH       0

DEGREE DAYS
 HEATING
  YESTERDAY       11                        23    -12       36
  MONTH TO DATE  285                       550   -265      604
  SINCE DEC 1    833                      1204   -371      925
  SINCE JUL 1   1097                      1731   -634     1219

 COOLING
  YESTERDAY        0                         0      0        0
  MONTH TO DATE    1                         0      1        0
  SINCE DEC 1      5                         2      3       23
  SINCE JAN 1      1                         0      1        0
..................................................................


WIND (MPH)
  HIGHEST WIND SPEED    29   HIGHEST WIND DIRECTION    NW (310)
  HIGHEST GUST SPEED    37   HIGHEST GUST DIRECTION    NW (310)
  AVERAGE WIND SPEED    15.5


SKY COVER
  POSSIBLE SUNSHINE  MM
  AVERAGE SKY COVER 0.7


WEATHER CONDITIONS
 THE FOLLOWING WEATHER WAS RECORDED YESTERDAY.
  LIGHT RAIN
  FOG


RELATIVE HUMIDITY (PERCENT)
 HIGHEST    86          1200 AM
 LOWEST     56           300 PM
 AVERAGE    71

..........................................................


THE HUNTSVILLE CLIMATE NORMALS FOR TODAY
                         NORMAL    RECORD    YEAR
 MAXIMUM TEMPERATURE (F)   52        75      1972
                                             1967
                                             1950
 MINIMUM TEMPERATURE (F)   32        -4      1963


SUNRISE AND SUNSET
JANUARY 24 2017.......SUNRISE   650 AM CST   SUNSET   509 PM CST
JANUARY 25 2017.......SUNRISE   650 AM CST   SUNSET   510 PM CST


-  INDICATES NEGATIVE NUMBERS.
R  INDICATES RECORD WAS SET OR TIED.
MM INDICATES DATA IS MISSING.
T  INDICATES TRACE AMOUNT.




$$
