000
CDUS44 KHUN 290709
CLIHSV


CLIMATE REPORT
NATIONAL WEATHER SERVICE HUNTSVILLE AL
208 AM CDT SUN MAY 29 2016


...................................

...THE HUNTSVILLE CLIMATE SUMMARY FOR MAY 28 2016...

CLIMATE NORMAL PERIOD 1981 TO 2010
CLIMATE RECORD PERIOD 1894 TO 2016


WEATHER ITEM   OBSERVED TIME   RECORD YEAR NORMAL DEPARTURE LAST
                VALUE   (LST)  VALUE       VALUE  FROM      YEAR
                                                  NORMAL
..................................................................
TEMPERATURE (F)
 YESTERDAY
  MAXIMUM         82    106 PM  98    1911  84     -2       84
  MINIMUM         68    929 PM  41    1907  63      5       67
  AVERAGE         75                        74      1       76

PRECIPITATION (IN)
  YESTERDAY        T             2.83 2001   0.15  -0.15     0.54
  MONTH TO DATE    1.62                      4.65  -3.03     4.76
  SINCE MAR 1      8.35                     14.18  -5.83    17.32
  SINCE JAN 1     18.30                     23.91  -5.61    25.06

SNOWFALL (IN)
  YESTERDAY        0.0
  MONTH TO DATE    0.0
  SINCE MAR 1      T
  SINCE JUL 1      0.4
  SNOW DEPTH       0

DEGREE DAYS
 HEATING
  YESTERDAY        0                         0      0        0
  MONTH TO DATE   20                        25     -5       14
  SINCE MAR 1    357                       547   -190      389
  SINCE JUL 1   2253                      2999   -746     3030

 COOLING
  YESTERDAY       10                         9      1       11
  MONTH TO DATE  155                       163     -8      227
  SINCE MAR 1    245                       234     11      290
  SINCE JAN 1    246                       235     11      290
..................................................................


WIND (MPH)
  HIGHEST WIND SPEED    13   HIGHEST WIND DIRECTION     S (160)
  HIGHEST GUST SPEED    16   HIGHEST GUST DIRECTION    SE (150)
  AVERAGE WIND SPEED     6.5


SKY COVER
  POSSIBLE SUNSHINE  MM
  AVERAGE SKY COVER 0.6


WEATHER CONDITIONS
 THE FOLLOWING WEATHER WAS RECORDED YESTERDAY.
  LIGHT RAIN


RELATIVE HUMIDITY (PERCENT)
 HIGHEST    84          1000 PM
 LOWEST     45           500 PM
 AVERAGE    65

..........................................................


THE HUNTSVILLE CLIMATE NORMALS FOR TODAY
                         NORMAL    RECORD    YEAR
 MAXIMUM TEMPERATURE (F)   85        99      1914
 MINIMUM TEMPERATURE (F)   63        46      1984


SUNRISE AND SUNSET
MAY 29 2016...........SUNRISE   536 AM CDT   SUNSET   753 PM CDT
MAY 30 2016...........SUNRISE   536 AM CDT   SUNSET   754 PM CDT


-  INDICATES NEGATIVE NUMBERS.
R  INDICATES RECORD WAS SET OR TIED.
MM INDICATES DATA IS MISSING.
T  INDICATES TRACE AMOUNT.




$$
