000
CDUS44 KHUN 282125
CLIHSV


CLIMATE REPORT
NATIONAL WEATHER SERVICE HUNTSVILLE AL
424 PM CDT SAT MAR 28 2015


...................................

...THE HUNTSVILLE CLIMATE SUMMARY FOR MARCH 28 2015...
VALID TODAY AS OF 0400 PM LOCAL TIME.

CLIMATE NORMAL PERIOD 1981 TO 2010
CLIMATE RECORD PERIOD 1894 TO 2015


WEATHER ITEM   OBSERVED TIME   RECORD YEAR NORMAL DEPARTURE LAST
                VALUE   (LST)  VALUE       VALUE  FROM      YEAR
                                                  NORMAL
..................................................................
TEMPERATURE (F)
 TODAY
  MAXIMUM         50    314 PM  87    1910  69    -19       68
  MINIMUM         31    608 AM  25    1926  45    -14       54
  AVERAGE         41                        57    -16       61

PRECIPITATION (IN)
  TODAY            0.00          4.92 1951   0.17  -0.17      T
  MONTH TO DATE    4.68                      4.70  -0.02     2.45
  SINCE MAR 1      4.68                      4.70  -0.02     2.45
  SINCE JAN 1     12.42                     14.43  -2.01    12.32

SNOWFALL (IN)
  TODAY            0.0
  MONTH TO DATE    1.0
  SINCE MAR 1      1.0
  SINCE JUL 1      9.8
  SNOW DEPTH       0

DEGREE DAYS
 HEATING
  TODAY           24                         9     15        4
  MONTH TO DATE  278                       343    -65      431
  SINCE MAR 1    278                       343    -65      431
  SINCE JUL 1   2919                      2795    124     3266

 COOLING
  TODAY            0                         1     -1        0
  MONTH TO DATE    2                         6     -4        0
  SINCE MAR 1      2                         6     -4        0
  SINCE JAN 1      2                         7     -5        1
..................................................................


WIND (MPH)
  HIGHEST WIND SPEED    15   HIGHEST WIND DIRECTION     N (360)
  HIGHEST GUST SPEED    19   HIGHEST GUST DIRECTION    NW (320)
  AVERAGE WIND SPEED     7.0


SKY COVER
  POSSIBLE SUNSHINE  MM
  AVERAGE SKY COVER 0.2


WEATHER CONDITIONS
 THE FOLLOWING WEATHER WAS RECORDED TODAY.
  NO SIGNIFICANT WEATHER WAS OBSERVED.


RELATIVE HUMIDITY (PERCENT)
 HIGHEST    82           100 AM
 LOWEST     27           300 PM
 AVERAGE    55

..........................................................


THE HUNTSVILLE CLIMATE NORMALS FOR TOMORROW
                         NORMAL    RECORD    YEAR
 MAXIMUM TEMPERATURE (F)   69        88      2007
 MINIMUM TEMPERATURE (F)   45        26      1955
                                             1937


SUNRISE AND SUNSET
MARCH 28 2015.........SUNRISE   640 AM CDT   SUNSET   705 PM CDT
MARCH 29 2015.........SUNRISE   639 AM CDT   SUNSET   706 PM CDT


-  INDICATES NEGATIVE NUMBERS.
R  INDICATES RECORD WAS SET OR TIED.
MM INDICATES DATA IS MISSING.
T  INDICATES TRACE AMOUNT.




$$
