042
CDUS44 KHUN 250705
CLIHSV


CLIMATE REPORT
NATIONAL WEATHER SERVICE HUNTSVILLE AL
205 AM CDT MON SEP 25 2017


...................................

...THE HUNTSVILLE CLIMATE SUMMARY FOR SEPTEMBER 24 2017...

CLIMATE NORMAL PERIOD 1981 TO 2010
CLIMATE RECORD PERIOD 1894 TO 2017


WEATHER ITEM   OBSERVED TIME   RECORD YEAR NORMAL DEPARTURE LAST
                VALUE   (LST)  VALUE       VALUE  FROM      YEAR
                                                  NORMAL
..................................................................
TEMPERATURE (F)
 YESTERDAY
  MAXIMUM         88    217 PM  97    2016  82      6       97
  MINIMUM         68    601 AM  41    1983  59      9       66
  AVERAGE         78                        71      7       82

PRECIPITATION (IN)
  YESTERDAY        0.00          3.42 1997   0.13  -0.13     0.00
  MONTH TO DATE    2.71                      2.95  -0.24     0.47
  SINCE SEP 1      2.71                      2.95  -0.24     0.47
  SINCE JAN 1     42.92                     39.27   3.65    32.98

SNOWFALL (IN)
  YESTERDAY        0.0
  MONTH TO DATE    0.0
  SINCE SEP 1      0.0
  SINCE JUL 1      0.0
  SNOW DEPTH       0

DEGREE DAYS
 HEATING
  YESTERDAY        0                         1     -1        0
  MONTH TO DATE   11                         5      6        0
  SINCE SEP 1     11                         5      6        0
  SINCE JUL 1     11                         5      6        0

 COOLING
  YESTERDAY       13                         6      7       17
  MONTH TO DATE  176                       241    -65      400
  SINCE SEP 1    176                       241    -65      400
  SINCE JAN 1   1904                      1836     68     2305
..................................................................


WIND (MPH)
  HIGHEST WIND SPEED     9   HIGHEST WIND DIRECTION    SE (120)
  HIGHEST GUST SPEED    13   HIGHEST GUST DIRECTION    SE (120)
  AVERAGE WIND SPEED     4.2


SKY COVER
  POSSIBLE SUNSHINE  MM
  AVERAGE SKY COVER 0.3


WEATHER CONDITIONS
 THE FOLLOWING WEATHER WAS RECORDED YESTERDAY.
  NO SIGNIFICANT WEATHER WAS OBSERVED.


RELATIVE HUMIDITY (PERCENT)
 HIGHEST   100          1200 AM
 LOWEST     50           100 PM
 AVERAGE    75

..........................................................


THE HUNTSVILLE CLIMATE NORMALS FOR TODAY
                         NORMAL    RECORD    YEAR
 MAXIMUM TEMPERATURE (F)   82       100      1931
 MINIMUM TEMPERATURE (F)   59        39      1943


SUNRISE AND SUNSET
SEPTEMBER 25 2017.....SUNRISE   637 AM CDT   SUNSET   639 PM CDT
SEPTEMBER 26 2017.....SUNRISE   638 AM CDT   SUNSET   638 PM CDT


-  INDICATES NEGATIVE NUMBERS.
R  INDICATES RECORD WAS SET OR TIED.
MM INDICATES DATA IS MISSING.
T  INDICATES TRACE AMOUNT.




$$
