000
CDUS44 KHUN 302123
CLIHSV


CLIMATE REPORT
NATIONAL WEATHER SERVICE HUNTSVILLE AL
422 PM CDT FRI SEP 30 2016


...................................

...THE HUNTSVILLE CLIMATE SUMMARY FOR SEPTEMBER 30 2016...
VALID TODAY AS OF 0400 PM LOCAL TIME.

CLIMATE NORMAL PERIOD 1981 TO 2010
CLIMATE RECORD PERIOD 1894 TO 2016


WEATHER ITEM   OBSERVED TIME   RECORD YEAR NORMAL DEPARTURE LAST
                VALUE   (LST)  VALUE       VALUE  FROM      YEAR
                                                  NORMAL
..................................................................
TEMPERATURE (F)
 TODAY
  MAXIMUM         74    231 PM  95    1926  80     -6       79
  MINIMUM         49    631 AM  37    1967  57     -8       65
  AVERAGE         62                        68     -6       72

PRECIPITATION (IN)
  TODAY            0.00          2.00 1915   0.13  -0.13      T
  MONTH TO DATE    0.47                      3.72  -3.25     0.92
  SINCE SEP 1      0.47                      3.72  -3.25     0.92
  SINCE JAN 1     32.98                     40.04  -7.06    42.60

SNOWFALL (IN)
  TODAY            0.0
  MONTH TO DATE    0.0
  SINCE SEP 1      0.0
  SINCE JUL 1      0.0
  SNOW DEPTH       0

DEGREE DAYS
 HEATING
  TODAY            3                         1      2        0
  MONTH TO DATE    3                        11     -8        3
  SINCE SEP 1      3                        13    -10        3
  SINCE JUL 1      3                        13    -10        3

 COOLING
  TODAY            0                         5     -5        7
  MONTH TO DATE  445                       275    170      312
  SINCE SEP 1    445                       275    170      312
  SINCE JAN 1   2350                      1870    480     2157
..................................................................


WIND (MPH)
  HIGHEST WIND SPEED    12   HIGHEST WIND DIRECTION    NW (320)
  HIGHEST GUST SPEED    16   HIGHEST GUST DIRECTION    NW (300)
  AVERAGE WIND SPEED     4.0


SKY COVER
  POSSIBLE SUNSHINE  MM
  AVERAGE SKY COVER 0.4


WEATHER CONDITIONS
 THE FOLLOWING WEATHER WAS RECORDED TODAY.
  FOG
  FOG W/VISIBILITY <= 1/4 MILE
  HAZE


RELATIVE HUMIDITY (PERCENT)
 HIGHEST    96           700 AM
 LOWEST     44           300 PM
 AVERAGE    70

..........................................................


THE HUNTSVILLE CLIMATE NORMALS FOR TOMORROW
                         NORMAL    RECORD    YEAR
 MAXIMUM TEMPERATURE (F)   80        95      1954
                                             1926
 MINIMUM TEMPERATURE (F)   56        36      1920


SUNRISE AND SUNSET
SEPTEMBER 30 2016.....SUNRISE   641 AM CDT   SUNSET   632 PM CDT
OCTOBER  1 2016.......SUNRISE   642 AM CDT   SUNSET   630 PM CDT


-  INDICATES NEGATIVE NUMBERS.
R  INDICATES RECORD WAS SET OR TIED.
MM INDICATES DATA IS MISSING.
T  INDICATES TRACE AMOUNT.




$$
