000
CDUS44 KHUN 240713
CLIHSV


CLIMATE REPORT
NATIONAL WEATHER SERVICE HUNTSVILLE AL
213 AM CDT MON APR 24 2017


...................................

...THE HUNTSVILLE CLIMATE SUMMARY FOR APRIL 23 2017...

CLIMATE NORMAL PERIOD 1981 TO 2010
CLIMATE RECORD PERIOD 1894 TO 2017


WEATHER ITEM   OBSERVED TIME   RECORD YEAR NORMAL DEPARTURE LAST
                VALUE   (LST)  VALUE       VALUE  FROM      YEAR
                                                  NORMAL
..................................................................
TEMPERATURE (F)
 YESTERDAY
  MAXIMUM         62   1200 AM  94    1925  76    -14       80
  MINIMUM         51    956 PM  32    1927  52     -1       52
  AVERAGE         57                        64     -7       66

PRECIPITATION (IN)
  YESTERDAY        0.04          1.69 1983   0.14  -0.10     0.00
  MONTH TO DATE    2.91                      3.27  -0.36     1.82
  SINCE MAR 1      6.82                      8.48  -1.66     6.31
  SINCE JAN 1     15.69                     18.21  -2.52    16.26

SNOWFALL (IN)
  YESTERDAY        0.0
  MONTH TO DATE    0.0
  SINCE MAR 1      T
  SINCE JUL 1      T
  SNOW DEPTH       0

DEGREE DAYS
 HEATING
  YESTERDAY        8                         4      4        0
  MONTH TO DATE   49                       135    -86      104
  SINCE MAR 1    361                       503   -142      337
  SINCE JUL 1   1928                      2955  -1027     2233

 COOLING
  YESTERDAY        0                         2     -2        1
  MONTH TO DATE  112                        37     75       16
  SINCE MAR 1    137                        50     87       40
  SINCE JAN 1    142                        51     91       41
..................................................................


WIND (MPH)
  HIGHEST WIND SPEED    16   HIGHEST WIND DIRECTION    NW (310)
  HIGHEST GUST SPEED    20   HIGHEST GUST DIRECTION    NW (310)
  AVERAGE WIND SPEED     6.6


SKY COVER
  POSSIBLE SUNSHINE  MM
  AVERAGE SKY COVER 1.0


WEATHER CONDITIONS
 THE FOLLOWING WEATHER WAS RECORDED YESTERDAY.
  LIGHT RAIN
  FOG


RELATIVE HUMIDITY (PERCENT)
 HIGHEST   100           100 AM
 LOWEST     78           200 PM
 AVERAGE    89

..........................................................


THE HUNTSVILLE CLIMATE NORMALS FOR TODAY
                         NORMAL    RECORD    YEAR
 MAXIMUM TEMPERATURE (F)   76        91      1960
 MINIMUM TEMPERATURE (F)   53        32      1910


SUNRISE AND SUNSET
APRIL 24 2017.........SUNRISE   604 AM CDT   SUNSET   727 PM CDT
APRIL 25 2017.........SUNRISE   603 AM CDT   SUNSET   727 PM CDT


-  INDICATES NEGATIVE NUMBERS.
R  INDICATES RECORD WAS SET OR TIED.
MM INDICATES DATA IS MISSING.
T  INDICATES TRACE AMOUNT.




$$
