000
CDUS44 KHUN 210706
CLIHSV


CLIMATE REPORT
NATIONAL WEATHER SERVICE HUNTSVILLE AL
206 AM CDT MON APR 21 2014


...................................

...THE HUNTSVILLE CLIMATE SUMMARY FOR APRIL 20 2014...

CLIMATE NORMAL PERIOD 1981 TO 2010
CLIMATE RECORD PERIOD 1894 TO 2014


WEATHER ITEM   OBSERVED TIME   RECORD YEAR NORMAL DEPARTURE LAST
                VALUE   (LST)  VALUE       VALUE  FROM      YEAR
                                                  NORMAL
..................................................................
TEMPERATURE (F)
 YESTERDAY
  MAXIMUM         80    410 PM  90    1971  75      5       65
  MINIMUM         46    538 AM  30    1983  51     -5       37
  AVERAGE         63                        63      0       51

PRECIPITATION (IN)
  YESTERDAY        0.00          2.37 1996   0.14  -0.14     0.00
  MONTH TO DATE    3.95                      2.85   1.10     3.04
  SINCE MAR 1      6.63                      8.06  -1.43     8.59
  SINCE JAN 1     16.50                     17.79  -1.29    20.47

SNOWFALL (IN)
  YESTERDAY        0.0
  MONTH TO DATE    T
  SINCE MAR 1      T
  SINCE JUL 1      5.2
  SNOW DEPTH       0

DEGREE DAYS
 HEATING
  YESTERDAY        2                         4     -2       14
  MONTH TO DATE  122                       123     -1      126
  SINCE MAR 1    584                       491     93      662
  SINCE JUL 1   3419                      2943    476     2934

 COOLING
  YESTERDAY        0                         2     -2        0
  MONTH TO DATE   18                        31    -13       50
  SINCE MAR 1     18                        44    -26       50
  SINCE JAN 1     19                        45    -26       56
..................................................................


WIND (MPH)
  HIGHEST WIND SPEED     9   HIGHEST WIND DIRECTION    NW (330)
  HIGHEST GUST SPEED    13   HIGHEST GUST DIRECTION    NW (320)
  AVERAGE WIND SPEED     2.3


SKY COVER
  POSSIBLE SUNSHINE  MM
  AVERAGE SKY COVER 0.2


WEATHER CONDITIONS
 THE FOLLOWING WEATHER WAS RECORDED YESTERDAY.
  NO SIGNIFICANT WEATHER WAS OBSERVED.


RELATIVE HUMIDITY (PERCENT)
 HIGHEST    93           200 AM
 LOWEST     30           200 PM
 AVERAGE    62

..........................................................


THE HUNTSVILLE CLIMATE NORMALS FOR TODAY
                         NORMAL    RECORD    YEAR
 MAXIMUM TEMPERATURE (F)   75        90      2002
 MINIMUM TEMPERATURE (F)   52        30      1983
                                             1953


SUNRISE AND SUNSET
APRIL 21 2014.........SUNRISE   608 AM CDT   SUNSET   724 PM CDT
APRIL 22 2014.........SUNRISE   607 AM CDT   SUNSET   725 PM CDT


-  INDICATES NEGATIVE NUMBERS.
R  INDICATES RECORD WAS SET OR TIED.
MM INDICATES DATA IS MISSING.
T  INDICATES TRACE AMOUNT.




$$
