000
CDUS43 KAPX 230526
CLIHTL


CLIMATE REPORT
NATIONAL WEATHER SERVICE GAYLORD MI
126 AM EDT SAT SEP 23 2017


...................................

...THE HOUGHTON LAKE MI CLIMATE SUMMARY FOR SEPTEMBER 22 2017...

CLIMATE NORMAL PERIOD 1981 TO 2010
CLIMATE RECORD PERIOD 1913 TO 2017


WEATHER ITEM   OBSERVED TIME   RECORD YEAR NORMAL DEPARTURE LAST
                VALUE   (LST)  VALUE       VALUE  FROM      YEAR
                                                  NORMAL
..................................................................
TEMPERATURE (F)
 YESTERDAY
  MAXIMUM         92R   227 PM  89    1941  66     26       74
                                      1936
  MINIMUM         61    651 AM  24    1918  43     18       59
  AVERAGE         77                        55     22       67

PRECIPITATION (IN)
  YESTERDAY        0.00          1.09 1965   0.11  -0.11     0.07
  MONTH TO DATE    0.68                      2.27  -1.59     2.16
  SINCE SEP 1      0.68                      2.27  -1.59     2.16
  SINCE JAN 1     26.29                     21.39   4.90    25.77

DEGREE DAYS
 HEATING
  YESTERDAY        0                        10    -10        0
  MONTH TO DATE  128                       156    -28       53
  SINCE SEP 1    128                       156    -28       53
  SINCE JUL 1    218                       283    -65       86

 COOLING
  YESTERDAY       12                         0     12        2
  MONTH TO DATE   39                        18     21       48
  SINCE SEP 1     39                        18     21       48
  SINCE JAN 1    283                       283      0      457
..................................................................


WIND (MPH)
  HIGHEST WIND SPEED    24   HIGHEST WIND DIRECTION     N (350)
  HIGHEST GUST SPEED    32   HIGHEST GUST DIRECTION     N (360)
  AVERAGE WIND SPEED     4.7




RELATIVE HUMIDITY (PERCENT)
 HIGHEST   100
 LOWEST     44
 AVERAGE    72

..........................................................


THE HOUGHTON LAKE MI CLIMATE NORMALS FOR TODAY
                         NORMAL    RECORD    YEAR
 MAXIMUM TEMPERATURE (F)   66        88      1937
 MINIMUM TEMPERATURE (F)   43        26      1998


SUNRISE AND SUNSET
SEPTEMBER 23 2017.....SUNRISE   727 AM EDT   SUNSET   734 PM EDT
SEPTEMBER 24 2017.....SUNRISE   728 AM EDT   SUNSET   732 PM EDT


-  INDICATES NEGATIVE NUMBERS.
R  INDICATES RECORD WAS SET OR TIED.
MM INDICATES DATA IS MISSING.
T  INDICATES TRACE AMOUNT.




$$
