000
CDUS43 KAPX 170532
CLIHTL


CLIMATE REPORT
NATIONAL WEATHER SERVICE GAYLORD MI
132 AM EDT THU APR 17 2014


...................................

...THE HOUGHTON LAKE MI CLIMATE SUMMARY FOR APRIL 16 2014...

CLIMATE NORMAL PERIOD 1981 TO 2010
CLIMATE RECORD PERIOD 1913 TO 2014


WEATHER ITEM   OBSERVED TIME   RECORD YEAR NORMAL DEPARTURE LAST
                VALUE   (LST)  VALUE       VALUE  FROM      YEAR
                                                  NORMAL
..................................................................
TEMPERATURE (F)
 YESTERDAY
  MAXIMUM         42    307 PM  85    2002  55    -13       51
  MINIMUM         15    553 AM  13    1928  31    -16       33
  AVERAGE         29                        43    -14       42

PRECIPITATION (IN)
  YESTERDAY        T             1.30 1921   0.09  -0.09     0.07
  MONTH TO DATE    4.28                      1.37   2.91     3.48
  SINCE MAR 1      5.43                      3.21   2.22     4.74
  SINCE JAN 1      8.23                      5.93   2.30    10.00

SNOWFALL (IN)
  YESTERDAY        T            13.0  1921   0.2   -0.2      0.0
  MONTH TO DATE    3.5                       2.9    0.6      2.5
  SINCE OCT 1     61.9                      65.7   -3.8     59.6
  SINCE JUL 1     61.9                      65.7   -3.8     59.6
  SNOW DEPTH       T

DEGREE DAYS
 HEATING
  YESTERDAY       36                        22     14       23
  MONTH TO DATE  435                       409     26      494
  SINCE MAR 1   1841                      1522    319     1649
  SINCE JUL 1   8289                      7394    895     7023

 COOLING
  YESTERDAY        0                         0      0        0
  MONTH TO DATE    0                         0      0        0
  SINCE MAR 1      0                         0      0        0
  SINCE JAN 1      0                         0      0        0
..................................................................


WIND (MPH)
  HIGHEST WIND SPEED    15   HIGHEST WIND DIRECTION     S (200)
  HIGHEST GUST SPEED    19   HIGHEST GUST DIRECTION     S (190)
  AVERAGE WIND SPEED     6.9




RELATIVE HUMIDITY (PERCENT)
 HIGHEST    92
 LOWEST     34
 AVERAGE    63

..........................................................


THE HOUGHTON LAKE MI CLIMATE NORMALS FOR TODAY
                         NORMAL    RECORD    YEAR
 MAXIMUM TEMPERATURE (F)   55        85      1927
 MINIMUM TEMPERATURE (F)   32        12      1949


SUNRISE AND SUNSET
APRIL 17 2014.........SUNRISE   652 AM EDT   SUNSET   826 PM EDT
APRIL 18 2014.........SUNRISE   650 AM EDT   SUNSET   827 PM EDT


-  INDICATES NEGATIVE NUMBERS.
R  INDICATES RECORD WAS SET OR TIED.
MM INDICATES DATA IS MISSING.
T  INDICATES TRACE AMOUNT.




$$
