000
CDUS43 KAPX 060532
CLIHTL


CLIMATE REPORT
NATIONAL WEATHER SERVICE GAYLORD MI
1229 AM EST TUE DEC 6 2016


...................................

...THE HOUGHTON LAKE MI CLIMATE SUMMARY FOR DECEMBER 5 2016...

CLIMATE NORMAL PERIOD 1981 TO 2010
CLIMATE RECORD PERIOD 1913 TO 2016


WEATHER ITEM   OBSERVED TIME   RECORD YEAR NORMAL DEPARTURE LAST
                VALUE   (LST)  VALUE       VALUE  FROM      YEAR
                                                  NORMAL
..................................................................
TEMPERATURE (F)
 YESTERDAY
  MAXIMUM         40    248 PM  64    2001  34      6       49
  MINIMUM         27   1041 PM  -2    1964  21      6       24
  AVERAGE         34                        27      7       37

PRECIPITATION (IN)
  YESTERDAY        0.01          0.92 1982   0.06  -0.05     0.00
  MONTH TO DATE    0.24                      0.32  -0.08     0.09
  SINCE DEC 1      0.24                      0.32  -0.08     0.09
  SINCE JAN 1     31.29                     27.42   3.87    24.65

SNOWFALL (IN)
  YESTERDAY        T             6.0  1947   0.5   -0.5      0.0
  MONTH TO DATE    2.6                       2.5    0.1       T
  SINCE OCT 1     13.6                      11.6    2.0      2.2
  SINCE JUL 1     13.6                      11.6    2.0      2.2
  SNOW DEPTH       3

DEGREE DAYS
 HEATING
  YESTERDAY       31                        38     -7       28
  MONTH TO DATE  152                       185    -33      144
  SINCE DEC 1    152                       185    -33      144
  SINCE JUL 1   1472                      2068   -596     1623
..................................................................


WIND (MPH)
  HIGHEST WIND SPEED    18   HIGHEST WIND DIRECTION     W (270)
  HIGHEST GUST SPEED    26   HIGHEST GUST DIRECTION     W (270)
  AVERAGE WIND SPEED     9.0




RELATIVE HUMIDITY (PERCENT)
 HIGHEST    92
 LOWEST     70
 AVERAGE    81

..........................................................


THE HOUGHTON LAKE MI CLIMATE NORMALS FOR TODAY
                         NORMAL    RECORD    YEAR
 MAXIMUM TEMPERATURE (F)   33        57      2001
 MINIMUM TEMPERATURE (F)   21       -16      1926


SUNRISE AND SUNSET
DECEMBER  6 2016......SUNRISE   800 AM EST   SUNSET   459 PM EST
DECEMBER  7 2016......SUNRISE   801 AM EST   SUNSET   459 PM EST


-  INDICATES NEGATIVE NUMBERS.
R  INDICATES RECORD WAS SET OR TIED.
MM INDICATES DATA IS MISSING.
T  INDICATES TRACE AMOUNT.




$$
