000
CDUS43 KAPX 040558
CLIHTL


CLIMATE REPORT
NATIONAL WEATHER SERVICE GAYLORD MI
1258 AM EST WED MAR 4 2015


...................................

...THE HOUGHTON LAKE MI CLIMATE SUMMARY FOR MARCH 3 2015...

CLIMATE NORMAL PERIOD 1981 TO 2010
CLIMATE RECORD PERIOD 1913 TO 2015


WEATHER ITEM   OBSERVED TIME   RECORD YEAR NORMAL DEPARTURE LAST
                VALUE   (LST)  VALUE       VALUE  FROM      YEAR
                                                  NORMAL
..................................................................
TEMPERATURE (F)
 YESTERDAY
  MAXIMUM         28    742 PM  61    1974  34     -6       14
  MINIMUM          3   1219 AM -25    1943  14    -11      -24
  AVERAGE         16                        24     -8       -5

PRECIPITATION (IN)
  YESTERDAY        0.16          0.55 1989   0.05   0.11     0.00
  MONTH TO DATE    0.16                      0.16   0.00     0.09
  SINCE MAR 1      0.16                      0.16   0.00     0.09
  SINCE JAN 1      1.97                      2.88  -0.91     2.89

SNOWFALL (IN)
  YESTERDAY        1.2           6.6  1989   0.3    0.9      0.0
  MONTH TO DATE    1.4                       1.0    0.4      0.5
  SINCE OCT 1     43.0                      55.5  -12.5     52.8
  SINCE JUL 1     43.0                      55.5  -12.5     52.8
  SNOW DEPTH      14

DEGREE DAYS
 HEATING
  YESTERDAY       49                        41      8       70
  MONTH TO DATE  149                       124     25      191
  SINCE MAR 1    149                       124     25      191
  SINCE JUL 1   6516                      5996    520     6639

 COOLING
  YESTERDAY        0                         0      0        0
  MONTH TO DATE    0                         0      0        0
  SINCE MAR 1      0                         0      0        0
  SINCE JAN 1      0                         0      0        0
..................................................................


WIND (MPH)
  HIGHEST WIND SPEED    24   HIGHEST WIND DIRECTION     W (280)
  HIGHEST GUST SPEED    36   HIGHEST GUST DIRECTION     W (280)
  AVERAGE WIND SPEED     8.6




RELATIVE HUMIDITY (PERCENT)
 HIGHEST    92
 LOWEST     67
 AVERAGE    80

..........................................................


THE HOUGHTON LAKE MI CLIMATE NORMALS FOR TODAY
                         NORMAL    RECORD    YEAR
 MAXIMUM TEMPERATURE (F)   35        53      2000
 MINIMUM TEMPERATURE (F)   14        -7      2005
                                             2002
                                             1988


SUNRISE AND SUNSET
MARCH  4 2015.........SUNRISE   711 AM EST   SUNSET   630 PM EST
MARCH  5 2015.........SUNRISE   709 AM EST   SUNSET   632 PM EST


-  INDICATES NEGATIVE NUMBERS.
R  INDICATES RECORD WAS SET OR TIED.
MM INDICATES DATA IS MISSING.
T  INDICATES TRACE AMOUNT.




$$
