576
CDUS43 KAPX 210533
CLIHTL


CLIMATE REPORT
NATIONAL WEATHER SERVICE GAYLORD MI
1233 AM EST WED FEB 21 2018


...................................

...THE HOUGHTON LAKE MI CLIMATE SUMMARY FOR FEBRUARY 20 2018...

CLIMATE NORMAL PERIOD 1981 TO 2010
CLIMATE RECORD PERIOD 1913 TO 2018


WEATHER ITEM   OBSERVED TIME   RECORD YEAR NORMAL DEPARTURE LAST
                VALUE   (LST)  VALUE       VALUE  FROM      YEAR
                                                  NORMAL
..................................................................
TEMPERATURE (F)
 YESTERDAY
  MAXIMUM         56    403 PM  57    1930  31     25       49
  MINIMUM         35   1159 PM -29    2015  11     24       24
  AVERAGE         46                        21     25       37

PRECIPITATION (IN)
  YESTERDAY        1.19R         1.09 2002   0.04   1.15     0.00
  MONTH TO DATE    2.19                      0.80   1.39     0.66
  SINCE DEC 1      5.44                      3.96   1.48     5.85
  SINCE JAN 1      3.96                      2.31   1.65     3.63

SNOWFALL (IN)
  YESTERDAY        0.0           4.5  2005   0.5   -0.5      0.0
  MONTH TO DATE    9.1                       9.2   -0.1      2.3
  SINCE OCT 1     34.9                      51.3  -16.4     64.7
  SINCE JUL 1     34.9                      51.3  -16.4     64.7
  SNOW DEPTH       1

DEGREE DAYS
 HEATING
  YESTERDAY       19                        44    -25       28
  MONTH TO DATE  918                       918      0      793
  SINCE DEC 1   3708                      3647     61     3295
  SINCE JUL 1   5309                      5530   -221     4615
..................................................................


WIND (MPH)
  HIGHEST WIND SPEED    17   HIGHEST WIND DIRECTION    NW (300)
  HIGHEST GUST SPEED    23   HIGHEST GUST DIRECTION     S (200)
  AVERAGE WIND SPEED     8.2




RELATIVE HUMIDITY (PERCENT)
 HIGHEST   100
 LOWEST     92
 AVERAGE    96

..........................................................


THE HOUGHTON LAKE MI CLIMATE NORMALS FOR TODAY
                         NORMAL    RECORD    YEAR
 MAXIMUM TEMPERATURE (F)   31        57      1930
 MINIMUM TEMPERATURE (F)   12       -23      1917


SUNRISE AND SUNSET
FEBRUARY 21 2018......SUNRISE   729 AM EST   SUNSET   616 PM EST
FEBRUARY 22 2018......SUNRISE   728 AM EST   SUNSET   617 PM EST


-  INDICATES NEGATIVE NUMBERS.
R  INDICATES RECORD WAS SET OR TIED.
MM INDICATES DATA IS MISSING.
T  INDICATES TRACE AMOUNT.




$$
