000
CDUS43 KAPX 290547
CLIHTL


CLIMATE REPORT
NATIONAL WEATHER SERVICE GAYLORD MI
146 AM EDT SUN MAY 29 2016


...................................

...THE HOUGHTON LAKE MI CLIMATE SUMMARY FOR MAY 28 2016...

CLIMATE NORMAL PERIOD 1981 TO 2010
CLIMATE RECORD PERIOD 1913 TO 2016


WEATHER ITEM   OBSERVED TIME   RECORD YEAR NORMAL DEPARTURE LAST
                VALUE   (LST)  VALUE       VALUE  FROM      YEAR
                                                  NORMAL
..................................................................
TEMPERATURE (F)
 YESTERDAY
  MAXIMUM         82    357 PM  90    1931  70     12       82
  MINIMUM         63   1145 PM  27    2008  45     18       53
                                      1949
  AVERAGE         73                        58     15       68

PRECIPITATION (IN)
  YESTERDAY        0.16          1.16 1945   0.10   0.06     0.00
  MONTH TO DATE    4.07                      2.52   1.55     3.45
  SINCE MAR 1     10.94                      6.84   4.10     6.18
  SINCE JAN 1     14.06                      9.56   4.50     7.99

DEGREE DAYS
 HEATING
  YESTERDAY        0                         8     -8        0
  MONTH TO DATE  307                       334    -27      235
  SINCE MAR 1   1990                      2123   -133     2089
  SINCE JUL 1   6903                      7995  -1092     8456

 COOLING
  YESTERDAY        8                         1      7        3
  MONTH TO DATE   20                         9     11       20
  SINCE MAR 1     20                        11      9       20
  SINCE JAN 1     20                        11      9       20
..................................................................


WIND (MPH)
  HIGHEST WIND SPEED    21   HIGHEST WIND DIRECTION     S (200)
  HIGHEST GUST SPEED    31   HIGHEST GUST DIRECTION    SW (210)
  AVERAGE WIND SPEED     8.4




RELATIVE HUMIDITY (PERCENT)
 HIGHEST   100
 LOWEST     54
 AVERAGE    77

..........................................................


THE HOUGHTON LAKE MI CLIMATE NORMALS FOR TODAY
                         NORMAL    RECORD    YEAR
 MAXIMUM TEMPERATURE (F)   70        94      1929
 MINIMUM TEMPERATURE (F)   45        27      1949


SUNRISE AND SUNSET
MAY 29 2016...........SUNRISE   559 AM EDT   SUNSET   914 PM EDT
MAY 30 2016...........SUNRISE   558 AM EDT   SUNSET   915 PM EDT


-  INDICATES NEGATIVE NUMBERS.
R  INDICATES RECORD WAS SET OR TIED.
MM INDICATES DATA IS MISSING.
T  INDICATES TRACE AMOUNT.




$$
