000
CDUS43 KAPX 270527
CLIHTL


CLIMATE REPORT
NATIONAL WEATHER SERVICE GAYLORD MI
127 AM EDT THU JUL 27 2017


...................................

...THE HOUGHTON LAKE MI CLIMATE SUMMARY FOR JULY 26 2017...

CLIMATE NORMAL PERIOD 1981 TO 2010
CLIMATE RECORD PERIOD 1913 TO 2017


WEATHER ITEM   OBSERVED TIME   RECORD YEAR NORMAL DEPARTURE LAST
                VALUE   (LST)  VALUE       VALUE  FROM      YEAR
                                                  NORMAL
..................................................................
TEMPERATURE (F)
 YESTERDAY
  MAXIMUM         73   1252 PM  99    1941  79     -6       86
  MINIMUM         62    659 AM  33    1920  55      7       54
  AVERAGE         68                        67      1       70

PRECIPITATION (IN)
  YESTERDAY        0.27          2.22 1960   0.10   0.17     0.00
  MONTH TO DATE    2.14                      2.27  -0.13     2.76
  SINCE JUN 1      6.98                      5.37   1.61     5.52
  SINCE JAN 1     22.89                     15.23   7.66    19.59

DEGREE DAYS
 HEATING
  YESTERDAY        0                         1     -1        0
  MONTH TO DATE    9                        38    -29       27
  SINCE JUN 1     77                       162    -85      132
  SINCE JUL 1      9                        38    -29       27

 COOLING
  YESTERDAY        3                         4     -1        5
  MONTH TO DATE   87                       101    -14      141
  SINCE JUN 1    170                       160     10      185
  SINCE JAN 1    184                       176      8      214
..................................................................


WIND (MPH)
  HIGHEST WIND SPEED    16   HIGHEST WIND DIRECTION     W (250)
  HIGHEST GUST SPEED    26   HIGHEST GUST DIRECTION    SW (240)
  AVERAGE WIND SPEED     7.7




RELATIVE HUMIDITY (PERCENT)
 HIGHEST    97
 LOWEST     63
 AVERAGE    80

..........................................................


THE HOUGHTON LAKE MI CLIMATE NORMALS FOR TODAY
                         NORMAL    RECORD    YEAR
 MAXIMUM TEMPERATURE (F)   79        98      1941
 MINIMUM TEMPERATURE (F)   55        36      2001
                                             1920


SUNRISE AND SUNSET
JULY 27 2017..........SUNRISE   621 AM EDT   SUNSET   909 PM EDT
JULY 28 2017..........SUNRISE   622 AM EDT   SUNSET   908 PM EDT


-  INDICATES NEGATIVE NUMBERS.
R  INDICATES RECORD WAS SET OR TIED.
MM INDICATES DATA IS MISSING.
T  INDICATES TRACE AMOUNT.




$$
