000
CDUS43 KAPX 072129
CLIHTL


CLIMATE REPORT
NATIONAL WEATHER SERVICE GAYLORD MI
529 PM EDT TUE JUL 7 2015


...................................

...THE HOUGHTON LAKE MI CLIMATE SUMMARY FOR JULY 7 2015...
VALID TODAY AS OF 0500 PM LOCAL TIME.

CLIMATE NORMAL PERIOD 1981 TO 2010
CLIMATE RECORD PERIOD 1913 TO 2015


WEATHER ITEM   OBSERVED TIME   RECORD YEAR NORMAL DEPARTURE LAST
                VALUE   (LST)  VALUE       VALUE  FROM      YEAR
                                                  NORMAL
..................................................................
TEMPERATURE (F)
 TODAY
  MAXIMUM         71    247 AM 100    1936  80     -9       81
  MINIMUM         56    950 AM  35    1997  54      2       67
  AVERAGE         64                        67     -3       74

PRECIPITATION (IN)
  TODAY            0.24          0.86 1994   0.08   0.16     0.05
  MONTH TO DATE    0.26                      0.57  -0.31     0.20
  SINCE JUN 1      3.42                      3.67  -0.25     2.82
  SINCE JAN 1     12.04                     13.53  -1.49    15.30

DEGREE DAYS
 HEATING
  TODAY            1                         2     -1        0
  MONTH TO DATE   24                        14     10       13
  SINCE JUN 1    141                       138      3       87
  SINCE JUL 1     24                        14     10       13

 COOLING
  TODAY            0                         4     -4        9
  MONTH TO DATE   15                        25    -10       20
  SINCE JUN 1     35                        84    -49       93
  SINCE JAN 1     60                       100    -40      108
..................................................................


WIND (MPH)
  RESULTANT WIND SPEED   9   RESULTANT WIND DIRECTION  NW (320)
  HIGHEST WIND SPEED    18   HIGHEST WIND DIRECTION    NW (320)
  HIGHEST GUST SPEED    26   HIGHEST GUST DIRECTION     W (250)
  AVERAGE WIND SPEED    11.1


SKY COVER
  POSSIBLE SUNSHINE  MM
  AVERAGE SKY COVER 0.9


WEATHER CONDITIONS
 THE FOLLOWING WEATHER WAS RECORDED TODAY.
  HEAVY RAIN
  RAIN
  LIGHT RAIN
  FOG


RELATIVE HUMIDITY (PERCENT)
 HIGHEST    97           400 AM
 LOWEST     56           300 PM
 AVERAGE    77

..........................................................


THE HOUGHTON LAKE MI CLIMATE NORMALS FOR TOMORROW
                         NORMAL    RECORD    YEAR
 MAXIMUM TEMPERATURE (F)   80       107      1936
 MINIMUM TEMPERATURE (F)   54        30      1918


SUNRISE AND SUNSET
JULY  7 2015..........SUNRISE   602 AM EDT   SUNSET   925 PM EDT
JULY  8 2015..........SUNRISE   603 AM EDT   SUNSET   925 PM EDT


-  INDICATES NEGATIVE NUMBERS.
R  INDICATES RECORD WAS SET OR TIED.
MM INDICATES DATA IS MISSING.
T  INDICATES TRACE AMOUNT.




$$
