146
CDUS43 KAPX 260527
CLIHTL


CLIMATE REPORT
NATIONAL WEATHER SERVICE GAYLORD MI
126 AM EDT FRI AUG 26 2016


...................................

...THE HOUGHTON LAKE MI CLIMATE SUMMARY FOR AUGUST 25 2016...

CLIMATE NORMAL PERIOD 1981 TO 2010
CLIMATE RECORD PERIOD 1913 TO 2016


WEATHER ITEM   OBSERVED TIME   RECORD YEAR NORMAL DEPARTURE LAST
                VALUE   (LST)  VALUE       VALUE  FROM      YEAR
                                                  NORMAL
..................................................................
TEMPERATURE (F)
 YESTERDAY
  MAXIMUM         82    236 PM  97    1948  76      6       63
  MINIMUM         67   1159 PM  31    1934  52     15       53
                                      1919
  AVERAGE         75                        64     11       58

PRECIPITATION (IN)
  YESTERDAY        0.00          1.07 2006   0.10  -0.10      T
  MONTH TO DATE    2.66                      2.78  -0.12     3.10
  SINCE JUN 1      8.44                      8.64  -0.20     7.72
  SINCE JAN 1     22.51                     18.50   4.01    16.34

DEGREE DAYS
 HEATING
  YESTERDAY        0                         3     -3        7
  MONTH TO DATE    4                        58    -54       26
  SINCE JUN 1    136                       229    -93      191
  SINCE JUL 1     31                       105    -74       74

 COOLING
  YESTERDAY       10                         2      8        0
  MONTH TO DATE  154                        66     88       90
  SINCE JUN 1    364                       237    127      226
  SINCE JAN 1    393                       253    140      251
..................................................................


WIND (MPH)
  HIGHEST WIND SPEED    15   HIGHEST WIND DIRECTION     W (290)
  HIGHEST GUST SPEED    22   HIGHEST GUST DIRECTION     W (290)
  AVERAGE WIND SPEED     7.1




RELATIVE HUMIDITY (PERCENT)
 HIGHEST   100
 LOWEST     51
 AVERAGE    76

..........................................................


THE HOUGHTON LAKE MI CLIMATE NORMALS FOR TODAY
                         NORMAL    RECORD    YEAR
 MAXIMUM TEMPERATURE (F)   76        94      1948
 MINIMUM TEMPERATURE (F)   51        29      1923
                                             1919


SUNRISE AND SUNSET
AUGUST 26 2016........SUNRISE   655 AM EDT   SUNSET   825 PM EDT
AUGUST 27 2016........SUNRISE   656 AM EDT   SUNSET   823 PM EDT


-  INDICATES NEGATIVE NUMBERS.
R  INDICATES RECORD WAS SET OR TIED.
MM INDICATES DATA IS MISSING.
T  INDICATES TRACE AMOUNT.




$$
