000
CDUS43 KAPX 240600
CLIHTL


CLIMATE REPORT
NATIONAL WEATHER SERVICE GAYLORD MI
100 AM EST MON NOV 24 2014


...................................

...THE HOUGHTON LAKE MI CLIMATE SUMMARY FOR NOVEMBER 23 2014...

CLIMATE NORMAL PERIOD 1981 TO 2010
CLIMATE RECORD PERIOD 1913 TO 2014


WEATHER ITEM   OBSERVED TIME   RECORD YEAR NORMAL DEPARTURE LAST
                VALUE   (LST)  VALUE       VALUE  FROM      YEAR
                                                  NORMAL
..................................................................
TEMPERATURE (F)
 YESTERDAY
  MAXIMUM         48        MM  64    1931  39      9       28
  MINIMUM         39        MM  -2    1989  25     14       13
  AVERAGE         44                        32     12       21

PRECIPITATION (IN)
  YESTERDAY        0.62          0.70 1963   0.08   0.54     0.10
  MONTH TO DATE    2.00                      1.81   0.19     2.96
  SINCE SEP 1      8.43                      7.47   0.96     8.20
  SINCE JAN 1     28.31                     26.59   1.72    28.30

SNOWFALL (IN)
  YESTERDAY        0.0          11.1  1970   0.4   -0.4      1.3
  MONTH TO DATE    7.0                       5.6    1.4      1.3
  SINCE OCT 1      7.0                       6.2    0.8      1.3
  SINCE JUL 1      7.0                       6.2    0.8      1.3
  SNOW DEPTH       2

DEGREE DAYS
 HEATING
  YESTERDAY       21                        33    -12       44
  MONTH TO DATE  775                       663    112      639
  SINCE SEP 1   1590                      1514     76     1431
  SINCE JUL 1   1746                      1641    105     1556
..................................................................


WIND (MPH)
  HIGHEST WIND SPEED    12   HIGHEST WIND DIRECTION     S (160)
  HIGHEST GUST SPEED    MM   HIGHEST GUST DIRECTION    MM
  AVERAGE WIND SPEED     7.5




RELATIVE HUMIDITY (PERCENT)
 HIGHEST   100
 LOWEST     86
 AVERAGE    93

..........................................................


THE HOUGHTON LAKE MI CLIMATE NORMALS FOR TODAY
                         NORMAL    RECORD    YEAR
 MAXIMUM TEMPERATURE (F)   38        63      1931
 MINIMUM TEMPERATURE (F)   25       -13      1950


SUNRISE AND SUNSET
NOVEMBER 24 2014......SUNRISE   746 AM EST   SUNSET   504 PM EST
NOVEMBER 25 2014......SUNRISE   747 AM EST   SUNSET   504 PM EST


-  INDICATES NEGATIVE NUMBERS.
R  INDICATES RECORD WAS SET OR TIED.
MM INDICATES DATA IS MISSING.
T  INDICATES TRACE AMOUNT.




$$
