000
CDUS43 KAPX 290529
CLIHTL


CLIMATE REPORT
NATIONAL WEATHER SERVICE GAYLORD MI
129 AM EDT TUE JUL 29 2014


...................................

...THE HOUGHTON LAKE MI CLIMATE SUMMARY FOR JULY 28 2014...

CLIMATE NORMAL PERIOD 1981 TO 2010
CLIMATE RECORD PERIOD 1913 TO 2014


WEATHER ITEM   OBSERVED TIME   RECORD YEAR NORMAL DEPARTURE LAST
                VALUE   (LST)  VALUE       VALUE  FROM      YEAR
                                                  NORMAL
..................................................................
TEMPERATURE (F)
 YESTERDAY
  MAXIMUM         64    555 PM  98    1931  79    -15       66
  MINIMUM         46   1148 PM  40    1978  55     -9       53
                                      1943
                                      1925
  AVERAGE         55                        67    -12       60

PRECIPITATION (IN)
  YESTERDAY        0.00          0.69 2002   0.09  -0.09     0.06
  MONTH TO DATE    2.67                      2.46   0.21     1.11
  SINCE JUN 1      5.29                      5.56  -0.27     2.40
  SINCE JAN 1     17.77                     15.42   2.35    18.34

DEGREE DAYS
 HEATING
  YESTERDAY       10                         1      9        5
  MONTH TO DATE   91                        40     51       31
  SINCE JUN 1    165                       164      1      133
  SINCE JUL 1     91                        40     51       31

 COOLING
  YESTERDAY        0                         3     -3        0
  MONTH TO DATE   47                       107    -60      146
  SINCE JUN 1    120                       166    -46      225
  SINCE JAN 1    135                       182    -47      265
..................................................................


WIND (MPH)
  HIGHEST WIND SPEED    17   HIGHEST WIND DIRECTION     N (350)
  HIGHEST GUST SPEED    23   HIGHEST GUST DIRECTION     N (10)
  AVERAGE WIND SPEED     8.1




RELATIVE HUMIDITY (PERCENT)
 HIGHEST    93
 LOWEST     52
 AVERAGE    73

..........................................................


THE HOUGHTON LAKE MI CLIMATE NORMALS FOR TODAY
                         NORMAL    RECORD    YEAR
 MAXIMUM TEMPERATURE (F)   79        98      1941
 MINIMUM TEMPERATURE (F)   55        33      1928
                                             1925


SUNRISE AND SUNSET
JULY 29 2014..........SUNRISE   623 AM EDT   SUNSET   907 PM EDT
JULY 30 2014..........SUNRISE   624 AM EDT   SUNSET   906 PM EDT


-  INDICATES NEGATIVE NUMBERS.
R  INDICATES RECORD WAS SET OR TIED.
MM INDICATES DATA IS MISSING.
T  INDICATES TRACE AMOUNT.




$$
