000
CDUS43 KAPX 060526
CLIHTL


CLIMATE REPORT
NATIONAL WEATHER SERVICE GAYLORD MI
126 AM EDT FRI MAY 6 2016


...................................

...THE HOUGHTON LAKE MI CLIMATE SUMMARY FOR MAY 5 2016...

CLIMATE NORMAL PERIOD 1981 TO 2010
CLIMATE RECORD PERIOD 1913 TO 2016


WEATHER ITEM   OBSERVED TIME   RECORD YEAR NORMAL DEPARTURE LAST
                VALUE   (LST)  VALUE       VALUE  FROM      YEAR
                                                  NORMAL
..................................................................
TEMPERATURE (F)
 YESTERDAY
  MAXIMUM         66        MM  90    1949  63      3       68
                                      1941
  MINIMUM         42        MM  21    1920  38      4       34
  AVERAGE         54                        50      4       51

PRECIPITATION (IN)
  YESTERDAY        0.00          0.80 1956   0.08  -0.08     0.00
  MONTH TO DATE    1.00                      0.40   0.60      T
  SINCE MAR 1      7.87                      4.72   3.15     2.73
  SINCE JAN 1     10.99                      7.44   3.55     4.54

DEGREE DAYS
 HEATING
  YESTERDAY       11                        15     -4       14
  MONTH TO DATE   82                        77      5       40
  SINCE MAR 1   1765                      1866   -101     1894
  SINCE JUL 1   6678                      7738  -1060     8261

 COOLING
  YESTERDAY        0                         0      0        0
  MONTH TO DATE    0                         0      0        0
  SINCE MAR 1      0                         2     -2        0
  SINCE JAN 1      0                         2     -2        0
..................................................................


WIND (MPH)
  HIGHEST WIND SPEED    12   HIGHEST WIND DIRECTION    NW (300)
  HIGHEST GUST SPEED    MM   HIGHEST GUST DIRECTION    MM
  AVERAGE WIND SPEED     6.4




RELATIVE HUMIDITY (PERCENT)
 HIGHEST    96
 LOWEST     40
 AVERAGE    68

..........................................................


THE HOUGHTON LAKE MI CLIMATE NORMALS FOR TODAY
                         NORMAL    RECORD    YEAR
 MAXIMUM TEMPERATURE (F)   63        88      1949
                                             1934
                                             1930
 MINIMUM TEMPERATURE (F)   39        23      1968
                                             1935


SUNRISE AND SUNSET
MAY  6 2016...........SUNRISE   622 AM EDT   SUNSET   849 PM EDT
MAY  7 2016...........SUNRISE   621 AM EDT   SUNSET   851 PM EDT


-  INDICATES NEGATIVE NUMBERS.
R  INDICATES RECORD WAS SET OR TIED.
MM INDICATES DATA IS MISSING.
T  INDICATES TRACE AMOUNT.




$$
