000
CDUS43 KAPX 220527
CLIHTL


CLIMATE REPORT
NATIONAL WEATHER SERVICE GAYLORD MI
1227 AM EST WED NOV 22 2017


...................................

...THE HOUGHTON LAKE MI CLIMATE SUMMARY FOR NOVEMBER 21 2017...

CLIMATE NORMAL PERIOD 1981 TO 2010
CLIMATE RECORD PERIOD 1913 TO 2017


WEATHER ITEM   OBSERVED TIME   RECORD YEAR NORMAL DEPARTURE LAST
                VALUE   (LST)  VALUE       VALUE  FROM      YEAR
                                                  NORMAL
..................................................................
TEMPERATURE (F)
 YESTERDAY
  MAXIMUM         45   1046 AM  64    1913  40      5       31
  MINIMUM         25   1150 PM   8    1987  26     -1       24
                                      1969
  AVERAGE         35                        33      2       28

PRECIPITATION (IN)
  YESTERDAY        T             0.84 1934   0.07  -0.07     0.00
  MONTH TO DATE    2.28                      1.65   0.63     0.40
  SINCE SEP 1      9.78                      7.31   2.47     6.24
  SINCE JAN 1     35.39                     26.43   8.96    29.85

SNOWFALL (IN)
  YESTERDAY        T             3.0  2008   0.3   -0.3      0.0
                                      1959
  MONTH TO DATE    4.0                       4.8   -0.8      7.0
  SINCE OCT 1      4.0                       5.4   -1.4      9.0
  SINCE JUL 1      4.0                       5.4   -1.4      9.0
  SNOW DEPTH       0

DEGREE DAYS
 HEATING
  YESTERDAY       30                        32     -2       37
  MONTH TO DATE  664                       597     67      444
  SINCE SEP 1   1249                      1448   -199     1027
  SINCE JUL 1   1339                      1575   -236     1060
..................................................................


WIND (MPH)
  HIGHEST WIND SPEED    23   HIGHEST WIND DIRECTION     W (280)
  HIGHEST GUST SPEED    33   HIGHEST GUST DIRECTION    SW (220)
  AVERAGE WIND SPEED    15.0




RELATIVE HUMIDITY (PERCENT)
 HIGHEST    75
 LOWEST     54
 AVERAGE    65

..........................................................


THE HOUGHTON LAKE MI CLIMATE NORMALS FOR TODAY
                         NORMAL    RECORD    YEAR
 MAXIMUM TEMPERATURE (F)   39        60      2012
 MINIMUM TEMPERATURE (F)   26         2      1929


SUNRISE AND SUNSET
NOVEMBER 22 2017......SUNRISE   744 AM EST   SUNSET   505 PM EST
NOVEMBER 23 2017......SUNRISE   745 AM EST   SUNSET   505 PM EST


-  INDICATES NEGATIVE NUMBERS.
R  INDICATES RECORD WAS SET OR TIED.
MM INDICATES DATA IS MISSING.
T  INDICATES TRACE AMOUNT.




$$
