000
CDUS41 KRLX 232118
CLIHTS


CLIMATE REPORT
NATIONAL WEATHER SERVICE CHARLESTON WV
517 PM EDT SUN APR 23 2017


...................................

...THE HUNTINGTON WV CLIMATE SUMMARY FOR APRIL 23 2017...
VALID TODAY AS OF 0500 PM LOCAL TIME.

CLIMATE NORMAL PERIOD 1981 TO 2010
CLIMATE RECORD PERIOD 1897 TO 2017


WEATHER ITEM   OBSERVED TIME   RECORD YEAR NORMAL DEPARTURE LAST
                VALUE   (LST)  VALUE       VALUE  FROM      YEAR
                                                  NORMAL
..................................................................
TEMPERATURE (F)
 TODAY
  MAXIMUM         57    323 PM  91    1960  70    -13       67
  MINIMUM         43    413 AM  26    1986  47     -4       48
  AVERAGE         50                        58     -8       58

PRECIPITATION (IN)
  TODAY            0.00          1.43 2011   0.12  -0.12     0.00
  MONTH TO DATE    1.69                      2.58  -0.89     2.41
  SINCE MAR 1      5.77                      6.48  -0.71     5.08
  SINCE JAN 1     12.57                     12.52   0.05    12.54

DEGREE DAYS
 HEATING
  TODAY           15                         8      7        7
  MONTH TO DATE  131                       245   -114      239
  SINCE MAR 1    683                       841   -158      614
  SINCE JUL 1   3332                      4342  -1010     3649

 COOLING
  TODAY            0                         1     -1        0
  MONTH TO DATE   38                        22     16       20
  SINCE MAR 1     40                        27     13       29
  SINCE JAN 1     41                        27     14       29
..................................................................


WIND (MPH)
  HIGHEST WIND SPEED    13   HIGHEST WIND DIRECTION     E (70)
  HIGHEST GUST SPEED    19   HIGHEST GUST DIRECTION    NE (50)
  AVERAGE WIND SPEED     6.7


SKY COVER
  POSSIBLE SUNSHINE  MM
  AVERAGE SKY COVER 0.8


WEATHER CONDITIONS
 THE FOLLOWING WEATHER WAS RECORDED TODAY.
  NO SIGNIFICANT WEATHER WAS OBSERVED.


RELATIVE HUMIDITY (PERCENT)
 HIGHEST    92           100 AM
 LOWEST     62           300 PM
 AVERAGE    77

..........................................................


THE HUNTINGTON WV CLIMATE NORMALS FOR TOMORROW
                         NORMAL    RECORD    YEAR
 MAXIMUM TEMPERATURE (F)   71        91      1921
 MINIMUM TEMPERATURE (F)   47        29      1986


SUNRISE AND SUNSET
APRIL 23 2017.........SUNRISE   643 AM EDT   SUNSET   814 PM EDT
APRIL 24 2017.........SUNRISE   642 AM EDT   SUNSET   815 PM EDT


-  INDICATES NEGATIVE NUMBERS.
R  INDICATES RECORD WAS SET OR TIED.
MM INDICATES DATA IS MISSING.
T  INDICATES TRACE AMOUNT.




$$
