000
CDUS41 KRLX 310719
CLIHTS


CLIMATE REPORT
NATIONAL WEATHER SERVICE CHARLESTON WV
317 AM EDT MON AUG 31 2015


...................................

...THE HUNTINGTON WV CLIMATE SUMMARY FOR AUGUST 30 2015...

CLIMATE NORMAL PERIOD 1981 TO 2010
CLIMATE RECORD PERIOD 1897 TO 2015


WEATHER ITEM   OBSERVED TIME   RECORD YEAR NORMAL DEPARTURE LAST
                VALUE   (LST)  VALUE       VALUE  FROM      YEAR
                                                  NORMAL
..................................................................
TEMPERATURE (F)
 YESTERDAY
  MAXIMUM         86    130 PM 101    1953  84      2       89
  MINIMUM         65    205 AM  43    1946  62      3       72
  AVERAGE         76                        73      3       81

PRECIPITATION (IN)
  YESTERDAY        0.00          3.25 2006   0.11  -0.11     0.06
  MONTH TO DATE    1.20                      3.63  -2.43     6.03
  SINCE JAN 1     34.80                     30.14   4.66    34.09

SNOWFALL (IN)
  YESTERDAY        0.0
  MONTH TO DATE    0.0
  SINCE SEP 1     36.6
  SNOW DEPTH       0

DEGREE DAYS
 HEATING
  YESTERDAY        0                         0      0        0
  MONTH TO DATE    0                         0      0        0
  SINCE JUN 1     14                        12      2        3
  SINCE JUL 1      0                         0      0        3

 COOLING
  YESTERDAY       11                         8      3       16
  MONTH TO DATE  221                       301    -80      239
  SINCE JUN 1    791                       858    -67      720
  SINCE JAN 1    957                       971    -14      834
..................................................................


WIND (MPH)
  HIGHEST WIND SPEED    13   HIGHEST WIND DIRECTION     S (190)
  HIGHEST GUST SPEED    16   HIGHEST GUST DIRECTION     S (190)
  AVERAGE WIND SPEED     4.1


SKY COVER
  POSSIBLE SUNSHINE  MM


WEATHER CONDITIONS
 THE FOLLOWING WEATHER WAS RECORDED YESTERDAY.
  NO SIGNIFICANT WEATHER WAS OBSERVED.


RELATIVE HUMIDITY (PERCENT)
 HIGHEST   100           200 AM
 LOWEST     51           100 PM
 AVERAGE    76

..........................................................


THE HUNTINGTON WV CLIMATE NORMALS FOR TODAY
                         NORMAL    RECORD    YEAR
 MAXIMUM TEMPERATURE (F)   84       101      1953
 MINIMUM TEMPERATURE (F)   62        48      1946


SUNRISE AND SUNSET
AUGUST 31 2015........SUNRISE   659 AM EDT   SUNSET   802 PM EDT
SEPTEMBER  1 2015.....SUNRISE   659 AM EDT   SUNSET   800 PM EDT


-  INDICATES NEGATIVE NUMBERS.
R  INDICATES RECORD WAS SET OR TIED.
MM INDICATES DATA IS MISSING.
T  INDICATES TRACE AMOUNT.




$$
