000
CDUS41 KRLX 200726
CLIHTS


CLIMATE REPORT
NATIONAL WEATHER SERVICE CHARLESTON WV
323 AM EDT MON OCT 20 2014


...................................

...THE HUNTINGTON WV CLIMATE SUMMARY FOR OCTOBER 19 2014...

CLIMATE NORMAL PERIOD 1981 TO 2010
CLIMATE RECORD PERIOD 1897 TO 2014


WEATHER ITEM   OBSERVED TIME   RECORD YEAR NORMAL DEPARTURE LAST
                VALUE   (LST)  VALUE       VALUE  FROM      YEAR
                                                  NORMAL
..................................................................
TEMPERATURE (F)
 YESTERDAY
  MAXIMUM         58    518 PM  87    1953  67     -9       56
  MINIMUM         40   1151 PM  26    1948  44     -4       38
  AVERAGE         49                        56     -7       47

PRECIPITATION (IN)
  YESTERDAY        0.00          1.70 1917   0.09  -0.09     0.04
  MONTH TO DATE    3.90                      1.66   2.24     1.56
  SINCE JAN 1     41.50                     34.69   6.81    35.70

SNOWFALL (IN)
  YESTERDAY        0.0
  MONTH TO DATE    0.0
  SINCE SEP 1      0.0
  SNOW DEPTH       0

DEGREE DAYS
 HEATING
  YESTERDAY       16                        10      6       18
  MONTH TO DATE  143                       142      1       74
  SINCE SEP 1    197                       198     -1      108
  SINCE JUL 1    200                       200      0      112

 COOLING
  YESTERDAY        0                         0      0        0
  MONTH TO DATE   10                        16     -6       47
  SINCE SEP 1    130                       150    -20      180
  SINCE JAN 1    971                      1127   -156     1212
..................................................................


WIND (MPH)
  HIGHEST WIND SPEED    10   HIGHEST WIND DIRECTION    NW (330)
  HIGHEST GUST SPEED    14   HIGHEST GUST DIRECTION    NW (330)
  AVERAGE WIND SPEED     2.3


SKY COVER
  POSSIBLE SUNSHINE  MM


WEATHER CONDITIONS
 THE FOLLOWING WEATHER WAS RECORDED YESTERDAY.
  NO SIGNIFICANT WEATHER WAS OBSERVED.


RELATIVE HUMIDITY (PERCENT)
 HIGHEST    96          1000 PM
 LOWEST     47           200 PM
 AVERAGE    72

..........................................................


THE HUNTINGTON WV CLIMATE NORMALS FOR TODAY
                         NORMAL    RECORD    YEAR
 MAXIMUM TEMPERATURE (F)   67        87      1953
 MINIMUM TEMPERATURE (F)   44        24      1992
                                             1952


SUNRISE AND SUNSET
OCTOBER 20 2014.......SUNRISE   744 AM EDT   SUNSET   645 PM EDT
OCTOBER 21 2014.......SUNRISE   745 AM EDT   SUNSET   644 PM EDT


-  INDICATES NEGATIVE NUMBERS.
R  INDICATES RECORD WAS SET OR TIED.
MM INDICATES DATA IS MISSING.
T  INDICATES TRACE AMOUNT.




$$
