000
CDUS41 KRLX 222224
CLIHTS


CLIMATE REPORT
NATIONAL WEATHER SERVICE CHARLESTON WV
523 PM EST WED FEB 22 2017


...................................

...THE HUNTINGTON WV CLIMATE SUMMARY FOR FEBRUARY 22 2017...
VALID TODAY AS OF 0500 PM LOCAL TIME.

CLIMATE NORMAL PERIOD 1981 TO 2010
CLIMATE RECORD PERIOD 1897 TO 2017


WEATHER ITEM   OBSERVED TIME   RECORD YEAR NORMAL DEPARTURE LAST
                VALUE   (LST)  VALUE       VALUE  FROM      YEAR
                                                  NORMAL
..................................................................
TEMPERATURE (F)
 TODAY
  MAXIMUM         61   1250 AM  75    1930  49     12       49
  MINIMUM         53    955 AM  -5    1968  29     24       35
  AVERAGE         57                        39     18       42

PRECIPITATION (IN)
  TODAY            0.23          0.98 2003   0.12   0.11     0.00
  MONTH TO DATE    1.16                      2.38  -1.22     4.95
  SINCE DEC 1      9.15                      8.66   0.49    13.35
  SINCE JAN 1      5.14                      5.35  -0.21     6.94

DEGREE DAYS
 HEATING
  TODAY            8                        26    -18       23
  MONTH TO DATE  434                       626   -192      622
  SINCE DEC 1   1961                      2463   -502     2181
  SINCE JUL 1   2559                      3350   -791     2901

 COOLING
  TODAY            0                         0      0        0
  MONTH TO DATE    0                         0      0        0
  SINCE DEC 1      0                         1     -1        0
  SINCE JAN 1      0                         0      0        0
..................................................................


WIND (MPH)
  HIGHEST WIND SPEED     8   HIGHEST WIND DIRECTION     S (190)
  HIGHEST GUST SPEED    12   HIGHEST GUST DIRECTION     S (190)
  AVERAGE WIND SPEED     4.1


SKY COVER
  POSSIBLE SUNSHINE  MM
  AVERAGE SKY COVER 1.0


WEATHER CONDITIONS
 THE FOLLOWING WEATHER WAS RECORDED TODAY.
  LIGHT RAIN
  FOG
  HAZE


RELATIVE HUMIDITY (PERCENT)
 HIGHEST   100           400 AM
 LOWEST     69          1200 AM
 AVERAGE    85

..........................................................


THE HUNTINGTON WV CLIMATE NORMALS FOR TOMORROW
                         NORMAL    RECORD    YEAR
 MAXIMUM TEMPERATURE (F)   49        76      1996
 MINIMUM TEMPERATURE (F)   30        -1      1963


SUNRISE AND SUNSET
FEBRUARY 22 2017......SUNRISE   711 AM EST   SUNSET   616 PM EST
FEBRUARY 23 2017......SUNRISE   710 AM EST   SUNSET   617 PM EST


-  INDICATES NEGATIVE NUMBERS.
R  INDICATES RECORD WAS SET OR TIED.
MM INDICATES DATA IS MISSING.
T  INDICATES TRACE AMOUNT.




$$
