000
CDUS41 KRLX 220823
CLIHTS


CLIMATE REPORT
NATIONAL WEATHER SERVICE CHARLESTON WV
319 AM EST SAT NOV 22 2014


...................................

...THE HUNTINGTON WV CLIMATE SUMMARY FOR NOVEMBER 21 2014...

CLIMATE NORMAL PERIOD 1981 TO 2010
CLIMATE RECORD PERIOD 1897 TO 2014


WEATHER ITEM   OBSERVED TIME   RECORD YEAR NORMAL DEPARTURE LAST
                VALUE   (LST)  VALUE       VALUE  FROM      YEAR
                                                  NORMAL
..................................................................
TEMPERATURE (F)
 YESTERDAY
  MAXIMUM         37    351 PM  78    1934  54    -17       61
  MINIMUM         18    745 AM  14    1951  35    -17       38
  AVERAGE         28                        45    -17       50

PRECIPITATION (IN)
  YESTERDAY        0.00          0.84 1952   0.12  -0.12     0.00
  MONTH TO DATE    1.89                      2.38  -0.49     1.83
  SINCE JAN 1     44.78                     38.22   6.56    38.07

SNOWFALL (IN)
  YESTERDAY        0.0
  MONTH TO DATE    T
  SINCE SEP 1      T
  SNOW DEPTH       0

DEGREE DAYS
 HEATING
  YESTERDAY       37                        20     17       15
  MONTH TO DATE  535                       350    185      362
  SINCE SEP 1    892                       687    205      661
  SINCE JUL 1    895                       689    206      665

 COOLING
  YESTERDAY        0                         0      0        0
  MONTH TO DATE    0                         0      0        1
  SINCE SEP 1    130                       155    -25      183
  SINCE JAN 1    971                      1132   -161     1215
..................................................................


WIND (MPH)
  HIGHEST WIND SPEED     7   HIGHEST WIND DIRECTION     W (270)
  HIGHEST GUST SPEED    14   HIGHEST GUST DIRECTION     W (260)
  AVERAGE WIND SPEED     3.6


SKY COVER
  POSSIBLE SUNSHINE  MM


WEATHER CONDITIONS
 THE FOLLOWING WEATHER WAS RECORDED YESTERDAY.
  FOG
  HAZE


RELATIVE HUMIDITY (PERCENT)
 HIGHEST    84           500 AM
 LOWEST     27           400 PM
 AVERAGE    56

..........................................................


THE HUNTINGTON WV CLIMATE NORMALS FOR TODAY
                         NORMAL    RECORD    YEAR
 MAXIMUM TEMPERATURE (F)   54        79      1931
 MINIMUM TEMPERATURE (F)   35         8      1964


SUNRISE AND SUNSET
NOVEMBER 22 2014......SUNRISE   719 AM EST   SUNSET   513 PM EST
NOVEMBER 23 2014......SUNRISE   720 AM EST   SUNSET   513 PM EST


-  INDICATES NEGATIVE NUMBERS.
R  INDICATES RECORD WAS SET OR TIED.
MM INDICATES DATA IS MISSING.
T  INDICATES TRACE AMOUNT.




$$
