228
CDUS41 KRLX 192219
CLIHTS


CLIMATE REPORT
NATIONAL WEATHER SERVICE CHARLESTON WV
519 PM EST MON FEB 19 2018


...................................

...THE HUNTINGTON WV CLIMATE SUMMARY FOR FEBRUARY 19 2018...
VALID TODAY AS OF 0500 PM LOCAL TIME.

CLIMATE NORMAL PERIOD 1981 TO 2010
CLIMATE RECORD PERIOD 1897 TO 2018


WEATHER ITEM   OBSERVED TIME   RECORD YEAR NORMAL DEPARTURE LAST
                VALUE   (LST)  VALUE       VALUE  FROM      YEAR
                                                  NORMAL
..................................................................
TEMPERATURE (F)
 TODAY
  MAXIMUM         75    330 PM  76    1939  48     27       54
  MINIMUM         37   1206 AM  -3    2015  29      8       39
  AVERAGE         56                        38     18       47

PRECIPITATION (IN)
  TODAY            0.08          1.14 1914   0.12  -0.04     0.06
  MONTH TO DATE    6.02                      2.04   3.98     0.93
  SINCE DEC 1     11.28                      8.32   2.96     8.92
  SINCE JAN 1      8.93                      5.01   3.92     4.91

DEGREE DAYS
 HEATING
  TODAY            9                        27    -18       18
  MONTH TO DATE  466                       547    -81      407
  SINCE DEC 1   2390                      2384      6     1934
  SINCE JUL 1   3162                      3271   -109     2532

 COOLING
  TODAY            0                         0      0        0
  MONTH TO DATE    1                         0      1        0
  SINCE DEC 1      1                         1      0        0
  SINCE JAN 1      1                         0      1        0
..................................................................


WIND (MPH)
  HIGHEST WIND SPEED    21   HIGHEST WIND DIRECTION    SW (230)
  HIGHEST GUST SPEED    31   HIGHEST GUST DIRECTION    SW (240)
  AVERAGE WIND SPEED     7.2


SKY COVER
  POSSIBLE SUNSHINE  MM
  AVERAGE SKY COVER 0.7


WEATHER CONDITIONS
 THE FOLLOWING WEATHER WAS RECORDED TODAY.
  LIGHT RAIN


RELATIVE HUMIDITY (PERCENT)
 HIGHEST    86           800 AM
 LOWEST     46           300 PM
 AVERAGE    66

..........................................................


THE HUNTINGTON WV CLIMATE NORMALS FOR TOMORROW
                         NORMAL    RECORD    YEAR
 MAXIMUM TEMPERATURE (F)   48        74      1955
 MINIMUM TEMPERATURE (F)   29       -16      2015


SUNRISE AND SUNSET
FEBRUARY 19 2018......SUNRISE   716 AM EST   SUNSET   613 PM EST
FEBRUARY 20 2018......SUNRISE   714 AM EST   SUNSET   614 PM EST


-  INDICATES NEGATIVE NUMBERS.
R  INDICATES RECORD WAS SET OR TIED.
MM INDICATES DATA IS MISSING.
T  INDICATES TRACE AMOUNT.




$$
