855
CDUS41 KRLX 140829
CLIHTS


CLIMATE REPORT
NATIONAL WEATHER SERVICE CHARLESTON WV
327 AM EST SUN FEB 14 2016


...................................

...THE HUNTINGTON WV CLIMATE SUMMARY FOR FEBRUARY 13 2016...

CLIMATE NORMAL PERIOD 1981 TO 2010
CLIMATE RECORD PERIOD 1897 TO 2016


WEATHER ITEM   OBSERVED TIME   RECORD YEAR NORMAL DEPARTURE LAST
                VALUE   (LST)  VALUE       VALUE  FROM      YEAR
                                                  NORMAL
..................................................................
TEMPERATURE (F)
 YESTERDAY
  MAXIMUM         23    344 PM  73    1950  46    -23       27
  MINIMUM         11   1159 PM  -9    1899  28    -17        8
  AVERAGE         17                        37    -20       18

PRECIPITATION (IN)
  YESTERDAY        T             2.08 1966   0.10  -0.10     0.00
  MONTH TO DATE    1.63                      1.38   0.25     0.62
  SINCE JAN 1      3.62                      4.35  -0.73     2.79

SNOWFALL (IN)
  YESTERDAY        T
  MONTH TO DATE    0.2
  SINCE SEP 1     14.0
  SNOW DEPTH       T

DEGREE DAYS
 HEATING
  YESTERDAY       48                        28     20       47
  MONTH TO DATE  394                       382     12      414
  SINCE DEC 1   1953                      2219   -266     2243
  SINCE JUL 1   2673                      3106   -433     3322

 COOLING
  YESTERDAY        0                         0      0        0
  MONTH TO DATE    0                         0      0        0
  SINCE DEC 1      0                         1     -1        0
  SINCE JAN 1      0                         0      0        0
..................................................................


WIND (MPH)
  HIGHEST WIND SPEED    20   HIGHEST WIND DIRECTION    NW (330)
  HIGHEST GUST SPEED    27   HIGHEST GUST DIRECTION     N (360)
  AVERAGE WIND SPEED     7.8


SKY COVER
  POSSIBLE SUNSHINE  MM


WEATHER CONDITIONS
 THE FOLLOWING WEATHER WAS RECORDED YESTERDAY.
  LIGHT SNOW
  BLOWING SNOW


RELATIVE HUMIDITY (PERCENT)
 HIGHEST    64           700 AM
 LOWEST     33           500 PM
 AVERAGE    49

..........................................................


THE HUNTINGTON WV CLIMATE NORMALS FOR TODAY
                         NORMAL    RECORD    YEAR
 MAXIMUM TEMPERATURE (F)   46        76      1950
 MINIMUM TEMPERATURE (F)   28         0      1899


SUNRISE AND SUNSET
FEBRUARY 14 2016......SUNRISE   722 AM EST   SUNSET   607 PM EST
FEBRUARY 15 2016......SUNRISE   721 AM EST   SUNSET   608 PM EST


-  INDICATES NEGATIVE NUMBERS.
R  INDICATES RECORD WAS SET OR TIED.
MM INDICATES DATA IS MISSING.
T  INDICATES TRACE AMOUNT.




$$
