797
CDUS41 KRLX 200715
CLIHTS


CLIMATE REPORT
NATIONAL WEATHER SERVICE CHARLESTON WV
315 AM EDT SUN AUG 20 2017


...................................

...THE HUNTINGTON WV CLIMATE SUMMARY FOR AUGUST 19 2017...

CLIMATE NORMAL PERIOD 1981 TO 2010
CLIMATE RECORD PERIOD 1897 TO 2017


WEATHER ITEM   OBSERVED TIME   RECORD YEAR NORMAL DEPARTURE LAST
                VALUE   (LST)  VALUE       VALUE  FROM      YEAR
                                                  NORMAL
..................................................................
TEMPERATURE (F)
 YESTERDAY
  MAXIMUM         87    347 PM  99    1936  86      1       84
  MINIMUM         66    632 AM  49    1953  64      2       72
  AVERAGE         77                        75      2       78

PRECIPITATION (IN)
  YESTERDAY        0.00          2.32 1969   0.12  -0.12     0.03
  MONTH TO DATE    1.64                      2.38  -0.74     2.52
  SINCE JAN 1     31.28                     28.89   2.39    35.34

SNOWFALL (IN)
  YESTERDAY        0.0
  MONTH TO DATE    0.0
  SINCE SEP 1      5.9
  SNOW DEPTH       0

DEGREE DAYS
 HEATING
  YESTERDAY        0                         0      0        0
  MONTH TO DATE    0                         0      0        0
  SINCE JUN 1      4                        12     -8        1
  SINCE JUL 1      0                         0      0        0

 COOLING
  YESTERDAY       12                        10      2       13
  MONTH TO DATE  160                       199    -39      284
  SINCE JUN 1    742                       756    -14      956
  SINCE JAN 1    914                       869     45     1096
..................................................................


WIND (MPH)
  HIGHEST WIND SPEED    13   HIGHEST WIND DIRECTION    SW (240)
  HIGHEST GUST SPEED    17   HIGHEST GUST DIRECTION    SW (230)
  AVERAGE WIND SPEED     4.4


SKY COVER
  AVERAGE SKY COVER 0.0


WEATHER CONDITIONS
 THE FOLLOWING WEATHER WAS RECORDED YESTERDAY.
  NO SIGNIFICANT WEATHER WAS OBSERVED.


RELATIVE HUMIDITY (PERCENT)
 HIGHEST    93           200 AM
 LOWEST     48           400 PM
 AVERAGE    71

..........................................................


THE HUNTINGTON WV CLIMATE NORMALS FOR TODAY
                         NORMAL    RECORD    YEAR
 MAXIMUM TEMPERATURE (F)   86       100      1983
 MINIMUM TEMPERATURE (F)   64        48      1953


SUNRISE AND SUNSET
AUGUST 20 2017........SUNRISE   649 AM EDT   SUNSET   817 PM EDT
AUGUST 21 2017........SUNRISE   650 AM EDT   SUNSET   816 PM EDT


-  INDICATES NEGATIVE NUMBERS.
R  INDICATES RECORD WAS SET OR TIED.
MM INDICATES DATA IS MISSING.
T  INDICATES TRACE AMOUNT.




$$
