000
CDUS43 KIND 240531
CLIHUF


CLIMATE REPORT
NATIONAL WEATHER SERVICE INDIANAPOLIS IN
1230 AM EST FRI NOV 24 2017


...................................

...THE TERRE HAUTE IN CLIMATE SUMMARY FOR NOVEMBER 23 2017...

CLIMATE NORMAL PERIOD 1981 TO 2010
CLIMATE RECORD PERIOD 9999 TO 9999


WEATHER ITEM   OBSERVED TIME   NORMAL DEPARTURE LAST
                VALUE   (LST)  VALUE  FROM      YEAR
                                      NORMAL
......................................................
TEMPERATURE (F)
 YESTERDAY
  MAXIMUM         46    409 PM  49     -3       49
  MINIMUM         24    637 AM  31     -7       40
  AVERAGE         35            40     -5       45

PRECIPITATION (IN)
  YESTERDAY        0.00          0.12  -0.12     0.18
  MONTH TO DATE    3.40          2.94   0.46     0.80
  SINCE SEP 1      9.10          9.93  -0.83     6.45
  SINCE JAN 1     44.94         41.21   3.73    33.41

DEGREE DAYS
 HEATING
  YESTERDAY       30            25      5       20
  MONTH TO DATE  492           464     28      383
  SINCE SEP 1    803           886    -83      578
  SINCE JUL 1    803           891    -88      582

 COOLING
  YESTERDAY        0             0      0        0
  MONTH TO DATE    0             0      0        4
  SINCE SEP 1    219           114    105      243
  SINCE JAN 1   1129           993    136     1391
......................................................


WIND (MPH)
  HIGHEST WIND SPEED    15   HIGHEST WIND DIRECTION     S (190)
  HIGHEST GUST SPEED    17   HIGHEST GUST DIRECTION     S (180)
  AVERAGE WIND SPEED     4.6


SKY COVER
  AVERAGE SKY COVER 0.4


WEATHER CONDITIONS
 THE FOLLOWING WEATHER WAS RECORDED YESTERDAY.
  NO SIGNIFICANT WEATHER WAS OBSERVED.


RELATIVE HUMIDITY (PERCENT)
 HIGHEST    92           500 AM
 LOWEST     37           400 PM
 AVERAGE    65

..........................................................


THE TERRE HAUTE IN CLIMATE NORMALS FOR TODAY
                         NORMAL
 MAXIMUM TEMPERATURE (F)   48
 MINIMUM TEMPERATURE (F)   31


SUNRISE AND SUNSET
NOVEMBER 24 2017......SUNRISE   743 AM EST   SUNSET   528 PM EST
NOVEMBER 25 2017......SUNRISE   744 AM EST   SUNSET   528 PM EST


-  INDICATES NEGATIVE NUMBERS.
R  INDICATES RECORD WAS SET OR TIED.
MM INDICATES DATA IS MISSING.
T  INDICATES TRACE AMOUNT.




$$
