000
CDUS43 KIND 060532
CLIHUF


CLIMATE REPORT
NATIONAL WEATHER SERVICE INDIANAPOLIS IN
131 AM EDT FRI MAY 6 2016


...................................

...THE TERRE HAUTE IN CLIMATE SUMMARY FOR MAY 5 2016...

CLIMATE NORMAL PERIOD 1981 TO 2010
CLIMATE RECORD PERIOD 9999 TO 9999


WEATHER ITEM   OBSERVED TIME   NORMAL DEPARTURE LAST
                VALUE   (LST)  VALUE  FROM      YEAR
                                      NORMAL
......................................................
TEMPERATURE (F)
 YESTERDAY
  MAXIMUM         65        MM  71     -6       85
  MINIMUM         44        MM  48     -4       59
  AVERAGE         55            59     -4       72

PRECIPITATION (IN)
  YESTERDAY        T             0.24  -0.24     0.00
  MONTH TO DATE    0.27          1.18  -0.91     0.13
  SINCE MAR 1      9.69          8.70   0.99     8.15
  SINCE JAN 1     12.14         12.99  -0.85    11.05

DEGREE DAYS
 HEATING
  YESTERDAY       10             6      4        0
  MONTH TO DATE   37            34      3       15
  SINCE MAR 1    854          1091   -237     1134
  SINCE JUL 1   4316          5254   -938     5768

 COOLING
  YESTERDAY        0             1     -1        7
  MONTH TO DATE    2             5     -3       13
  SINCE MAR 1     11            20     -9       19
  SINCE JAN 1     11            20     -9       19
......................................................


WIND (MPH)
  HIGHEST WIND SPEED    17   HIGHEST WIND DIRECTION    NW (330)
  HIGHEST GUST SPEED    23   HIGHEST GUST DIRECTION     N (350)
  AVERAGE WIND SPEED    10.4


SKY COVER
  AVERAGE SKY COVER 0.6


WEATHER CONDITIONS
 THE FOLLOWING WEATHER WAS RECORDED YESTERDAY.
  LIGHT RAIN


RELATIVE HUMIDITY (PERCENT)
 HIGHEST    83           700 AM
 LOWEST     48           400 PM
 AVERAGE    66

..........................................................


THE TERRE HAUTE IN CLIMATE NORMALS FOR TODAY
                         NORMAL
 MAXIMUM TEMPERATURE (F)   71
 MINIMUM TEMPERATURE (F)   49


SUNRISE AND SUNSET
MAY  6 2016...........SUNRISE   644 AM EDT   SUNSET   848 PM EDT
MAY  7 2016...........SUNRISE   643 AM EDT   SUNSET   849 PM EDT


-  INDICATES NEGATIVE NUMBERS.
R  INDICATES RECORD WAS SET OR TIED.
MM INDICATES DATA IS MISSING.
T  INDICATES TRACE AMOUNT.




$$
