000
CDUS43 KIND 240550
CLIHUF


CLIMATE REPORT
NATIONAL WEATHER SERVICE INDIANAPOLIS IN
1249 AM EST SAT FEB 24 2018


...................................

...THE TERRE HAUTE IN CLIMATE SUMMARY FOR FEBRUARY 23 2018...

CLIMATE NORMAL PERIOD 1981 TO 2010
CLIMATE RECORD PERIOD 9999 TO 9999


WEATHER ITEM   OBSERVED TIME   NORMAL DEPARTURE LAST
                VALUE   (LST)  VALUE  FROM      YEAR
                                      NORMAL
......................................................
TEMPERATURE (F)
 YESTERDAY
  MAXIMUM         56    749 AM  44     12       72
  MINIMUM         43   1159 PM  26     17       48
  AVERAGE         50            35     15       60

PRECIPITATION (IN)
  YESTERDAY        0.17          0.07   0.10     0.00
  MONTH TO DATE    2.69          1.62   1.07     0.18
  SINCE DEC 1      4.87          7.03  -2.16     5.30
  SINCE JAN 1      3.90          3.98  -0.08     3.66

DEGREE DAYS
 HEATING
  YESTERDAY       15            30    -15        5
  MONTH TO DATE  686           768    -82      524
  SINCE DEC 1   2984          2940     44     2514
  SINCE JUL 1   3921          4018    -97     3240

 COOLING
  YESTERDAY        0             0      0        0
  MONTH TO DATE    0             0      0        0
  SINCE DEC 1      0             0      0        0
  SINCE JAN 1      0             0      0        0
......................................................


WIND (MPH)
  HIGHEST WIND SPEED    16   HIGHEST WIND DIRECTION     W (270)
  HIGHEST GUST SPEED    23   HIGHEST GUST DIRECTION    SW (210)
  AVERAGE WIND SPEED     8.5


SKY COVER
  AVERAGE SKY COVER 1.0


WEATHER CONDITIONS
 THE FOLLOWING WEATHER WAS RECORDED YESTERDAY.
  RAIN
  LIGHT RAIN
  FOG


RELATIVE HUMIDITY (PERCENT)
 HIGHEST   100          1200 AM
 LOWEST     80           600 PM
 AVERAGE    90

..........................................................


THE TERRE HAUTE IN CLIMATE NORMALS FOR TODAY
                         NORMAL
 MAXIMUM TEMPERATURE (F)   44
 MINIMUM TEMPERATURE (F)   26


SUNRISE AND SUNSET
FEBRUARY 24 2018......SUNRISE   729 AM EST   SUNSET   636 PM EST
FEBRUARY 25 2018......SUNRISE   728 AM EST   SUNSET   637 PM EST


-  INDICATES NEGATIVE NUMBERS.
R  INDICATES RECORD WAS SET OR TIED.
MM INDICATES DATA IS MISSING.
T  INDICATES TRACE AMOUNT.




$$
