000
CDUS43 KIND 280532
CLIHUF


CLIMATE REPORT
NATIONAL WEATHER SERVICE INDIANAPOLIS IN
131 AM EDT SUN AUG 28 2016


...................................

...THE TERRE HAUTE IN CLIMATE SUMMARY FOR AUGUST 27 2016...

CLIMATE NORMAL PERIOD 1981 TO 2010
CLIMATE RECORD PERIOD 9999 TO 9999


WEATHER ITEM   OBSERVED TIME   NORMAL DEPARTURE LAST
                VALUE   (LST)  VALUE  FROM      YEAR
                                      NORMAL
......................................................
TEMPERATURE (F)
 YESTERDAY
  MAXIMUM         88    433 PM  83      5       82
  MINIMUM         71    605 AM  61     10       51
  AVERAGE         80            72      8       67

PRECIPITATION (IN)
  YESTERDAY        0.01          0.15  -0.14     0.00
  MONTH TO DATE    1.34          3.00  -1.66     0.65
  SINCE JUN 1     13.15         12.23   0.92    10.75
  SINCE JAN 1     26.93         30.67  -3.74    25.38

DEGREE DAYS
 HEATING
  YESTERDAY        0             0      0        0
  MONTH TO DATE    0             0      0        4
  SINCE JUN 1      5            14     -9       17
  SINCE JUL 1      4             1      3        4

 COOLING
  YESTERDAY       15             7      8        2
  MONTH TO DATE  331           221    110      188
  SINCE JUN 1   1003           767    236      756
  SINCE JAN 1   1091           853    238      900
......................................................


WIND (MPH)
  HIGHEST WIND SPEED    13   HIGHEST WIND DIRECTION    SE (140)
  HIGHEST GUST SPEED    16   HIGHEST GUST DIRECTION    SE (140)
  AVERAGE WIND SPEED     3.6


SKY COVER
  AVERAGE SKY COVER 0.2


WEATHER CONDITIONS
 THE FOLLOWING WEATHER WAS RECORDED YESTERDAY.
  FOG


RELATIVE HUMIDITY (PERCENT)
 HIGHEST    93          1200 AM
 LOWEST     55           500 PM
 AVERAGE    74

..........................................................


THE TERRE HAUTE IN CLIMATE NORMALS FOR TODAY
                         NORMAL
 MAXIMUM TEMPERATURE (F)   83
 MINIMUM TEMPERATURE (F)   60


SUNRISE AND SUNSET
AUGUST 28 2016........SUNRISE   714 AM EDT   SUNSET   825 PM EDT
AUGUST 29 2016........SUNRISE   715 AM EDT   SUNSET   824 PM EDT


-  INDICATES NEGATIVE NUMBERS.
R  INDICATES RECORD WAS SET OR TIED.
MM INDICATES DATA IS MISSING.
T  INDICATES TRACE AMOUNT.




$$
