000
CDUS41 KCAR 090535
CLIHUL


CLIMATE REPORT
NATIONAL WEATHER SERVICE CARIBOU, ME
1235 AM EST TUE FEB 9 2016


...................................

...THE HOULTON ME CLIMATE SUMMARY FOR FEBRUARY 8 2016...

CLIMATE NORMAL PERIOD 1981 TO 2010
CLIMATE RECORD PERIOD 1948 TO 2016


WEATHER ITEM   OBSERVED TIME   RECORD YEAR NORMAL DEPARTURE LAST
                VALUE   (LST)  VALUE       VALUE  FROM      YEAR
                                                  NORMAL
..................................................................
TEMPERATURE (F)
 YESTERDAY
  MAXIMUM         19    440 PM  48    1951  24     -5        5
  MINIMUM         -3    642 AM -29    1994   2     -5      -19
  AVERAGE          8                        13     -5       -7

PRECIPITATION (IN)
  YESTERDAY        0.01          0.82 1951   0.07  -0.06     0.00
  MONTH TO DATE    0.55                      0.59  -0.04     0.12
  SINCE DEC 1      6.16                      6.74  -0.58     7.06
  SINCE JAN 1      1.97                      3.45  -1.48     1.56

SNOWFALL (IN)
  YESTERDAY       MM             7.2  1981   0.6   MM       MM
  MONTH TO DATE   MM                         5.3   MM       MM
  SINCE DEC 1     MM                        45.0   MM       MM
  SINCE JUL 1     MM                        53.1   MM       MM
  SNOW DEPTH      MM

DEGREE DAYS
 HEATING
  YESTERDAY       57                        52      5       72
  MONTH TO DATE  338                       421    -83      524
  SINCE DEC 1   2861                      3488   -627     3461
  SINCE JUL 1   4656                      5596   -940     5358

 COOLING
  YESTERDAY        0                         0      0        0
  MONTH TO DATE    0                         0      0        0
  SINCE DEC 1      0                         0      0        0
  SINCE JAN 1      0                         0      0        0
..................................................................


WIND (MPH)
  HIGHEST WIND SPEED    23   HIGHEST WIND DIRECTION    NE (30)
  HIGHEST GUST SPEED    28   HIGHEST GUST DIRECTION    NE (30)
  AVERAGE WIND SPEED    11.7


SKY COVER
  POSSIBLE SUNSHINE  MM
  AVERAGE SKY COVER 0.4


WEATHER CONDITIONS
 THE FOLLOWING WEATHER WAS RECORDED YESTERDAY.
  LIGHT SNOW
  FOG


RELATIVE HUMIDITY (PERCENT)
 HIGHEST    79           200 AM
 LOWEST     56           100 PM
 AVERAGE    68

..........................................................


THE HOULTON ME CLIMATE NORMALS FOR TODAY
                         NORMAL    RECORD    YEAR
 MAXIMUM TEMPERATURE (F)   25        44      1971
 MINIMUM TEMPERATURE (F)    2       -26      1997


SUNRISE AND SUNSET
FEBRUARY  9 2016......SUNRISE   644 AM EST   SUNSET   447 PM EST
FEBRUARY 10 2016......SUNRISE   642 AM EST   SUNSET   449 PM EST


-  INDICATES NEGATIVE NUMBERS.
R  INDICATES RECORD WAS SET OR TIED.
MM INDICATES DATA IS MISSING.
T  INDICATES TRACE AMOUNT.




$$
