000
CDUS41 KCAR 220532
CLIHUL


CLIMATE REPORT
NATIONAL WEATHER SERVICE CARIBOU, ME
128 AM EDT MON SEP 22 2014


...................................

...THE HOULTON ME CLIMATE SUMMARY FOR SEPTEMBER 21 2014...

CLIMATE NORMAL PERIOD 1981 TO 2010
CLIMATE RECORD PERIOD 1948 TO 2014


WEATHER ITEM   OBSERVED TIME   RECORD YEAR NORMAL DEPARTURE LAST
                VALUE   (LST)  VALUE       VALUE  FROM      YEAR
                                                  NORMAL
..................................................................
TEMPERATURE (F)
 YESTERDAY
  MAXIMUM         71    431 PM  86    1968  65      6       70
  MINIMUM         55    556 AM  25    1950  41     14       54
  AVERAGE         63                        53     10       62

PRECIPITATION (IN)
  YESTERDAY        0.01          0.75 1974   0.12  -0.11     0.00
  MONTH TO DATE    1.26                      2.30  -1.04     4.86
  SINCE SEP 1      1.26                      2.30  -1.04     4.86
  SINCE JAN 1     28.92                     27.92   1.00    32.39

SNOWFALL (IN)
  YESTERDAY       MM             0.0  2003   0.0   MM       MM
  MONTH TO DATE   MM                         0.0   MM       MM
  SINCE SEP 1     MM                         0.0   MM       MM
  SINCE JUL 1     MM                         0.0   MM       MM
  SNOW DEPTH      MM

DEGREE DAYS
 HEATING
  YESTERDAY        2                        12    -10        3
  MONTH TO DATE  211                       183     28      171
  SINCE SEP 1    211                       183     28      171
  SINCE JUL 1    296                       339    -43      304

 COOLING
  YESTERDAY        0                         0      0        0
  MONTH TO DATE   27                        12     15       19
  SINCE SEP 1     27                        12     15       19
  SINCE JAN 1    230                       190     40      198
..................................................................


WIND (MPH)
  HIGHEST WIND SPEED    18   HIGHEST WIND DIRECTION     S (200)
  HIGHEST GUST SPEED    31   HIGHEST GUST DIRECTION     S (190)
  AVERAGE WIND SPEED     8.4


SKY COVER
  POSSIBLE SUNSHINE  MM
  AVERAGE SKY COVER 0.8


WEATHER CONDITIONS
 THE FOLLOWING WEATHER WAS RECORDED YESTERDAY.
  RAIN
  LIGHT RAIN
  FOG
  HAZE


RELATIVE HUMIDITY (PERCENT)
 HIGHEST    87           700 PM
 LOWEST     68           400 PM
 AVERAGE    78

..........................................................


THE HOULTON ME CLIMATE NORMALS FOR TODAY
                         NORMAL    RECORD    YEAR
 MAXIMUM TEMPERATURE (F)   64        88      1965
 MINIMUM TEMPERATURE (F)   41        22      1950


SUNRISE AND SUNSET
SEPTEMBER 22 2014.....SUNRISE   618 AM EDT   SUNSET   629 PM EDT
SEPTEMBER 23 2014.....SUNRISE   619 AM EDT   SUNSET   627 PM EDT


-  INDICATES NEGATIVE NUMBERS.
R  INDICATES RECORD WAS SET OR TIED.
MM INDICATES DATA IS MISSING.
T  INDICATES TRACE AMOUNT.




$$
