000
CDUS41 KCAR 290536
CLIHUL


CLIMATE REPORT
NATIONAL WEATHER SERVICE CARIBOU, ME
135 AM EDT SUN MAY 29 2016


...................................

...THE HOULTON ME CLIMATE SUMMARY FOR MAY 28 2016...

CLIMATE NORMAL PERIOD 1981 TO 2010
CLIMATE RECORD PERIOD 1948 TO 2016


WEATHER ITEM   OBSERVED TIME   RECORD YEAR NORMAL DEPARTURE LAST
                VALUE   (LST)  VALUE       VALUE  FROM      YEAR
                                                  NORMAL
..................................................................
TEMPERATURE (F)
 YESTERDAY
  MAXIMUM         70    205 PM  92    1978  68      2       79
  MINIMUM         52    430 AM  26    1977  42     10       59
  AVERAGE         61                        55      6       69

PRECIPITATION (IN)
  YESTERDAY        0.00          0.50 2015   0.11  -0.11     0.50
  MONTH TO DATE    2.54                      2.98  -0.44     3.48
  SINCE MAR 1      9.30                      9.45  -0.15     6.82
  SINCE JAN 1     14.26                     14.31  -0.05     8.92

SNOWFALL (IN)
  YESTERDAY       MM             0.0  2003   0.0   MM       MM
  MONTH TO DATE   MM                         0.1   MM       MM
  SINCE MAR 1     MM                        23.9   MM       MM
  SINCE JUL 1     MM                        89.5   MM       MM
  SNOW DEPTH      MM

DEGREE DAYS
 HEATING
  YESTERDAY        4                        11     -7        0
  MONTH TO DATE  354                       405    -51      305
  SINCE MAR 1   2382                      2405    -23     2540
  SINCE JUL 1   8000                      8978   -978     9108

 COOLING
  YESTERDAY        0                         0      0        4
  MONTH TO DATE    3                         0      3       19
  SINCE MAR 1      3                         0      3       19
  SINCE JAN 1      3                         0      3       19
..................................................................


WIND (MPH)
  HIGHEST WIND SPEED    20   HIGHEST WIND DIRECTION     N (20)
  HIGHEST GUST SPEED    25   HIGHEST GUST DIRECTION     N (10)
  AVERAGE WIND SPEED     8.3


SKY COVER
  POSSIBLE SUNSHINE  MM
  AVERAGE SKY COVER 0.6


WEATHER CONDITIONS
 THE FOLLOWING WEATHER WAS RECORDED YESTERDAY.
  FOG
  FOG W/VISIBILITY <= 1/4 MILE


RELATIVE HUMIDITY (PERCENT)
 HIGHEST   100           400 AM
 LOWEST     52           600 PM
 AVERAGE    76

..........................................................


THE HOULTON ME CLIMATE NORMALS FOR TODAY
                         NORMAL    RECORD    YEAR
 MAXIMUM TEMPERATURE (F)   68        96      1978
 MINIMUM TEMPERATURE (F)   42        29      1970


SUNRISE AND SUNSET
MAY 29 2016...........SUNRISE   445 AM EDT   SUNSET   813 PM EDT
MAY 30 2016...........SUNRISE   444 AM EDT   SUNSET   814 PM EDT


-  INDICATES NEGATIVE NUMBERS.
R  INDICATES RECORD WAS SET OR TIED.
MM INDICATES DATA IS MISSING.
T  INDICATES TRACE AMOUNT.




$$
