000
CDUS41 KCAR 252126
CLIHUL


CLIMATE REPORT
NATIONAL WEATHER SERVICE CARIBOU, ME
426 PM EST TUE NOV 25 2014


...................................

...THE HOULTON ME CLIMATE SUMMARY FOR NOVEMBER 25 2014...
VALID TODAY AS OF 0400 PM LOCAL TIME.

CLIMATE NORMAL PERIOD 1981 TO 2010
CLIMATE RECORD PERIOD 1948 TO 2014


WEATHER ITEM   OBSERVED TIME   RECORD YEAR NORMAL DEPARTURE LAST
                VALUE   (LST)  VALUE       VALUE  FROM      YEAR
                                                  NORMAL
..................................................................
TEMPERATURE (F)
 TODAY
  MAXIMUM         58    145 AM  62    1953  37     21       23
  MINIMUM         46    359 PM   0    1987  21     25       13
  AVERAGE         52                        29     23       18

PRECIPITATION (IN)
  TODAY            T             2.43 1983   0.13  -0.13     0.00
  MONTH TO DATE    1.86                      3.37  -1.51     1.89
  SINCE SEP 1      8.98                     10.43  -1.45    10.52
  SINCE JAN 1     36.64                     36.05   0.59    38.05

SNOWFALL (IN)
  TODAY           MM             6.1  1971   0.4   MM       MM
  MONTH TO DATE   MM                         5.3   MM       MM
  SINCE SEP 1     MM                         6.0   MM       MM
  SINCE JUL 1     MM                         6.0   MM       MM
  SNOW DEPTH      MM

DEGREE DAYS
 HEATING
  TODAY           13                        36    -23       47
  MONTH TO DATE  781                       783     -2      791
  SINCE SEP 1   1590                      1763   -173     1669
  SINCE JUL 1   1675                      1919   -244     1802

 COOLING
  TODAY            0                         0      0        0
  MONTH TO DATE    0                         0      0        0
  SINCE SEP 1     30                        13     17       19
  SINCE JAN 1    233                       191     42      198
..................................................................


WIND (MPH)
  HIGHEST WIND SPEED    18   HIGHEST WIND DIRECTION     W (250)
  HIGHEST GUST SPEED    23   HIGHEST GUST DIRECTION    SW (240)
  AVERAGE WIND SPEED     8.9


SKY COVER
  POSSIBLE SUNSHINE  MM
  AVERAGE SKY COVER 0.4


WEATHER CONDITIONS
 THE FOLLOWING WEATHER WAS RECORDED TODAY.
  NO SIGNIFICANT WEATHER WAS OBSERVED.


RELATIVE HUMIDITY (PERCENT)
 HIGHEST    96           800 AM
 LOWEST     46           300 PM
 AVERAGE    71

..........................................................


THE HOULTON ME CLIMATE NORMALS FOR TOMORROW
                         NORMAL    RECORD    YEAR
 MAXIMUM TEMPERATURE (F)   36        62      1953
 MINIMUM TEMPERATURE (F)   20        -3      1938


SUNRISE AND SUNSET
NOVEMBER 25 2014......SUNRISE   645 AM EST   SUNSET   351 PM EST
NOVEMBER 26 2014......SUNRISE   647 AM EST   SUNSET   350 PM EST


-  INDICATES NEGATIVE NUMBERS.
R  INDICATES RECORD WAS SET OR TIED.
MM INDICATES DATA IS MISSING.
T  INDICATES TRACE AMOUNT.




$$
