000
CDUS41 KCAR 210527
CLIHUL


CLIMATE REPORT
NATIONAL WEATHER SERVICE CARIBOU, ME
126 AM EDT FRI JUL 21 2017


...................................

...THE HOULTON ME CLIMATE SUMMARY FOR JULY 20 2017...

CLIMATE NORMAL PERIOD 1981 TO 2010
CLIMATE RECORD PERIOD 1948 TO 2017


WEATHER ITEM   OBSERVED TIME   RECORD YEAR NORMAL DEPARTURE LAST
                VALUE   (LST)  VALUE       VALUE  FROM      YEAR
                                                  NORMAL
..................................................................
TEMPERATURE (F)
 YESTERDAY
  MAXIMUM         86    333 PM  97    1991  78      8       78
  MINIMUM         61   1149 PM  39    1969  54      7       52
  AVERAGE         74                        66      8       65

PRECIPITATION (IN)
  YESTERDAY        0.17          0.85 1966   0.11   0.06     0.00
  MONTH TO DATE    1.26                      2.35  -1.09     2.68
  SINCE JUN 1      4.18                      6.00  -1.82     5.34
  SINCE JAN 1     18.93                     20.63  -1.70    19.72

SNOWFALL (IN)
  YESTERDAY       MM             0.0  2003   0.0   MM       MM
  MONTH TO DATE   MM                         0.0   MM       MM
  SINCE JUN 1     MM                         0.0   MM       MM
  SINCE JUL 1     MM                         0.0   MM       MM
  SNOW DEPTH      MM

DEGREE DAYS
 HEATING
  YESTERDAY        0                         2     -2        0
  MONTH TO DATE   17                        43    -26       41
  SINCE JUN 1    177                       224    -47      216
  SINCE JUL 1     17                        43    -26       41

 COOLING
  YESTERDAY        9                         3      6        0
  MONTH TO DATE   68                        58     10       44
  SINCE JUN 1    111                        93     18       74
  SINCE JAN 1    117                        97     20       81
..................................................................


WIND (MPH)
  HIGHEST WIND SPEED    13   HIGHEST WIND DIRECTION     N (10)
  HIGHEST GUST SPEED    20   HIGHEST GUST DIRECTION    SW (230)
  AVERAGE WIND SPEED     3.1


SKY COVER
  POSSIBLE SUNSHINE  MM
  AVERAGE SKY COVER 0.3


WEATHER CONDITIONS
 THE FOLLOWING WEATHER WAS RECORDED YESTERDAY.
  HEAVY RAIN
  LIGHT RAIN
  FOG


RELATIVE HUMIDITY (PERCENT)
 HIGHEST   100           300 AM
 LOWEST     40           200 PM
 AVERAGE    70

..........................................................


THE HOULTON ME CLIMATE NORMALS FOR TODAY
                         NORMAL    RECORD    YEAR
 MAXIMUM TEMPERATURE (F)   78        91      1994
 MINIMUM TEMPERATURE (F)   54        39      1989


SUNRISE AND SUNSET
JULY 21 2017..........SUNRISE   501 AM EDT   SUNSET   814 PM EDT
JULY 22 2017..........SUNRISE   502 AM EDT   SUNSET   813 PM EDT


-  INDICATES NEGATIVE NUMBERS.
R  INDICATES RECORD WAS SET OR TIED.
MM INDICATES DATA IS MISSING.
T  INDICATES TRACE AMOUNT.




$$
