000
CDUS41 KCAR 260527
CLIHUL


CLIMATE REPORT
NATIONAL WEATHER SERVICE CARIBOU, ME
127 AM EDT TUE MAY 26 2015


...................................

...THE HOULTON ME CLIMATE SUMMARY FOR MAY 25 2015...

CLIMATE NORMAL PERIOD 1981 TO 2010
CLIMATE RECORD PERIOD 1948 TO 2015


WEATHER ITEM   OBSERVED TIME   RECORD YEAR NORMAL DEPARTURE LAST
                VALUE   (LST)  VALUE       VALUE  FROM      YEAR
                                                  NORMAL
..................................................................
TEMPERATURE (F)
 YESTERDAY
  MAXIMUM         80    139 PM  91    2007  67     13       64
  MINIMUM         53    133 AM  24    1956  41     12       43
  AVERAGE         67                        54     13       54

PRECIPITATION (IN)
  YESTERDAY        0.02          1.36 2013   0.12  -0.10     0.00
  MONTH TO DATE    1.87                      2.66  -0.79     2.62
  SINCE MAR 1      5.21                      9.13  -3.92     8.71
  SINCE JAN 1      7.31                     13.99  -6.68    14.29

SNOWFALL (IN)
  YESTERDAY       MM             0.0  2003   0.0   MM       MM
  MONTH TO DATE   MM                         0.1   MM       MM
  SINCE MAR 1     MM                        23.9   MM       MM
  SINCE JUL 1     MM                        89.5   MM       MM
  SNOW DEPTH      MM

DEGREE DAYS
 HEATING
  YESTERDAY        0                        11    -11       11
  MONTH TO DATE  305                       372    -67      341
  SINCE MAR 1   2540                      2372    168     2643
  SINCE JUL 1   9108                      8945    163     9233

 COOLING
  YESTERDAY        2                         0      2        0
  MONTH TO DATE    2                         0      2        1
  SINCE MAR 1      2                         0      2        1
  SINCE JAN 1      2                         0      2        1
..................................................................


WIND (MPH)
  HIGHEST WIND SPEED    21   HIGHEST WIND DIRECTION     W (250)
  HIGHEST GUST SPEED    29   HIGHEST GUST DIRECTION     W (260)
  AVERAGE WIND SPEED     8.8


SKY COVER
  POSSIBLE SUNSHINE  MM
  AVERAGE SKY COVER 0.3


WEATHER CONDITIONS
 THE FOLLOWING WEATHER WAS RECORDED YESTERDAY.
  LIGHT RAIN


RELATIVE HUMIDITY (PERCENT)
 HIGHEST    72           500 AM
 LOWEST     28          1200 PM
 AVERAGE    50

..........................................................


THE HOULTON ME CLIMATE NORMALS FOR TODAY
                         NORMAL    RECORD    YEAR
 MAXIMUM TEMPERATURE (F)   67        88      1950
 MINIMUM TEMPERATURE (F)   41        29      1990


SUNRISE AND SUNSET
MAY 26 2015...........SUNRISE   448 AM EDT   SUNSET   809 PM EDT
MAY 27 2015...........SUNRISE   447 AM EDT   SUNSET   810 PM EDT


-  INDICATES NEGATIVE NUMBERS.
R  INDICATES RECORD WAS SET OR TIED.
MM INDICATES DATA IS MISSING.
T  INDICATES TRACE AMOUNT.




$$
