000
CDUS41 KCAR 240530
CLIHUL


CLIMATE REPORT
NATIONAL WEATHER SERVICE CARIBOU, ME
130 AM EDT MON APR 24 2017


...................................

...THE HOULTON ME CLIMATE SUMMARY FOR APRIL 23 2017...

CLIMATE NORMAL PERIOD 1981 TO 2010
CLIMATE RECORD PERIOD 1948 TO 2017


WEATHER ITEM   OBSERVED TIME   RECORD YEAR NORMAL DEPARTURE LAST
                VALUE   (LST)  VALUE       VALUE  FROM      YEAR
                                                  NORMAL
..................................................................
TEMPERATURE (F)
 YESTERDAY
  MAXIMUM         53    453 PM  79    2007  54     -1       57
  MINIMUM         33    548 AM  20    1985  31      2       34
  AVERAGE         43                        43      0       46

PRECIPITATION (IN)
  YESTERDAY        0.00          1.32 2012   0.14  -0.14     0.00
  MONTH TO DATE    3.02                      2.94   0.08     2.76
  SINCE MAR 1      4.55                      5.53  -0.98     6.76
  SINCE JAN 1      9.00                     10.39  -1.39    11.72

SNOWFALL (IN)
  YESTERDAY        0.0           3.2  1956   0.2   -0.2     MM
  MONTH TO DATE    0.0                       5.5   -5.5     MM
  SINCE MAR 1      0.0                      23.3  -23.3     MM
  SINCE JUL 1      0.0                      88.9  -88.9     MM
  SNOW DEPTH      MM

DEGREE DAYS
 HEATING
  YESTERDAY       22                        22      0       19
  MONTH TO DATE  581                       633    -52      635
  SINCE MAR 1   1909                      1856     53     1812
  SINCE JUL 1   7870                      8429   -559     7430

 COOLING
  YESTERDAY        0                         0      0        0
  MONTH TO DATE    0                         0      0        0
  SINCE MAR 1      0                         0      0        0
  SINCE JAN 1      0                         0      0        0
..................................................................


WIND (MPH)
  HIGHEST WIND SPEED    14   HIGHEST WIND DIRECTION     S (190)
  HIGHEST GUST SPEED    20   HIGHEST GUST DIRECTION    SW (210)
  AVERAGE WIND SPEED     6.1


SKY COVER
  POSSIBLE SUNSHINE  MM
  AVERAGE SKY COVER 0.6


WEATHER CONDITIONS
 THE FOLLOWING WEATHER WAS RECORDED YESTERDAY.
  FOG
  FOG W/VISIBILITY <= 1/4 MILE


RELATIVE HUMIDITY (PERCENT)
 HIGHEST   100          1200 AM
 LOWEST     50           500 PM
 AVERAGE    75

..........................................................


THE HOULTON ME CLIMATE NORMALS FOR TODAY
                         NORMAL    RECORD    YEAR
 MAXIMUM TEMPERATURE (F)   55        82      1942
 MINIMUM TEMPERATURE (F)   32        17      1985


SUNRISE AND SUNSET
APRIL 24 2017.........SUNRISE   529 AM EDT   SUNSET   731 PM EDT
APRIL 25 2017.........SUNRISE   527 AM EDT   SUNSET   732 PM EDT


-  INDICATES NEGATIVE NUMBERS.
R  INDICATES RECORD WAS SET OR TIED.
MM INDICATES DATA IS MISSING.
T  INDICATES TRACE AMOUNT.




$$
