000
CDUS41 KCAR 190533
CLIHUL


CLIMATE REPORT
NATIONAL WEATHER SERVICE CARIBOU, ME
1232 AM EST FRI DEC 19 2014


...................................

...THE HOULTON ME CLIMATE SUMMARY FOR DECEMBER 18 2014...

CLIMATE NORMAL PERIOD 1981 TO 2010
CLIMATE RECORD PERIOD 1948 TO 2014


WEATHER ITEM   OBSERVED TIME   RECORD YEAR NORMAL DEPARTURE LAST
                VALUE   (LST)  VALUE       VALUE  FROM      YEAR
                                                  NORMAL
..................................................................
TEMPERATURE (F)
 YESTERDAY
  MAXIMUM         30    130 PM  56    2000  28      2       17
  MINIMUM         26   1159 PM -16    1980   9     17       -7
  AVERAGE         28                        18     10        5

PRECIPITATION (IN)
  YESTERDAY        0.07          0.78 1951   0.10  -0.03      T
  MONTH TO DATE    4.31                      2.07   2.24     1.01
  SINCE DEC 1      4.31                      2.07   2.24     1.01
  SINCE JAN 1     41.15                     38.76   2.39    40.96

SNOWFALL (IN)
  YESTERDAY       MM            10.1  1951   0.5   MM       MM
  MONTH TO DATE   MM                         8.9   MM       MM
  SINCE DEC 1     MM                         8.9   MM       MM
  SINCE JUL 1     MM                        17.0   MM       MM
  SNOW DEPTH      MM

DEGREE DAYS
 HEATING
  YESTERDAY       37                        47    -10       60
  MONTH TO DATE  724                       774    -50      874
  SINCE DEC 1    724                       774    -50      874
  SINCE JUL 1   2621                      2882   -261     2875

 COOLING
  YESTERDAY        0                         0      0        0
  MONTH TO DATE    0                         0      0        0
  SINCE DEC 1      0                         0      0        0
  SINCE JAN 1    233                       191     42      198
..................................................................


WIND (MPH)
  HIGHEST WIND SPEED    20   HIGHEST WIND DIRECTION     N (10)
  HIGHEST GUST SPEED    25   HIGHEST GUST DIRECTION     N (360)
  AVERAGE WIND SPEED    12.9


SKY COVER
  POSSIBLE SUNSHINE  MM
  AVERAGE SKY COVER 1.0


WEATHER CONDITIONS
 THE FOLLOWING WEATHER WAS RECORDED YESTERDAY.
  SNOW
  LIGHT SNOW
  FOG
  FOG W/VISIBILITY <= 1/4 MILE


RELATIVE HUMIDITY (PERCENT)
 HIGHEST    92          1200 AM
 LOWEST     81           900 PM
 AVERAGE    87

..........................................................


THE HOULTON ME CLIMATE NORMALS FOR TODAY
                         NORMAL    RECORD    YEAR
 MAXIMUM TEMPERATURE (F)   27        49      1954
 MINIMUM TEMPERATURE (F)    9       -24      1971


SUNRISE AND SUNSET
DECEMBER 19 2014......SUNRISE   709 AM EST   SUNSET   347 PM EST
DECEMBER 20 2014......SUNRISE   710 AM EST   SUNSET   348 PM EST


-  INDICATES NEGATIVE NUMBERS.
R  INDICATES RECORD WAS SET OR TIED.
MM INDICATES DATA IS MISSING.
T  INDICATES TRACE AMOUNT.




$$
