000
CDUS45 KTFX 211138
CLIHVR


CLIMATE REPORT
NATIONAL WEATHER SERVICE GREAT FALLS MT
432 AM MST TUE FEB 21 2017


...................................

...THE HAVRE MT CLIMATE SUMMARY FOR FEBRUARY 20 2017...

CLIMATE NORMAL PERIOD 1981 TO 2010
CLIMATE RECORD PERIOD 1880 TO 2017


WEATHER ITEM   OBSERVED TIME   RECORD YEAR NORMAL DEPARTURE LAST
                VALUE   (LST)  VALUE       VALUE  FROM      YEAR
                                                  NORMAL
..................................................................
TEMPERATURE (F)
 YESTERDAY
  MAXIMUM         52    233 PM  67    1995  35     17       45
  MINIMUM         30    655 AM -39    1918  12     18       25
  AVERAGE         41                        23     18       35

PRECIPITATION (IN)
  YESTERDAY        T             0.21 1973   0.01  -0.01      T
  MONTH TO DATE    0.34                      0.19   0.15     0.03
  SINCE OCT 1      5.02                      1.93   3.09     2.32
  SINCE JAN 1      1.03                      0.52   0.51     0.39

SNOWFALL (IN)
  YESTERDAY        0.0           2.8  1973   0.3   -0.3       T
  MONTH TO DATE    5.0                       4.2    0.8       T
  SINCE DEC 1     21.2                      18.7    2.5     10.8
  SINCE JUL 1     26.7                      26.3    0.4     13.8
  SNOW DEPTH       0

DEGREE DAYS
 HEATING
  YESTERDAY       24                        42    -18       30
  MONTH TO DATE  804                       874    -70      596
  SINCE DEC 1   3934                      3754    180     3303
  SINCE JUL 1   5681                      5797   -116     5156

 COOLING
  YESTERDAY        0                         0      0        0
  MONTH TO DATE    0                         0      0        0
  SINCE DEC 1      0                         0      0        0
  SINCE JAN 1      0                         0      0        0
..................................................................


WIND (MPH)
  HIGHEST WIND SPEED    20   HIGHEST WIND DIRECTION    SW (220)
  HIGHEST GUST SPEED    24   HIGHEST GUST DIRECTION    SW (210)
  AVERAGE WIND SPEED    10.6


SKY COVER
  AVERAGE SKY COVER 0.4


WEATHER CONDITIONS
 THE FOLLOWING WEATHER WAS RECORDED YESTERDAY.
  NO SIGNIFICANT WEATHER WAS OBSERVED.


RELATIVE HUMIDITY (PERCENT)
 HIGHEST    92           800 PM
 LOWEST     33           200 PM
 AVERAGE    63

..........................................................


THE HAVRE MT CLIMATE NORMALS FOR TODAY
                         NORMAL    RECORD    YEAR
 MAXIMUM TEMPERATURE (F)   35        66      1995
 MINIMUM TEMPERATURE (F)   12       -32      1918


SUNRISE AND SUNSET
FEBRUARY 21 2017......SUNRISE   715 AM MST   SUNSET   551 PM MST
FEBRUARY 22 2017......SUNRISE   713 AM MST   SUNSET   552 PM MST


-  INDICATES NEGATIVE NUMBERS.
R  INDICATES RECORD WAS SET OR TIED.
MM INDICATES DATA IS MISSING.
T  INDICATES TRACE AMOUNT.




$$
