000
CDUS45 KTFX 202330
CLIHVR


CLIMATE REPORT
NATIONAL WEATHER SERVICE GREAT FALLS MT
430 PM MST MON NOV 20 2017


...................................

...THE HAVRE MT CLIMATE SUMMARY FOR NOVEMBER 20 2017...
VALID TODAY AS OF 0400 PM LOCAL TIME.

CLIMATE NORMAL PERIOD 1981 TO 2010
CLIMATE RECORD PERIOD 1880 TO 2017


WEATHER ITEM   OBSERVED TIME   RECORD YEAR NORMAL DEPARTURE LAST
                VALUE   (LST)  VALUE       VALUE  FROM      YEAR
                                                  NORMAL
..................................................................
TEMPERATURE (F)
 TODAY
  MAXIMUM         44   1234 AM  65    2009  39      5       48
                                      2002
                                      1968
  MINIMUM         31    359 PM -33    1896  17     14       28
  AVERAGE         38                        28     10       38

PRECIPITATION (IN)
  TODAY            0.00          0.33 1946   0.01  -0.01     0.00
                                      1897
  MONTH TO DATE    0.37                      0.30   0.07      T
  SINCE OCT 1      2.29                      0.88   1.41     3.52
  SINCE JAN 1      6.85                     10.67  -3.82    18.81

SNOWFALL (IN)
  TODAY            0.0           5.8  1946   0.2   -0.2      0.0
  MONTH TO DATE    4.5                       3.2    1.3       T
  SINCE SEP 1     17.5                       5.5   12.0      5.5
  SINCE JUL 1     17.5                       5.5   12.0      5.5

DEGREE DAYS
 HEATING
  TODAY           27                        37    -10       27
  MONTH TO DATE  849                       650    199      405
  SINCE SEP 1   1798                      1566    232     1357
  SINCE JUL 1   1810                      1649    161     1418

 COOLING
  TODAY            0                         0      0        0
  MONTH TO DATE    0                         0      0        0
  SINCE SEP 1     39                        20     19       20
  SINCE JAN 1    526                       387    139      344
..................................................................


WIND (MPH)
  HIGHEST WIND SPEED    23   HIGHEST WIND DIRECTION    SW (240)
  HIGHEST GUST SPEED    28   HIGHEST GUST DIRECTION    SW (240)
  AVERAGE WIND SPEED    12.3


SKY COVER
  AVERAGE SKY COVER 0.6


WEATHER CONDITIONS
 THE FOLLOWING WEATHER WAS RECORDED TODAY.
  NO SIGNIFICANT WEATHER WAS OBSERVED.


RELATIVE HUMIDITY (PERCENT)
 HIGHEST    70          1000 AM
 LOWEST     39          1200 AM
 AVERAGE    55

..........................................................


THE HAVRE MT CLIMATE NORMALS FOR TOMORROW
                         NORMAL    RECORD    YEAR
 MAXIMUM TEMPERATURE (F)   38        68      1974
 MINIMUM TEMPERATURE (F)   17       -27      1996
                                             1900
                                             1896


SUNRISE AND SUNSET
NOVEMBER 20 2017......SUNRISE   735 AM MST   SUNSET   434 PM MST
NOVEMBER 21 2017......SUNRISE   737 AM MST   SUNSET   433 PM MST


-  INDICATES NEGATIVE NUMBERS.
R  INDICATES RECORD WAS SET OR TIED.
MM INDICATES DATA IS MISSING.
T  INDICATES TRACE AMOUNT.




$$
