000
CDUS45 KTFX 072330
CLIHVR


CLIMATE REPORT
NATIONAL WEATHER SERVICE GREAT FALLS MT
430 PM MST WED DEC 7 2016


...................................

...THE HAVRE MT CLIMATE SUMMARY FOR DECEMBER 7 2016...
VALID TODAY AS OF 0400 PM LOCAL TIME.

CLIMATE NORMAL PERIOD 1981 TO 2010
CLIMATE RECORD PERIOD 1880 TO 2016


WEATHER ITEM   OBSERVED TIME   RECORD YEAR NORMAL DEPARTURE LAST
                VALUE   (LST)  VALUE       VALUE  FROM      YEAR
                                                  NORMAL
..................................................................
TEMPERATURE (F)
 TODAY
  MAXIMUM          6    129 PM  63    1900  32    -26       55
  MINIMUM         -2    924 AM -39    2013  10    -12       33
  AVERAGE          2                        21    -19       44

PRECIPITATION (IN)
  TODAY            T             0.41 1945   0.01  -0.01      T
  MONTH TO DATE    0.07                      0.09  -0.02      T
  SINCE OCT 1      3.59                      1.10   2.49     1.51
  SINCE JAN 1     18.88                     10.89   7.99    11.75

SNOWFALL (IN)
  TODAY           MM            10.7  1936   0.2   MM        0.0
  MONTH TO DATE    0.9                       1.5   -0.6      0.0
  SINCE DEC 1      0.9                       1.5   -0.6      0.0
  SINCE JUL 1      6.4                       9.1   -2.7      3.0

DEGREE DAYS
 HEATING
  TODAY           63                        44     19       21
  MONTH TO DATE  316                       301     15      217
  SINCE DEC 1    316                       301     15      217
  SINCE JUL 1   2063                      2344   -281     2070

 COOLING
  TODAY            0                         0      0        0
  MONTH TO DATE    0                         0      0        0
  SINCE DEC 1      0                         0      0        0
  SINCE JAN 1    344                       387    -43      418
..................................................................


WIND (MPH)
  HIGHEST WIND SPEED    16   HIGHEST WIND DIRECTION    NW (310)
  HIGHEST GUST SPEED    20   HIGHEST GUST DIRECTION    NW (300)
  AVERAGE WIND SPEED    11.4


SKY COVER
  AVERAGE SKY COVER 0.7


WEATHER CONDITIONS
 THE FOLLOWING WEATHER WAS RECORDED TODAY.
  HAZE


RELATIVE HUMIDITY (PERCENT)
 HIGHEST    79           200 AM
 LOWEST     66           200 PM
 AVERAGE    73

..........................................................


THE HAVRE MT CLIMATE NORMALS FOR TOMORROW
                         NORMAL    RECORD    YEAR
 MAXIMUM TEMPERATURE (F)   32        62      1940
 MINIMUM TEMPERATURE (F)   10       -36      1977


SUNRISE AND SUNSET
DECEMBER  7 2016......SUNRISE   758 AM MST   SUNSET   424 PM MST
DECEMBER  8 2016......SUNRISE   759 AM MST   SUNSET   424 PM MST


-  INDICATES NEGATIVE NUMBERS.
R  INDICATES RECORD WAS SET OR TIED.
MM INDICATES DATA IS MISSING.
T  INDICATES TRACE AMOUNT.




$$
