000
CDUS45 KTFX 272230
CLIHVR


CLIMATE REPORT
NATIONAL WEATHER SERVICE GREAT FALLS MT
430 PM MDT THU APR 27 2017


...................................

...THE HAVRE MT CLIMATE SUMMARY FOR APRIL 27 2017...
VALID TODAY AS OF 0400 PM LOCAL TIME.

CLIMATE NORMAL PERIOD 1981 TO 2010
CLIMATE RECORD PERIOD 1880 TO 2017


WEATHER ITEM   OBSERVED TIME   RECORD YEAR NORMAL DEPARTURE LAST
                VALUE   (LST)  VALUE       VALUE  FROM      YEAR
                                                  NORMAL
..................................................................
TEMPERATURE (F)
 TODAY
  MAXIMUM         45        MM  85    2001  62    -17       42
  MINIMUM         40    300 AM  16    1961  34      6       35
                                      1907
  AVERAGE         43                        48     -5       39

PRECIPITATION (IN)
  TODAY            0.01          1.05 2012   0.04  -0.03     0.21
  MONTH TO DATE    0.64                      0.72  -0.08     3.55
  SINCE OCT 1      6.16                      3.28   2.88     6.34
  SINCE JAN 1      2.17                      1.87   0.30     4.41

SNOWFALL (IN)
  TODAY           MM             2.0  1983   0.0   MM        0.0
  MONTH TO DATE    T                         2.8   -2.8      3.0
  SINCE MAR 1      1.0                       9.1   -8.1      3.0
  SINCE JUL 1     31.9                      37.0   -5.1     17.3

DEGREE DAYS
 HEATING
  TODAY           22                        17      5       26
  MONTH TO DATE  521                       569    -48      463
  SINCE MAR 1   1433                      1567   -134     1242
  SINCE JUL 1   7432                      7687   -255     6667

 COOLING
  TODAY            0                         0      0        0
  MONTH TO DATE    0                         0      0        0
  SINCE MAR 1      0                         0      0        0
  SINCE JAN 1      0                         0      0        0
..................................................................


WIND (MPH)
  HIGHEST WIND SPEED    13   HIGHEST WIND DIRECTION     N (10)
  HIGHEST GUST SPEED    MM   HIGHEST GUST DIRECTION    MM
  AVERAGE WIND SPEED     7.5


SKY COVER
  AVERAGE SKY COVER 0.9


WEATHER CONDITIONS
 THE FOLLOWING WEATHER WAS RECORDED TODAY.
  LIGHT RAIN


RELATIVE HUMIDITY (PERCENT)
 HIGHEST    96           700 AM
 LOWEST     76           300 PM
 AVERAGE    86

..........................................................


THE HAVRE MT CLIMATE NORMALS FOR TOMORROW
                         NORMAL    RECORD    YEAR
 MAXIMUM TEMPERATURE (F)   63        91      2001
 MINIMUM TEMPERATURE (F)   34        16      2005
                                             1966
                                             1893


SUNRISE AND SUNSET
APRIL 27 2017.........SUNRISE   606 AM MDT   SUNSET   828 PM MDT
APRIL 28 2017.........SUNRISE   604 AM MDT   SUNSET   830 PM MDT


-  INDICATES NEGATIVE NUMBERS.
R  INDICATES RECORD WAS SET OR TIED.
MM INDICATES DATA IS MISSING.
T  INDICATES TRACE AMOUNT.




$$
