000
CDUS45 KTFX 131144
CLIHVR


CLIMATE REPORT
NATIONAL WEATHER SERVICE GREAT FALLS MT
443 AM MST SAT FEB 13 2016


...................................

...THE HAVRE MT CLIMATE SUMMARY FOR FEBRUARY 12 2016...

CLIMATE NORMAL PERIOD 1981 TO 2010
CLIMATE RECORD PERIOD 1880 TO 2016


WEATHER ITEM   OBSERVED TIME   RECORD YEAR NORMAL DEPARTURE LAST
                VALUE   (LST)  VALUE       VALUE  FROM      YEAR
                                                  NORMAL
..................................................................
TEMPERATURE (F)
 YESTERDAY
  MAXIMUM         35    248 PM  63    1924  33      2       49
  MINIMUM         21   1159 PM -45    1905  10     11       19
  AVERAGE         28                        21      7       34

PRECIPITATION (IN)
  YESTERDAY        0.00          0.15 1944   0.01  -0.01     0.00
  MONTH TO DATE    T                         0.11  -0.11     0.31
  SINCE OCT 1      2.29                      1.85   0.44     3.18
  SINCE JAN 1      0.36                      0.44  -0.08     1.61

SNOWFALL (IN)
  YESTERDAY        0.0           3.0  1944   0.2   -0.2      0.0
  MONTH TO DATE    T                         2.3   -2.3      5.0
  SINCE DEC 1     10.8                      16.8   -6.0     15.8
  SINCE JUL 1     13.8                      24.4  -10.6     20.4
  SNOW DEPTH       0

DEGREE DAYS
 HEATING
  YESTERDAY       37                        44     -7       31
  MONTH TO DATE  376                       534   -158      516
  SINCE DEC 1   3083                      3414   -331     3128
  SINCE JUL 1   4936                      5457   -521     5065

 COOLING
  YESTERDAY        0                         0      0        0
  MONTH TO DATE    0                         0      0        0
  SINCE DEC 1      0                         0      0        0
  SINCE JAN 1      0                         0      0        0
..................................................................


WIND (MPH)
  HIGHEST WIND SPEED    24   HIGHEST WIND DIRECTION     E (90)
  HIGHEST GUST SPEED    28   HIGHEST GUST DIRECTION     E (90)
  AVERAGE WIND SPEED    11.5


SKY COVER
  AVERAGE SKY COVER 0.6


WEATHER CONDITIONS
 THE FOLLOWING WEATHER WAS RECORDED YESTERDAY.
  FOG


RELATIVE HUMIDITY (PERCENT)
 HIGHEST   100          1200 AM
 LOWEST     72           400 PM
 AVERAGE    86

..........................................................


THE HAVRE MT CLIMATE NORMALS FOR TODAY
                         NORMAL    RECORD    YEAR
 MAXIMUM TEMPERATURE (F)   33        57      2015
 MINIMUM TEMPERATURE (F)   10       -34      1895


SUNRISE AND SUNSET
FEBRUARY 13 2016......SUNRISE   731 AM MST   SUNSET   537 PM MST
FEBRUARY 14 2016......SUNRISE   729 AM MST   SUNSET   538 PM MST


-  INDICATES NEGATIVE NUMBERS.
R  INDICATES RECORD WAS SET OR TIED.
MM INDICATES DATA IS MISSING.
T  INDICATES TRACE AMOUNT.




$$
