000
CDUS45 KTFX 061033
CLIHVR


CLIMATE REPORT
NATIONAL WEATHER SERVICE GREAT FALLS MT
431 AM MDT MON JUL 6 2015


...................................

...THE HAVRE MT CLIMATE SUMMARY FOR JULY 5 2015...

CLIMATE NORMAL PERIOD 1981 TO 2010
CLIMATE RECORD PERIOD 1880 TO 2015


WEATHER ITEM   OBSERVED TIME   RECORD YEAR NORMAL DEPARTURE LAST
                VALUE   (LST)  VALUE       VALUE  FROM      YEAR
                                                  NORMAL
..................................................................
TEMPERATURE (F)
 YESTERDAY
  MAXIMUM         64    230 PM 103    1981  82    -18       89
  MINIMUM         53   1135 PM  39    2000  52      1       56
  AVERAGE         59                        67     -8       73

PRECIPITATION (IN)
  YESTERDAY       MM             1.44 1923   0.07  MM        0.00
  MONTH TO DATE    0.06                      0.35  -0.29     0.00
  SINCE OCT 1      6.13                      7.68  -1.55     8.39
  SINCE JAN 1      4.56                      6.27  -1.71     6.38

SNOWFALL (IN)
  YESTERDAY        0.0           0.0  1999   0.0    0.0      0.0
                                      1998
  MONTH TO DATE    0.0                       0.0    0.0      0.0
  SINCE JUN 1      0.0                       0.0    0.0      0.0
  SINCE JUL 1      0.0                       0.0    0.0      0.0
  SNOW DEPTH       0

DEGREE DAYS
 HEATING
  YESTERDAY        6                         2      4        0
  MONTH TO DATE    6                        10     -4        0
  SINCE JUN 1     63                       143    -80      175
  SINCE JUL 1      6                        10     -4        0

 COOLING
  YESTERDAY        0                         4     -4        8
  MONTH TO DATE   26                        16     10       34
  SINCE JUN 1    136                        64     72       40
  SINCE JAN 1    136                        75     61       47
..................................................................


WIND (MPH)
  HIGHEST WIND SPEED    MM   HIGHEST WIND DIRECTION    MM
  HIGHEST GUST SPEED    MM   HIGHEST GUST DIRECTION    MM
  AVERAGE WIND SPEED    MM


SKY COVER
  AVERAGE SKY COVER 0.9


WEATHER CONDITIONS
 THE FOLLOWING WEATHER WAS RECORDED YESTERDAY.
  RAIN
  LIGHT RAIN
  FOG


RELATIVE HUMIDITY (PERCENT)
 HIGHEST    93          1100 AM
 LOWEST     65           200 PM
 AVERAGE    79

..........................................................


THE HAVRE MT CLIMATE NORMALS FOR TODAY
                         NORMAL    RECORD    YEAR
 MAXIMUM TEMPERATURE (F)   82       105      2007
 MINIMUM TEMPERATURE (F)   52        40      1999
                                             1893


SUNRISE AND SUNSET
JULY  6 2015..........SUNRISE   525 AM MDT   SUNSET   923 PM MDT
JULY  7 2015..........SUNRISE   525 AM MDT   SUNSET   922 PM MDT


-  INDICATES NEGATIVE NUMBERS.
R  INDICATES RECORD WAS SET OR TIED.
MM INDICATES DATA IS MISSING.
T  INDICATES TRACE AMOUNT.




$$
