000
CDUS45 KTFX 222230
CLIHVR


CLIMATE REPORT
NATIONAL WEATHER SERVICE GREAT FALLS MT
430 PM MDT THU JUN 22 2017


...................................

...THE HAVRE MT CLIMATE SUMMARY FOR JUNE 22 2017...
VALID TODAY AS OF 0400 PM LOCAL TIME.

CLIMATE NORMAL PERIOD 1981 TO 2010
CLIMATE RECORD PERIOD 1880 TO 2017


WEATHER ITEM   OBSERVED TIME   RECORD YEAR NORMAL DEPARTURE LAST
                VALUE   (LST)  VALUE       VALUE  FROM      YEAR
                                                  NORMAL
..................................................................
TEMPERATURE (F)
 TODAY
  MAXIMUM         66   1025 AM 103    1900  78    -12       78
  MINIMUM         44    353 AM  38    2015  50     -6       47
  AVERAGE         55                        64     -9       63

PRECIPITATION (IN)
  TODAY            T             2.02 1938   0.07  -0.07     0.00
  MONTH TO DATE    0.54                      1.63  -1.09     1.31
  SINCE OCT 1      7.06                      6.77   0.29    11.13
  SINCE JAN 1      3.07                      5.36  -2.29     9.20

SNOWFALL (IN)
  TODAY           MM             T    1910   0.0   MM        0.0
                                      1998
  MONTH TO DATE    0.0                       0.5   -0.5      0.0
  SINCE JUN 1      0.0                       0.5   -0.5      0.0
  SINCE JUL 1     32.9                      39.5   -6.6     17.3

DEGREE DAYS
 HEATING
  TODAY           10                         3      7        2
  MONTH TO DATE   56                       112    -56       66
  SINCE JUN 1     56                       112    -56       66
  SINCE JUL 1   7833                      8200   -367     7149

 COOLING
  TODAY            0                         2     -2        0
  MONTH TO DATE   47                        29     18       21
  SINCE JUN 1     47                        29     18       21
  SINCE JAN 1     58                        40     18       22
..................................................................


WIND (MPH)
  HIGHEST WIND SPEED    35   HIGHEST WIND DIRECTION    NW (310)
  HIGHEST GUST SPEED    46   HIGHEST GUST DIRECTION    NW (330)
  AVERAGE WIND SPEED    14.3


SKY COVER
  AVERAGE SKY COVER 0.5


WEATHER CONDITIONS
 THE FOLLOWING WEATHER WAS RECORDED TODAY.
  LIGHT RAIN


RELATIVE HUMIDITY (PERCENT)
 HIGHEST    86           200 AM
 LOWEST     26          1000 AM
 AVERAGE    56

..........................................................


THE HAVRE MT CLIMATE NORMALS FOR TOMORROW
                         NORMAL    RECORD    YEAR
 MAXIMUM TEMPERATURE (F)   78       105      1941
 MINIMUM TEMPERATURE (F)   50        36      1967


SUNRISE AND SUNSET
JUNE 22 2017..........SUNRISE   517 AM MDT   SUNSET   925 PM MDT
JUNE 23 2017..........SUNRISE   518 AM MDT   SUNSET   925 PM MDT


-  INDICATES NEGATIVE NUMBERS.
R  INDICATES RECORD WAS SET OR TIED.
MM INDICATES DATA IS MISSING.
T  INDICATES TRACE AMOUNT.




$$
