000
CDUS45 KTFX 062230
CLIHVR


CLIMATE REPORT
NATIONAL WEATHER SERVICE GREAT FALLS MT
430 PM MDT FRI MAY 6 2016


...................................

...THE HAVRE MT CLIMATE SUMMARY FOR MAY 6 2016...
VALID TODAY AS OF 0400 PM LOCAL TIME.

CLIMATE NORMAL PERIOD 1981 TO 2010
CLIMATE RECORD PERIOD 1880 TO 2016


WEATHER ITEM   OBSERVED TIME   RECORD YEAR NORMAL DEPARTURE LAST
                VALUE   (LST)  VALUE       VALUE  FROM      YEAR
                                                  NORMAL
..................................................................
TEMPERATURE (F)
 TODAY
  MAXIMUM         66    255 PM  92    1928  65      1       60
                                      1891
  MINIMUM         49    631 AM  24    1929  37     12       38
                                      1892
  AVERAGE         58                        51      7       49

PRECIPITATION (IN)
  TODAY            0.23          1.23 1975   0.05   0.18      T
  MONTH TO DATE    0.23                      0.26  -0.03     0.01
  SINCE OCT 1      6.57                      3.66   2.91     4.07
  SINCE JAN 1      4.64                      2.25   2.39     2.50

SNOWFALL (IN)
  TODAY           MM             0.6  1979   0.1   MM        0.0
  MONTH TO DATE    0.0                       0.4   -0.4      0.0
  SINCE MAR 1      3.0                       9.7   -6.7      0.2
  SINCE JUL 1     17.3                      37.6  -20.3     20.8

DEGREE DAYS
 HEATING
  TODAY            7                        14     -7       16
  MONTH TO DATE   40                        91    -51       68
  SINCE MAR 1   1334                      1708   -374     1408
  SINCE JUL 1   6759                      7828  -1069     7076

 COOLING
  TODAY            0                         0      0        0
  MONTH TO DATE    0                         0      0        0
  SINCE MAR 1      0                         1     -1        0
  SINCE JAN 1      0                         1     -1        0
..................................................................


WIND (MPH)
  HIGHEST WIND SPEED    14   HIGHEST WIND DIRECTION     N (360)
  HIGHEST GUST SPEED    16   HIGHEST GUST DIRECTION     N (360)
  AVERAGE WIND SPEED     7.2


SKY COVER
  AVERAGE SKY COVER 0.6


WEATHER CONDITIONS
 THE FOLLOWING WEATHER WAS RECORDED TODAY.
  RAIN
  LIGHT RAIN
  FOG


RELATIVE HUMIDITY (PERCENT)
 HIGHEST    93           300 AM
 LOWEST     37           300 PM
 AVERAGE    65

..........................................................


THE HAVRE MT CLIMATE NORMALS FOR TOMORROW
                         NORMAL    RECORD    YEAR
 MAXIMUM TEMPERATURE (F)   65        87      1953
 MINIMUM TEMPERATURE (F)   37        18      1885


SUNRISE AND SUNSET
MAY  6 2016...........SUNRISE   550 AM MDT   SUNSET   842 PM MDT
MAY  7 2016...........SUNRISE   549 AM MDT   SUNSET   843 PM MDT


-  INDICATES NEGATIVE NUMBERS.
R  INDICATES RECORD WAS SET OR TIED.
MM INDICATES DATA IS MISSING.
T  INDICATES TRACE AMOUNT.




$$
