720
CDUS45 KTFX 232230
CLIHVR


CLIMATE REPORT
NATIONAL WEATHER SERVICE GREAT FALLS MT
430 PM MDT THU MAR 23 2017


...................................

...THE HAVRE MT CLIMATE SUMMARY FOR MARCH 23 2017...
VALID TODAY AS OF 0400 PM LOCAL TIME.

CLIMATE NORMAL PERIOD 1981 TO 2010
CLIMATE RECORD PERIOD 1880 TO 2017


WEATHER ITEM   OBSERVED TIME   RECORD YEAR NORMAL DEPARTURE LAST
                VALUE   (LST)  VALUE       VALUE  FROM      YEAR
                                                  NORMAL
..................................................................
TEMPERATURE (F)
 TODAY
  MAXIMUM         61    246 PM  76    1993  48     13       56
  MINIMUM         30    642 AM -14    1965  24      6       17
  AVERAGE         46                        36     10       37

PRECIPITATION (IN)
  TODAY            0.00          0.56 1908   0.02  -0.02      T
  MONTH TO DATE    0.15                      0.37  -0.22     0.22
  SINCE OCT 1      5.52                      2.39   3.13     2.61
  SINCE JAN 1      1.53                      0.98   0.55     0.68

SNOWFALL (IN)
  TODAY            0.0           6.1  1996   0.2   -0.2      0.0
  MONTH TO DATE    1.0                       4.7   -3.7       T
  SINCE MAR 1      1.0                       4.7   -3.7       T
  SINCE JUL 1     31.9                      32.6   -0.7     14.3

DEGREE DAYS
 HEATING
  TODAY           19                        29    -10       28
  MONTH TO DATE  765                       781    -16      568
  SINCE MAR 1    765                       781    -16      568
  SINCE JUL 1   6764                      6901   -137     5993

 COOLING
  TODAY            0                         0      0        0
  MONTH TO DATE    0                         0      0        0
  SINCE MAR 1      0                         0      0        0
  SINCE JAN 1      0                         0      0        0
..................................................................


WIND (MPH)
  HIGHEST WIND SPEED    22   HIGHEST WIND DIRECTION     W (270)
  HIGHEST GUST SPEED    27   HIGHEST GUST DIRECTION     W (260)
  AVERAGE WIND SPEED    11.0


SKY COVER
  AVERAGE SKY COVER 0.1


WEATHER CONDITIONS
 THE FOLLOWING WEATHER WAS RECORDED TODAY.
  NO SIGNIFICANT WEATHER WAS OBSERVED.


RELATIVE HUMIDITY (PERCENT)
 HIGHEST    92           400 AM
 LOWEST     28           200 PM
 AVERAGE    60

..........................................................


THE HAVRE MT CLIMATE NORMALS FOR TOMORROW
                         NORMAL    RECORD    YEAR
 MAXIMUM TEMPERATURE (F)   48        76      2007
                                             1939
 MINIMUM TEMPERATURE (F)   25       -17      1965


SUNRISE AND SUNSET
MARCH 23 2017.........SUNRISE   715 AM MDT   SUNSET   737 PM MDT
MARCH 24 2017.........SUNRISE   713 AM MDT   SUNSET   738 PM MDT


-  INDICATES NEGATIVE NUMBERS.
R  INDICATES RECORD WAS SET OR TIED.
MM INDICATES DATA IS MISSING.
T  INDICATES TRACE AMOUNT.




$$
