000
CDUS43 KUNR 290838
CLIICR


CLIMATE REPORT
NATIONAL WEATHER SERVICE RAPID CITY SD
235 AM MDT WED MAR 29 2017


...................................

...THE WINNER REGIONAL AIRPORT SD CLIMATE SUMMARY FOR MARCH 28 2017...

CLIMATE NORMAL PERIOD 1981 TO 2010
CLIMATE RECORD PERIOD 9999 TO 9999


WEATHER ITEM   OBSERVED TIME   NORMAL DEPARTURE LAST
                VALUE   (LST)  VALUE  FROM      YEAR
                                      NORMAL
......................................................
TEMPERATURE (F)
 YESTERDAY
  MAXIMUM         52    202 PM  53     -1       73
  MINIMUM         43   1155 PM  29     14       28
  AVERAGE         48            41      7       51

PRECIPITATION (IN)
  YESTERDAY        0.23          0.08   0.15     0.00
  MONTH TO DATE    0.30          1.12  -0.82     0.37
  SINCE MAR 1      0.30          1.12  -0.82     0.37
  SINCE JAN 1      1.94          1.88   0.06     0.76

DEGREE DAYS
 HEATING
  YESTERDAY       17            24     -7       14
  MONTH TO DATE  682           806   -124      581
  SINCE MAR 1    682           806   -124      581
  SINCE JUL 1   4834          5815   -981     4874

 COOLING
  YESTERDAY        0             0      0        0
  MONTH TO DATE    0             0      0        1
  SINCE MAR 1      0             0      0        1
  SINCE JAN 1      0             0      0        1
......................................................


WIND (MPH)
  HIGHEST WIND SPEED    14   HIGHEST WIND DIRECTION     S (180)
  HIGHEST GUST SPEED    16   HIGHEST GUST DIRECTION     S (180)
  AVERAGE WIND SPEED     7.4


SKY COVER
  AVERAGE SKY COVER 1.0


WEATHER CONDITIONS
 THE FOLLOWING WEATHER WAS RECORDED YESTERDAY.
  LIGHT RAIN
  FOG


RELATIVE HUMIDITY (PERCENT)
 HIGHEST    93           900 AM
 LOWEST     71          1200 AM
 AVERAGE    82

..........................................................




SUNRISE AND SUNSET
MARCH 29 2017.........SUNRISE   726 AM CDT   SUNSET   803 PM CDT
MARCH 30 2017.........SUNRISE   724 AM CDT   SUNSET   804 PM CDT


-  INDICATES NEGATIVE NUMBERS.
R  INDICATES RECORD WAS SET OR TIED.
MM INDICATES DATA IS MISSING.
T  INDICATES TRACE AMOUNT.




$$
