000
CDUS43 KUNR 270839
CLIICR


CLIMATE REPORT
NATIONAL WEATHER SERVICE RAPID CITY SD
239 AM MDT THU JUL 27 2017


...................................

...THE WINNER REGIONAL AIRPORT SD CLIMATE SUMMARY FOR JULY 26 2017...

CLIMATE NORMAL PERIOD 1981 TO 2010
CLIMATE RECORD PERIOD 9999 TO 9999


WEATHER ITEM   OBSERVED TIME   NORMAL DEPARTURE LAST
                VALUE   (LST)  VALUE  FROM      YEAR
                                      NORMAL
......................................................
TEMPERATURE (F)
 YESTERDAY
  MAXIMUM         91    331 PM  89      2       97
  MINIMUM         66   1140 PM  64      2       65
  AVERAGE         79            77      2       81

PRECIPITATION (IN)
  YESTERDAY        0.00          0.10  -0.10     0.30
  MONTH TO DATE    0.24          2.43  -2.19     1.52
  SINCE JUN 1      0.49          6.08  -5.59     2.57
  SINCE JAN 1      7.58         14.15  -6.57    11.92

DEGREE DAYS
 HEATING
  YESTERDAY        0             0      0        0
  MONTH TO DATE    0             0      0        1
  SINCE JUN 1      8            54    -46        4
  SINCE JUL 1      0             0      0        1

 COOLING
  YESTERDAY       14            12      2       16
  MONTH TO DATE  470           272    198      337
  SINCE JUN 1    700           417    283      623
  SINCE JAN 1    728           447    281      670
......................................................


WIND (MPH)
  HIGHEST WIND SPEED    22   HIGHEST WIND DIRECTION     E (70)
  HIGHEST GUST SPEED    28   HIGHEST GUST DIRECTION     E (80)
  AVERAGE WIND SPEED    10.0


SKY COVER
  AVERAGE SKY COVER 0.4


WEATHER CONDITIONS
 THE FOLLOWING WEATHER WAS RECORDED YESTERDAY.
  FOG


RELATIVE HUMIDITY (PERCENT)
 HIGHEST    93          1200 AM
 LOWEST     31           600 PM
 AVERAGE    62

..........................................................




SUNRISE AND SUNSET
JULY 27 2017..........SUNRISE   624 AM CDT   SUNSET   907 PM CDT
JULY 28 2017..........SUNRISE   625 AM CDT   SUNSET   906 PM CDT


-  INDICATES NEGATIVE NUMBERS.
R  INDICATES RECORD WAS SET OR TIED.
MM INDICATES DATA IS MISSING.
T  INDICATES TRACE AMOUNT.




$$
