000
CDUS43 KUNR 020850
CLIICR


CLIMATE REPORT
NATIONAL WEATHER SERVICE RAPID CITY SD
249 AM MDT THU JUL 2 2015


...................................

...THE WINNER REGIONAL AIRPORT SD CLIMATE SUMMARY FOR JULY 1 2015...

CLIMATE NORMAL PERIOD 1981 TO 2010
CLIMATE RECORD PERIOD 9999 TO 9999


WEATHER ITEM   OBSERVED TIME   NORMAL DEPARTURE LAST
                VALUE   (LST)  VALUE  FROM      YEAR
                                      NORMAL
......................................................
TEMPERATURE (F)
 YESTERDAY
  MAXIMUM         86    154 PM  85      1       71
  MINIMUM         64    540 AM  61      3       51
  AVERAGE         75            73      2       61

PRECIPITATION (IN)
  YESTERDAY        T             0.12  -0.12     0.03
  MONTH TO DATE    T             0.12  -0.12     0.03
  SINCE JUN 1      4.02          3.77   0.25     4.19
  SINCE JAN 1      7.69         11.84  -4.15     8.98

DEGREE DAYS
 HEATING
  YESTERDAY        0             0      0        4
  MONTH TO DATE    0             0      0        4
  SINCE JUN 1      3            54    -51       41
  SINCE JUL 1      0             0      0        4

 COOLING
  YESTERDAY       10             8      2        0
  MONTH TO DATE   10             8      2        0
  SINCE JUN 1    228           153     75      117
  SINCE JAN 1    263           183     80      198
......................................................


WIND (MPH)
  HIGHEST WIND SPEED    15   HIGHEST WIND DIRECTION    NE (50)
  HIGHEST GUST SPEED    19   HIGHEST GUST DIRECTION    NE (50)
  AVERAGE WIND SPEED     7.0


SKY COVER
  AVERAGE SKY COVER 0.3


WEATHER CONDITIONS
 THE FOLLOWING WEATHER WAS RECORDED YESTERDAY.
  THUNDERSTORM
  LIGHT RAIN
  FOG
  HAZE


RELATIVE HUMIDITY (PERCENT)
 HIGHEST    87           700 AM
 LOWEST     51           200 PM
 AVERAGE    69

..........................................................




SUNRISE AND SUNSET
JULY  2 2015..........SUNRISE   603 AM CDT   SUNSET   923 PM CDT
JULY  3 2015..........SUNRISE   604 AM CDT   SUNSET   923 PM CDT


-  INDICATES NEGATIVE NUMBERS.
R  INDICATES RECORD WAS SET OR TIED.
MM INDICATES DATA IS MISSING.
T  INDICATES TRACE AMOUNT.




$$
