015
CDUS43 KUNR 290833
CLIICR


CLIMATE REPORT
NATIONAL WEATHER SERVICE RAPID CITY SD
231 AM MDT FRI APR 29 2016


...................................

...THE WINNER REGIONAL AIRPORT SD CLIMATE SUMMARY FOR APRIL 28 2016...

CLIMATE NORMAL PERIOD 1981 TO 2010
CLIMATE RECORD PERIOD 9999 TO 9999


WEATHER ITEM   OBSERVED TIME   NORMAL DEPARTURE LAST
                VALUE   (LST)  VALUE  FROM      YEAR
                                      NORMAL
......................................................
TEMPERATURE (F)
 YESTERDAY
  MAXIMUM         45    655 PM  64    -19       65
  MINIMUM         37    827 AM  41     -4       43
  AVERAGE         41            52    -11       54

PRECIPITATION (IN)
  YESTERDAY        T             0.11  -0.11     0.00
  MONTH TO DATE    4.52          2.26   2.26     0.64
  SINCE MAR 1      5.29          3.64   1.65     0.75
  SINCE JAN 1      5.68          4.40   1.28     0.84

DEGREE DAYS
 HEATING
  YESTERDAY       24            13     11       11
  MONTH TO DATE  416           494    -78      379
  SINCE MAR 1   1057          1370   -313     1004
  SINCE JUL 1   5350          6379  -1029     5764

 COOLING
  YESTERDAY        0             0      0        0
  MONTH TO DATE    8             0      8        3
  SINCE MAR 1      9             0      9        9
  SINCE JAN 1      9             0      9        9
......................................................


WIND (MPH)
  HIGHEST WIND SPEED    17   HIGHEST WIND DIRECTION    NW (330)
  HIGHEST GUST SPEED    21   HIGHEST GUST DIRECTION     N (360)
  AVERAGE WIND SPEED     9.6


SKY COVER
  AVERAGE SKY COVER 0.9


WEATHER CONDITIONS
 THE FOLLOWING WEATHER WAS RECORDED YESTERDAY.
  LIGHT RAIN
  FOG


RELATIVE HUMIDITY (PERCENT)
 HIGHEST    92           600 AM
 LOWEST     76           100 PM
 AVERAGE    84

..........................................................




SUNRISE AND SUNSET
APRIL 29 2016.........SUNRISE   634 AM CDT   SUNSET   840 PM CDT
APRIL 30 2016.........SUNRISE   633 AM CDT   SUNSET   841 PM CDT


-  INDICATES NEGATIVE NUMBERS.
R  INDICATES RECORD WAS SET OR TIED.
MM INDICATES DATA IS MISSING.
T  INDICATES TRACE AMOUNT.




$$
