000
CDUS43 KUNR 210840
CLIICR


CLIMATE REPORT
NATIONAL WEATHER SERVICE RAPID CITY SD
239 AM MDT THU SEP 21 2017


...................................

...THE WINNER REGIONAL AIRPORT SD CLIMATE SUMMARY FOR SEPTEMBER 20 2017...

CLIMATE NORMAL PERIOD 1981 TO 2010
CLIMATE RECORD PERIOD 9999 TO 9999


WEATHER ITEM   OBSERVED TIME   NORMAL DEPARTURE LAST
                VALUE   (LST)  VALUE  FROM      YEAR
                                      NORMAL
......................................................
TEMPERATURE (F)
 YESTERDAY
  MAXIMUM         76    458 PM  75      1       92
  MINIMUM         48    640 AM  49     -1       61
  AVERAGE         62            62      0       77

PRECIPITATION (IN)
  YESTERDAY        0.00          0.07  -0.07     0.00
  MONTH TO DATE    0.66          1.35  -0.69     2.01
  SINCE SEP 1      0.66          1.35  -0.69     2.01
  SINCE JAN 1     16.18         18.35  -2.17    16.87

DEGREE DAYS
 HEATING
  YESTERDAY        3             5     -2        0
  MONTH TO DATE   47            60    -13       35
  SINCE SEP 1     47            60    -13       35
  SINCE JUL 1     49            74    -25       43

 COOLING
  YESTERDAY        0             2     -2       12
  MONTH TO DATE  124            87     37       98
  SINCE SEP 1    124            87     37       98
  SINCE JAN 1   1100           893    207     1142
......................................................


WIND (MPH)
  HIGHEST WIND SPEED    23   HIGHEST WIND DIRECTION     S (180)
  HIGHEST GUST SPEED    30   HIGHEST GUST DIRECTION    SW (220)
  AVERAGE WIND SPEED    10.7


SKY COVER
  AVERAGE SKY COVER 0.0


WEATHER CONDITIONS
 THE FOLLOWING WEATHER WAS RECORDED YESTERDAY.
  NO SIGNIFICANT WEATHER WAS OBSERVED.


RELATIVE HUMIDITY (PERCENT)
 HIGHEST    89           300 AM
 LOWEST     21           200 PM
 AVERAGE    55

..........................................................




SUNRISE AND SUNSET
SEPTEMBER 21 2017.....SUNRISE   726 AM CDT   SUNSET   738 PM CDT
SEPTEMBER 22 2017.....SUNRISE   727 AM CDT   SUNSET   736 PM CDT


-  INDICATES NEGATIVE NUMBERS.
R  INDICATES RECORD WAS SET OR TIED.
MM INDICATES DATA IS MISSING.
T  INDICATES TRACE AMOUNT.




$$
