000
CDUS43 KUNR 240857
CLIICR


CLIMATE REPORT
NATIONAL WEATHER SERVICE RAPID CITY SD
241 AM MDT TUE MAY 24 2016


...................................

...THE WINNER REGIONAL AIRPORT SD CLIMATE SUMMARY FOR MAY 23 2016...

CLIMATE NORMAL PERIOD 1981 TO 2010
CLIMATE RECORD PERIOD 9999 TO 9999


WEATHER ITEM   OBSERVED TIME   NORMAL DEPARTURE LAST
                VALUE   (LST)  VALUE  FROM      YEAR
                                      NORMAL
......................................................
TEMPERATURE (F)
 YESTERDAY
  MAXIMUM         78    554 PM  72      6       63
  MINIMUM         55    538 AM  49      6       50
  AVERAGE         67            60      7       57

PRECIPITATION (IN)
  YESTERDAY        0.03          0.10  -0.07     0.14
  MONTH TO DATE    1.55          2.42  -0.87     2.54
  SINCE MAR 1      7.69          6.29   1.40     3.39
  SINCE JAN 1      8.08          7.05   1.03     3.48

DEGREE DAYS
 HEATING
  YESTERDAY        0             6     -6        8
  MONTH TO DATE  175           204    -29      217
  SINCE MAR 1   1274          1599   -325     1230
  SINCE JUL 1   5567          6608  -1041     5990

 COOLING
  YESTERDAY        2             1      1        0
  MONTH TO DATE   26            18      8       12
  SINCE MAR 1     35            20     15       24
  SINCE JAN 1     35            20     15       24
......................................................


WIND (MPH)
  HIGHEST WIND SPEED    16   HIGHEST WIND DIRECTION    SW (220)
  HIGHEST GUST SPEED    21   HIGHEST GUST DIRECTION    SW (220)
  AVERAGE WIND SPEED     8.0


SKY COVER
  AVERAGE SKY COVER 0.1


WEATHER CONDITIONS
 THE FOLLOWING WEATHER WAS RECORDED YESTERDAY.
  THUNDERSTORM
  LIGHT RAIN


RELATIVE HUMIDITY (PERCENT)
 HIGHEST    86           400 AM
 LOWEST     31           500 PM
 AVERAGE    59

..........................................................




SUNRISE AND SUNSET
MAY 24 2016...........SUNRISE   606 AM CDT   SUNSET   907 PM CDT
MAY 25 2016...........SUNRISE   606 AM CDT   SUNSET   908 PM CDT


-  INDICATES NEGATIVE NUMBERS.
R  INDICATES RECORD WAS SET OR TIED.
MM INDICATES DATA IS MISSING.
T  INDICATES TRACE AMOUNT.




$$
