000
CDUS43 KUNR 280842
CLIICR


CLIMATE REPORT
NATIONAL WEATHER SERVICE RAPID CITY SD
240 AM MDT SAT MAR 28 2015


...................................

...THE WINNER REGIONAL AIRPORT SD CLIMATE SUMMARY FOR MARCH 27 2015...

CLIMATE NORMAL PERIOD 1981 TO 2010
CLIMATE RECORD PERIOD 9999 TO 9999


WEATHER ITEM   OBSERVED TIME   NORMAL DEPARTURE LAST
                VALUE   (LST)  VALUE  FROM      YEAR
                                      NORMAL
......................................................
TEMPERATURE (F)
 YESTERDAY
  MAXIMUM         58    428 PM  53      5       42
  MINIMUM         28    427 AM  29     -1       23
  AVERAGE         43            41      2       33

PRECIPITATION (IN)
  YESTERDAY        T             0.07  -0.07      T
  MONTH TO DATE    0.11          1.04  -0.93     0.01
  SINCE MAR 1      0.11          1.04  -0.93     0.01
  SINCE JAN 1      0.20          1.80  -1.60     0.09

DEGREE DAYS
 HEATING
  YESTERDAY       22            24     -2       32
  MONTH TO DATE  592           782   -190      851
  SINCE MAR 1    592           782   -190      851
  SINCE JUL 1   5352          5791   -439     6184

 COOLING
  YESTERDAY        0             0      0        0
  MONTH TO DATE    6             0      6        0
  SINCE MAR 1      6             0      6        0
  SINCE JAN 1      6             0      6        0
......................................................


WIND (MPH)
  HIGHEST WIND SPEED    22   HIGHEST WIND DIRECTION     S (170)
  HIGHEST GUST SPEED    28   HIGHEST GUST DIRECTION     S (160)
  AVERAGE WIND SPEED    11.8


SKY COVER
  AVERAGE SKY COVER 0.6


WEATHER CONDITIONS
 THE FOLLOWING WEATHER WAS RECORDED YESTERDAY.
  HAZE


RELATIVE HUMIDITY (PERCENT)
 HIGHEST    85          1200 AM
 LOWEST     40           400 PM
 AVERAGE    63

..........................................................




SUNRISE AND SUNSET
MARCH 28 2015.........SUNRISE   729 AM CDT   SUNSET   801 PM CDT
MARCH 29 2015.........SUNRISE   727 AM CDT   SUNSET   802 PM CDT


-  INDICATES NEGATIVE NUMBERS.
R  INDICATES RECORD WAS SET OR TIED.
MM INDICATES DATA IS MISSING.
T  INDICATES TRACE AMOUNT.




$$
