000
CDUS43 KUNR 010845
CLIICR


CLIMATE REPORT
NATIONAL WEATHER SERVICE RAPID CITY SD
143 AM MST SUN MAR 1 2015


...................................

...THE WINNER REGIONAL AIRPORT SD CLIMATE SUMMARY FOR FEBRUARY 28 2015...

CLIMATE NORMAL PERIOD 1981 TO 2010
CLIMATE RECORD PERIOD 9999 TO 9999


WEATHER ITEM   OBSERVED TIME   NORMAL DEPARTURE LAST
                VALUE   (LST)  VALUE  FROM      YEAR
                                      NORMAL
......................................................
TEMPERATURE (F)
 YESTERDAY
  MAXIMUM         37    428 PM  41     -4       24
  MINIMUM         11    659 AM  20     -9        8
  AVERAGE         24            31     -7       16

PRECIPITATION (IN)
  YESTERDAY        0.00          0.01  -0.01      T
  MONTH TO DATE    0.01          0.51  -0.50     0.06
  SINCE DEC 1      0.29          1.10  -0.81     0.16
  SINCE JAN 1      0.09          0.76  -0.67     0.08

DEGREE DAYS
 HEATING
  YESTERDAY       41            34      7       49
  MONTH TO DATE 1115          1054     61     1261
  SINCE DEC 1   3304          3538   -234     3896
  SINCE JUL 1   4760          5009   -249     5333

 COOLING
  YESTERDAY        0             0      0        0
  MONTH TO DATE    0             0      0        0
  SINCE DEC 1      0             0      0        0
  SINCE JAN 1      0             0      0        0
......................................................


WIND (MPH)
  HIGHEST WIND SPEED    28   HIGHEST WIND DIRECTION    SW (210)
  HIGHEST GUST SPEED    34   HIGHEST GUST DIRECTION    SW (210)
  AVERAGE WIND SPEED    13.8


SKY COVER
  AVERAGE SKY COVER 0.0


WEATHER CONDITIONS
 THE FOLLOWING WEATHER WAS RECORDED YESTERDAY.
  NO SIGNIFICANT WEATHER WAS OBSERVED.


RELATIVE HUMIDITY (PERCENT)
 HIGHEST    67           800 AM
 LOWEST     26           500 PM
 AVERAGE    47

..........................................................




SUNRISE AND SUNSET
MARCH  1 2015.........SUNRISE   716 AM CST   SUNSET   628 PM CST
MARCH  2 2015.........SUNRISE   714 AM CST   SUNSET   629 PM CST


-  INDICATES NEGATIVE NUMBERS.
R  INDICATES RECORD WAS SET OR TIED.
MM INDICATES DATA IS MISSING.
T  INDICATES TRACE AMOUNT.




$$
