000
CDUS43 KUNR 060859
CLIICR


CLIMATE REPORT
NATIONAL WEATHER SERVICE RAPID CITY SD
159 AM MST TUE DEC 6 2016


...................................

...THE WINNER REGIONAL AIRPORT SD CLIMATE SUMMARY FOR DECEMBER 5 2016...

CLIMATE NORMAL PERIOD 1981 TO 2010
CLIMATE RECORD PERIOD 9999 TO 9999


WEATHER ITEM   OBSERVED TIME   NORMAL DEPARTURE LAST
                VALUE   (LST)  VALUE  FROM      YEAR
                                      NORMAL
......................................................
TEMPERATURE (F)
 YESTERDAY
  MAXIMUM         49    948 AM  36     13       44
  MINIMUM         18   1159 PM  17      1       34
  AVERAGE         34            27      7       39

PRECIPITATION (IN)
  YESTERDAY        T             0.02  -0.02     0.00
  MONTH TO DATE    T             0.10  -0.10     0.53
  SINCE DEC 1      T             0.10  -0.10     0.53
  SINCE JAN 1     18.47         21.35  -2.88    17.93

DEGREE DAYS
 HEATING
  YESTERDAY       31            38     -7       26
  MONTH TO DATE  158           188    -30      167
  SINCE DEC 1    158           188    -30      167
  SINCE JUL 1   1028          1659   -631     1262

 COOLING
  YESTERDAY        0             0      0        0
  MONTH TO DATE    0             0      0        0
  SINCE DEC 1      0             0      0        0
  SINCE JAN 1   1193           916    277     1145
......................................................


WIND (MPH)
  HIGHEST WIND SPEED    40   HIGHEST WIND DIRECTION    NW (310)
  HIGHEST GUST SPEED    50   HIGHEST GUST DIRECTION    NW (320)
  AVERAGE WIND SPEED    20.7


SKY COVER
  AVERAGE SKY COVER 0.4


WEATHER CONDITIONS
 THE FOLLOWING WEATHER WAS RECORDED YESTERDAY.
  LIGHT SNOW
  FOG


RELATIVE HUMIDITY (PERCENT)
 HIGHEST    78           400 PM
 LOWEST     41          1200 AM
 AVERAGE    60

..........................................................




SUNRISE AND SUNSET
DECEMBER  6 2016......SUNRISE   758 AM CST   SUNSET   503 PM CST
DECEMBER  7 2016......SUNRISE   759 AM CST   SUNSET   503 PM CST


-  INDICATES NEGATIVE NUMBERS.
R  INDICATES RECORD WAS SET OR TIED.
MM INDICATES DATA IS MISSING.
T  INDICATES TRACE AMOUNT.




$$
