000
CDUS43 KUNR 220845
CLIICR


CLIMATE REPORT
NATIONAL WEATHER SERVICE RAPID CITY SD
243 AM MDT TUE JUL 22 2014


...................................

...THE WINNER REGIONAL AIRPORT SD CLIMATE SUMMARY FOR JULY 21 2014...

CLIMATE NORMAL PERIOD 1981 TO 2010
CLIMATE RECORD PERIOD 9999 TO 9999


WEATHER ITEM   OBSERVED TIME   NORMAL DEPARTURE LAST
                VALUE   (LST)  VALUE  FROM      YEAR
                                      NORMAL
......................................................
TEMPERATURE (F)
 YESTERDAY
  MAXIMUM        108    322 PM  89     19       87
  MINIMUM         71    602 AM  64      7       62
  AVERAGE         90            76     14       75

PRECIPITATION (IN)
  YESTERDAY        0.00          0.08  -0.08     0.00
  MONTH TO DATE    0.18          2.01  -1.83     2.53
  SINCE JUN 1      4.34          5.66  -1.32     6.04
  SINCE JAN 1      9.13         13.73  -4.60    13.43

DEGREE DAYS
 HEATING
  YESTERDAY        0             0      0        0
  MONTH TO DATE   12             0     12        0
  SINCE JUN 1     49            54     -5       53
  SINCE JUL 1     12             0     12        0

 COOLING
  YESTERDAY       25            11     14       10
  MONTH TO DATE  193           212    -19      240
  SINCE JUN 1    310           357    -47      372
  SINCE JAN 1    391           387      4      411
......................................................


WIND (MPH)
  HIGHEST WIND SPEED    26   HIGHEST WIND DIRECTION     W (270)
  HIGHEST GUST SPEED    34   HIGHEST GUST DIRECTION     W (250)
  AVERAGE WIND SPEED     9.4


SKY COVER
  AVERAGE SKY COVER 0.0


WEATHER CONDITIONS
 THE FOLLOWING WEATHER WAS RECORDED YESTERDAY.
  FOG


RELATIVE HUMIDITY (PERCENT)
 HIGHEST    93           200 AM
 LOWEST     14           300 PM
 AVERAGE    54

..........................................................




SUNRISE AND SUNSET
JULY 22 2014..........SUNRISE   619 AM CDT   SUNSET   912 PM CDT
JULY 23 2014..........SUNRISE   620 AM CDT   SUNSET   911 PM CDT


-  INDICATES NEGATIVE NUMBERS.
R  INDICATES RECORD WAS SET OR TIED.
MM INDICATES DATA IS MISSING.
T  INDICATES TRACE AMOUNT.




$$
