817
CDUS43 KUNR 200834
CLIICR


CLIMATE REPORT
NATIONAL WEATHER SERVICE RAPID CITY SD
133 AM MST TUE FEB 20 2018


...................................

...THE WINNER REGIONAL AIRPORT SD CLIMATE SUMMARY FOR FEBRUARY 19 2018...

CLIMATE NORMAL PERIOD 1981 TO 2010
CLIMATE RECORD PERIOD 9999 TO 9999


WEATHER ITEM   OBSERVED TIME   NORMAL DEPARTURE LAST
                VALUE   (LST)  VALUE  FROM      YEAR
                                      NORMAL
......................................................
TEMPERATURE (F)
 YESTERDAY
  MAXIMUM         15   1201 AM  38    -23       72
  MINIMUM          6   1159 PM  18    -12       47
  AVERAGE         11            28    -17       60

PRECIPITATION (IN)
  YESTERDAY        0.01          0.02  -0.01     0.00
  MONTH TO DATE    0.08          0.35  -0.27     0.22
  SINCE DEC 1      1.11          0.94   0.17     1.85
  SINCE JAN 1      0.94          0.60   0.34     1.30

DEGREE DAYS
 HEATING
  YESTERDAY       54            37     17        5
  MONTH TO DATE  907           736    171      582
  SINCE DEC 1   3276          3220     56     3034
  SINCE JUL 1   4500          4691   -191     3904

 COOLING
  YESTERDAY        0             0      0        0
  MONTH TO DATE    0             0      0        0
  SINCE DEC 1      0             0      0        0
  SINCE JAN 1      0             0      0        0
......................................................


WIND (MPH)
  HIGHEST WIND SPEED    28   HIGHEST WIND DIRECTION     N (350)
  HIGHEST GUST SPEED    32   HIGHEST GUST DIRECTION     N (350)
  AVERAGE WIND SPEED    17.6


SKY COVER
  AVERAGE SKY COVER 1.0


WEATHER CONDITIONS
 THE FOLLOWING WEATHER WAS RECORDED YESTERDAY.
  LIGHT SNOW
  FOG
  BLOWING SNOW


RELATIVE HUMIDITY (PERCENT)
 HIGHEST    83           400 AM
 LOWEST     73          1200 AM
 AVERAGE    78

..........................................................




SUNRISE AND SUNSET
FEBRUARY 20 2018......SUNRISE   730 AM CST   SUNSET   617 PM CST
FEBRUARY 21 2018......SUNRISE   728 AM CST   SUNSET   618 PM CST


-  INDICATES NEGATIVE NUMBERS.
R  INDICATES RECORD WAS SET OR TIED.
MM INDICATES DATA IS MISSING.
T  INDICATES TRACE AMOUNT.




$$
