000
CDUS43 KUNR 170847
CLIICR


CLIMATE REPORT
NATIONAL WEATHER SERVICE RAPID CITY SD
244 AM MDT WED SEP 17 2014


...................................

...THE WINNER REGIONAL AIRPORT SD CLIMATE SUMMARY FOR SEPTEMBER 16 2014...

CLIMATE NORMAL PERIOD 1981 TO 2010
CLIMATE RECORD PERIOD 9999 TO 9999


WEATHER ITEM   OBSERVED TIME   NORMAL DEPARTURE LAST
                VALUE   (LST)  VALUE  FROM      YEAR
                                      NORMAL
......................................................
TEMPERATURE (F)
 YESTERDAY
  MAXIMUM         80    515 PM  77      3       71
  MINIMUM         50    525 AM  51     -1       45
  AVERAGE         65            64      1       58

PRECIPITATION (IN)
  YESTERDAY        0.00          0.08  -0.08     0.01
  MONTH TO DATE    0.83          1.06  -0.23     0.32
  SINCE SEP 1      0.83          1.06  -0.23     0.32
  SINCE JAN 1     13.90         18.06  -4.16    16.31

DEGREE DAYS
 HEATING
  YESTERDAY        0             4     -4        7
  MONTH TO DATE   98            42     56       14
  SINCE SEP 1     98            42     56       14
  SINCE JUL 1    111            56     55       21

 COOLING
  YESTERDAY        0             3     -3        0
  MONTH TO DATE   46            78    -32      160
  SINCE SEP 1     46            78    -32      160
  SINCE JAN 1    776           884   -108      951
......................................................


WIND (MPH)
  HIGHEST WIND SPEED    24   HIGHEST WIND DIRECTION     S (180)
  HIGHEST GUST SPEED    31   HIGHEST GUST DIRECTION     S (180)
  AVERAGE WIND SPEED    11.4


SKY COVER
  AVERAGE SKY COVER 0.0


WEATHER CONDITIONS
 THE FOLLOWING WEATHER WAS RECORDED YESTERDAY.
  NO SIGNIFICANT WEATHER WAS OBSERVED.


RELATIVE HUMIDITY (PERCENT)
 HIGHEST    78           900 PM
 LOWEST     42           400 PM
 AVERAGE    60

..........................................................




SUNRISE AND SUNSET
SEPTEMBER 17 2014.....SUNRISE   721 AM CDT   SUNSET   746 PM CDT
SEPTEMBER 18 2014.....SUNRISE   722 AM CDT   SUNSET   744 PM CDT


-  INDICATES NEGATIVE NUMBERS.
R  INDICATES RECORD WAS SET OR TIED.
MM INDICATES DATA IS MISSING.
T  INDICATES TRACE AMOUNT.




$$
