000
CDUS43 KUNR 040834
CLIICR


CLIMATE REPORT
NATIONAL WEATHER SERVICE RAPID CITY SD
233 AM MDT TUE AUG 4 2015


...................................

...THE WINNER REGIONAL AIRPORT SD CLIMATE SUMMARY FOR AUGUST 3 2015...

CLIMATE NORMAL PERIOD 1981 TO 2010
CLIMATE RECORD PERIOD 9999 TO 9999


WEATHER ITEM   OBSERVED TIME   NORMAL DEPARTURE LAST
                VALUE   (LST)  VALUE  FROM      YEAR
                                      NORMAL
......................................................
TEMPERATURE (F)
 YESTERDAY
  MAXIMUM         88    336 PM  89     -1       92
  MINIMUM         61    555 AM  64     -3       59
  AVERAGE         75            76     -1       76

PRECIPITATION (IN)
  YESTERDAY        0.00          0.08  -0.08     0.00
  MONTH TO DATE    0.02          0.23  -0.21     0.16
  SINCE JUN 1      6.06          6.84  -0.78     4.57
  SINCE JAN 1      9.73         14.91  -5.18     9.36

DEGREE DAYS
 HEATING
  YESTERDAY        0             0      0        0
  MONTH TO DATE    0             0      0        0
  SINCE JUN 1      3            59    -56       49
  SINCE JUL 1      0             5     -5       12

 COOLING
  YESTERDAY       10            11     -1       11
  MONTH TO DATE   38            35      3       38
  SINCE JUN 1    631           511    120      441
  SINCE JAN 1    666           541    125      522
......................................................


WIND (MPH)
  HIGHEST WIND SPEED    15   HIGHEST WIND DIRECTION     E (80)
  HIGHEST GUST SPEED    23   HIGHEST GUST DIRECTION     E (90)
  AVERAGE WIND SPEED     6.5


SKY COVER
  AVERAGE SKY COVER 0.2


WEATHER CONDITIONS
 THE FOLLOWING WEATHER WAS RECORDED YESTERDAY.
  THUNDERSTORM


RELATIVE HUMIDITY (PERCENT)
 HIGHEST    84           500 AM
 LOWEST     34           100 PM
 AVERAGE    59

..........................................................




SUNRISE AND SUNSET
AUGUST  4 2015........SUNRISE   632 AM CDT   SUNSET   858 PM CDT
AUGUST  5 2015........SUNRISE   633 AM CDT   SUNSET   857 PM CDT


-  INDICATES NEGATIVE NUMBERS.
R  INDICATES RECORD WAS SET OR TIED.
MM INDICATES DATA IS MISSING.
T  INDICATES TRACE AMOUNT.




$$
