000
CDUS43 KUNR 100832
CLIICR


CLIMATE REPORT
NATIONAL WEATHER SERVICE RAPID CITY SD
232 AM MDT THU JUL 10 2014


...................................

...THE WINNER REGIONAL AIRPORT SD CLIMATE SUMMARY FOR JULY 9 2014...

CLIMATE NORMAL PERIOD 1981 TO 2010
CLIMATE RECORD PERIOD 9999 TO 9999


WEATHER ITEM   OBSERVED TIME   NORMAL DEPARTURE LAST
                VALUE   (LST)  VALUE  FROM      YEAR
                                      NORMAL
......................................................
TEMPERATURE (F)
 YESTERDAY
  MAXIMUM         80   1226 PM  88     -8       85
  MINIMUM         56    320 AM  62     -6       63
  AVERAGE         68            75     -7       74

PRECIPITATION (IN)
  YESTERDAY        T             0.08  -0.08     0.00
  MONTH TO DATE    0.15          1.04  -0.89     0.49
  SINCE JUN 1      4.31          4.69  -0.38     4.00
  SINCE JAN 1      9.10         12.76  -3.66    11.39

DEGREE DAYS
 HEATING
  YESTERDAY        0             0      0        0
  MONTH TO DATE    7             0      7        0
  SINCE JUN 1     44            54    -10       53
  SINCE JUL 1      7             0      7        0

 COOLING
  YESTERDAY        3            10     -7        9
  MONTH TO DATE   66            83    -17       80
  SINCE JUN 1    183           228    -45      212
  SINCE JAN 1    264           258      6      251
......................................................


WIND (MPH)
  HIGHEST WIND SPEED    21   HIGHEST WIND DIRECTION     S (200)
  HIGHEST GUST SPEED    23   HIGHEST GUST DIRECTION     S (200)
  AVERAGE WIND SPEED     8.3


SKY COVER
  AVERAGE SKY COVER 0.4


WEATHER CONDITIONS
 THE FOLLOWING WEATHER WAS RECORDED YESTERDAY.
  THUNDERSTORM
  LIGHT RAIN


RELATIVE HUMIDITY (PERCENT)
 HIGHEST    90          1100 PM
 LOWEST     39          1100 AM
 AVERAGE    65

..........................................................




SUNRISE AND SUNSET
JULY 10 2014..........SUNRISE   609 AM CDT   SUNSET   921 PM CDT
JULY 11 2014..........SUNRISE   609 AM CDT   SUNSET   920 PM CDT


-  INDICATES NEGATIVE NUMBERS.
R  INDICATES RECORD WAS SET OR TIED.
MM INDICATES DATA IS MISSING.
T  INDICATES TRACE AMOUNT.




$$
