000
CDUS43 KUNR 250831
CLIICR


CLIMATE REPORT
NATIONAL WEATHER SERVICE RAPID CITY SD
131 AM MST THU DEC 25 2014


...................................

...THE WINNER REGIONAL AIRPORT SD CLIMATE SUMMARY FOR DECEMBER 24 2014...

CLIMATE NORMAL PERIOD 1981 TO 2010
CLIMATE RECORD PERIOD 9999 TO 9999


WEATHER ITEM   OBSERVED TIME   NORMAL DEPARTURE LAST
                VALUE   (LST)  VALUE  FROM      YEAR
                                      NORMAL
......................................................
TEMPERATURE (F)
 YESTERDAY
  MAXIMUM         37   1149 PM  34      3       32
  MINIMUM         15    843 AM  14      1       11
  AVERAGE         26            24      2       22

PRECIPITATION (IN)
  YESTERDAY        0.00          0.00   0.00      T
  MONTH TO DATE    0.19          0.28  -0.09     0.04
  SINCE DEC 1      0.19          0.28  -0.09     0.04
  SINCE JAN 1     14.77         21.53  -6.76    20.89

DEGREE DAYS
 HEATING
  YESTERDAY       39            41     -2       43
  MONTH TO DATE  669           952   -283     1136
  SINCE DEC 1    669           952   -283     1136
  SINCE JUL 1   2125          2423   -298     2573

 COOLING
  YESTERDAY        0             0      0        0
  MONTH TO DATE    0             0      0        0
  SINCE DEC 1      0             0      0        0
  SINCE JAN 1    863           916    -53     1014
......................................................


WIND (MPH)
  HIGHEST WIND SPEED    21   HIGHEST WIND DIRECTION    NW (320)
  HIGHEST GUST SPEED    24   HIGHEST GUST DIRECTION    NW (320)
  AVERAGE WIND SPEED     9.8


SKY COVER
  AVERAGE SKY COVER 0.3


WEATHER CONDITIONS
 THE FOLLOWING WEATHER WAS RECORDED YESTERDAY.
  FOG


RELATIVE HUMIDITY (PERCENT)
 HIGHEST    92           200 AM
 LOWEST     56           600 PM
 AVERAGE    74

..........................................................




SUNRISE AND SUNSET
DECEMBER 25 2014......SUNRISE   810 AM CST   SUNSET   509 PM CST
DECEMBER 26 2014......SUNRISE   811 AM CST   SUNSET   509 PM CST


-  INDICATES NEGATIVE NUMBERS.
R  INDICATES RECORD WAS SET OR TIED.
MM INDICATES DATA IS MISSING.
T  INDICATES TRACE AMOUNT.




$$
