000
CDUS43 KUNR 220831
CLIICR


CLIMATE REPORT
NATIONAL WEATHER SERVICE RAPID CITY SD
131 AM MST WED NOV 22 2017


...................................

...THE WINNER REGIONAL AIRPORT SD CLIMATE SUMMARY FOR NOVEMBER 21 2017...

CLIMATE NORMAL PERIOD 1981 TO 2010
CLIMATE RECORD PERIOD 9999 TO 9999


WEATHER ITEM   OBSERVED TIME   NORMAL DEPARTURE LAST
                VALUE   (LST)  VALUE  FROM      YEAR
                                      NORMAL
......................................................
TEMPERATURE (F)
 YESTERDAY
  MAXIMUM         43   1226 AM  43      0       47
  MINIMUM         12    911 PM  23    -11       28
  AVERAGE         28            33     -5       38

PRECIPITATION (IN)
  YESTERDAY        0.01          0.01   0.00    MM
  MONTH TO DATE    0.35          0.48  -0.13     0.08
  SINCE SEP 1      3.70          4.11  -0.41     3.40
  SINCE JAN 1     19.22         21.11  -1.89    18.26

DEGREE DAYS
 HEATING
  YESTERDAY       37            32      5       27
  MONTH TO DATE  555           561     -6      297
  SINCE SEP 1   1080          1145    -65      611
  SINCE JUL 1   1082          1159    -77      619

 COOLING
  YESTERDAY        0             0      0        0
  MONTH TO DATE    0             0      0        0
  SINCE SEP 1    137           110     27      149
  SINCE JAN 1   1113           916    197     1193
......................................................


WIND (MPH)
  HIGHEST WIND SPEED    28   HIGHEST WIND DIRECTION     N (350)
  HIGHEST GUST SPEED    34   HIGHEST GUST DIRECTION     N (340)
  AVERAGE WIND SPEED    12.9


SKY COVER
  AVERAGE SKY COVER 0.3


WEATHER CONDITIONS
 THE FOLLOWING WEATHER WAS RECORDED YESTERDAY.
  LIGHT SNOW
  FOG


RELATIVE HUMIDITY (PERCENT)
 HIGHEST    89           400 AM
 LOWEST     49          1200 AM
 AVERAGE    69

..........................................................




SUNRISE AND SUNSET
NOVEMBER 22 2017......SUNRISE   742 AM CST   SUNSET   509 PM CST
NOVEMBER 23 2017......SUNRISE   743 AM CST   SUNSET   508 PM CST


-  INDICATES NEGATIVE NUMBERS.
R  INDICATES RECORD WAS SET OR TIED.
MM INDICATES DATA IS MISSING.
T  INDICATES TRACE AMOUNT.




$$
