405
CDUS43 KICT 262206
CLIICT


CLIMATE REPORT
NATIONAL WEATHER SERVICE WICHITA KS
505 PM CDT FRI MAY 26 2017


...................................

...THE WICHITA EISENHOWER NATIONAL CLIMATE SUMMARY FOR MAY 26 2017...
VALID TODAY AS OF 500 PM LOCAL TIME.

CLIMATE NORMAL PERIOD 1981 TO 2010
CLIMATE RECORD PERIOD 1888 TO 2017


WEATHER ITEM   OBSERVED TIME   RECORD YEAR NORMAL DEPARTURE LAST
                VALUE   (LST)  VALUE       VALUE  FROM      YEAR
                                                  NORMAL
..................................................................
TEMPERATURE (F)
 TODAY
  MAXIMUM         87    331 PM  98    1964  80      7       84
  MINIMUM         62    520 AM  40    1901  59      3       61
  AVERAGE         75                        69      6       73

PRECIPITATION (IN)
  TODAY            0.00          3.23 2008   0.15  -0.15     0.58
  MONTH TO DATE    4.30                      3.73   0.57     6.54
  SINCE MAR 1     15.08                      9.01   6.07    14.30
  SINCE JAN 1     18.70                     11.02   7.68    15.04

SNOWFALL (IN)
  TODAY            0.0           0.0  2007   0.0    0.0      0.0
                                      2001
  MONTH TO DATE    0.0                       0.0    0.0      0.0
  SINCE MAR 1      T                         2.5   -2.5      3.5
  SINCE JUL 1      2.0                      14.9  -12.9      4.3
  SNOW DEPTH       0

DEGREE DAYS
 HEATING
  TODAY            0                         1     -1        0
  MONTH TO DATE   75                        75      0       91
  SINCE MAR 1    740                       943   -203      654
  SINCE JUL 1   3584                      4583   -999     3504

 COOLING
  TODAY           10                         5      5        8
  MONTH TO DATE   73                        80     -7       60
  SINCE MAR 1    118                       106     12       97
  SINCE JAN 1    118                       106     12       97
..................................................................


WIND (MPH)
  HIGHEST WIND SPEED    18   HIGHEST WIND DIRECTION    NW (330)
  HIGHEST GUST SPEED    27   HIGHEST GUST DIRECTION    NW (320)
  AVERAGE WIND SPEED    11.2


SKY COVER
  POSSIBLE SUNSHINE  MM
  AVERAGE SKY COVER 0.3


WEATHER CONDITIONS
 THE FOLLOWING WEATHER WAS RECORDED TODAY.
  NO SIGNIFICANT WEATHER WAS OBSERVED.


RELATIVE HUMIDITY (PERCENT)
 HIGHEST    87           400 AM
 LOWEST     40           200 PM
 AVERAGE    64

..........................................................


THE WICHITA EISENHOWER NATIONAL CLIMATE NORMALS FOR TOMORROW
                         NORMAL    RECORD    YEAR
 MAXIMUM TEMPERATURE (F)   80        96      1896
 MINIMUM TEMPERATURE (F)   59        37      1907


SUNRISE AND SUNSET
MAY 26 2017...........SUNRISE   612 AM CDT   SUNSET   842 PM CDT
MAY 27 2017...........SUNRISE   612 AM CDT   SUNSET   842 PM CDT


-  INDICATES NEGATIVE NUMBERS.
R  INDICATES RECORD WAS SET OR TIED.
MM INDICATES DATA IS MISSING.
T  INDICATES TRACE AMOUNT.




$$
