000
CDUS45 KPIH 152335
CLIIDA


CLIMATE REPORT
NATIONAL WEATHER SERVICE POCATELLO ID
432 PM MST FRI DEC 15 2017


...................................

...THE IDAHO FALLS ID CLIMATE SUMMARY FOR DECEMBER 15 2017...
VALID TODAY AS OF 0400 PM LOCAL TIME.

CLIMATE NORMAL PERIOD 1981 TO 2010
CLIMATE RECORD PERIOD 1948 TO 2017


WEATHER ITEM   OBSERVED TIME   RECORD YEAR NORMAL DEPARTURE LAST
                VALUE   (LST)  VALUE       VALUE  FROM      YEAR
                                                  NORMAL
..................................................................
TEMPERATURE (F)
 TODAY
  MAXIMUM         27    309 PM  46    1979  29     -2       41
  MINIMUM         17    828 AM -14    1972  12      5       22
  AVERAGE         22                        20      2       32

PRECIPITATION (IN)
  TODAY            0.00          0.20 1977   0.03  -0.03     0.06
  MONTH TO DATE    0.14                      0.45  -0.31     0.47
  SINCE OCT 1      1.75                      2.15  -0.40     3.42
  SINCE JAN 1     10.74                      9.97   0.77    10.64

SNOWFALL (IN)
  TODAY           MM
  MONTH TO DATE   MM
  SINCE DEC 1     MM
  SINCE JUL 1     MM
  SNOW DEPTH      MM

DEGREE DAYS
 HEATING
  TODAY           43                        45     -2       33
  MONTH TO DATE  659                       643     16      641
  SINCE DEC 1    659                       643     16      641
  SINCE JUL 1   2483                      2546    -63     2259

 COOLING
  TODAY            0                         0      0        0
  MONTH TO DATE    0                         0      0        0
  SINCE DEC 1      0                         0      0        0
  SINCE JAN 1    362                       264     98      260
..................................................................


WIND (MPH)
  HIGHEST WIND SPEED    10   HIGHEST WIND DIRECTION    NW (330)
  HIGHEST GUST SPEED    15   HIGHEST GUST DIRECTION    NW (330)
  AVERAGE WIND SPEED     3.7


SKY COVER
  POSSIBLE SUNSHINE  MM
  AVERAGE SKY COVER 0.8


WEATHER CONDITIONS
 THE FOLLOWING WEATHER WAS RECORDED TODAY.
  FOG
  FOG W/VISIBILITY <= 1/4 MILE


RELATIVE HUMIDITY (PERCENT)
 HIGHEST   100          1200 AM
 LOWEST     84           200 PM
 AVERAGE    92

..........................................................


THE IDAHO FALLS ID CLIMATE NORMALS FOR TOMORROW
                         NORMAL    RECORD    YEAR
 MAXIMUM TEMPERATURE (F)   29        50      1957
 MINIMUM TEMPERATURE (F)   12       -14      1964


SUNRISE AND SUNSET
DECEMBER 15 2017......SUNRISE   755 AM MST   SUNSET   453 PM MST
DECEMBER 16 2017......SUNRISE   755 AM MST   SUNSET   453 PM MST


-  INDICATES NEGATIVE NUMBERS.
R  INDICATES RECORD WAS SET OR TIED.
MM INDICATES DATA IS MISSING.
T  INDICATES TRACE AMOUNT.




$$
