000
CDUS45 KPIH 200732
CLIIDA


CLIMATE REPORT
NATIONAL WEATHER SERVICE POCATELLO ID
1229 AM MST FRI JAN 20 2017


...................................

...THE IDAHO FALLS ID CLIMATE SUMMARY FOR JANUARY 19 2017...

CLIMATE NORMAL PERIOD 1981 TO 2010
CLIMATE RECORD PERIOD 1948 TO 2017


WEATHER ITEM   OBSERVED TIME   RECORD YEAR NORMAL DEPARTURE LAST
                VALUE   (LST)  VALUE       VALUE  FROM      YEAR
                                                  NORMAL
..................................................................
TEMPERATURE (F)
 YESTERDAY
  MAXIMUM         32    506 PM  45    1971  29      3       35
  MINIMUM         20    207 AM -22    1963  12      8       24
  AVERAGE         26                        20      6       30

PRECIPITATION (IN)
  YESTERDAY        0.20          0.30 1969   0.02   0.18     0.02
  MONTH TO DATE    0.73                      0.46   0.27     0.45
  SINCE OCT 1      5.01                      3.03   1.98     2.77
  SINCE JAN 1      0.73                      0.46   0.27     0.45

SNOWFALL (IN)
  YESTERDAY       MM
  MONTH TO DATE   MM
  SINCE DEC 1     MM
  SINCE JUL 1     MM
  SNOW DEPTH      MM

DEGREE DAYS
 HEATING
  YESTERDAY       39                        45     -6       35
  MONTH TO DATE 1052                       855    197      840
  SINCE DEC 1   2581                      2225    356     2211
  SINCE JUL 1   4199                      4128     71     3911

 COOLING
  YESTERDAY        0                         0      0        0
  MONTH TO DATE    0                         0      0        0
  SINCE DEC 1      0                         0      0        0
  SINCE JAN 1      0                         0      0        0
..................................................................


WIND (MPH)
  HIGHEST WIND SPEED    10   HIGHEST WIND DIRECTION    SW (210)
  HIGHEST GUST SPEED    15   HIGHEST GUST DIRECTION    NE (30)
  AVERAGE WIND SPEED     4.7


SKY COVER
  POSSIBLE SUNSHINE  MM
  AVERAGE SKY COVER 1.0


WEATHER CONDITIONS
 THE FOLLOWING WEATHER WAS RECORDED YESTERDAY.
  SNOW
  LIGHT SNOW
  FOG


RELATIVE HUMIDITY (PERCENT)
 HIGHEST   100           200 AM
 LOWEST     77          1200 AM
 AVERAGE    89

..........................................................


THE IDAHO FALLS ID CLIMATE NORMALS FOR TODAY
                         NORMAL    RECORD    YEAR
 MAXIMUM TEMPERATURE (F)   29        51      1953
 MINIMUM TEMPERATURE (F)   12       -21      1984


SUNRISE AND SUNSET
JANUARY 20 2017.......SUNRISE   755 AM MST   SUNSET   524 PM MST
JANUARY 21 2017.......SUNRISE   754 AM MST   SUNSET   526 PM MST


-  INDICATES NEGATIVE NUMBERS.
R  INDICATES RECORD WAS SET OR TIED.
MM INDICATES DATA IS MISSING.
T  INDICATES TRACE AMOUNT.




$$
