000
CDUS45 KPIH 240731
CLIIDA


CLIMATE REPORT
NATIONAL WEATHER SERVICE POCATELLO ID
130 AM MDT THU JUL 24 2014


...................................

...THE IDAHO FALLS ID CLIMATE SUMMARY FOR JULY 23 2014...

CLIMATE NORMAL PERIOD 1981 TO 2010
CLIMATE RECORD PERIOD 1948 TO 2014


WEATHER ITEM   OBSERVED TIME   RECORD YEAR NORMAL DEPARTURE LAST
                VALUE   (LST)  VALUE       VALUE  FROM      YEAR
                                                  NORMAL
..................................................................
TEMPERATURE (F)
 YESTERDAY
  MAXIMUM         96    318 PM 100    2007  88      8       92
                                      2003
  MINIMUM         49    530 AM  40    1954  51     -2       45
  AVERAGE         73                        69      4       69

PRECIPITATION (IN)
  YESTERDAY        0.00          0.61 1993   0.02  -0.02     0.00
  MONTH TO DATE    T                         0.38  -0.38     0.30
  SINCE OCT 1      5.14                      8.89  -3.75     4.93
  SINCE JAN 1      3.84                      6.32  -2.48     2.24

SNOWFALL (IN)
  YESTERDAY       MM
  MONTH TO DATE   MM
  SINCE JUN 1     MM
  SINCE JUL 1     MM
  SNOW DEPTH      MM

DEGREE DAYS
 HEATING
  YESTERDAY        0                         0      0        0
  MONTH TO DATE    2                        25    -23        0
  SINCE JUN 1    130                       178    -48      100
  SINCE JUL 1      2                        25    -23        0

 COOLING
  YESTERDAY        8                         5      3        4
  MONTH TO DATE  164                        88     76      175
  SINCE JUN 1    173                       118     55      244
  SINCE JAN 1    174                       120     54      248
..................................................................


WIND (MPH)
  HIGHEST WIND SPEED    18   HIGHEST WIND DIRECTION    SW (210)
  HIGHEST GUST SPEED    22   HIGHEST GUST DIRECTION    SW (240)
  AVERAGE WIND SPEED     7.6


SKY COVER
  POSSIBLE SUNSHINE  MM
  AVERAGE SKY COVER 0.2


WEATHER CONDITIONS
 THE FOLLOWING WEATHER WAS RECORDED YESTERDAY.
  NO SIGNIFICANT WEATHER WAS OBSERVED.


RELATIVE HUMIDITY (PERCENT)
 HIGHEST    83           200 AM
 LOWEST     11           600 PM
 AVERAGE    47

..........................................................


THE IDAHO FALLS ID CLIMATE NORMALS FOR TODAY
                         NORMAL    RECORD    YEAR
 MAXIMUM TEMPERATURE (F)   88        97      1978
 MINIMUM TEMPERATURE (F)   51        43      2010
                                             1981


SUNRISE AND SUNSET
JULY 24 2014..........SUNRISE   610 AM MDT   SUNSET   859 PM MDT
JULY 25 2014..........SUNRISE   611 AM MDT   SUNSET   858 PM MDT


-  INDICATES NEGATIVE NUMBERS.
R  INDICATES RECORD WAS SET OR TIED.
MM INDICATES DATA IS MISSING.
T  INDICATES TRACE AMOUNT.




$$
