000
CDUS45 KPIH 180732
CLIIDA


CLIMATE REPORT
NATIONAL WEATHER SERVICE POCATELLO ID
1229 AM MST THU DEC 18 2014


...................................

...THE IDAHO FALLS ID CLIMATE SUMMARY FOR DECEMBER 17 2014...

CLIMATE NORMAL PERIOD 1981 TO 2010
CLIMATE RECORD PERIOD 1948 TO 2014


WEATHER ITEM   OBSERVED TIME   RECORD YEAR NORMAL DEPARTURE LAST
                VALUE   (LST)  VALUE       VALUE  FROM      YEAR
                                                  NORMAL
..................................................................
TEMPERATURE (F)
 YESTERDAY
  MAXIMUM         32    429 PM  48    1962  28      4       26
  MINIMUM         13   1055 PM -21    1964  12      1        3
  AVERAGE         23                        20      3       15

PRECIPITATION (IN)
  YESTERDAY        0.00          0.48 1973   0.03  -0.03     0.00
  MONTH TO DATE    0.21                      0.50  -0.29     0.09
  SINCE OCT 1      0.77                      2.20  -1.43     1.24
  SINCE JAN 1      9.60                     10.02  -0.42     6.26

SNOWFALL (IN)
  YESTERDAY       MM
  MONTH TO DATE   MM
  SINCE DEC 1     MM
  SINCE JUL 1     MM
  SNOW DEPTH      MM

DEGREE DAYS
 HEATING
  YESTERDAY       42                        45     -3       50
  MONTH TO DATE  508                       733   -225      901
  SINCE DEC 1    508                       733   -225      901
  SINCE JUL 1   2197                      2636   -439     2625

 COOLING
  YESTERDAY        0                         0      0        0
  MONTH TO DATE    0                         0      0        0
  SINCE DEC 1      0                         0      0        0
  SINCE JAN 1    303                       264     39      510
..................................................................


WIND (MPH)
  HIGHEST WIND SPEED     7   HIGHEST WIND DIRECTION     N (340)
  HIGHEST GUST SPEED     8   HIGHEST GUST DIRECTION     N (340)
  AVERAGE WIND SPEED     1.4


SKY COVER
  POSSIBLE SUNSHINE  MM
  AVERAGE SKY COVER 0.8


WEATHER CONDITIONS
 THE FOLLOWING WEATHER WAS RECORDED YESTERDAY.
  FOG
  FOG W/VISIBILITY <= 1/4 MILE
  HAZE


RELATIVE HUMIDITY (PERCENT)
 HIGHEST   100           500 AM
 LOWEST     84          1000 PM
 AVERAGE    92

..........................................................


THE IDAHO FALLS ID CLIMATE NORMALS FOR TODAY
                         NORMAL    RECORD    YEAR
 MAXIMUM TEMPERATURE (F)   28        46      1962
 MINIMUM TEMPERATURE (F)   11       -12      1964


SUNRISE AND SUNSET
DECEMBER 18 2014......SUNRISE   756 AM MST   SUNSET   453 PM MST
DECEMBER 19 2014......SUNRISE   757 AM MST   SUNSET   454 PM MST


-  INDICATES NEGATIVE NUMBERS.
R  INDICATES RECORD WAS SET OR TIED.
MM INDICATES DATA IS MISSING.
T  INDICATES TRACE AMOUNT.




$$
