000
CDUS45 KPIH 202321
CLIIDA


CLIMATE REPORT
NATIONAL WEATHER SERVICE POCATELLO ID
520 PM MDT MON OCT 20 2014


...................................

...THE IDAHO FALLS ID CLIMATE SUMMARY FOR OCTOBER 20 2014...
VALID TODAY AS OF 0500 PM LOCAL TIME.

CLIMATE NORMAL PERIOD 1981 TO 2010
CLIMATE RECORD PERIOD 1948 TO 2014


WEATHER ITEM   OBSERVED TIME   RECORD YEAR NORMAL DEPARTURE LAST
                VALUE   (LST)  VALUE       VALUE  FROM      YEAR
                                                  NORMAL
..................................................................
TEMPERATURE (F)
 TODAY
  MAXIMUM         74    310 PM  78    2003  58     16       59
  MINIMUM         33    656 AM  15    1982  30      3       29
  AVERAGE         54                        44     10       44

PRECIPITATION (IN)
  TODAY            0.00          0.45 1972   0.03  -0.03     0.00
  MONTH TO DATE    0.02                      0.55  -0.53     0.51
  SINCE OCT 1      0.02                      0.55  -0.53     0.51
  SINCE JAN 1      8.85                      8.37   0.48     5.53

SNOWFALL (IN)
  TODAY           MM
  MONTH TO DATE   MM
  SINCE SEP 1     MM
  SINCE JUL 1     MM
  SNOW DEPTH      MM

DEGREE DAYS
 HEATING
  TODAY           11                        21    -10       21
  MONTH TO DATE  269                       356    -87      438
  SINCE SEP 1    426                       599   -173      597
  SINCE JUL 1    481                       664   -183      597

 COOLING
  TODAY            0                         0      0        0
  MONTH TO DATE    0                         0      0        0
  SINCE SEP 1     21                        12      9       50
  SINCE JAN 1    303                       264     39      510
..................................................................


WIND (MPH)
  HIGHEST WIND SPEED    13   HIGHEST WIND DIRECTION    SW (210)
  HIGHEST GUST SPEED    16   HIGHEST GUST DIRECTION    SW (220)
  AVERAGE WIND SPEED     5.5


SKY COVER
  POSSIBLE SUNSHINE  MM
  AVERAGE SKY COVER 0.3


WEATHER CONDITIONS
 THE FOLLOWING WEATHER WAS RECORDED TODAY.
  NO SIGNIFICANT WEATHER WAS OBSERVED.


RELATIVE HUMIDITY (PERCENT)
 HIGHEST    82           400 AM
 LOWEST     27           300 PM
 AVERAGE    55

..........................................................


THE IDAHO FALLS ID CLIMATE NORMALS FOR TOMORROW
                         NORMAL    RECORD    YEAR
 MAXIMUM TEMPERATURE (F)   57        77      2003
 MINIMUM TEMPERATURE (F)   30        19      1999


SUNRISE AND SUNSET
OCTOBER 20 2014.......SUNRISE   749 AM MDT   SUNSET   637 PM MDT
OCTOBER 21 2014.......SUNRISE   750 AM MDT   SUNSET   635 PM MDT


-  INDICATES NEGATIVE NUMBERS.
R  INDICATES RECORD WAS SET OR TIED.
MM INDICATES DATA IS MISSING.
T  INDICATES TRACE AMOUNT.




$$
