538
CDUS45 KPIH 260736
CLIIDA


CLIMATE REPORT
NATIONAL WEATHER SERVICE POCATELLO ID
135 AM MDT FRI MAY 26 2017


...................................

...THE IDAHO FALLS ID CLIMATE SUMMARY FOR MAY 25 2017...

CLIMATE NORMAL PERIOD 1981 TO 2010
CLIMATE RECORD PERIOD 1948 TO 2017


WEATHER ITEM   OBSERVED TIME   RECORD YEAR NORMAL DEPARTURE LAST
                VALUE   (LST)  VALUE       VALUE  FROM      YEAR
                                                  NORMAL
..................................................................
TEMPERATURE (F)
 YESTERDAY
  MAXIMUM         64    453 PM  88    2003  69     -5       59
  MINIMUM         31    457 AM  25    1989  41    -10       41
  AVERAGE         48                        55     -7       50

PRECIPITATION (IN)
  YESTERDAY        0.00          0.61 1980   0.05  -0.05     0.14
  MONTH TO DATE    0.34                      1.20  -0.86     1.84
  SINCE OCT 1      8.13                      7.12   1.01     7.43
  SINCE JAN 1      3.85                      4.55  -0.70     5.11

SNOWFALL (IN)
  YESTERDAY       MM
  MONTH TO DATE   MM
  SINCE MAR 1     MM
  SINCE JUL 1     MM
  SNOW DEPTH      MM

DEGREE DAYS
 HEATING
  YESTERDAY       17                        10      7       15
  MONTH TO DATE  312                       324    -12      299
  SINCE MAR 1   1680                      1835   -155     1591
  SINCE JUL 1   7477                      7637   -160     7173

 COOLING
  YESTERDAY        0                         0      0        0
  MONTH TO DATE    0                         0      0        0
  SINCE MAR 1      0                         0      0        0
  SINCE JAN 1      0                         0      0        0
..................................................................


WIND (MPH)
  HIGHEST WIND SPEED    14   HIGHEST WIND DIRECTION     N (350)
  HIGHEST GUST SPEED    19   HIGHEST GUST DIRECTION     N (350)
  AVERAGE WIND SPEED     5.4


SKY COVER
  POSSIBLE SUNSHINE  MM
  AVERAGE SKY COVER 0.3


WEATHER CONDITIONS
 THE FOLLOWING WEATHER WAS RECORDED YESTERDAY.
  NO SIGNIFICANT WEATHER WAS OBSERVED.


RELATIVE HUMIDITY (PERCENT)
 HIGHEST    85           500 AM
 LOWEST     22           500 PM
 AVERAGE    54

..........................................................


THE IDAHO FALLS ID CLIMATE NORMALS FOR TODAY
                         NORMAL    RECORD    YEAR
 MAXIMUM TEMPERATURE (F)   70        85      2014
                                             1988
 MINIMUM TEMPERATURE (F)   42        25      1975


SUNRISE AND SUNSET
MAY 26 2017...........SUNRISE   554 AM MDT   SUNSET   858 PM MDT
MAY 27 2017...........SUNRISE   553 AM MDT   SUNSET   859 PM MDT


-  INDICATES NEGATIVE NUMBERS.
R  INDICATES RECORD WAS SET OR TIED.
MM INDICATES DATA IS MISSING.
T  INDICATES TRACE AMOUNT.




$$
