000
CDUS45 KPIH 090734
CLIIDA


CLIMATE REPORT
NATIONAL WEATHER SERVICE POCATELLO ID
1233 AM MST TUE FEB 9 2016


...................................

...THE IDAHO FALLS ID CLIMATE SUMMARY FOR FEBRUARY 8 2016...

CLIMATE NORMAL PERIOD 1981 TO 2010
CLIMATE RECORD PERIOD 1948 TO 2016


WEATHER ITEM   OBSERVED TIME   RECORD YEAR NORMAL DEPARTURE LAST
                VALUE   (LST)  VALUE       VALUE  FROM      YEAR
                                                  NORMAL
..................................................................
TEMPERATURE (F)
 YESTERDAY
  MAXIMUM         27    454 PM  57    2015  31     -4       57
  MINIMUM         13    829 PM -18    1989  13      0       34
  AVERAGE         20                        22     -2       46

PRECIPITATION (IN)
  YESTERDAY        0.00          0.27 1960   0.02  -0.02     0.00
  MONTH TO DATE    0.07                      0.16  -0.09     0.17
  SINCE OCT 1      3.34                      3.42  -0.08     1.91
  SINCE JAN 1      1.02                      0.85   0.17     0.45

SNOWFALL (IN)
  YESTERDAY       MM
  MONTH TO DATE   MM
  SINCE DEC 1     MM
  SINCE JUL 1     MM
  SNOW DEPTH      MM

DEGREE DAYS
 HEATING
  YESTERDAY       45                        43      2       19
  MONTH TO DATE  402                       348     54      192
  SINCE DEC 1   3138                      3108     30     2539
  SINCE JUL 1   4838                      5011   -173     4228

 COOLING
  YESTERDAY        0                         0      0        0
  MONTH TO DATE    0                         0      0        0
  SINCE DEC 1      0                         0      0        0
  SINCE JAN 1      0                         0      0        0
..................................................................


WIND (MPH)
  HIGHEST WIND SPEED    10   HIGHEST WIND DIRECTION    NW (330)
  HIGHEST GUST SPEED    15   HIGHEST GUST DIRECTION    NW (330)
  AVERAGE WIND SPEED     3.9


SKY COVER
  POSSIBLE SUNSHINE  MM
  AVERAGE SKY COVER 1.0


WEATHER CONDITIONS
 THE FOLLOWING WEATHER WAS RECORDED YESTERDAY.
  FOG
  FOG W/VISIBILITY <= 1/4 MILE
  HAZE


RELATIVE HUMIDITY (PERCENT)
 HIGHEST   100           600 AM
 LOWEST     88          1100 AM
 AVERAGE    94

..........................................................


THE IDAHO FALLS ID CLIMATE NORMALS FOR TODAY
                         NORMAL    RECORD    YEAR
 MAXIMUM TEMPERATURE (F)   32        53      2015
 MINIMUM TEMPERATURE (F)   13       -16      1982


SUNRISE AND SUNSET
FEBRUARY  9 2016......SUNRISE   735 AM MST   SUNSET   550 PM MST
FEBRUARY 10 2016......SUNRISE   734 AM MST   SUNSET   551 PM MST


-  INDICATES NEGATIVE NUMBERS.
R  INDICATES RECORD WAS SET OR TIED.
MM INDICATES DATA IS MISSING.
T  INDICATES TRACE AMOUNT.




$$
