000
CDUS45 KPIH 290752
CLIIDA


CLIMATE REPORT
NATIONAL WEATHER SERVICE POCATELLO ID
150 AM MDT FRI JUL 29 2016


...................................

...THE IDAHO FALLS ID CLIMATE SUMMARY FOR JULY 28 2016...

CLIMATE NORMAL PERIOD 1981 TO 2010
CLIMATE RECORD PERIOD 1948 TO 2016


WEATHER ITEM   OBSERVED TIME   RECORD YEAR NORMAL DEPARTURE LAST
                VALUE   (LST)  VALUE       VALUE  FROM      YEAR
                                                  NORMAL
..................................................................
TEMPERATURE (F)
 YESTERDAY
  MAXIMUM         92    349 PM  98    2006  88      4       71
  MINIMUM         52    315 AM  36    2015  51      1       36
  AVERAGE         72                        69      3       54

PRECIPITATION (IN)
  YESTERDAY        0.00          0.33 1978   0.01  -0.01     0.00
  MONTH TO DATE    0.19                      0.45  -0.26     0.94
  SINCE OCT 1      7.67                      8.96  -1.29     7.81
  SINCE JAN 1      5.35                      6.39  -1.04     6.35

SNOWFALL (IN)
  YESTERDAY       MM
  MONTH TO DATE   MM
  SINCE JUN 1     MM
  SINCE JUL 1     MM
  SNOW DEPTH      MM

DEGREE DAYS
 HEATING
  YESTERDAY        0                         0      0       11
  MONTH TO DATE   33                        25      8       37
  SINCE JUN 1    107                       178    -71       83
  SINCE JUL 1     33                        25      8       37

 COOLING
  YESTERDAY        7                         5      2        0
  MONTH TO DATE   90                       113    -23       96
  SINCE JUN 1    150                       143      7      192
  SINCE JAN 1    150                       145      5      193
..................................................................


WIND (MPH)
  HIGHEST WIND SPEED    13   HIGHEST WIND DIRECTION     S (160)
  HIGHEST GUST SPEED    17   HIGHEST GUST DIRECTION    SE (150)
  AVERAGE WIND SPEED     6.3


SKY COVER
  POSSIBLE SUNSHINE  MM
  AVERAGE SKY COVER 0.0


WEATHER CONDITIONS
 THE FOLLOWING WEATHER WAS RECORDED YESTERDAY.
  NO SIGNIFICANT WEATHER WAS OBSERVED.


RELATIVE HUMIDITY (PERCENT)
 HIGHEST    77          1200 AM
 LOWEST     15           300 PM
 AVERAGE    46

..........................................................


THE IDAHO FALLS ID CLIMATE NORMALS FOR TODAY
                         NORMAL    RECORD    YEAR
 MAXIMUM TEMPERATURE (F)   88        96      2007
                                             2000
 MINIMUM TEMPERATURE (F)   51        38      2015


SUNRISE AND SUNSET
JULY 29 2016..........SUNRISE   615 AM MDT   SUNSET   854 PM MDT
JULY 30 2016..........SUNRISE   616 AM MDT   SUNSET   852 PM MDT


-  INDICATES NEGATIVE NUMBERS.
R  INDICATES RECORD WAS SET OR TIED.
MM INDICATES DATA IS MISSING.
T  INDICATES TRACE AMOUNT.




$$
