000
CDUS45 KPIH 262323
CLIIDA


CLIMATE REPORT
NATIONAL WEATHER SERVICE POCATELLO ID
522 PM MDT SUN MAR 26 2017


...................................

...THE IDAHO FALLS ID CLIMATE SUMMARY FOR MARCH 26 2017...
VALID TODAY AS OF 0500 PM LOCAL TIME.

CLIMATE NORMAL PERIOD 1981 TO 2010
CLIMATE RECORD PERIOD 1948 TO 2017


WEATHER ITEM   OBSERVED TIME   RECORD YEAR NORMAL DEPARTURE LAST
                VALUE   (LST)  VALUE       VALUE  FROM      YEAR
                                                  NORMAL
..................................................................
TEMPERATURE (F)
 TODAY
  MAXIMUM         51    330 PM  68    2007  51      0       45
  MINIMUM         27    634 AM   8    1955  29     -2       22
  AVERAGE         39                        40     -1       34

PRECIPITATION (IN)
  TODAY            0.00          0.27 1981   0.03  -0.03     0.00
  MONTH TO DATE    0.09                      0.72  -0.63     1.55
  SINCE OCT 1      6.51                      4.64   1.87     4.93
  SINCE JAN 1      2.23                      2.07   0.16     2.61

SNOWFALL (IN)
  TODAY           MM
  MONTH TO DATE   MM
  SINCE MAR 1     MM
  SINCE JUL 1     MM
  SNOW DEPTH      MM

DEGREE DAYS
 HEATING
  TODAY           26                        25      1       31
  MONTH TO DATE  625                       779   -154      678
  SINCE MAR 1    625                       779   -154      678
  SINCE JUL 1   6422                      6581   -159     6260

 COOLING
  TODAY            0                         0      0        0
  MONTH TO DATE    0                         0      0        0
  SINCE MAR 1      0                         0      0        0
  SINCE JAN 1      0                         0      0        0
..................................................................


WIND (MPH)
  HIGHEST WIND SPEED    20   HIGHEST WIND DIRECTION    SW (220)
  HIGHEST GUST SPEED    25   HIGHEST GUST DIRECTION    SW (210)
  AVERAGE WIND SPEED    11.5


SKY COVER
  POSSIBLE SUNSHINE  MM
  AVERAGE SKY COVER 0.2


WEATHER CONDITIONS
 THE FOLLOWING WEATHER WAS RECORDED TODAY.
  NO SIGNIFICANT WEATHER WAS OBSERVED.


RELATIVE HUMIDITY (PERCENT)
 HIGHEST    92           600 AM
 LOWEST     35           300 PM
 AVERAGE    64

..........................................................


THE IDAHO FALLS ID CLIMATE NORMALS FOR TOMORROW
                         NORMAL    RECORD    YEAR
 MAXIMUM TEMPERATURE (F)   51        70      2015
                                             1986
 MINIMUM TEMPERATURE (F)   29         9      1964


SUNRISE AND SUNSET
MARCH 26 2017.........SUNRISE   720 AM MDT   SUNSET   748 PM MDT
MARCH 27 2017.........SUNRISE   718 AM MDT   SUNSET   749 PM MDT


-  INDICATES NEGATIVE NUMBERS.
R  INDICATES RECORD WAS SET OR TIED.
MM INDICATES DATA IS MISSING.
T  INDICATES TRACE AMOUNT.




$$
