000
CDUS43 KUNR 230832
CLIIEN


CLIMATE REPORT
NATIONAL WEATHER SERVICE RAPID CITY SD
230 AM MDT SAT AUG 23 2014


...................................

...THE PINE RIDGE SD CLIMATE SUMMARY FOR AUGUST 22 2014...

CLIMATE NORMAL PERIOD 1981 TO 2010
CLIMATE RECORD PERIOD 9999 TO 9999


WEATHER ITEM   OBSERVED TIME   NORMAL DEPARTURE LAST
                VALUE   (LST)  VALUE  FROM      YEAR
                                      NORMAL
......................................................
TEMPERATURE (F)
 YESTERDAY
  MAXIMUM         78    442 PM  87     -9       85
  MINIMUM         57    532 AM  55      2       51
  AVERAGE         68            71     -3       68

PRECIPITATION (IN)
  YESTERDAY        0.09          0.06   0.03     0.00
  MONTH TO DATE    0.88          1.42  -0.54     2.30
  SINCE JUN 1      7.98          7.12   0.86     6.23
  SINCE JAN 1     15.58         13.36   2.22    13.99

DEGREE DAYS
 HEATING
  YESTERDAY        0             1     -1        0
  MONTH TO DATE    0            10    -10        0
  SINCE JUN 1    136           109     27       80
  SINCE JUL 1     28            22      6        2

 COOLING
  YESTERDAY        3             7     -4        3
  MONTH TO DATE  150           191    -41      149
  SINCE JUN 1    383           582   -199      516
  SINCE JAN 1    408           599   -191      533
......................................................


WIND (MPH)
  HIGHEST WIND SPEED    13   HIGHEST WIND DIRECTION     E (90)
  HIGHEST GUST SPEED    18   HIGHEST GUST DIRECTION     E (100)
  AVERAGE WIND SPEED     4.6


SKY COVER
  AVERAGE SKY COVER 0.4


WEATHER CONDITIONS
 THE FOLLOWING WEATHER WAS RECORDED YESTERDAY.
  RAIN
  LIGHT RAIN
  FOG


RELATIVE HUMIDITY (PERCENT)
 HIGHEST   100           400 AM
 LOWEST     46          1200 AM
 AVERAGE    73

..........................................................




SUNRISE AND SUNSET
AUGUST 23 2014........SUNRISE   605 AM MDT   SUNSET   740 PM MDT
AUGUST 24 2014........SUNRISE   606 AM MDT   SUNSET   738 PM MDT


-  INDICATES NEGATIVE NUMBERS.
R  INDICATES RECORD WAS SET OR TIED.
MM INDICATES DATA IS MISSING.
T  INDICATES TRACE AMOUNT.




$$
