154
CDUS43 KUNR 230832
CLIIEN


CLIMATE REPORT
NATIONAL WEATHER SERVICE RAPID CITY SD
231 AM MDT MON OCT 23 2017


...................................

...THE PINE RIDGE SD CLIMATE SUMMARY FOR OCTOBER 22 2017...

CLIMATE NORMAL PERIOD 1981 TO 2010
CLIMATE RECORD PERIOD 9999 TO 9999


WEATHER ITEM   OBSERVED TIME   NORMAL DEPARTURE LAST
                VALUE   (LST)  VALUE  FROM      YEAR
                                      NORMAL
......................................................
TEMPERATURE (F)
 YESTERDAY
  MAXIMUM         72    200 PM  61     11       82
  MINIMUM         22    142 AM  30     -8       34
  AVERAGE         47            46      1       58

PRECIPITATION (IN)
  YESTERDAY        0.00          0.05  -0.05     0.00
  MONTH TO DATE    0.88          0.90  -0.02     0.49
  SINCE SEP 1      1.69          2.51  -0.82     1.17
  SINCE JAN 1     14.86         16.30  -1.44    14.09

DEGREE DAYS
 HEATING
  YESTERDAY       18            19     -1        7
  MONTH TO DATE  319           338    -19      229
  SINCE SEP 1    487           523    -36      360
  SINCE JUL 1    499           560    -61      393

 COOLING
  YESTERDAY        0             0      0        0
  MONTH TO DATE    6             0      6        8
  SINCE SEP 1    107            66     41       62
  SINCE JAN 1    780           714     66      774
......................................................


WIND (MPH)
  HIGHEST WIND SPEED    26   HIGHEST WIND DIRECTION     N (340)
  HIGHEST GUST SPEED    36   HIGHEST GUST DIRECTION     N (340)
  AVERAGE WIND SPEED     9.0


SKY COVER
  AVERAGE SKY COVER 0.1


WEATHER CONDITIONS
 THE FOLLOWING WEATHER WAS RECORDED YESTERDAY.
  NO SIGNIFICANT WEATHER WAS OBSERVED.


RELATIVE HUMIDITY (PERCENT)
 HIGHEST    81          1200 AM
 LOWEST     20           200 PM
 AVERAGE    51

..........................................................




SUNRISE AND SUNSET
OCTOBER 23 2017.......SUNRISE   714 AM MDT   SUNSET   554 PM MDT
OCTOBER 24 2017.......SUNRISE   715 AM MDT   SUNSET   553 PM MDT


-  INDICATES NEGATIVE NUMBERS.
R  INDICATES RECORD WAS SET OR TIED.
MM INDICATES DATA IS MISSING.
T  INDICATES TRACE AMOUNT.




$$
