000
CDUS43 KUNR 270837
CLIIEN


CLIMATE REPORT
NATIONAL WEATHER SERVICE RAPID CITY SD
135 AM MST TUE JAN 27 2015


...................................

...THE PINE RIDGE SD CLIMATE SUMMARY FOR JANUARY 26 2015...

CLIMATE NORMAL PERIOD 1981 TO 2010
CLIMATE RECORD PERIOD 9999 TO 9999


WEATHER ITEM   OBSERVED TIME   NORMAL DEPARTURE LAST
                VALUE   (LST)  VALUE  FROM      YEAR
                                      NORMAL
......................................................
TEMPERATURE (F)
 YESTERDAY
  MAXIMUM         63    324 PM  38     25       44
  MINIMUM         30    917 PM  11     19        6
  AVERAGE         47            24     23       25

PRECIPITATION (IN)
  YESTERDAY        0.00          0.01  -0.01      T
  MONTH TO DATE    0.17          0.25  -0.08     0.06
  SINCE DEC 1      0.72          0.60   0.12     0.29
  SINCE JAN 1      0.17          0.25  -0.08     0.06

DEGREE DAYS
 HEATING
  YESTERDAY       18            41    -23       40
  MONTH TO DATE 1072          1081     -9      960
  SINCE DEC 1   2258          2381   -123     2236
  SINCE JUL 1   4057          4071    -14     3951

 COOLING
  YESTERDAY        0             0      0        0
  MONTH TO DATE    0             0      0        0
  SINCE DEC 1      0             0      0        0
  SINCE JAN 1      0             0      0        0
......................................................


WIND (MPH)
  HIGHEST WIND SPEED    14   HIGHEST WIND DIRECTION     W (270)
  HIGHEST GUST SPEED    18   HIGHEST GUST DIRECTION     W (270)
  AVERAGE WIND SPEED     4.6


SKY COVER
  AVERAGE SKY COVER 0.0


WEATHER CONDITIONS
 THE FOLLOWING WEATHER WAS RECORDED YESTERDAY.
  HAZE


RELATIVE HUMIDITY (PERCENT)
 HIGHEST    85           900 PM
 LOWEST     30           200 PM
 AVERAGE    58

..........................................................




SUNRISE AND SUNSET
JANUARY 27 2015.......SUNRISE   710 AM MST   SUNSET   456 PM MST
JANUARY 28 2015.......SUNRISE   709 AM MST   SUNSET   457 PM MST


-  INDICATES NEGATIVE NUMBERS.
R  INDICATES RECORD WAS SET OR TIED.
MM INDICATES DATA IS MISSING.
T  INDICATES TRACE AMOUNT.




$$
