000
CDUS43 KUNR 020850
CLIIEN


CLIMATE REPORT
NATIONAL WEATHER SERVICE RAPID CITY SD
249 AM MDT THU JUL 2 2015


...................................

...THE PINE RIDGE SD CLIMATE SUMMARY FOR JULY 1 2015...

CLIMATE NORMAL PERIOD 1981 TO 2010
CLIMATE RECORD PERIOD 9999 TO 9999


WEATHER ITEM   OBSERVED TIME   NORMAL DEPARTURE LAST
                VALUE   (LST)  VALUE  FROM      YEAR
                                      NORMAL
......................................................
TEMPERATURE (F)
 YESTERDAY
  MAXIMUM         86    300 PM  86      0       71
  MINIMUM         62   1018 PM  56      6       48
  AVERAGE         74            71      3       60

PRECIPITATION (IN)
  YESTERDAY        1.09          0.12   0.97      T
  MONTH TO DATE    1.09          0.12   0.97      T
  SINCE JUN 1      4.86          3.55   1.31     4.54
  SINCE JAN 1     14.54          9.79   4.75    12.14

DEGREE DAYS
 HEATING
  YESTERDAY        0             1     -1        5
  MONTH TO DATE    0             1     -1        5
  SINCE JUN 1     10            88    -78      113
  SINCE JUL 1      0             1     -1        5

 COOLING
  YESTERDAY        9             7      2        0
  MONTH TO DATE    9             7      2        0
  SINCE JUN 1    130           117     13       57
  SINCE JAN 1    130           134     -4       82
......................................................


WIND (MPH)
  HIGHEST WIND SPEED    23   HIGHEST WIND DIRECTION     W (260)
  HIGHEST GUST SPEED    41   HIGHEST GUST DIRECTION     W (270)
  AVERAGE WIND SPEED     7.5


SKY COVER
  AVERAGE SKY COVER 0.1


WEATHER CONDITIONS
 THE FOLLOWING WEATHER WAS RECORDED YESTERDAY.
  THUNDERSTORM
  HEAVY RAIN
  RAIN
  LIGHT RAIN
  FOG
  HAZE


RELATIVE HUMIDITY (PERCENT)
 HIGHEST    93          1200 AM
 LOWEST     43           400 PM
 AVERAGE    68

..........................................................




SUNRISE AND SUNSET
JULY  2 2015..........SUNRISE   515 AM MDT   SUNSET   833 PM MDT
JULY  3 2015..........SUNRISE   516 AM MDT   SUNSET   833 PM MDT


-  INDICATES NEGATIVE NUMBERS.
R  INDICATES RECORD WAS SET OR TIED.
MM INDICATES DATA IS MISSING.
T  INDICATES TRACE AMOUNT.




$$
