000
CDUS43 KUNR 240837
CLIIEN


CLIMATE REPORT
NATIONAL WEATHER SERVICE RAPID CITY SD
236 AM MDT MON APR 24 2017


...................................

...THE PINE RIDGE SD CLIMATE SUMMARY FOR APRIL 23 2017...

CLIMATE NORMAL PERIOD 1981 TO 2010
CLIMATE RECORD PERIOD 9999 TO 9999


WEATHER ITEM   OBSERVED TIME   NORMAL DEPARTURE LAST
                VALUE   (LST)  VALUE  FROM      YEAR
                                      NORMAL
......................................................
TEMPERATURE (F)
 YESTERDAY
  MAXIMUM         76    240 PM  62     14       79
  MINIMUM         43    440 AM  33     10       52
  AVERAGE         60            48     12       66

PRECIPITATION (IN)
  YESTERDAY        T             0.06  -0.06      T
  MONTH TO DATE    1.48          1.39   0.09     2.26
  SINCE MAR 1      3.33          2.26   1.07     3.64
  SINCE JAN 1      4.47          3.05   1.42     4.14

DEGREE DAYS
 HEATING
  YESTERDAY        5            17    -12        0
  MONTH TO DATE  338           471   -133      363
  SINCE MAR 1   1029          1359   -330     1100
  SINCE JUL 1   6195          6709   -514     5969

 COOLING
  YESTERDAY        0             0      0        1
  MONTH TO DATE    1             0      1        1
  SINCE MAR 1      1             0      1        1
  SINCE JAN 1      1             0      1        1
......................................................


WIND (MPH)
  HIGHEST WIND SPEED    26   HIGHEST WIND DIRECTION     W (270)
  HIGHEST GUST SPEED    37   HIGHEST GUST DIRECTION     W (290)
  AVERAGE WIND SPEED    15.3


SKY COVER
  AVERAGE SKY COVER 0.0


WEATHER CONDITIONS
 THE FOLLOWING WEATHER WAS RECORDED YESTERDAY.
  LIGHT RAIN


RELATIVE HUMIDITY (PERCENT)
 HIGHEST    65          1200 AM
 LOWEST     21           200 PM
 AVERAGE    43

..........................................................




SUNRISE AND SUNSET
APRIL 24 2017.........SUNRISE   554 AM MDT   SUNSET   743 PM MDT
APRIL 25 2017.........SUNRISE   552 AM MDT   SUNSET   745 PM MDT


-  INDICATES NEGATIVE NUMBERS.
R  INDICATES RECORD WAS SET OR TIED.
MM INDICATES DATA IS MISSING.
T  INDICATES TRACE AMOUNT.




$$
