000
CDUS43 KUNR 050832
CLIIEN


CLIMATE REPORT
NATIONAL WEATHER SERVICE RAPID CITY SD
231 AM MDT WED AUG 5 2015


...................................

...THE PINE RIDGE SD CLIMATE SUMMARY FOR AUGUST 4 2015...

CLIMATE NORMAL PERIOD 1981 TO 2010
CLIMATE RECORD PERIOD 9999 TO 9999


WEATHER ITEM   OBSERVED TIME   NORMAL DEPARTURE LAST
                VALUE   (LST)  VALUE  FROM      YEAR
                                      NORMAL
......................................................
TEMPERATURE (F)
 YESTERDAY
  MAXIMUM         83    353 PM  90     -7       94
  MINIMUM         63    313 AM  59      4       64
  AVERAGE         73            74     -1       79

PRECIPITATION (IN)
  YESTERDAY        0.00          0.07  -0.07     0.07
  MONTH TO DATE    0.05          0.28  -0.23     0.07
  SINCE JUN 1      6.46          5.98   0.48     7.17
  SINCE JAN 1     16.14         12.22   3.92    14.77

DEGREE DAYS
 HEATING
  YESTERDAY        0             0      0        0
  MONTH TO DATE    0             0      0        0
  SINCE JUN 1     18            99    -81      136
  SINCE JUL 1      8            12     -4       28

 COOLING
  YESTERDAY        8            10     -2       14
  MONTH TO DATE   34            40     -6       29
  SINCE JUN 1    351           431    -80      262
  SINCE JAN 1    351           448    -97      287
......................................................


WIND (MPH)
  HIGHEST WIND SPEED    32   HIGHEST WIND DIRECTION    SE (130)
  HIGHEST GUST SPEED    43   HIGHEST GUST DIRECTION    SE (150)
  AVERAGE WIND SPEED    11.0


SKY COVER
  AVERAGE SKY COVER 0.1


WEATHER CONDITIONS
 THE FOLLOWING WEATHER WAS RECORDED YESTERDAY.
  NO SIGNIFICANT WEATHER WAS OBSERVED.


RELATIVE HUMIDITY (PERCENT)
 HIGHEST    93           500 AM
 LOWEST     47           400 PM
 AVERAGE    70

..........................................................




SUNRISE AND SUNSET
AUGUST  5 2015........SUNRISE   545 AM MDT   SUNSET   807 PM MDT
AUGUST  6 2015........SUNRISE   546 AM MDT   SUNSET   805 PM MDT


-  INDICATES NEGATIVE NUMBERS.
R  INDICATES RECORD WAS SET OR TIED.
MM INDICATES DATA IS MISSING.
T  INDICATES TRACE AMOUNT.




$$
