000
CDUS43 KUNR 280833
CLIIEN


CLIMATE REPORT
NATIONAL WEATHER SERVICE RAPID CITY SD
132 AM MST TUE FEB 28 2017


...................................

...THE PINE RIDGE SD CLIMATE SUMMARY FOR FEBRUARY 27 2017...

CLIMATE NORMAL PERIOD 1981 TO 2010
CLIMATE RECORD PERIOD 9999 TO 9999


WEATHER ITEM   OBSERVED TIME   NORMAL DEPARTURE LAST
                VALUE   (LST)  VALUE  FROM      YEAR
                                      NORMAL
......................................................
TEMPERATURE (F)
 YESTERDAY
  MAXIMUM         40    354 PM  44     -4       70
  MINIMUM          6    100 AM  17    -11       25
  AVERAGE         23            30     -7       48

PRECIPITATION (IN)
  YESTERDAY        0.01          0.03  -0.02     0.07
  MONTH TO DATE    0.73          0.45   0.28     0.28
  SINCE DEC 1      1.97          1.12   0.85     1.51
  SINCE JAN 1      1.14          0.77   0.37     0.49

DEGREE DAYS
 HEATING
  YESTERDAY       42            35      7       17
  MONTH TO DATE  924          1039   -115      795
  SINCE DEC 1   3951          3626    325     3338
  SINCE JUL 1   5124          5316   -192     4826

 COOLING
  YESTERDAY        0             0      0        0
  MONTH TO DATE    0             0      0        0
  SINCE DEC 1      0             0      0        0
  SINCE JAN 1      0             0      0        0
......................................................


WIND (MPH)
  HIGHEST WIND SPEED    31   HIGHEST WIND DIRECTION     S (190)
  HIGHEST GUST SPEED    40   HIGHEST GUST DIRECTION     S (180)
  AVERAGE WIND SPEED     8.1


SKY COVER
  AVERAGE SKY COVER 0.6


WEATHER CONDITIONS
 THE FOLLOWING WEATHER WAS RECORDED YESTERDAY.
  LIGHT SNOW
  FOG


RELATIVE HUMIDITY (PERCENT)
 HIGHEST   100          1100 PM
 LOWEST     44           400 PM
 AVERAGE    72

..........................................................




SUNRISE AND SUNSET
FEBRUARY 28 2017......SUNRISE   627 AM MST   SUNSET   538 PM MST
MARCH  1 2017.........SUNRISE   626 AM MST   SUNSET   540 PM MST


-  INDICATES NEGATIVE NUMBERS.
R  INDICATES RECORD WAS SET OR TIED.
MM INDICATES DATA IS MISSING.
T  INDICATES TRACE AMOUNT.




$$
