000
CDUS43 KUNR 220835
CLIIEN


CLIMATE REPORT
NATIONAL WEATHER SERVICE RAPID CITY SD
133 AM MST MON JAN 22 2018


...................................

...THE PINE RIDGE SD CLIMATE SUMMARY FOR JANUARY 21 2018...

CLIMATE NORMAL PERIOD 1981 TO 2010
CLIMATE RECORD PERIOD 9999 TO 9999


WEATHER ITEM   OBSERVED TIME   NORMAL DEPARTURE LAST
                VALUE   (LST)  VALUE  FROM      YEAR
                                      NORMAL
......................................................
TEMPERATURE (F)
 YESTERDAY
  MAXIMUM         31    212 PM  37     -6       35
  MINIMUM         24   1159 PM  10     14       18
  AVERAGE         28            24      4       27

PRECIPITATION (IN)
  YESTERDAY        0.17          0.01   0.16     0.00
  MONTH TO DATE    0.37          0.18   0.19     0.05
  SINCE DEC 1      0.69          0.53   0.16     0.88
  SINCE JAN 1      0.37          0.18   0.19     0.05

DEGREE DAYS
 HEATING
  YESTERDAY       37            41     -4       38
  MONTH TO DATE  900           876     24     1053
  SINCE DEC 1   2074          2176   -102     2626
  SINCE JUL 1   3571          3866   -295     3799

 COOLING
  YESTERDAY        0             0      0        0
  MONTH TO DATE    0             0      0        0
  SINCE DEC 1      0             0      0        0
  SINCE JAN 1      0             0      0        0
......................................................


WIND (MPH)
  HIGHEST WIND SPEED    16   HIGHEST WIND DIRECTION     N (10)
  HIGHEST GUST SPEED    20   HIGHEST GUST DIRECTION     N (340)
  AVERAGE WIND SPEED     7.9


SKY COVER
  AVERAGE SKY COVER 1.0


WEATHER CONDITIONS
 THE FOLLOWING WEATHER WAS RECORDED YESTERDAY.
  LIGHT SNOW
  FOG


RELATIVE HUMIDITY (PERCENT)
 HIGHEST   100          1200 AM
 LOWEST     78           900 PM
 AVERAGE    89

..........................................................




SUNRISE AND SUNSET
JANUARY 22 2018.......SUNRISE   714 AM MST   SUNSET   450 PM MST
JANUARY 23 2018.......SUNRISE   713 AM MST   SUNSET   451 PM MST


-  INDICATES NEGATIVE NUMBERS.
R  INDICATES RECORD WAS SET OR TIED.
MM INDICATES DATA IS MISSING.
T  INDICATES TRACE AMOUNT.




$$
