000
CDUS43 KUNR 270831
CLIIEN


CLIMATE REPORT
NATIONAL WEATHER SERVICE RAPID CITY SD
231 AM MDT TUE JUN 27 2017


...................................

...THE PINE RIDGE SD CLIMATE SUMMARY FOR JUNE 26 2017...

CLIMATE NORMAL PERIOD 1981 TO 2010
CLIMATE RECORD PERIOD 9999 TO 9999


WEATHER ITEM   OBSERVED TIME   NORMAL DEPARTURE LAST
                VALUE   (LST)  VALUE  FROM      YEAR
                                      NORMAL
......................................................
TEMPERATURE (F)
 YESTERDAY
  MAXIMUM         80    347 PM  84     -4       90
  MINIMUM         39    442 AM  55    -16       45
  AVERAGE         60            69     -9       68

PRECIPITATION (IN)
  YESTERDAY        0.00          0.10  -0.10     0.00
  MONTH TO DATE    1.09          3.12  -2.03     1.39
  SINCE JUN 1      1.09          3.12  -2.03     1.39
  SINCE JAN 1     10.55          9.36   1.19     7.47

DEGREE DAYS
 HEATING
  YESTERDAY        5             1      4        0
  MONTH TO DATE   31            83    -52       26
  SINCE JUN 1     31            83    -52       26
  SINCE JUL 1   6715          7210   -495     6507

 COOLING
  YESTERDAY        0             6     -6        3
  MONTH TO DATE   85            86     -1      195
  SINCE JUN 1     85            86     -1      195
  SINCE JAN 1    101           103     -2      203
......................................................


WIND (MPH)
  HIGHEST WIND SPEED    28   HIGHEST WIND DIRECTION     S (170)
  HIGHEST GUST SPEED    40   HIGHEST GUST DIRECTION     S (170)
  AVERAGE WIND SPEED     9.3


SKY COVER
  AVERAGE SKY COVER 0.0


WEATHER CONDITIONS
 THE FOLLOWING WEATHER WAS RECORDED YESTERDAY.
  HAZE


RELATIVE HUMIDITY (PERCENT)
 HIGHEST    89           500 AM
 LOWEST     25           200 PM
 AVERAGE    57

..........................................................




SUNRISE AND SUNSET
JUNE 27 2017..........SUNRISE   513 AM MDT   SUNSET   833 PM MDT
JUNE 28 2017..........SUNRISE   513 AM MDT   SUNSET   833 PM MDT


-  INDICATES NEGATIVE NUMBERS.
R  INDICATES RECORD WAS SET OR TIED.
MM INDICATES DATA IS MISSING.
T  INDICATES TRACE AMOUNT.




$$
