000
CDUS43 KUNR 310830
CLIIEN


CLIMATE REPORT
NATIONAL WEATHER SERVICE RAPID CITY SD
230 AM MDT WED AUG 31 2016


...................................

...THE PINE RIDGE SD CLIMATE SUMMARY FOR AUGUST 30 2016...

CLIMATE NORMAL PERIOD 1981 TO 2010
CLIMATE RECORD PERIOD 9999 TO 9999


WEATHER ITEM   OBSERVED TIME   NORMAL DEPARTURE LAST
                VALUE   (LST)  VALUE  FROM      YEAR
                                      NORMAL
......................................................
TEMPERATURE (F)
 YESTERDAY
  MAXIMUM         89    211 PM  85      4       99
  MINIMUM         51    534 AM  52     -1       64
  AVERAGE         70            68      2       82

PRECIPITATION (IN)
  YESTERDAY        0.00          0.05  -0.05     0.00
  MONTH TO DATE    2.77          1.80   0.97     0.22
  SINCE JUN 1      6.84          7.50  -0.66     6.63
  SINCE JAN 1     12.92         13.74  -0.82    16.31

DEGREE DAYS
 HEATING
  YESTERDAY        0             2     -2        0
  MONTH TO DATE   31            21     10       42
  SINCE JUN 1     59           120    -61       60
  SINCE JUL 1     33            33      0       50

 COOLING
  YESTERDAY        5             5      0       17
  MONTH TO DATE  190           236    -46      181
  SINCE JUN 1    699           627     72      498
  SINCE JAN 1    707           644     63      498
......................................................


WIND (MPH)
  HIGHEST WIND SPEED    16   HIGHEST WIND DIRECTION    SE (120)
  HIGHEST GUST SPEED    26   HIGHEST GUST DIRECTION    SE (120)
  AVERAGE WIND SPEED     4.1


SKY COVER
  AVERAGE SKY COVER 0.0


WEATHER CONDITIONS
 THE FOLLOWING WEATHER WAS RECORDED YESTERDAY.
  NO SIGNIFICANT WEATHER WAS OBSERVED.


RELATIVE HUMIDITY (PERCENT)
 HIGHEST   100           100 AM
 LOWEST     32           100 PM
 AVERAGE    66

..........................................................




SUNRISE AND SUNSET
AUGUST 31 2016........SUNRISE   614 AM MDT   SUNSET   726 PM MDT
SEPTEMBER  1 2016.....SUNRISE   615 AM MDT   SUNSET   724 PM MDT


-  INDICATES NEGATIVE NUMBERS.
R  INDICATES RECORD WAS SET OR TIED.
MM INDICATES DATA IS MISSING.
T  INDICATES TRACE AMOUNT.




$$
