000
CDUS43 KUNR 300830
CLIIEN


CLIMATE REPORT
NATIONAL WEATHER SERVICE RAPID CITY SD
230 AM MDT SUN AUG 30 2015


...................................

...THE PINE RIDGE SD CLIMATE SUMMARY FOR AUGUST 29 2015...

CLIMATE NORMAL PERIOD 1981 TO 2010
CLIMATE RECORD PERIOD 9999 TO 9999


WEATHER ITEM   OBSERVED TIME   NORMAL DEPARTURE LAST
                VALUE   (LST)  VALUE  FROM      YEAR
                                      NORMAL
......................................................
TEMPERATURE (F)
 YESTERDAY
  MAXIMUM         95    146 PM  85     10       77
  MINIMUM         49    533 AM  52     -3       47
  AVERAGE         72            68      4       62

PRECIPITATION (IN)
  YESTERDAY        0.00          0.05  -0.05     0.00
  MONTH TO DATE    0.22          1.75  -1.53     3.31
  SINCE JUN 1      6.63          7.45  -0.82    10.41
  SINCE JAN 1     16.31         13.69   2.62    18.01

DEGREE DAYS
 HEATING
  YESTERDAY        0             2     -2        3
  MONTH TO DATE   42            19     23       13
  SINCE JUN 1     60           118    -58      149
  SINCE JUL 1     50            31     19       41

 COOLING
  YESTERDAY        7             5      2        0
  MONTH TO DATE  164           231    -67      157
  SINCE JUN 1    481           622   -141      390
  SINCE JAN 1    481           639   -158      415
......................................................


WIND (MPH)
  HIGHEST WIND SPEED    23   HIGHEST WIND DIRECTION     S (180)
  HIGHEST GUST SPEED    29   HIGHEST GUST DIRECTION     S (170)
  AVERAGE WIND SPEED     7.2


SKY COVER
  AVERAGE SKY COVER 0.0


WEATHER CONDITIONS
 THE FOLLOWING WEATHER WAS RECORDED YESTERDAY.
  HAZE


RELATIVE HUMIDITY (PERCENT)
 HIGHEST    89           100 AM
 LOWEST     16           200 PM
 AVERAGE    53

..........................................................




SUNRISE AND SUNSET
AUGUST 30 2015........SUNRISE   612 AM MDT   SUNSET   729 PM MDT
AUGUST 31 2015........SUNRISE   613 AM MDT   SUNSET   727 PM MDT


-  INDICATES NEGATIVE NUMBERS.
R  INDICATES RECORD WAS SET OR TIED.
MM INDICATES DATA IS MISSING.
T  INDICATES TRACE AMOUNT.




$$
