030
CDUS43 KUNR 210838
CLIIEN


CLIMATE REPORT
NATIONAL WEATHER SERVICE RAPID CITY SD
136 AM MST SAT JAN 21 2017


...................................

...THE PINE RIDGE SD CLIMATE SUMMARY FOR JANUARY 20 2017...

CLIMATE NORMAL PERIOD 1981 TO 2010
CLIMATE RECORD PERIOD 9999 TO 9999


WEATHER ITEM   OBSERVED TIME   NORMAL DEPARTURE LAST
                VALUE   (LST)  VALUE  FROM      YEAR
                                      NORMAL
......................................................
TEMPERATURE (F)
 YESTERDAY
  MAXIMUM         37    637 PM  37      0       44
  MINIMUM         20    741 AM  10     10       23
  AVERAGE         29            24      5       34

PRECIPITATION (IN)
  YESTERDAY        0.00          0.01  -0.01     0.00
  MONTH TO DATE    0.05          0.17  -0.12     0.08
  SINCE DEC 1      0.88          0.52   0.36     1.10
  SINCE JAN 1      0.05          0.17  -0.12     0.08

DEGREE DAYS
 HEATING
  YESTERDAY       36            41     -5       31
  MONTH TO DATE 1015           835    180      893
  SINCE DEC 1   2588          2135    453     2185
  SINCE JUL 1   3761          3825    -64     3673

 COOLING
  YESTERDAY        0             0      0        0
  MONTH TO DATE    0             0      0        0
  SINCE DEC 1      0             0      0        0
  SINCE JAN 1      0             0      0        0
......................................................


WIND (MPH)
  HIGHEST WIND SPEED    14   HIGHEST WIND DIRECTION     W (260)
  HIGHEST GUST SPEED    16   HIGHEST GUST DIRECTION     W (260)
  AVERAGE WIND SPEED     5.8


SKY COVER
  AVERAGE SKY COVER 0.3


WEATHER CONDITIONS
 THE FOLLOWING WEATHER WAS RECORDED YESTERDAY.
  NO SIGNIFICANT WEATHER WAS OBSERVED.


RELATIVE HUMIDITY (PERCENT)
 HIGHEST   100          1100 PM
 LOWEST     69           200 AM
 AVERAGE    85

..........................................................




SUNRISE AND SUNSET
JANUARY 21 2017.......SUNRISE   715 AM MST   SUNSET   449 PM MST
JANUARY 22 2017.......SUNRISE   714 AM MST   SUNSET   450 PM MST


-  INDICATES NEGATIVE NUMBERS.
R  INDICATES RECORD WAS SET OR TIED.
MM INDICATES DATA IS MISSING.
T  INDICATES TRACE AMOUNT.




$$
