000
CDUS45 KVEF 200828
CLIIGM


CLIMATE REPORT
NATIONAL WEATHER SERVICE LAS VEGAS, NV
1227 AM PST SAT DEC 20 2014


...................................

...THE KINGMAN AZ CLIMATE SUMMARY FOR DECEMBER 19 2014...

CLIMATE NORMAL PERIOD 1981 TO 2010
CLIMATE RECORD PERIOD 1901 TO 2014


WEATHER ITEM   OBSERVED TIME   RECORD YEAR NORMAL DEPARTURE LAST
                VALUE   (LST)  VALUE       VALUE  FROM      YEAR
                                                  NORMAL
..................................................................
TEMPERATURE (F)
 YESTERDAY
  MAXIMUM         55    244 PM  76    1917  53      2       57
  MINIMUM         28    754 AM  19    1909  31     -3       33
  AVERAGE         42                        42      0       45

PRECIPITATION (IN)
  YESTERDAY        0.00          1.10 1967   0.02  -0.02     0.00
  MONTH TO DATE    0.89                      0.44   0.45     0.04
  SINCE OCT 1      1.65                      1.80  -0.15     0.88
  SINCE JAN 1      8.14                      8.09   0.05     6.72

DEGREE DAYS
 HEATING
  YESTERDAY       23                        23      0       20
  MONTH TO DATE  315                       410    -95      481
  SINCE DEC 1    315                       410    -95      481
  SINCE JUL 1    729                       976   -247     1114

 COOLING
  YESTERDAY        0                         0      0        0
  MONTH TO DATE    0                         0      0        0
  SINCE DEC 1      0                         0      0        0
  SINCE JAN 1   2070                      2093    -23     2106
..................................................................


WIND (MPH)
  RESULTANT WIND SPEED   2   RESULTANT WIND DIRECTION   S (180)
  HIGHEST WIND SPEED    15   HIGHEST WIND DIRECTION     E (100)
  HIGHEST GUST SPEED    16   HIGHEST GUST DIRECTION     E (100)
  AVERAGE WIND SPEED     4.2


SKY COVER
  POSSIBLE SUNSHINE  MM
  AVERAGE SKY COVER 0.0


WEATHER CONDITIONS
 THE FOLLOWING WEATHER WAS RECORDED YESTERDAY.
  NO SIGNIFICANT WEATHER WAS OBSERVED.


RELATIVE HUMIDITY (PERCENT)
 HIGHEST    92           400 AM
 LOWEST     41           200 PM
 AVERAGE    67

..........................................................


THE KINGMAN AZ CLIMATE NORMALS FOR TODAY
                         NORMAL    RECORD    YEAR
 MAXIMUM TEMPERATURE (F)   53        74      1917
 MINIMUM TEMPERATURE (F)   31        17      2006


SUNRISE AND SUNSET
DECEMBER 20 2014......SUNRISE   740 AM MST   SUNSET   527 PM MST
DECEMBER 21 2014......SUNRISE   741 AM MST   SUNSET   527 PM MST


-  INDICATES NEGATIVE NUMBERS.
R  INDICATES RECORD WAS SET OR TIED.
MM INDICATES DATA IS MISSING.
T  INDICATES TRACE AMOUNT.




$$
