000
CDUS45 KVEF 280826
CLIIGM


CLIMATE REPORT
NATIONAL WEATHER SERVICE LAS VEGAS, NV
126 AM PDT WED JUN 28 2017


...................................

...THE KINGMAN AZ CLIMATE SUMMARY FOR JUNE 27 2017...

CLIMATE NORMAL PERIOD 1981 TO 2010
CLIMATE RECORD PERIOD 1901 TO 2017


WEATHER ITEM   OBSERVED TIME   RECORD YEAR NORMAL DEPARTURE LAST
                VALUE   (LST)  VALUE       VALUE  FROM      YEAR
                                                  NORMAL
..................................................................
TEMPERATURE (F)
 YESTERDAY
  MAXIMUM        101    424 PM 109    1973  96      5      102
  MINIMUM         68    253 AM  46    1934  66      2       76
  AVERAGE         85                        81      4       89

PRECIPITATION (IN)
  YESTERDAY        0.00          0.80 1920   0.00   0.00      T
  MONTH TO DATE    0.00                      0.06  -0.06      T
  SINCE OCT 1      6.45                      5.62   0.83     4.61
  SINCE JAN 1      2.89                      3.52  -0.63     3.09

DEGREE DAYS
 HEATING
  YESTERDAY        0                         0      0        0
  MONTH TO DATE    0                         0      0        0
  SINCE JUN 1      0                         0      0        0
  SINCE JUL 1   2491                      3100   -609     2828

 COOLING
  YESTERDAY       20                        16      4       24
  MONTH TO DATE  462                       336    126      495
  SINCE JUN 1    462                       336    126      495
  SINCE JAN 1    622                       534     88      635
..................................................................


WIND (MPH)
  RESULTANT WIND SPEED  13   RESULTANT WIND DIRECTION  SW (210)
  HIGHEST WIND SPEED    30   HIGHEST WIND DIRECTION    SW (220)
  HIGHEST GUST SPEED    35   HIGHEST GUST DIRECTION    SW (230)
  AVERAGE WIND SPEED    14.4


SKY COVER
  POSSIBLE SUNSHINE  MM
  AVERAGE SKY COVER 0.0


WEATHER CONDITIONS
 THE FOLLOWING WEATHER WAS RECORDED YESTERDAY.
  NO SIGNIFICANT WEATHER WAS OBSERVED.


RELATIVE HUMIDITY (PERCENT)
 HIGHEST    17           300 AM
 LOWEST      5           700 PM
 AVERAGE    11

..........................................................


THE KINGMAN AZ CLIMATE NORMALS FOR TODAY
                         NORMAL    RECORD    YEAR
 MAXIMUM TEMPERATURE (F)   96       110      2013
 MINIMUM TEMPERATURE (F)   67        44      1934


SUNRISE AND SUNSET
JUNE 28 2017..........SUNRISE   524 AM MST   SUNSET   755 PM MST
JUNE 29 2017..........SUNRISE   524 AM MST   SUNSET   755 PM MST


-  INDICATES NEGATIVE NUMBERS.
R  INDICATES RECORD WAS SET OR TIED.
MM INDICATES DATA IS MISSING.
T  INDICATES TRACE AMOUNT.




$$
