000
CDUS45 KVEF 120826
CLIIGM


CLIMATE REPORT
NATIONAL WEATHER SERVICE LAS VEGAS, NV
1226 AM PST TUE DEC 12 2017


...................................

...THE KINGMAN AZ CLIMATE SUMMARY FOR DECEMBER 11 2017...

CLIMATE NORMAL PERIOD 1981 TO 2010
CLIMATE RECORD PERIOD 1901 TO 2017


WEATHER ITEM   OBSERVED TIME   RECORD YEAR NORMAL DEPARTURE LAST
                VALUE   (LST)  VALUE       VALUE  FROM      YEAR
                                                  NORMAL
..................................................................
TEMPERATURE (F)
 YESTERDAY
  MAXIMUM         62    319 PM  77    1950  54      8       64
  MINIMUM         25    507 AM  10    1949  32     -7       41
  AVERAGE         44                        43      1       53

PRECIPITATION (IN)
  YESTERDAY        0.00          1.00 1932   0.03  -0.03     0.00
  MONTH TO DATE    0.00                      0.26  -0.26     0.00
  SINCE OCT 1      T                         1.62  -1.62     0.93
  SINCE JAN 1      7.97                      7.91   0.06     8.36

DEGREE DAYS
 HEATING
  YESTERDAY       21                        22     -1       12
  MONTH TO DATE  192                       230    -38      216
  SINCE DEC 1    192                       230    -38      216
  SINCE JUL 1    483                       796   -313      538

 COOLING
  YESTERDAY        0                         0      0        0
  MONTH TO DATE    0                         0      0        0
  SINCE DEC 1      0                         0      0        0
  SINCE JAN 1   2183                      2093     90     2244
..................................................................


WIND (MPH)
  RESULTANT WIND SPEED   6   RESULTANT WIND DIRECTION   E (70)
  HIGHEST WIND SPEED    13   HIGHEST WIND DIRECTION    NE (40)
  HIGHEST GUST SPEED    16   HIGHEST GUST DIRECTION    NE (30)
  AVERAGE WIND SPEED     6.7


SKY COVER
  POSSIBLE SUNSHINE  MM
  AVERAGE SKY COVER 0.0


WEATHER CONDITIONS
 THE FOLLOWING WEATHER WAS RECORDED YESTERDAY.
  NO SIGNIFICANT WEATHER WAS OBSERVED.


RELATIVE HUMIDITY (PERCENT)
 HIGHEST    25           800 AM
 LOWEST      8           300 PM
 AVERAGE    17

..........................................................


THE KINGMAN AZ CLIMATE NORMALS FOR TODAY
                         NORMAL    RECORD    YEAR
 MAXIMUM TEMPERATURE (F)   54        72      1950
 MINIMUM TEMPERATURE (F)   32        16      1972


SUNRISE AND SUNSET
DECEMBER 12 2017......SUNRISE   735 AM MST   SUNSET   524 PM MST
DECEMBER 13 2017......SUNRISE   736 AM MST   SUNSET   524 PM MST


-  INDICATES NEGATIVE NUMBERS.
R  INDICATES RECORD WAS SET OR TIED.
MM INDICATES DATA IS MISSING.
T  INDICATES TRACE AMOUNT.




$$
