000
CDUS45 KVEF 240827
CLIIGM


CLIMATE REPORT
NATIONAL WEATHER SERVICE LAS VEGAS, NV
127 AM PDT FRI OCT 24 2014


...................................

...THE KINGMAN AZ CLIMATE SUMMARY FOR OCTOBER 23 2014...

CLIMATE NORMAL PERIOD 1981 TO 2010
CLIMATE RECORD PERIOD 1901 TO 2014


WEATHER ITEM   OBSERVED TIME   RECORD YEAR NORMAL DEPARTURE LAST
                VALUE   (LST)  VALUE       VALUE  FROM      YEAR
                                                  NORMAL
..................................................................
TEMPERATURE (F)
 YESTERDAY
  MAXIMUM         83    301 PM  90    2003  74      9       84
  MINIMUM         47    700 AM  30    1996  46      1       42
  AVERAGE         65                        60      5       63

PRECIPITATION (IN)
  YESTERDAY        0.00          1.05 1921   0.02  -0.02     0.00
  MONTH TO DATE    0.76                      0.48   0.28     0.12
  SINCE OCT 1      0.76                      0.48   0.28     0.12
  SINCE JAN 1      7.25                      6.77   0.48     5.96

DEGREE DAYS
 HEATING
  YESTERDAY        0                         6     -6        2
  MONTH TO DATE    7                        72    -65      148
  SINCE SEP 1     11                        78    -67      174
  SINCE JUL 1     11                        78    -67      174

 COOLING
  YESTERDAY        0                         1     -1        0
  MONTH TO DATE   40                        61    -21        6
  SINCE SEP 1    378                       386     -8      231
  SINCE JAN 1   2060                      2087    -27     2105
..................................................................


WIND (MPH)
  RESULTANT WIND SPEED   4   RESULTANT WIND DIRECTION   S (180)
  HIGHEST WIND SPEED    15   HIGHEST WIND DIRECTION    SW (240)
  HIGHEST GUST SPEED    19   HIGHEST GUST DIRECTION    SW (230)
  AVERAGE WIND SPEED     6.1


SKY COVER
  POSSIBLE SUNSHINE  MM
  AVERAGE SKY COVER 0.0


WEATHER CONDITIONS
 THE FOLLOWING WEATHER WAS RECORDED YESTERDAY.
  NO SIGNIFICANT WEATHER WAS OBSERVED.


RELATIVE HUMIDITY (PERCENT)
 HIGHEST    71           600 AM
 LOWEST     16           300 PM
 AVERAGE    44

..........................................................


THE KINGMAN AZ CLIMATE NORMALS FOR TODAY
                         NORMAL    RECORD    YEAR
 MAXIMUM TEMPERATURE (F)   74        93      1959
 MINIMUM TEMPERATURE (F)   45        30      1975


SUNRISE AND SUNSET
OCTOBER 24 2014.......SUNRISE   650 AM MST   SUNSET   550 PM MST
OCTOBER 25 2014.......SUNRISE   651 AM MST   SUNSET   548 PM MST


-  INDICATES NEGATIVE NUMBERS.
R  INDICATES RECORD WAS SET OR TIED.
MM INDICATES DATA IS MISSING.
T  INDICATES TRACE AMOUNT.




$$
