000
CDUS45 KVEF 040026
CLIIGM


CLIMATE REPORT
NATIONAL WEATHER SERVICE LAS VEGAS, NV
525 PM PDT FRI JUL 3 2015


...................................

...THE KINGMAN AZ CLIMATE SUMMARY FOR JULY 3 2015...
VALID TODAY AS OF 0500 PM LOCAL TIME.

CLIMATE NORMAL PERIOD 1981 TO 2010
CLIMATE RECORD PERIOD 1901 TO 2015


WEATHER ITEM   OBSERVED TIME   RECORD YEAR NORMAL DEPARTURE LAST
                VALUE   (LST)  VALUE       VALUE  FROM      YEAR
                                                  NORMAL
..................................................................
TEMPERATURE (F)
 TODAY
  MAXIMUM        100    419 PM 109    1907  97      3       99
  MINIMUM         70    545 AM  51    1920  68      2       74
  AVERAGE         85                        82      3       87

PRECIPITATION (IN)
  TODAY            0.00          0.77 1996   0.01  -0.01     0.00
  MONTH TO DATE    0.01                      0.04  -0.03     0.00
  SINCE OCT 1      6.62                      5.69   0.93     1.67
  SINCE JAN 1      4.49                      3.59   0.90     0.79

DEGREE DAYS
 HEATING
  TODAY            0                         0      0        0
  MONTH TO DATE    0                         0      0        0
  SINCE JUN 1      0                         3     -3        0
  SINCE JUL 1      0                         0      0        0

 COOLING
  TODAY           20                        17      3       22
  MONTH TO DATE   59                        51      8       67
  SINCE JUN 1    536                       436    100      507
  SINCE JAN 1    642                       634      8      732
..................................................................


WIND (MPH)
  RESULTANT WIND SPEED   9   RESULTANT WIND DIRECTION  SW (220)
  HIGHEST WIND SPEED    23   HIGHEST WIND DIRECTION    SW (230)
  HIGHEST GUST SPEED    29   HIGHEST GUST DIRECTION    SW (220)
  AVERAGE WIND SPEED     9.1


SKY COVER
  POSSIBLE SUNSHINE  MM
  AVERAGE SKY COVER 0.0


WEATHER CONDITIONS
 THE FOLLOWING WEATHER WAS RECORDED TODAY.
  NO SIGNIFICANT WEATHER WAS OBSERVED.


RELATIVE HUMIDITY (PERCENT)
 HIGHEST    49           600 AM
 LOWEST     15           300 PM
 AVERAGE    32

..........................................................


THE KINGMAN AZ CLIMATE NORMALS FOR TOMORROW
                         NORMAL    RECORD    YEAR
 MAXIMUM TEMPERATURE (F)   97       110      2007
 MINIMUM TEMPERATURE (F)   68        50      1956


SUNRISE AND SUNSET
JULY  3 2015..........SUNRISE   526 AM MST   SUNSET   754 PM MST
JULY  4 2015..........SUNRISE   526 AM MST   SUNSET   754 PM MST


-  INDICATES NEGATIVE NUMBERS.
R  INDICATES RECORD WAS SET OR TIED.
MM INDICATES DATA IS MISSING.
T  INDICATES TRACE AMOUNT.




$$
