000
CDUS45 KVEF 030829
CLIIGM


CLIMATE REPORT
NATIONAL WEATHER SERVICE LAS VEGAS, NV
127 AM PDT MON AUG 3 2015


...................................

...THE KINGMAN AZ CLIMATE SUMMARY FOR AUGUST 2 2015...

CLIMATE NORMAL PERIOD 1981 TO 2010
CLIMATE RECORD PERIOD 1901 TO 2015


WEATHER ITEM   OBSERVED TIME   RECORD YEAR NORMAL DEPARTURE LAST
                VALUE   (LST)  VALUE       VALUE  FROM      YEAR
                                                  NORMAL
..................................................................
TEMPERATURE (F)
 YESTERDAY
  MAXIMUM         99    412 PM 105    1918  97      2       90
  MINIMUM         67    619 AM  54    1937  71     -4       67
  AVERAGE         83                        84     -1       79

PRECIPITATION (IN)
  YESTERDAY        0.00          1.00 1913   0.03  -0.03     0.25
  MONTH TO DATE    0.01                      0.06  -0.05     0.25
  SINCE OCT 1      7.54                      6.46   1.08     3.17
  SINCE JAN 1      5.41                      4.36   1.05     2.29

DEGREE DAYS
 HEATING
  YESTERDAY        0                         0      0        0
  MONTH TO DATE    0                         0      0        0
  SINCE JUN 1      0                         3     -3        0
  SINCE JUL 1      0                         0      0        0

 COOLING
  YESTERDAY       18                        19     -1       14
  MONTH TO DATE   32                        38     -6       36
  SINCE JUN 1   1022                       999     23     1061
  SINCE JAN 1   1128                      1197    -69     1286
..................................................................


WIND (MPH)
  RESULTANT WIND SPEED   2   RESULTANT WIND DIRECTION   W (250)
  HIGHEST WIND SPEED    21   HIGHEST WIND DIRECTION     W (280)
  HIGHEST GUST SPEED    26   HIGHEST GUST DIRECTION    SW (240)
  AVERAGE WIND SPEED     5.7


SKY COVER
  POSSIBLE SUNSHINE  MM
  AVERAGE SKY COVER 0.2


WEATHER CONDITIONS
 THE FOLLOWING WEATHER WAS RECORDED YESTERDAY.
  NO SIGNIFICANT WEATHER WAS OBSERVED.


RELATIVE HUMIDITY (PERCENT)
 HIGHEST    63           600 AM
 LOWEST     17           200 PM
 AVERAGE    40

..........................................................


THE KINGMAN AZ CLIMATE NORMALS FOR TODAY
                         NORMAL    RECORD    YEAR
 MAXIMUM TEMPERATURE (F)   97       105      1915
 MINIMUM TEMPERATURE (F)   71        51      1920


SUNRISE AND SUNSET
AUGUST  3 2015........SUNRISE   546 AM MST   SUNSET   737 PM MST
AUGUST  4 2015........SUNRISE   547 AM MST   SUNSET   736 PM MST


-  INDICATES NEGATIVE NUMBERS.
R  INDICATES RECORD WAS SET OR TIED.
MM INDICATES DATA IS MISSING.
T  INDICATES TRACE AMOUNT.




$$
