000
CDUS45 KVEF 230827
CLIIGM


CLIMATE REPORT
NATIONAL WEATHER SERVICE LAS VEGAS, NV
127 AM PDT TUE MAY 23 2017


...................................

...THE KINGMAN AZ CLIMATE SUMMARY FOR MAY 22 2017...

CLIMATE NORMAL PERIOD 1981 TO 2010
CLIMATE RECORD PERIOD 1901 TO 2017


WEATHER ITEM   OBSERVED TIME   RECORD YEAR NORMAL DEPARTURE LAST
                VALUE   (LST)  VALUE       VALUE  FROM      YEAR
                                                  NORMAL
..................................................................
TEMPERATURE (F)
 YESTERDAY
  MAXIMUM         94    340 PM 103    1967  87      7       76
  MINIMUM         54    538 AM  38    1975  54      0       46
  AVERAGE         74                        71      3       61

PRECIPITATION (IN)
  YESTERDAY        0.00          0.10 1980   0.00   0.00     0.00
                                      1980
                                      2015
  MONTH TO DATE    0.19                      0.10   0.09     0.38
  SINCE OCT 1      6.45                      5.53   0.92     4.61
  SINCE JAN 1      2.89                      3.43  -0.54     3.09

DEGREE DAYS
 HEATING
  YESTERDAY        0                         1     -1        4
  MONTH TO DATE   85                        47     38       39
  SINCE MAR 1    494                       680   -186      468
  SINCE JUL 1   2491                      3093   -602     2820

 COOLING
  YESTERDAY        9                         7      2        0
  MONTH TO DATE   57                        98    -41       83
  SINCE MAR 1     72                       129    -57      103
  SINCE JAN 1     72                       129    -57      103
..................................................................


WIND (MPH)
  RESULTANT WIND SPEED   8   RESULTANT WIND DIRECTION   N (0)
  HIGHEST WIND SPEED    22   HIGHEST WIND DIRECTION     N (10)
  HIGHEST GUST SPEED    28   HIGHEST GUST DIRECTION     N (10)
  AVERAGE WIND SPEED     9.3


SKY COVER
  POSSIBLE SUNSHINE  MM
  AVERAGE SKY COVER 0.0


WEATHER CONDITIONS
 THE FOLLOWING WEATHER WAS RECORDED YESTERDAY.
  NO SIGNIFICANT WEATHER WAS OBSERVED.


RELATIVE HUMIDITY (PERCENT)
 HIGHEST    32           600 AM
 LOWEST     10           500 PM
 AVERAGE    21

..........................................................


THE KINGMAN AZ CLIMATE NORMALS FOR TODAY
                         NORMAL    RECORD    YEAR
 MAXIMUM TEMPERATURE (F)   87       100      2005
 MINIMUM TEMPERATURE (F)   55        38      1932


SUNRISE AND SUNSET
MAY 23 2017...........SUNRISE   526 AM MST   SUNSET   739 PM MST
MAY 24 2017...........SUNRISE   526 AM MST   SUNSET   740 PM MST


-  INDICATES NEGATIVE NUMBERS.
R  INDICATES RECORD WAS SET OR TIED.
MM INDICATES DATA IS MISSING.
T  INDICATES TRACE AMOUNT.




$$
