000
CDUS41 KPHI 230628
CLIILG


CLIMATE REPORT
NATIONAL WEATHER SERVICE MOUNT HOLLY NJ
228 AM EDT WED APR 23 2014


...................................

...THE WILMINGTON DE CLIMATE SUMMARY FOR APRIL 22 2014...

CLIMATE NORMAL PERIOD 1981 TO 2010
CLIMATE RECORD PERIOD 1894 TO 2014


WEATHER ITEM   OBSERVED TIME   RECORD YEAR NORMAL DEPARTURE LAST
                VALUE   (LST)  VALUE       VALUE  FROM      YEAR
                                                  NORMAL
..................................................................
TEMPERATURE (F)
 YESTERDAY
  MAXIMUM         74    145 PM  94    1985  66      8       55
  MINIMUM         47    521 AM  30    1975  45      2       36
                                      1922
  AVERAGE         61                        55      6       46

PRECIPITATION (IN)
  YESTERDAY        T             2.13 2006   0.11  -0.11     0.00
  MONTH TO DATE    1.75                      2.60  -0.85     2.18
  SINCE MAR 1      5.57                      6.52  -0.95     4.72
  SINCE JAN 1     14.15                     12.21   1.94    10.73

SNOWFALL (IN)
  YESTERDAY        0.0           0.0  1894   0.0    0.0      0.0
  MONTH TO DATE    0.0                       0.3   -0.3      0.0
  SINCE MAR 1      7.7                       2.2    5.5      1.3
  SINCE JUL 1     56.1                      20.2   35.9      5.5
  SNOW DEPTH       0

DEGREE DAYS
 HEATING
  YESTERDAY        4                        10     -6       19
  MONTH TO DATE  273                       293    -20      260
  SINCE MAR 1   1093                       976    117     1019
  SINCE JUL 1   4948                      4599    349     4415

 COOLING
  YESTERDAY        0                         1     -1        0
  MONTH TO DATE    7                         2      5       17
  SINCE MAR 1      7                         3      4       17
  SINCE JAN 1      7                         3      4       17
..................................................................


WIND (MPH)
  HIGHEST WIND SPEED    36   HIGHEST WIND DIRECTION    NW (310)
  HIGHEST GUST SPEED    46   HIGHEST GUST DIRECTION    NW (310)
  AVERAGE WIND SPEED     8.9


SKY COVER
  POSSIBLE SUNSHINE  MM
  AVERAGE SKY COVER 0.3


WEATHER CONDITIONS
 THE FOLLOWING WEATHER WAS RECORDED YESTERDAY.
  LIGHT RAIN


RELATIVE HUMIDITY (PERCENT)
 HIGHEST    93           600 AM
 LOWEST     41           100 PM
 AVERAGE    67

..........................................................


THE WILMINGTON DE CLIMATE NORMALS FOR TODAY
                         NORMAL    RECORD    YEAR
 MAXIMUM TEMPERATURE (F)   66        89      1960
 MINIMUM TEMPERATURE (F)   45        25      1933


SUNRISE AND SUNSET
APRIL 23 2014.........SUNRISE   614 AM EDT   SUNSET   748 PM EDT
APRIL 24 2014.........SUNRISE   612 AM EDT   SUNSET   749 PM EDT


-  INDICATES NEGATIVE NUMBERS.
R  INDICATES RECORD WAS SET OR TIED.
MM INDICATES DATA IS MISSING.
T  INDICATES TRACE AMOUNT.




$$
