000
CDUS41 KPHI 282133
CLIILG


CLIMATE REPORT
NATIONAL WEATHER SERVICE MOUNT HOLLY NJ
432 PM EST FRI NOV 28 2014


...................................

...THE WILMINGTON DE CLIMATE SUMMARY FOR NOVEMBER 28 2014...
VALID TODAY AS OF 0400 PM LOCAL TIME.

CLIMATE NORMAL PERIOD 1981 TO 2010
CLIMATE RECORD PERIOD 1894 TO 2014


WEATHER ITEM   OBSERVED TIME   RECORD YEAR NORMAL DEPARTURE LAST
                VALUE   (LST)  VALUE       VALUE  FROM      YEAR
                                                  NORMAL
..................................................................
TEMPERATURE (F)
 TODAY
  MAXIMUM         41   1214 PM  72    1896  51    -10       38
  MINIMUM         30    646 AM  14    1930  34     -4       28
  AVERAGE         36                        42     -6       33

PRECIPITATION (IN)
  TODAY            0.00          2.02 1993   0.11  -0.11     0.00
  MONTH TO DATE    4.20                      2.86   1.34     2.91
  SINCE SEP 1      9.83                     10.60  -0.77     6.80
  SINCE JAN 1     47.90                     39.36   8.54    43.13

SNOWFALL (IN)
  TODAY            0.0           0.6  1950   0.0    0.0      0.0
  MONTH TO DATE    0.3                       0.3    0.0       T
  SINCE SEP 1      0.3                       0.3    0.0       T
  SINCE JUL 1      0.3                       0.3    0.0       T
  SNOW DEPTH       0

DEGREE DAYS
 HEATING
  TODAY           29                        23      6       32
  MONTH TO DATE  586                       509     77      562
  SINCE SEP 1    841                       851    -10      858
  SINCE JUL 1    841                       853    -12      858

 COOLING
  TODAY            0                         0      0        0
  MONTH TO DATE    0                         0      0        0
  SINCE SEP 1    167                       152     15      156
  SINCE JAN 1   1073                      1145    -72     1241
..................................................................


WIND (MPH)
  HIGHEST WIND SPEED    24   HIGHEST WIND DIRECTION    NW (320)
  HIGHEST GUST SPEED    32   HIGHEST GUST DIRECTION    NW (320)
  AVERAGE WIND SPEED    13.5


SKY COVER
  POSSIBLE SUNSHINE  MM
  AVERAGE SKY COVER 0.4


WEATHER CONDITIONS
 THE FOLLOWING WEATHER WAS RECORDED TODAY.
  NO SIGNIFICANT WEATHER WAS OBSERVED.


RELATIVE HUMIDITY (PERCENT)
 HIGHEST    85          1200 AM
 LOWEST     37           300 PM
 AVERAGE    61

..........................................................


THE WILMINGTON DE CLIMATE NORMALS FOR TOMORROW
                         NORMAL    RECORD    YEAR
 MAXIMUM TEMPERATURE (F)   50        70      1998
 MINIMUM TEMPERATURE (F)   34        11      1930


SUNRISE AND SUNSET
NOVEMBER 28 2014......SUNRISE   701 AM EST   SUNSET   440 PM EST
NOVEMBER 29 2014......SUNRISE   702 AM EST   SUNSET   439 PM EST


-  INDICATES NEGATIVE NUMBERS.
R  INDICATES RECORD WAS SET OR TIED.
MM INDICATES DATA IS MISSING.
T  INDICATES TRACE AMOUNT.




$$
