000
CDUS41 KPHI 010627
CLIILG


CLIMATE REPORT
NATIONAL WEATHER SERVICE MOUNT HOLLY NJ
226 AM EDT WED JUL 1 2015


...................................

...THE WILMINGTON DE CLIMATE SUMMARY FOR JUNE 30 2015...

CLIMATE NORMAL PERIOD 1981 TO 2010
CLIMATE RECORD PERIOD 1894 TO 2015


WEATHER ITEM   OBSERVED TIME   RECORD YEAR NORMAL DEPARTURE LAST
                VALUE   (LST)  VALUE       VALUE  FROM      YEAR
                                                  NORMAL
..................................................................
TEMPERATURE (F)
 YESTERDAY
  MAXIMUM         84    122 PM  98    1964  85     -1       84
                                      1959
  MINIMUM         65    440 AM  43    1919  66     -1       67
  AVERAGE         75                        76     -1       76

PRECIPITATION (IN)
  YESTERDAY        0.01          1.75 2013   0.13  -0.12     0.00
  MONTH TO DATE   12.52                      3.88   8.64     5.03
  SINCE JUN 1     12.52                      3.88   8.64     5.03
  SINCE JAN 1     31.20                     20.94  10.26    27.36

SNOWFALL (IN)
  YESTERDAY        0.0           0.0  1894   0.0    0.0      0.0
  MONTH TO DATE    0.0                       0.0    0.0      0.0
  SINCE JUN 1      0.0                       0.0    0.0      0.0
  SINCE JUL 1     23.4                      20.2    3.2     56.1
  SNOW DEPTH       0

DEGREE DAYS
 HEATING
  YESTERDAY        0                         0      0        0
  MONTH TO DATE   18                        13      5        2
  SINCE JUN 1     18                        15      3        2
  SINCE JUL 1   5075                      4819    256     5127

 COOLING
  YESTERDAY       10                        11     -1       11
  MONTH TO DATE  268                       231     37      240
  SINCE JUN 1    268                       231     37      240
  SINCE JAN 1    436                       310    126      307
..................................................................


WIND (MPH)
  HIGHEST WIND SPEED    28   HIGHEST WIND DIRECTION     S (170)
  HIGHEST GUST SPEED    37   HIGHEST GUST DIRECTION     S (170)
  AVERAGE WIND SPEED    10.6


SKY COVER
  POSSIBLE SUNSHINE  MM
  AVERAGE SKY COVER 0.5


WEATHER CONDITIONS
 THE FOLLOWING WEATHER WAS RECORDED YESTERDAY.
  THUNDERSTORM
  LIGHT RAIN


RELATIVE HUMIDITY (PERCENT)
 HIGHEST    87           500 AM
 LOWEST     65           100 PM
 AVERAGE    76

..........................................................


THE WILMINGTON DE CLIMATE NORMALS FOR TODAY
                         NORMAL    RECORD    YEAR
 MAXIMUM TEMPERATURE (F)   86        97      1963
                                             1931
 MINIMUM TEMPERATURE (F)   67        48      1988


SUNRISE AND SUNSET
JULY  1 2015..........SUNRISE   538 AM EDT   SUNSET   834 PM EDT
JULY  2 2015..........SUNRISE   539 AM EDT   SUNSET   834 PM EDT


-  INDICATES NEGATIVE NUMBERS.
R  INDICATES RECORD WAS SET OR TIED.
MM INDICATES DATA IS MISSING.
T  INDICATES TRACE AMOUNT.




$$
