000
CDUS41 KPHI 282127
CLIILG


CLIMATE REPORT
NATIONAL WEATHER SERVICE MOUNT HOLLY NJ
426 PM EST WED JAN 28 2015


...................................

...THE WILMINGTON DE CLIMATE SUMMARY FOR JANUARY 28 2015...
VALID TODAY AS OF 0400 PM LOCAL TIME.

CLIMATE NORMAL PERIOD 1981 TO 2010
CLIMATE RECORD PERIOD 1894 TO 2015


WEATHER ITEM   OBSERVED TIME   RECORD YEAR NORMAL DEPARTURE LAST
                VALUE   (LST)  VALUE       VALUE  FROM      YEAR
                                                  NORMAL
..................................................................
TEMPERATURE (F)
 TODAY
  MAXIMUM         34    340 PM  63    1944  40     -6       20
  MINIMUM         19    643 AM  -6    1935  25     -6       11
  AVERAGE         27                        33     -6       16

PRECIPITATION (IN)
  TODAY            0.00          1.27 1994   0.10  -0.10      T
  MONTH TO DATE    4.45                      2.70   1.75     3.16
  SINCE DEC 1      7.46                      6.18   1.28     8.38
  SINCE JAN 1      4.45                      2.70   1.75     3.16

SNOWFALL (IN)
  TODAY            0.0           2.1  1979   0.2   -0.2       T
  MONTH TO DATE    3.7                       5.0   -1.3     16.5
  SINCE DEC 1      3.9                       8.4   -4.5     28.4
  SINCE JUL 1      4.2                       8.8   -4.6     28.4
  SNOW DEPTH       0

DEGREE DAYS
 HEATING
  TODAY           38                        32      6       49
  MONTH TO DATE  948                       916     32     1022
  SINCE DEC 1   1713                      1795    -82     1865
  SINCE JUL 1   2602                      2693    -91     2786

 COOLING
  TODAY            0                         0      0        0
  MONTH TO DATE    0                         0      0        0
  SINCE DEC 1      0                         0      0        0
  SINCE JAN 1      0                         0      0        0
..................................................................


WIND (MPH)
  HIGHEST WIND SPEED    23   HIGHEST WIND DIRECTION    NW (310)
  HIGHEST GUST SPEED    31   HIGHEST GUST DIRECTION    NW (320)
  AVERAGE WIND SPEED    16.4


SKY COVER
  POSSIBLE SUNSHINE  MM
  AVERAGE SKY COVER 0.0


WEATHER CONDITIONS
 THE FOLLOWING WEATHER WAS RECORDED TODAY.
  NO SIGNIFICANT WEATHER WAS OBSERVED.


RELATIVE HUMIDITY (PERCENT)
 HIGHEST    62           100 AM
 LOWEST     25           300 PM
 AVERAGE    44

..........................................................


THE WILMINGTON DE CLIMATE NORMALS FOR TOMORROW
                         NORMAL    RECORD    YEAR
 MAXIMUM TEMPERATURE (F)   41        70      2002
 MINIMUM TEMPERATURE (F)   25         0      1961


SUNRISE AND SUNSET
JANUARY 28 2015.......SUNRISE   714 AM EST   SUNSET   517 PM EST
JANUARY 29 2015.......SUNRISE   713 AM EST   SUNSET   518 PM EST


-  INDICATES NEGATIVE NUMBERS.
R  INDICATES RECORD WAS SET OR TIED.
MM INDICATES DATA IS MISSING.
T  INDICATES TRACE AMOUNT.




$$
