000
CDUS41 KPHI 080630
CLIILG


CLIMATE REPORT
NATIONAL WEATHER SERVICE MOUNT HOLLY NJ
129 AM EST THU DEC 8 2016


...................................

...THE WILMINGTON DE CLIMATE SUMMARY FOR DECEMBER 7 2016...

CLIMATE NORMAL PERIOD 1981 TO 2010
CLIMATE RECORD PERIOD 1894 TO 2016


WEATHER ITEM   OBSERVED TIME   RECORD YEAR NORMAL DEPARTURE LAST
                VALUE   (LST)  VALUE       VALUE  FROM      YEAR
                                                  NORMAL
..................................................................
TEMPERATURE (F)
 YESTERDAY
  MAXIMUM         49    306 PM  72    1998  47      2       57
  MINIMUM         33   1030 PM   7    1926  31      2       29
  AVERAGE         41                        39      2       43

PRECIPITATION (IN)
  YESTERDAY        0.03          2.01 1914   0.12  -0.09     0.00
  MONTH TO DATE    0.81                      0.87  -0.06     1.26
  SINCE DEC 1      0.81                      0.87  -0.06     1.26
  SINCE JAN 1     39.00                     40.47  -1.47    44.79

SNOWFALL (IN)
  YESTERDAY        0.0           1.1  1959   0.1   -0.1      0.0
  MONTH TO DATE    0.0                       0.6   -0.6      0.0
  SINCE DEC 1      0.0                       0.6   -0.6      0.0
  SINCE JUL 1      0.0                       1.0   -1.0      0.0
  SNOW DEPTH       0

DEGREE DAYS
 HEATING
  YESTERDAY       24                        26     -2       22
  MONTH TO DATE  143                       174    -31      138
  SINCE DEC 1    143                       174    -31      138
  SINCE JUL 1    867                      1072   -205      842

 COOLING
  YESTERDAY        0                         0      0        0
  MONTH TO DATE    0                         0      0        0
  SINCE DEC 1      0                         0      0        0
  SINCE JAN 1   1489                      1145    344     1388
..................................................................


WIND (MPH)
  HIGHEST WIND SPEED    16   HIGHEST WIND DIRECTION    NW (330)
  HIGHEST GUST SPEED    19   HIGHEST GUST DIRECTION    NW (330)
  AVERAGE WIND SPEED     6.8


SKY COVER
  POSSIBLE SUNSHINE  MM
  AVERAGE SKY COVER 0.4


WEATHER CONDITIONS
 THE FOLLOWING WEATHER WAS RECORDED YESTERDAY.
  LIGHT RAIN
  FOG


RELATIVE HUMIDITY (PERCENT)
 HIGHEST    93           400 AM
 LOWEST     66           300 PM
 AVERAGE    80

..........................................................


THE WILMINGTON DE CLIMATE NORMALS FOR TODAY
                         NORMAL    RECORD    YEAR
 MAXIMUM TEMPERATURE (F)   47        69      1980
 MINIMUM TEMPERATURE (F)   31        15      1970


SUNRISE AND SUNSET
DECEMBER  8 2016......SUNRISE   711 AM EST   SUNSET   438 PM EST
DECEMBER  9 2016......SUNRISE   712 AM EST   SUNSET   438 PM EST


-  INDICATES NEGATIVE NUMBERS.
R  INDICATES RECORD WAS SET OR TIED.
MM INDICATES DATA IS MISSING.
T  INDICATES TRACE AMOUNT.




$$
