000
CDUS41 KPHI 260545
CLIILG


CLIMATE REPORT
NATIONAL WEATHER SERVICE MOUNT HOLLY NJ
144 AM EDT TUE SEP 26 2017


...................................

...THE WILMINGTON DE CLIMATE SUMMARY FOR SEPTEMBER 25 2017...

CLIMATE NORMAL PERIOD 1981 TO 2010
CLIMATE RECORD PERIOD 1894 TO 2017


WEATHER ITEM   OBSERVED TIME   RECORD YEAR NORMAL DEPARTURE LAST
                VALUE   (LST)  VALUE       VALUE  FROM      YEAR
                                                  NORMAL
..................................................................
TEMPERATURE (F)
 YESTERDAY
  MAXIMUM         91    225 PM  93    1970  74     17       74
  MINIMUM         66    601 AM  37    1997  54     12       49
  AVERAGE         79                        64     15       62

PRECIPITATION (IN)
  YESTERDAY        0.00          2.03 1991   0.16  -0.16     0.00
  MONTH TO DATE    1.12                      3.53  -2.41     1.19
  SINCE SEP 1      1.12                      3.53  -2.41     1.19
  SINCE JAN 1     33.26                     32.29   0.97    30.45

SNOWFALL (IN)
  YESTERDAY        0.0           0.0  1894   0.0    0.0      0.0
  MONTH TO DATE    0.0                       0.0    0.0      0.0
  SINCE SEP 1      0.0                       0.0    0.0      0.0
  SINCE JUL 1      0.0                       0.0    0.0      0.0
  SNOW DEPTH       0

DEGREE DAYS
 HEATING
  YESTERDAY        0                         3     -3        3
  MONTH TO DATE   14                        30    -16        5
  SINCE SEP 1     14                        30    -16        5
  SINCE JUL 1     14                        32    -18        5

 COOLING
  YESTERDAY       14                         2     12        0
  MONTH TO DATE  155                       124     31      232
  SINCE SEP 1    155                       124     31      232
  SINCE JAN 1   1201                      1117     84     1453
..................................................................


WIND (MPH)
  HIGHEST WIND SPEED    17   HIGHEST WIND DIRECTION     S (160)
  HIGHEST GUST SPEED    22   HIGHEST GUST DIRECTION     S (160)
  AVERAGE WIND SPEED     4.4


SKY COVER
  POSSIBLE SUNSHINE  MM
  AVERAGE SKY COVER 0.0


WEATHER CONDITIONS
 THE FOLLOWING WEATHER WAS RECORDED YESTERDAY.
  NO SIGNIFICANT WEATHER WAS OBSERVED.


RELATIVE HUMIDITY (PERCENT)
 HIGHEST   100           500 AM
 LOWEST     47           100 PM
 AVERAGE    74

..........................................................


THE WILMINGTON DE CLIMATE NORMALS FOR TODAY
                         NORMAL    RECORD    YEAR
 MAXIMUM TEMPERATURE (F)   74        92      2007
                                             1895
 MINIMUM TEMPERATURE (F)   54        35      1940


SUNRISE AND SUNSET
SEPTEMBER 26 2017.....SUNRISE   654 AM EDT   SUNSET   652 PM EDT
SEPTEMBER 27 2017.....SUNRISE   655 AM EDT   SUNSET   651 PM EDT


-  INDICATES NEGATIVE NUMBERS.
R  INDICATES RECORD WAS SET OR TIED.
MM INDICATES DATA IS MISSING.
T  INDICATES TRACE AMOUNT.




$$
