000
CDUS41 KPHI 290632
CLIILG


CLIMATE REPORT
NATIONAL WEATHER SERVICE MOUNT HOLLY NJ
232 AM EDT FRI APR 29 2016


...................................

...THE WILMINGTON DE CLIMATE SUMMARY FOR APRIL 28 2016...

CLIMATE NORMAL PERIOD 1981 TO 2010
CLIMATE RECORD PERIOD 1894 TO 2016


WEATHER ITEM   OBSERVED TIME   RECORD YEAR NORMAL DEPARTURE LAST
                VALUE   (LST)  VALUE       VALUE  FROM      YEAR
                                                  NORMAL
..................................................................
TEMPERATURE (F)
 YESTERDAY
  MAXIMUM         54   1103 AM  89    1990  68    -14       71
  MINIMUM         45   1159 PM  30    1934  47     -2       48
  AVERAGE         50                        57     -7       60

PRECIPITATION (IN)
  YESTERDAY        0.15          1.65 1928   0.12   0.03      T
  MONTH TO DATE    1.81                      3.28  -1.47     4.29
  SINCE MAR 1      3.61                      7.20  -3.59     9.68
  SINCE JAN 1     10.34                     12.89  -2.55    16.29

SNOWFALL (IN)
  YESTERDAY        0.0           0.0  1894   0.0    0.0      0.0
  MONTH TO DATE    T                         0.3   -0.3      0.0
  SINCE MAR 1      2.7                       2.2    0.5      8.6
  SINCE JUL 1     25.4                      20.2    5.2     23.4
  SNOW DEPTH       0

DEGREE DAYS
 HEATING
  YESTERDAY       15                         8      7        5
  MONTH TO DATE  352                       347      5      321
  SINCE MAR 1    854                      1030   -176     1155
  SINCE JUL 1   3862                      4653   -791     4994

 COOLING
  YESTERDAY        0                         1     -1        0
  MONTH TO DATE   12                         8      4        4
  SINCE MAR 1     14                         9      5        4
  SINCE JAN 1     14                         9      5        4
..................................................................


WIND (MPH)
  HIGHEST WIND SPEED    16   HIGHEST WIND DIRECTION     E (100)
  HIGHEST GUST SPEED    20   HIGHEST GUST DIRECTION     E (80)
  AVERAGE WIND SPEED     8.2


SKY COVER
  POSSIBLE SUNSHINE  MM
  AVERAGE SKY COVER 0.8


WEATHER CONDITIONS
 THE FOLLOWING WEATHER WAS RECORDED YESTERDAY.
  HEAVY RAIN
  LIGHT RAIN
  FOG
  HAZE


RELATIVE HUMIDITY (PERCENT)
 HIGHEST    93           100 AM
 LOWEST     50          1100 AM
 AVERAGE    72

..........................................................


THE WILMINGTON DE CLIMATE NORMALS FOR TODAY
                         NORMAL    RECORD    YEAR
 MAXIMUM TEMPERATURE (F)   68        91      1974
 MINIMUM TEMPERATURE (F)   47        31      1922


SUNRISE AND SUNSET
APRIL 29 2016.........SUNRISE   605 AM EDT   SUNSET   755 PM EDT
APRIL 30 2016.........SUNRISE   604 AM EDT   SUNSET   756 PM EDT


-  INDICATES NEGATIVE NUMBERS.
R  INDICATES RECORD WAS SET OR TIED.
MM INDICATES DATA IS MISSING.
T  INDICATES TRACE AMOUNT.




$$
