000
CDUS41 KPHI 250633
CLIILG


CLIMATE REPORT
NATIONAL WEATHER SERVICE MOUNT HOLLY NJ
232 AM EDT TUE APR 25 2017


...................................

...THE WILMINGTON DE CLIMATE SUMMARY FOR APRIL 24 2017...

CLIMATE NORMAL PERIOD 1981 TO 2010
CLIMATE RECORD PERIOD 1894 TO 2017


WEATHER ITEM   OBSERVED TIME   RECORD YEAR NORMAL DEPARTURE LAST
                VALUE   (LST)  VALUE       VALUE  FROM      YEAR
                                                  NORMAL
..................................................................
TEMPERATURE (F)
 YESTERDAY
  MAXIMUM         60    227 PM  84    2001  67     -7       68
  MINIMUM         50    554 AM  30    1930  46      4       43
                                      1911
  AVERAGE         55                        56     -1       56

PRECIPITATION (IN)
  YESTERDAY        0.02          1.28 1983   0.11  -0.09     0.00
  MONTH TO DATE    1.78                      2.83  -1.05     1.60
  SINCE MAR 1      6.76                      6.75   0.01     3.40
  SINCE JAN 1     10.78                     12.44  -1.66    10.13

SNOWFALL (IN)
  YESTERDAY        0.0           T    1956   0.0    0.0      0.0
  MONTH TO DATE    0.0                       0.3   -0.3       T
  SINCE MAR 1      3.4                       2.2    1.2      2.7
  SINCE JUL 1      9.0                      20.2  -11.2     25.4
  SNOW DEPTH       0

DEGREE DAYS
 HEATING
  YESTERDAY       10                         9      1        9
  MONTH TO DATE  196                       312   -116      318
  SINCE MAR 1    913                       995    -82      820
  SINCE JUL 1   3915                      4618   -703     3828

 COOLING
  YESTERDAY        0                         1     -1        0
  MONTH TO DATE   10                         4      6        7
  SINCE MAR 1     10                         5      5        9
  SINCE JAN 1     10                         5      5        9
..................................................................


WIND (MPH)
  HIGHEST WIND SPEED    20   HIGHEST WIND DIRECTION    NE (60)
  HIGHEST GUST SPEED    25   HIGHEST GUST DIRECTION     E (70)
  AVERAGE WIND SPEED    10.8


SKY COVER
  POSSIBLE SUNSHINE  MM
  AVERAGE SKY COVER 0.8


WEATHER CONDITIONS
 THE FOLLOWING WEATHER WAS RECORDED YESTERDAY.
  LIGHT RAIN


RELATIVE HUMIDITY (PERCENT)
 HIGHEST    86           200 AM
 LOWEST     55           800 PM
 AVERAGE    71

..........................................................


THE WILMINGTON DE CLIMATE NORMALS FOR TODAY
                         NORMAL    RECORD    YEAR
 MAXIMUM TEMPERATURE (F)   67        92      1915
 MINIMUM TEMPERATURE (F)   46        31      2015
                                             1936
                                             1919


SUNRISE AND SUNSET
APRIL 25 2017.........SUNRISE   611 AM EDT   SUNSET   751 PM EDT
APRIL 26 2017.........SUNRISE   609 AM EDT   SUNSET   752 PM EDT


-  INDICATES NEGATIVE NUMBERS.
R  INDICATES RECORD WAS SET OR TIED.
MM INDICATES DATA IS MISSING.
T  INDICATES TRACE AMOUNT.




$$
