898
CDUS41 KPHI 260545
CLIILG


CLIMATE REPORT
NATIONAL WEATHER SERVICE MOUNT HOLLY NJ
145 AM EDT WED JUL 26 2017


...................................

...THE WILMINGTON DE CLIMATE SUMMARY FOR JULY 25 2017...

CLIMATE NORMAL PERIOD 1981 TO 2010
CLIMATE RECORD PERIOD 1894 TO 2017


WEATHER ITEM   OBSERVED TIME   RECORD YEAR NORMAL DEPARTURE LAST
                VALUE   (LST)  VALUE       VALUE  FROM      YEAR
                                                  NORMAL
..................................................................
TEMPERATURE (F)
 YESTERDAY
  MAXIMUM         79    314 PM  96    2016  86     -7       96
                                      1987
                                      1910
  MINIMUM         69   1159 PM  56    1953  68      1       73
                                      1932
  AVERAGE         74                        77     -3       85

PRECIPITATION (IN)
  YESTERDAY        T             0.99 1931   0.15  -0.15     0.72
  MONTH TO DATE    6.30                      3.71   2.59     3.80
  SINCE JUN 1     10.29                      7.59   2.70     7.49
  SINCE JAN 1     27.47                     24.65   2.82    25.16

SNOWFALL (IN)
  YESTERDAY        0.0           0.0  1894   0.0    0.0      0.0
  MONTH TO DATE    0.0                       0.0    0.0      0.0
  SINCE JUN 1      0.0                       0.0    0.0      0.0
  SINCE JUL 1      0.0                       0.0    0.0      0.0
  SNOW DEPTH       0

DEGREE DAYS
 HEATING
  YESTERDAY        0                         0      0        0
  MONTH TO DATE    0                         0      0        0
  SINCE JUN 1     10                        15     -5        5
  SINCE JUL 1      0                         0      0        0

 COOLING
  YESTERDAY        9                        12     -3       20
  MONTH TO DATE  366                       296     70      352
  SINCE JUN 1    627                       527    100      580
  SINCE JAN 1    718                       606    112      672
..................................................................


WIND (MPH)
  HIGHEST WIND SPEED    12   HIGHEST WIND DIRECTION     E (100)
  HIGHEST GUST SPEED    16   HIGHEST GUST DIRECTION     N (360)
  AVERAGE WIND SPEED     5.8


SKY COVER
  POSSIBLE SUNSHINE  MM
  AVERAGE SKY COVER 0.9


WEATHER CONDITIONS
 THE FOLLOWING WEATHER WAS RECORDED YESTERDAY.
  LIGHT RAIN
  FOG


RELATIVE HUMIDITY (PERCENT)
 HIGHEST   100          1200 AM
 LOWEST     62           100 PM
 AVERAGE    81

..........................................................


THE WILMINGTON DE CLIMATE NORMALS FOR TODAY
                         NORMAL    RECORD    YEAR
 MAXIMUM TEMPERATURE (F)   86        99      1894
 MINIMUM TEMPERATURE (F)   68        51      1920


SUNRISE AND SUNSET
JULY 26 2017..........SUNRISE   556 AM EDT   SUNSET   821 PM EDT
JULY 27 2017..........SUNRISE   557 AM EDT   SUNSET   820 PM EDT


-  INDICATES NEGATIVE NUMBERS.
R  INDICATES RECORD WAS SET OR TIED.
MM INDICATES DATA IS MISSING.
T  INDICATES TRACE AMOUNT.




$$
