000
CDUS41 KPHI 220606
CLIILG


CLIMATE REPORT
NATIONAL WEATHER SERVICE MOUNT HOLLY NJ
105 AM EST WED NOV 22 2017


...................................

...THE WILMINGTON DE CLIMATE SUMMARY FOR NOVEMBER 21 2017...

CLIMATE NORMAL PERIOD 1981 TO 2010
CLIMATE RECORD PERIOD 1894 TO 2017


WEATHER ITEM   OBSERVED TIME   RECORD YEAR NORMAL DEPARTURE LAST
                VALUE   (LST)  VALUE       VALUE  FROM      YEAR
                                                  NORMAL
..................................................................
TEMPERATURE (F)
 YESTERDAY
  MAXIMUM         60    217 PM  75    1900  54      6       45
  MINIMUM         31    521 AM  19    1984  36     -5       37
  AVERAGE         46                        45      1       41

PRECIPITATION (IN)
  YESTERDAY        0.00          2.03 1952   0.11  -0.11     0.00
  MONTH TO DATE    1.27                      2.09  -0.82     0.44
  SINCE SEP 1      6.41                      9.83  -3.42     7.46
  SINCE JAN 1     38.55                     38.59  -0.04    36.72

SNOWFALL (IN)
  YESTERDAY        0.0           0.3  1896   0.0    0.0      0.0
  MONTH TO DATE    0.0                       0.0    0.0      0.0
  SINCE SEP 1      0.0                       0.0    0.0      0.0
  SINCE JUL 1      0.0                       0.0    0.0      0.0
  SNOW DEPTH       0

DEGREE DAYS
 HEATING
  YESTERDAY       19                        20     -1       24
  MONTH TO DATE  366                       357      9      318
  SINCE SEP 1    536                       699   -163      556
  SINCE JUL 1    536                       701   -165      556

 COOLING
  YESTERDAY        0                         0      0        0
  MONTH TO DATE    0                         0      0        0
  SINCE SEP 1    258                       152    106      268
  SINCE JAN 1   1304                      1145    159     1489
..................................................................


WIND (MPH)
  HIGHEST WIND SPEED    22   HIGHEST WIND DIRECTION    SW (210)
  HIGHEST GUST SPEED    28   HIGHEST GUST DIRECTION     S (200)
  AVERAGE WIND SPEED     8.5


SKY COVER
  POSSIBLE SUNSHINE  MM
  AVERAGE SKY COVER 0.0


WEATHER CONDITIONS
 THE FOLLOWING WEATHER WAS RECORDED YESTERDAY.
  NO SIGNIFICANT WEATHER WAS OBSERVED.


RELATIVE HUMIDITY (PERCENT)
 HIGHEST    82           500 AM
 LOWEST     36           200 PM
 AVERAGE    59

..........................................................


THE WILMINGTON DE CLIMATE NORMALS FOR TODAY
                         NORMAL    RECORD    YEAR
 MAXIMUM TEMPERATURE (F)   53        72      2007
 MINIMUM TEMPERATURE (F)   36        17      1964


SUNRISE AND SUNSET
NOVEMBER 22 2017......SUNRISE   655 AM EST   SUNSET   442 PM EST
NOVEMBER 23 2017......SUNRISE   656 AM EST   SUNSET   442 PM EST


-  INDICATES NEGATIVE NUMBERS.
R  INDICATES RECORD WAS SET OR TIED.
MM INDICATES DATA IS MISSING.
T  INDICATES TRACE AMOUNT.




$$
