000
CDUS42 KILM 210846
CLIILM


CLIMATE REPORT
NATIONAL WEATHER SERVICE WILMINGTON NC
446 AM EDT SAT OCT 21 2017


...................................

...THE WILMINGTON NC CLIMATE SUMMARY FOR OCTOBER 20 2017...

CLIMATE NORMAL PERIOD 1981 TO 2010
CLIMATE RECORD PERIOD 1871 TO 2017


WEATHER ITEM   OBSERVED TIME   RECORD YEAR NORMAL DEPARTURE LAST
                VALUE   (LST)  VALUE       VALUE  FROM      YEAR
                                                  NORMAL
..................................................................
TEMPERATURE (F)
 YESTERDAY
  MAXIMUM         82    305 PM  87    1969  75      7       81
  MINIMUM         52    639 AM  35    1992  53     -1       61
                                      1981
                                      1972
  AVERAGE         67                        64      3       71

PRECIPITATION (IN)
  YESTERDAY        0.00          3.84 1876   0.12  -0.12     0.00
  MONTH TO DATE    1.83                      2.84  -1.01     6.68
  SINCE SEP 1      5.65                     10.68  -5.03    22.54
  SINCE JAN 1     53.03                     49.65   3.38    64.08

DEGREE DAYS
 HEATING
  YESTERDAY        0                         4     -4        0
  MONTH TO DATE   13                        41    -28       10
  SINCE SEP 1     13                        46    -33       10
  SINCE JUL 1     13                        46    -33       10

 COOLING
  YESTERDAY        2                         2      0        6
  MONTH TO DATE  153                        77     76      109
  SINCE SEP 1    498                       371    127      488
  SINCE JAN 1   2312                      1994    318     2358
..................................................................


WIND (MPH)
  HIGHEST WIND SPEED     9   HIGHEST WIND DIRECTION     S (160)
  HIGHEST GUST SPEED    14   HIGHEST GUST DIRECTION    NW (300)
  AVERAGE WIND SPEED     1.4


SKY COVER
  POSSIBLE SUNSHINE  MM
  AVERAGE SKY COVER 0.0


WEATHER CONDITIONS
 THE FOLLOWING WEATHER WAS RECORDED YESTERDAY.
  FOG


RELATIVE HUMIDITY (PERCENT)
 HIGHEST   100          1200 AM
 LOWEST     33           200 PM
 AVERAGE    67

..........................................................


THE WILMINGTON NC CLIMATE NORMALS FOR TODAY
                         NORMAL    RECORD    YEAR
 MAXIMUM TEMPERATURE (F)   74        85      2005
                                             1993
 MINIMUM TEMPERATURE (F)   53        34      1974


SUNRISE AND SUNSET
OCTOBER 21 2017.......SUNRISE   722 AM EDT   SUNSET   630 PM EDT
OCTOBER 22 2017.......SUNRISE   723 AM EDT   SUNSET   629 PM EDT


-  INDICATES NEGATIVE NUMBERS.
R  INDICATES RECORD WAS SET OR TIED.
MM INDICATES DATA IS MISSING.
T  INDICATES TRACE AMOUNT.




$$
