000
CDUS42 KILM 240847
CLIILM


CLIMATE REPORT
NATIONAL WEATHER SERVICE WILMINGTON NC
447 AM EDT FRI OCT 24 2014


...................................

...THE WILMINGTON NC CLIMATE SUMMARY FOR OCTOBER 23 2014...

CLIMATE NORMAL PERIOD 1981 TO 2010
CLIMATE RECORD PERIOD 1871 TO 2014


WEATHER ITEM   OBSERVED TIME   RECORD YEAR NORMAL DEPARTURE LAST
                VALUE   (LST)  VALUE       VALUE  FROM      YEAR
                                                  NORMAL
..................................................................
TEMPERATURE (F)
 YESTERDAY
  MAXIMUM         70    348 PM  86    2007  74     -4       75
  MINIMUM         47    653 AM  37    1998  52     -5       50
                                      1974
  AVERAGE         59                        63     -4       63

PRECIPITATION (IN)
  YESTERDAY        0.00          4.23 1990   0.09  -0.09     0.16
  MONTH TO DATE    1.36                      3.16  -1.80     2.27
  SINCE SEP 1      7.36                     11.00  -3.64     3.25
  SINCE JAN 1     49.87                     49.97  -0.10    45.74

DEGREE DAYS
 HEATING
  YESTERDAY        6                         4      2        2
  MONTH TO DATE   38                        53    -15       15
  SINCE SEP 1     40                        58    -18       15
  SINCE JUL 1     40                        58    -18       15

 COOLING
  YESTERDAY        0                         2     -2        0
  MONTH TO DATE   99                        83     16       99
  SINCE SEP 1    409                       377     32      377
  SINCE JAN 1   2166                      2000    166     1867
..................................................................


WIND (MPH)
  HIGHEST WIND SPEED    17   HIGHEST WIND DIRECTION     W (270)
  HIGHEST GUST SPEED    22   HIGHEST GUST DIRECTION    NW (310)
  AVERAGE WIND SPEED     8.8


SKY COVER
  POSSIBLE SUNSHINE  MM
  AVERAGE SKY COVER 0.0


WEATHER CONDITIONS
 THE FOLLOWING WEATHER WAS RECORDED YESTERDAY.
  NO SIGNIFICANT WEATHER WAS OBSERVED.


RELATIVE HUMIDITY (PERCENT)
 HIGHEST    86           600 AM
 LOWEST     37           200 PM
 AVERAGE    62

..........................................................


THE WILMINGTON NC CLIMATE NORMALS FOR TODAY
                         NORMAL    RECORD    YEAR
 MAXIMUM TEMPERATURE (F)   74        87      2001
 MINIMUM TEMPERATURE (F)   52        35      1969


SUNRISE AND SUNSET
OCTOBER 24 2014.......SUNRISE   724 AM EDT   SUNSET   627 PM EDT
OCTOBER 25 2014.......SUNRISE   725 AM EDT   SUNSET   626 PM EDT


-  INDICATES NEGATIVE NUMBERS.
R  INDICATES RECORD WAS SET OR TIED.
MM INDICATES DATA IS MISSING.
T  INDICATES TRACE AMOUNT.




$$
