000
CDUS42 KILM 170940
CLIILM


CLIMATE REPORT
NATIONAL WEATHER SERVICE WILMINGTON NC
440 AM EST SUN DEC 17 2017


...................................

...THE WILMINGTON NC CLIMATE SUMMARY FOR DECEMBER 16 2017...

CLIMATE NORMAL PERIOD 1981 TO 2010
CLIMATE RECORD PERIOD 1871 TO 2017


WEATHER ITEM   OBSERVED TIME   RECORD YEAR NORMAL DEPARTURE LAST
                VALUE   (LST)  VALUE       VALUE  FROM      YEAR
                                                  NORMAL
..................................................................
TEMPERATURE (F)
 YESTERDAY
  MAXIMUM         54    210 PM  80    1971  59     -5       41
  MINIMUM         30    736 AM  12    1943  38     -8       23
  AVERAGE         42                        48     -6       32

PRECIPITATION (IN)
  YESTERDAY        0.00          2.22 1970   0.11  -0.11      T
  MONTH TO DATE    2.22                      1.87   0.35     4.00
  SINCE DEC 1      2.22                      1.87   0.35     4.00
  SINCE JAN 1     61.00                     55.86   5.14    70.28

SNOWFALL (IN)
  YESTERDAY        0.0           1.6  1988   0.0    0.0      0.0
  MONTH TO DATE    0.0                       0.3   -0.3      0.0
  SINCE DEC 1      0.0                       0.3   -0.3      0.0
  SINCE JUL 1      0.0                       0.3   -0.3      0.0
  SNOW DEPTH       0

DEGREE DAYS
 HEATING
  YESTERDAY       23                        17      6       33
  MONTH TO DATE  251                       240     11      262
  SINCE DEC 1    251                       240     11      262
  SINCE JUL 1    589                       609    -20      621

 COOLING
  YESTERDAY        0                         0      0        0
  MONTH TO DATE    0                         0      0        0
  SINCE DEC 1      0                         0      0        0
  SINCE JAN 1   2355                      2037    318     2394
..................................................................


WIND (MPH)
  HIGHEST WIND SPEED    10   HIGHEST WIND DIRECTION     N (350)
  HIGHEST GUST SPEED    14   HIGHEST GUST DIRECTION     W (290)
  AVERAGE WIND SPEED     3.4


SKY COVER
  POSSIBLE SUNSHINE  MM
  AVERAGE SKY COVER 0.0


WEATHER CONDITIONS
 THE FOLLOWING WEATHER WAS RECORDED YESTERDAY.
  NO SIGNIFICANT WEATHER WAS OBSERVED.


RELATIVE HUMIDITY (PERCENT)
 HIGHEST    96          1100 PM
 LOWEST     32           300 PM
 AVERAGE    64

..........................................................


THE WILMINGTON NC CLIMATE NORMALS FOR TODAY
                         NORMAL    RECORD    YEAR
 MAXIMUM TEMPERATURE (F)   59        79      1924
 MINIMUM TEMPERATURE (F)   37        18      1955
                                             1943


SUNRISE AND SUNSET
DECEMBER 17 2017......SUNRISE   712 AM EST   SUNSET   504 PM EST
DECEMBER 18 2017......SUNRISE   712 AM EST   SUNSET   505 PM EST


-  INDICATES NEGATIVE NUMBERS.
R  INDICATES RECORD WAS SET OR TIED.
MM INDICATES DATA IS MISSING.
T  INDICATES TRACE AMOUNT.




$$
