000
CDUS43 KILX 250702
CLIILX


CLIMATE REPORT
NATIONAL WEATHER SERVICE LINCOLN IL
100 AM CST SAT NOV 25 2017


...................................

...THE LINCOLN IL CLIMATE SUMMARY FOR NOVEMBER 24 2017...

CLIMATE NORMAL PERIOD 1981 TO 2010
CLIMATE RECORD PERIOD 1905 TO 2017


WEATHER ITEM   OBSERVED TIME   RECORD YEAR NORMAL DEPARTURE LAST
                VALUE   (LST)  VALUE       VALUE  FROM      YEAR
                                                  NORMAL
..................................................................
TEMPERATURE (F)
 YESTERDAY
  MAXIMUM         64        MM  67    1931  46     18       41
  MINIMUM         29        MM   0    1950  30     -1       39
  AVERAGE         47                        38      9       40

PRECIPITATION (IN)
  YESTERDAY        0.00          1.34 2010   0.11  -0.11     0.00
  MONTH TO DATE    2.37                      2.59  -0.22     1.89
  SINCE SEP 1      7.76                      8.88  -1.12     7.96
  SINCE JAN 1     32.88                     36.30  -3.42    37.40

SNOWFALL (IN)
  YESTERDAY        0.0           4.1  2004   0.0    0.0      0.0
  MONTH TO DATE    T                         0.3   -0.3      0.0
  SINCE SEP 1      T                         0.3   -0.3      0.0
  SINCE JUL 1      T                         0.3   -0.3      0.0
  SNOW DEPTH       0

DEGREE DAYS
 HEATING
  YESTERDAY       18                        27     -9       25
  MONTH TO DATE  586                       514     72      407
  SINCE SEP 1    924                       961    -37      628
  SINCE JUL 1    930                       970    -40      637

 COOLING
  YESTERDAY        0                         0      0        0
  MONTH TO DATE    0                         0      0        7
  SINCE SEP 1    185                       128     57      250
  SINCE JAN 1    984                      1017    -33     1241
..................................................................


WIND (MPH)
  HIGHEST WIND SPEED    MM   HIGHEST WIND DIRECTION    MM
  HIGHEST GUST SPEED    MM   HIGHEST GUST DIRECTION    MM
  AVERAGE WIND SPEED    MM


SKY COVER
  POSSIBLE SUNSHINE  MM


WEATHER CONDITIONS
 THE FOLLOWING WEATHER WAS RECORDED YESTERDAY.
  NO SIGNIFICANT WEATHER WAS OBSERVED.


..........................................................


THE LINCOLN IL CLIMATE NORMALS FOR TODAY
                         NORMAL    RECORD    YEAR
 MAXIMUM TEMPERATURE (F)   46        68      2006
                                             1915
 MINIMUM TEMPERATURE (F)   29        -1      1950


SUNRISE AND SUNSET
NOVEMBER 25 2017......SUNRISE   654 AM CST   SUNSET   434 PM CST
NOVEMBER 26 2017......SUNRISE   655 AM CST   SUNSET   434 PM CST


-  INDICATES NEGATIVE NUMBERS.
R  INDICATES RECORD WAS SET OR TIED.
MM INDICATES DATA IS MISSING.
T  INDICATES TRACE AMOUNT.




$$
