000
CDUS43 KILX 070642
CLIILX


CLIMATE REPORT
NATIONAL WEATHER SERVICE LINCOLN IL
1242 AM CST WED DEC 7 2016


...................................

...THE LINCOLN IL CLIMATE SUMMARY FOR DECEMBER 6 2016...

CLIMATE NORMAL PERIOD 1981 TO 2010
CLIMATE RECORD PERIOD 1905 TO 2016


WEATHER ITEM   OBSERVED TIME   RECORD YEAR NORMAL DEPARTURE LAST
                VALUE   (LST)  VALUE       VALUE  FROM      YEAR
                                                  NORMAL
..................................................................
TEMPERATURE (F)
 YESTERDAY
  MAXIMUM         38        MM  70    1980  40     -2       46
  MINIMUM         31        MM  -2    1977  25      6       28
  AVERAGE         35                        32      3       37

PRECIPITATION (IN)
  YESTERDAY        0.00          1.46 1906   0.10  -0.10     0.05
  MONTH TO DATE    0.41                      0.58  -0.17     0.11
  SINCE DEC 1      0.41                      0.58  -0.17     0.11
  SINCE JAN 1     38.83                     37.54   1.29    41.92

SNOWFALL (IN)
  YESTERDAY        0.0           5.0  1950   0.2   -0.2      0.0
  MONTH TO DATE    2.7                       0.8    1.9       T
  SINCE DEC 1      2.7                       0.8    1.9       T
  SINCE JUL 1      2.7                       1.4    1.3      1.0
  SNOW DEPTH       0

DEGREE DAYS
 HEATING
  YESTERDAY       30                        33     -3       28
  MONTH TO DATE  176                       189    -13      178
  SINCE DEC 1    176                       189    -13      178
  SINCE JUL 1    953                      1332   -379     1105

 COOLING
  YESTERDAY        0                         0      0        0
  MONTH TO DATE    0                         0      0        0
  SINCE DEC 1      0                         0      0        0
  SINCE JAN 1   1241                      1017    224      998
..................................................................


WIND (MPH)
  HIGHEST WIND SPEED    MM   HIGHEST WIND DIRECTION    MM
  HIGHEST GUST SPEED    MM   HIGHEST GUST DIRECTION    MM
  AVERAGE WIND SPEED    MM


SKY COVER
  POSSIBLE SUNSHINE  MM


WEATHER CONDITIONS
 THE FOLLOWING WEATHER WAS RECORDED YESTERDAY.
  FOG


..........................................................


THE LINCOLN IL CLIMATE NORMALS FOR TODAY
                         NORMAL    RECORD    YEAR
 MAXIMUM TEMPERATURE (F)   40        68      1916
 MINIMUM TEMPERATURE (F)   24        -3      2005


SUNRISE AND SUNSET
DECEMBER  7 2016......SUNRISE   707 AM CST   SUNSET   431 PM CST
DECEMBER  8 2016......SUNRISE   707 AM CST   SUNSET   431 PM CST


-  INDICATES NEGATIVE NUMBERS.
R  INDICATES RECORD WAS SET OR TIED.
MM INDICATES DATA IS MISSING.
T  INDICATES TRACE AMOUNT.




$$
