000
CDUS43 KILX 260637
CLIILX


CLIMATE REPORT
NATIONAL WEATHER SERVICE LINCOLN IL
136 AM CDT THU MAY 26 2016


...................................

...THE LINCOLN IL CLIMATE SUMMARY FOR MAY 25 2016...

CLIMATE NORMAL PERIOD 1981 TO 2010
CLIMATE RECORD PERIOD 1905 TO 2016


WEATHER ITEM   OBSERVED TIME   RECORD YEAR NORMAL DEPARTURE LAST
                VALUE   (LST)  VALUE       VALUE  FROM      YEAR
                                                  NORMAL
..................................................................
TEMPERATURE (F)
 YESTERDAY
  MAXIMUM         84        MM  93    1921  77      7       81
  MINIMUM         60        MM  28    1925  55      5       66
  AVERAGE         72                        66      6       74

PRECIPITATION (IN)
  YESTERDAY        T             1.71 1989   0.15  -0.15     0.26
  MONTH TO DATE    2.53                      3.36  -0.83     5.35
  SINCE MAR 1      8.99                      9.57  -0.58     9.14
  SINCE JAN 1     11.23                     13.32  -2.09    11.90

SNOWFALL (IN)
  YESTERDAY        0.0           0.0    MM   0.0    0.0      0.0
  MONTH TO DATE    0.0                       0.0    0.0      0.0
  SINCE MAR 1      T                         2.0   -2.0      3.7
  SINCE JUL 1     12.3                      20.5   -8.2     21.9
  SNOW DEPTH       0

DEGREE DAYS
 HEATING
  YESTERDAY        0                         3     -3        0
  MONTH TO DATE  155                       124     31       91
  SINCE MAR 1   1078                      1256   -178     1243
  SINCE JUL 1   4873                      5679   -806     6180

 COOLING
  YESTERDAY        7                         4      3        9
  MONTH TO DATE   26                        50    -24       86
  SINCE MAR 1     34                        65    -31       87
  SINCE JAN 1     34                        65    -31       87
..................................................................


WIND (MPH)
  HIGHEST WIND SPEED    MM   HIGHEST WIND DIRECTION    MM
  HIGHEST GUST SPEED    MM   HIGHEST GUST DIRECTION    MM
  AVERAGE WIND SPEED    MM


SKY COVER
  POSSIBLE SUNSHINE  MM


WEATHER CONDITIONS
 THE FOLLOWING WEATHER WAS RECORDED YESTERDAY.
  LIGHT RAIN


..........................................................


THE LINCOLN IL CLIMATE NORMALS FOR TODAY
                         NORMAL    RECORD    YEAR
 MAXIMUM TEMPERATURE (F)   77        94      1926
 MINIMUM TEMPERATURE (F)   55        29      1925


SUNRISE AND SUNSET
MAY 26 2016...........SUNRISE   533 AM CDT   SUNSET   816 PM CDT
MAY 27 2016...........SUNRISE   532 AM CDT   SUNSET   817 PM CDT


-  INDICATES NEGATIVE NUMBERS.
R  INDICATES RECORD WAS SET OR TIED.
MM INDICATES DATA IS MISSING.
T  INDICATES TRACE AMOUNT.




$$
