392
CDUS43 KILX 280648
CLIILX


CLIMATE REPORT
NATIONAL WEATHER SERVICE LINCOLN IL
147 AM CDT THU JUL 28 2016


...................................

...THE LINCOLN IL CLIMATE SUMMARY FOR JULY 27 2016...

CLIMATE NORMAL PERIOD 1981 TO 2010
CLIMATE RECORD PERIOD 1905 TO 2016


WEATHER ITEM   OBSERVED TIME   RECORD YEAR NORMAL DEPARTURE LAST
                VALUE   (LST)  VALUE       VALUE  FROM      YEAR
                                                  NORMAL
..................................................................
TEMPERATURE (F)
 YESTERDAY
  MAXIMUM         86        MM 107    1930  85      1       87
  MINIMUM         64        MM  48    1962  64      0       66
  AVERAGE         75                        74      1       77

PRECIPITATION (IN)
  YESTERDAY        0.00          1.60 1923   0.14  -0.14     0.00
  MONTH TO DATE    7.81                      4.49   3.32     5.93
  SINCE JUN 1     10.17                      8.81   1.36    15.60
  SINCE JAN 1     22.12                     22.93  -0.81    29.99

SNOWFALL (IN)
  YESTERDAY        0.0           0.0    MM   0.0    0.0      0.0
  MONTH TO DATE    0.0                       0.0    0.0      0.0
  SINCE JUN 1      0.0                       0.0    0.0      0.0
  SINCE JUL 1      0.0                       0.0    0.0      0.0
  SNOW DEPTH       0

DEGREE DAYS
 HEATING
  YESTERDAY        0                         0      0        0
  MONTH TO DATE    9                         0      9        6
  SINCE JUN 1     11                        17     -6       14
  SINCE JUL 1      9                         0      9        6

 COOLING
  YESTERDAY       10                         9      1       12
  MONTH TO DATE  275                       275      0      207
  SINCE JUN 1    557                       507     50      433
  SINCE JAN 1    644                       598     46      544
..................................................................


WIND (MPH)
  HIGHEST WIND SPEED    MM   HIGHEST WIND DIRECTION    MM
  HIGHEST GUST SPEED    MM   HIGHEST GUST DIRECTION    MM
  AVERAGE WIND SPEED    MM


SKY COVER
  POSSIBLE SUNSHINE  MM


WEATHER CONDITIONS
 THE FOLLOWING WEATHER WAS RECORDED YESTERDAY.
  FOG


..........................................................


THE LINCOLN IL CLIMATE NORMALS FOR TODAY
                         NORMAL    RECORD    YEAR
 MAXIMUM TEMPERATURE (F)   85       106      1930
 MINIMUM TEMPERATURE (F)   64        48      2013


SUNRISE AND SUNSET
JULY 28 2016..........SUNRISE   552 AM CDT   SUNSET   815 PM CDT
JULY 29 2016..........SUNRISE   553 AM CDT   SUNSET   814 PM CDT


-  INDICATES NEGATIVE NUMBERS.
R  INDICATES RECORD WAS SET OR TIED.
MM INDICATES DATA IS MISSING.
T  INDICATES TRACE AMOUNT.




$$
