000
CDUS43 KILX 280700
CLIILX


CLIMATE REPORT
NATIONAL WEATHER SERVICE LINCOLN IL
1258 AM CST TUE FEB 28 2017


...................................

...THE LINCOLN IL CLIMATE SUMMARY FOR FEBRUARY 27 2017...

CLIMATE NORMAL PERIOD 1981 TO 2010
CLIMATE RECORD PERIOD 1905 TO 2017


WEATHER ITEM   OBSERVED TIME   RECORD YEAR NORMAL DEPARTURE LAST
                VALUE   (LST)  VALUE       VALUE  FROM      YEAR
                                                  NORMAL
..................................................................
TEMPERATURE (F)
 YESTERDAY
  MAXIMUM         59        MM  75    1996  44     15       60
  MINIMUM         25        MM -23    1934  26     -1       23
  AVERAGE         42                        35      7       42

PRECIPITATION (IN)
  YESTERDAY        0.03          1.41 1997   0.08  -0.05     0.00
  MONTH TO DATE    0.53                      1.75  -1.22     1.25
  SINCE DEC 1      3.65                      6.32  -2.67     9.05
  SINCE JAN 1      2.29                      3.68  -1.39     2.24

SNOWFALL (IN)
  YESTERDAY        0.0           4.0  1977   0.2   -0.2      0.0
  MONTH TO DATE    3.4                       5.7   -2.3      5.7
  SINCE DEC 1      7.2                      17.8  -10.6     11.3
  SINCE JUL 1      7.2                      18.4  -11.2     12.3
  SNOW DEPTH       0

DEGREE DAYS
 HEATING
  YESTERDAY       23                        30     -7       23
  MONTH TO DATE  686                       938   -252      877
  SINCE DEC 1   2824                      3249   -425     2837
  SINCE JUL 1   3601                      4392   -791     3764

 COOLING
  YESTERDAY        0                         0      0        0
  MONTH TO DATE    0                         0      0        0
  SINCE DEC 1      0                         0      0        0
  SINCE JAN 1      0                         0      0        0
..................................................................


WIND (MPH)
  HIGHEST WIND SPEED    MM   HIGHEST WIND DIRECTION    MM
  HIGHEST GUST SPEED    MM   HIGHEST GUST DIRECTION    MM
  AVERAGE WIND SPEED    MM


SKY COVER
  POSSIBLE SUNSHINE  MM


WEATHER CONDITIONS
 THE FOLLOWING WEATHER WAS RECORDED YESTERDAY.
  THUNDERSTORM
  RAIN


..........................................................


THE LINCOLN IL CLIMATE NORMALS FOR TODAY
                         NORMAL    RECORD    YEAR
 MAXIMUM TEMPERATURE (F)   44        68      2016
 MINIMUM TEMPERATURE (F)   26         2      1993


SUNRISE AND SUNSET
FEBRUARY 28 2017......SUNRISE   632 AM CST   SUNSET   548 PM CST
MARCH  1 2017.........SUNRISE   630 AM CST   SUNSET   549 PM CST


-  INDICATES NEGATIVE NUMBERS.
R  INDICATES RECORD WAS SET OR TIED.
MM INDICATES DATA IS MISSING.
T  INDICATES TRACE AMOUNT.




$$
