000
CDUS43 KILX 010700
CLIILX


CLIMATE REPORT
NATIONAL WEATHER SERVICE LINCOLN IL
1253 AM CST SUN MAR 1 2015


...................................

...THE LINCOLN IL CLIMATE SUMMARY FOR FEBRUARY 28 2015...

CLIMATE NORMAL PERIOD 1981 TO 2010
CLIMATE RECORD PERIOD 1905 TO 2015


WEATHER ITEM   OBSERVED TIME   RECORD YEAR NORMAL DEPARTURE LAST
                VALUE   (LST)  VALUE       VALUE  FROM      YEAR
                                                  NORMAL
..................................................................
TEMPERATURE (F)
 YESTERDAY
  MAXIMUM         24        MM  66    1926  44    -20       41
  MINIMUM          3        MM   2    1993  26    -23        7
  AVERAGE         14                        35    -21       24

PRECIPITATION (IN)
  YESTERDAY        0.17          0.57 2012   0.07   0.10     0.00
  MONTH TO DATE    1.37                      1.82  -0.45     2.83
  SINCE DEC 1      4.21                      6.39  -2.18     6.17
  SINCE JAN 1      2.76                      3.75  -0.99     4.66

SNOWFALL (IN)
  YESTERDAY        2.1           3.0  1969   0.1    2.0      0.0
  MONTH TO DATE   12.2                       5.8    6.4     16.7
  SINCE DEC 1     17.2                      17.9   -0.7     41.1
  SINCE JUL 1     18.2                      18.5   -0.3     41.6
  SNOW DEPTH       T

DEGREE DAYS
 HEATING
  YESTERDAY       51                        30     21       41
  MONTH TO DATE 1293                       968    325     1332
  SINCE DEC 1   3539                      3280    259     3966
  SINCE JUL 1   4937                      4423    514     5244

 COOLING
  YESTERDAY        0                         0      0        0
  MONTH TO DATE    0                         0      0        0
  SINCE DEC 1      0                         0      0        0
  SINCE JAN 1      0                         0      0        0
..................................................................


WIND (MPH)
  HIGHEST WIND SPEED    MM   HIGHEST WIND DIRECTION    MM
  HIGHEST GUST SPEED    MM   HIGHEST GUST DIRECTION    MM
  AVERAGE WIND SPEED    MM


SKY COVER
  POSSIBLE SUNSHINE  MM


WEATHER CONDITIONS
 THE FOLLOWING WEATHER WAS RECORDED YESTERDAY.
  SNOW
  LIGHT SNOW
  FOG


..........................................................


THE LINCOLN IL CLIMATE NORMALS FOR TODAY
                         NORMAL    RECORD    YEAR
 MAXIMUM TEMPERATURE (F)   44        69      1909
 MINIMUM TEMPERATURE (F)   27        -2      1960


SUNRISE AND SUNSET
MARCH  1 2015.........SUNRISE   631 AM CST   SUNSET   549 PM CST
MARCH  2 2015.........SUNRISE   630 AM CST   SUNSET   550 PM CST


-  INDICATES NEGATIVE NUMBERS.
R  INDICATES RECORD WAS SET OR TIED.
MM INDICATES DATA IS MISSING.
T  INDICATES TRACE AMOUNT.




$$
