531
CDUS43 KILX 220644
CLIILX


CLIMATE REPORT
NATIONAL WEATHER SERVICE LINCOLN IL
139 AM CDT SAT JUL 22 2017


...................................

...THE LINCOLN IL CLIMATE SUMMARY FOR JULY 21 2017...

CLIMATE NORMAL PERIOD 1981 TO 2010
CLIMATE RECORD PERIOD 1905 TO 2017


WEATHER ITEM   OBSERVED TIME   RECORD YEAR NORMAL DEPARTURE LAST
                VALUE   (LST)  VALUE       VALUE  FROM      YEAR
                                                  NORMAL
..................................................................
TEMPERATURE (F)
 YESTERDAY
  MAXIMUM         94        MM 104    1934  85      9       93
  MINIMUM         75        MM  50    2007  64     11       70
                                      1913
  AVERAGE         85                        75     10       82

PRECIPITATION (IN)
  YESTERDAY        0.00          2.11 2003   0.16  -0.16     0.48
  MONTH TO DATE    3.97                      3.54   0.43     4.99
  SINCE JUN 1      4.95                      7.86  -2.91     7.35
  SINCE JAN 1     21.08                     21.98  -0.90    19.30

SNOWFALL (IN)
  YESTERDAY        0.0           0.0    MM   0.0    0.0      0.0
  MONTH TO DATE    T                         0.0    0.0      0.0
  SINCE JUN 1      T                         0.0    0.0      0.0
  SINCE JUL 1      T                         0.0    0.0      0.0
  SNOW DEPTH       0

DEGREE DAYS
 HEATING
  YESTERDAY        0                         0      0        0
  MONTH TO DATE    0                         0      0        9
  SINCE JUN 1      7                        17    -10       11
  SINCE JUL 1      0                         0      0        9

 COOLING
  YESTERDAY       20                        10     10       17
  MONTH TO DATE  247                       217     30      198
  SINCE JUN 1    519                       449     70      480
  SINCE JAN 1    609                       540     69      567
..................................................................


WIND (MPH)
  HIGHEST WIND SPEED    MM   HIGHEST WIND DIRECTION    MM
  HIGHEST GUST SPEED    MM   HIGHEST GUST DIRECTION    MM
  AVERAGE WIND SPEED    MM


SKY COVER
  POSSIBLE SUNSHINE  MM


WEATHER CONDITIONS
 THE FOLLOWING WEATHER WAS RECORDED YESTERDAY.
  NO SIGNIFICANT WEATHER WAS OBSERVED.


..........................................................


THE LINCOLN IL CLIMATE NORMALS FOR TODAY
                         NORMAL    RECORD    YEAR
 MAXIMUM TEMPERATURE (F)   85       103      1934
 MINIMUM TEMPERATURE (F)   64        47      1915


SUNRISE AND SUNSET
JULY 22 2017..........SUNRISE   547 AM CDT   SUNSET   821 PM CDT
JULY 23 2017..........SUNRISE   547 AM CDT   SUNSET   820 PM CDT


-  INDICATES NEGATIVE NUMBERS.
R  INDICATES RECORD WAS SET OR TIED.
MM INDICATES DATA IS MISSING.
T  INDICATES TRACE AMOUNT.




$$
