000
CDUS43 KILX 202233
CLIILX


CLIMATE REPORT
NATIONAL WEATHER SERVICE LINCOLN IL
432 PM CST TUE FEB 20 2018


...................................

...THE LINCOLN IL CLIMATE SUMMARY FOR FEBRUARY 20 2018...
VALID TODAY AS OF 0400 PM LOCAL TIME.

CLIMATE NORMAL PERIOD 1981 TO 2010
CLIMATE RECORD PERIOD 1905 TO 2018


WEATHER ITEM   OBSERVED TIME   RECORD YEAR NORMAL DEPARTURE LAST
                VALUE   (LST)  VALUE       VALUE  FROM      YEAR
                                                  NORMAL
..................................................................
TEMPERATURE (F)
 TODAY
  MAXIMUM         66        MM  74    2017  41     25       74
  MINIMUM         45        MM -11    1929  24     21       45
  AVERAGE         56                        32     24       60

PRECIPITATION (IN)
  TODAY            1.20R         0.75 1951   0.06   1.14     0.00
  MONTH TO DATE    2.54                      1.24   1.30     0.33
  SINCE DEC 1      3.73                      5.81  -2.08     3.45
  SINCE JAN 1      3.27                      3.17   0.10     2.09

SNOWFALL (IN)
  TODAY            0.0           4.0  1911   0.2   -0.2      0.0
  MONTH TO DATE    2.8                       4.4   -1.6      3.4
  SINCE DEC 1      9.9                      16.5   -6.6      7.2
  SINCE JUL 1      9.9                      17.1   -7.2      7.2
  SNOW DEPTH       0

DEGREE DAYS
 HEATING
  TODAY            9                        33    -24        5
  MONTH TO DATE  750                       717     33      544
  SINCE DEC 1   3151                      3028    123     2682
  SINCE JUL 1   4204                      4171     33     3459

 COOLING
  TODAY            0                         0      0        0
  MONTH TO DATE    0                         0      0        0
  SINCE DEC 1      0                         0      0        0
  SINCE JAN 1      0                         0      0        0
..................................................................







THE LINCOLN IL CLIMATE NORMALS FOR TOMORROW
                         NORMAL    RECORD    YEAR
 MAXIMUM TEMPERATURE (F)   41        69      1930
 MINIMUM TEMPERATURE (F)   24        -6      1963


SUNRISE AND SUNSET
FEBRUARY 20 2018......SUNRISE   644 AM CST   SUNSET   539 PM CST
FEBRUARY 21 2018......SUNRISE   642 AM CST   SUNSET   540 PM CST


-  INDICATES NEGATIVE NUMBERS.
R  INDICATES RECORD WAS SET OR TIED.
MM INDICATES DATA IS MISSING.
T  INDICATES TRACE AMOUNT.




$$
