000
CDUS43 KILX 280635
CLIILX


CLIMATE REPORT
NATIONAL WEATHER SERVICE LINCOLN IL
133 AM CDT MON JUL 28 2014


...................................

...THE LINCOLN IL CLIMATE SUMMARY FOR JULY 27 2014...

CLIMATE NORMAL PERIOD 1981 TO 2010
CLIMATE RECORD PERIOD 1905 TO 2014


WEATHER ITEM   OBSERVED TIME   RECORD YEAR NORMAL DEPARTURE LAST
                VALUE   (LST)  VALUE       VALUE  FROM      YEAR
                                                  NORMAL
..................................................................
TEMPERATURE (F)
 YESTERDAY
  MAXIMUM         84        MM 107    1930  85     -1       69
  MINIMUM         64        MM  48    1962  64      0       50
  AVERAGE         74                        74      0       60

PRECIPITATION (IN)
  YESTERDAY        T             1.60 1923   0.14  -0.14     0.00
  MONTH TO DATE    4.78                      4.49   0.29     2.12
  SINCE JUN 1     11.20                      8.81   2.39     5.37
  SINCE JAN 1     22.52                     22.93  -0.41    26.53

SNOWFALL (IN)
  YESTERDAY        0.0           0.0    MM   0.0    0.0      0.0
  MONTH TO DATE    0.0                       0.0    0.0       T
  SINCE JUN 1      0.0                       0.0    0.0       T
  SINCE JUL 1      0.0                       0.0    0.0       T
  SNOW DEPTH       0

DEGREE DAYS
 HEATING
  YESTERDAY        0                         0      0        5
  MONTH TO DATE    8                         0      8        5
  SINCE JUN 1     15                        17     -2       22
  SINCE JUL 1      8                         0      8        5

 COOLING
  YESTERDAY        9                         9      0        0
  MONTH TO DATE  122                       275   -153      232
  SINCE JUN 1    359                       507   -148      456
  SINCE JAN 1    488                       598   -110      558
..................................................................


WIND (MPH)
  HIGHEST WIND SPEED    MM   HIGHEST WIND DIRECTION    MM
  HIGHEST GUST SPEED     0   HIGHEST GUST DIRECTION     N (0)
  AVERAGE WIND SPEED    MM


SKY COVER
  POSSIBLE SUNSHINE   0 PERCENT


WEATHER CONDITIONS
 THE FOLLOWING WEATHER WAS RECORDED YESTERDAY.
  NO SIGNIFICANT WEATHER WAS OBSERVED.


..........................................................


THE LINCOLN IL CLIMATE NORMALS FOR TODAY
                         NORMAL    RECORD    YEAR
 MAXIMUM TEMPERATURE (F)   85       106      1930
 MINIMUM TEMPERATURE (F)   64        48      2013


SUNRISE AND SUNSET
JULY 28 2014..........SUNRISE   552 AM CDT   SUNSET   815 PM CDT
JULY 29 2014..........SUNRISE   553 AM CDT   SUNSET   814 PM CDT


-  INDICATES NEGATIVE NUMBERS.
R  INDICATES RECORD WAS SET OR TIED.
MM INDICATES DATA IS MISSING.
T  INDICATES TRACE AMOUNT.




$$
