008
CDUS43 KILX 240648
CLIILX


CLIMATE REPORT
NATIONAL WEATHER SERVICE LINCOLN IL
1248 AM CST TUE JAN 24 2017


...................................

...THE LINCOLN IL CLIMATE SUMMARY FOR JANUARY 23 2017...

CLIMATE NORMAL PERIOD 1981 TO 2010
CLIMATE RECORD PERIOD 1905 TO 2017


WEATHER ITEM   OBSERVED TIME   RECORD YEAR NORMAL DEPARTURE LAST
                VALUE   (LST)  VALUE       VALUE  FROM      YEAR
                                                  NORMAL
..................................................................
TEMPERATURE (F)
 YESTERDAY
  MAXIMUM         43        MM  69    1909  34      9       30
  MINIMUM         37        MM -20    1936  18     19        2
  AVERAGE         40                        26     14       16

PRECIPITATION (IN)
  YESTERDAY        0.00          1.29 1965   0.05  -0.05     0.00
  MONTH TO DATE    1.76                      1.53   0.23     0.99
  SINCE DEC 1      3.12                      4.17  -1.05     7.80
  SINCE JAN 1      1.76                      1.53   0.23     0.99

SNOWFALL (IN)
  YESTERDAY        0.0           4.0  1957   0.2   -0.2      0.0
  MONTH TO DATE    0.5                       4.4   -3.9      5.5
  SINCE DEC 1      3.7                      10.6   -6.9      5.6
  SINCE JUL 1      3.7                      11.2   -7.5      6.6
  SNOW DEPTH       0

DEGREE DAYS
 HEATING
  YESTERDAY       25                        39    -14       49
  MONTH TO DATE  771                       897   -126      966
  SINCE DEC 1   1886                      1996   -110     1726
  SINCE JUL 1   2663                      3139   -476     2653

 COOLING
  YESTERDAY        0                         0      0        0
  MONTH TO DATE    0                         0      0        0
  SINCE DEC 1      0                         0      0        0
  SINCE JAN 1      0                         0      0        0
..................................................................


WIND (MPH)
  HIGHEST WIND SPEED    MM   HIGHEST WIND DIRECTION    MM
  HIGHEST GUST SPEED    MM   HIGHEST GUST DIRECTION    MM
  AVERAGE WIND SPEED    MM


SKY COVER
  POSSIBLE SUNSHINE  MM


WEATHER CONDITIONS
 THE FOLLOWING WEATHER WAS RECORDED YESTERDAY.
  FOG


..........................................................


THE LINCOLN IL CLIMATE NORMALS FOR TODAY
                         NORMAL    RECORD    YEAR
 MAXIMUM TEMPERATURE (F)   34        70      1950
 MINIMUM TEMPERATURE (F)   18       -24      1915


SUNRISE AND SUNSET
JANUARY 24 2017.......SUNRISE   713 AM CST   SUNSET   507 PM CST
JANUARY 25 2017.......SUNRISE   712 AM CST   SUNSET   508 PM CST


-  INDICATES NEGATIVE NUMBERS.
R  INDICATES RECORD WAS SET OR TIED.
MM INDICATES DATA IS MISSING.
T  INDICATES TRACE AMOUNT.




$$
