000
CDUS43 KILX 310641
CLIILX


CLIMATE REPORT
NATIONAL WEATHER SERVICE LINCOLN IL
140 AM CDT FRI OCT 31 2014


...................................

...THE LINCOLN IL CLIMATE SUMMARY FOR OCTOBER 30 2014...

CLIMATE NORMAL PERIOD 1981 TO 2010
CLIMATE RECORD PERIOD 1905 TO 2014


WEATHER ITEM   OBSERVED TIME   RECORD YEAR NORMAL DEPARTURE LAST
                VALUE   (LST)  VALUE       VALUE  FROM      YEAR
                                                  NORMAL
..................................................................
TEMPERATURE (F)
 YESTERDAY
  MAXIMUM         52        MM  87    1950  60     -8       66
  MINIMUM         28        MM   7    1925  39    -11       52
  AVERAGE         40                        49     -9       59

PRECIPITATION (IN)
  YESTERDAY        0.04          2.12 2009   0.10  -0.06     0.88
  MONTH TO DATE    4.43                      2.98   1.45     2.70
  SINCE SEP 1     12.05                      6.19   5.86     3.63
  SINCE JAN 1     40.70                     33.61   7.09    32.77

SNOWFALL (IN)
  YESTERDAY        0.0           0.3  1925   0.1   -0.1     MM
  MONTH TO DATE    0.0                       0.1   -0.1       T
  SINCE SEP 1      0.0                       0.1   -0.1       T
  SINCE JUL 1      0.0                       0.1   -0.1       T
  SNOW DEPTH       0

DEGREE DAYS
 HEATING
  YESTERDAY       25                        16      9        6
  MONTH TO DATE  337                       344     -7      371
  SINCE SEP 1    450                       430     20      431
  SINCE JUL 1    460                       439     21      453

 COOLING
  YESTERDAY        0                         0      0        0
  MONTH TO DATE    5                        11     -6       39
  SINCE SEP 1     84                       125    -41      176
  SINCE JAN 1    838                      1014   -176      947
..................................................................


WIND (MPH)
  HIGHEST WIND SPEED    MM   HIGHEST WIND DIRECTION    MM
  HIGHEST GUST SPEED    MM   HIGHEST GUST DIRECTION    MM
  AVERAGE WIND SPEED    MM


SKY COVER
  POSSIBLE SUNSHINE  MM


WEATHER CONDITIONS
 THE FOLLOWING WEATHER WAS RECORDED YESTERDAY.
  LIGHT RAIN


..........................................................


THE LINCOLN IL CLIMATE NORMALS FOR TODAY
                         NORMAL    RECORD    YEAR
 MAXIMUM TEMPERATURE (F)   59        85      1950
 MINIMUM TEMPERATURE (F)   38        14      1925


SUNRISE AND SUNSET
OCTOBER 31 2014.......SUNRISE   726 AM CDT   SUNSET   556 PM CDT
NOVEMBER  1 2014......SUNRISE   727 AM CDT   SUNSET   555 PM CDT


-  INDICATES NEGATIVE NUMBERS.
R  INDICATES RECORD WAS SET OR TIED.
MM INDICATES DATA IS MISSING.
T  INDICATES TRACE AMOUNT.




$$
