000
CDUS43 KIND 260535
CLIIND


CLIMATE REPORT
NATIONAL WEATHER SERVICE INDIANAPOLIS IN
135 AM EDT FRI MAY 26 2017


...................................

...THE INDIANAPOLIS IN CLIMATE SUMMARY FOR MAY 25 2017...

CLIMATE NORMAL PERIOD 1981 TO 2010
CLIMATE RECORD PERIOD 1871 TO 2017


WEATHER ITEM   OBSERVED TIME   RECORD YEAR NORMAL DEPARTURE LAST
                VALUE   (LST)  VALUE       VALUE  FROM      YEAR
                                                  NORMAL
..................................................................
TEMPERATURE (F)
 YESTERDAY
  MAXIMUM         64    609 PM  93    1965  76    -12       84
  MINIMUM         53   1159 PM  34    1925  56     -3       65
  AVERAGE         59                        66     -7       75

PRECIPITATION (IN)
  YESTERDAY        0.39          1.35 1997   0.16   0.23     0.00
  MONTH TO DATE    6.97                      4.11   2.86     3.51
  SINCE MAR 1     17.29                     11.48   5.81    13.57
  SINCE JAN 1     22.74                     16.46   6.28    17.28

SNOWFALL (IN)
  YESTERDAY        0.0           0.0    MM   0.0    0.0      0.0
  MONTH TO DATE    0.0                       0.0    0.0       T
  SINCE MAR 1      1.0                       2.8   -1.8      1.2
  SINCE JUL 1      9.7                      25.9  -16.2     13.3
  SNOW DEPTH       0

DEGREE DAYS
 HEATING
  YESTERDAY        6                         3      3        0
  MONTH TO DATE  147                       127     20      159
  SINCE MAR 1    988                      1206   -218      991
  SINCE JUL 1   4272                      5349  -1077     4444

 COOLING
  YESTERDAY        0                         3     -3       10
  MONTH TO DATE   53                        46      7       23
  SINCE MAR 1     85                        61     24       41
  SINCE JAN 1     85                        61     24       41
..................................................................


WIND (MPH)
  HIGHEST WIND SPEED    23   HIGHEST WIND DIRECTION    NW (310)
  HIGHEST GUST SPEED    28   HIGHEST GUST DIRECTION    NW (300)
  AVERAGE WIND SPEED    14.1


SKY COVER
  AVERAGE SKY COVER 0.9


WEATHER CONDITIONS
 THE FOLLOWING WEATHER WAS RECORDED YESTERDAY.
  RAIN
  LIGHT RAIN
  FOG
  HAZE


RELATIVE HUMIDITY (PERCENT)
 HIGHEST   100           900 AM
 LOWEST     73           600 PM
 AVERAGE    87

..........................................................


THE INDIANAPOLIS IN CLIMATE NORMALS FOR TODAY
                         NORMAL    RECORD    YEAR
 MAXIMUM TEMPERATURE (F)   76        94      1911
 MINIMUM TEMPERATURE (F)   56        35      1961


SUNRISE AND SUNSET
MAY 26 2017...........SUNRISE   622 AM EDT   SUNSET   903 PM EDT
MAY 27 2017...........SUNRISE   622 AM EDT   SUNSET   904 PM EDT


-  INDICATES NEGATIVE NUMBERS.
R  INDICATES RECORD WAS SET OR TIED.
MM INDICATES DATA IS MISSING.
T  INDICATES TRACE AMOUNT.




$$
