000
CDUS43 KIND 242131
CLIIND


CLIMATE REPORT
NATIONAL WEATHER SERVICE INDIANAPOLIS IN
431 PM EST FRI FEB 24 2017


...................................

...THE INDIANAPOLIS IN CLIMATE SUMMARY FOR FEBRUARY 24 2017...
VALID TODAY AS OF 0400 PM LOCAL TIME.

CLIMATE NORMAL PERIOD 1981 TO 2010
CLIMATE RECORD PERIOD 1871 TO 2017


WEATHER ITEM   OBSERVED TIME   RECORD YEAR NORMAL DEPARTURE LAST
                VALUE   (LST)  VALUE       VALUE  FROM      YEAR
                                                  NORMAL
..................................................................
TEMPERATURE (F)
 TODAY
  MAXIMUM         74R  1255 PM  71    2000  43     31       36
  MINIMUM         56    347 AM  -6    2015  26     30       33
  AVERAGE         65                        35     30       35

PRECIPITATION (IN)
  TODAY            T             1.70 2016   0.08  -0.08     1.70
  MONTH TO DATE    0.41                      1.96  -1.55     2.16
  SINCE DEC 1      6.28                      7.79  -1.51     9.21
  SINCE JAN 1      4.76                      4.62   0.14     3.62

SNOWFALL (IN)
  TODAY            0.0           6.4  1974   0.2   -0.2      0.6
  MONTH TO DATE    2.1                       5.8   -3.7      4.2
  SINCE DEC 1      8.7                      21.3  -12.6     10.6
  SINCE JUL 1      8.7                      22.4  -13.7     11.9
  SNOW DEPTH       0

..................................................................


WIND (MPH)
  HIGHEST WIND SPEED    31   HIGHEST WIND DIRECTION    SW (220)
  HIGHEST GUST SPEED    40   HIGHEST GUST DIRECTION    SW (220)
  AVERAGE WIND SPEED    16.1


SKY COVER
  AVERAGE SKY COVER 0.7


WEATHER CONDITIONS
 THE FOLLOWING WEATHER WAS RECORDED TODAY.
  THUNDERSTORM
  LIGHT RAIN


RELATIVE HUMIDITY (PERCENT)
 HIGHEST    86           300 AM
 LOWEST     46           100 PM

..........................................................


THE INDIANAPOLIS IN CLIMATE NORMALS FOR TOMORROW
                         NORMAL    RECORD    YEAR
 MAXIMUM TEMPERATURE (F)   44        76      2000
 MINIMUM TEMPERATURE (F)   27        -7      1900


SUNRISE AND SUNSET
FEBRUARY 24 2017......SUNRISE   725 AM EST   SUNSET   632 PM EST
FEBRUARY 25 2017......SUNRISE   724 AM EST   SUNSET   633 PM EST


-  INDICATES NEGATIVE NUMBERS.
R  INDICATES RECORD WAS SET OR TIED.
MM INDICATES DATA IS MISSING.
T  INDICATES TRACE AMOUNT.




$$
