000
CDUS43 KIND 160541
CLIIND


CLIMATE REPORT
NATIONAL WEATHER SERVICE INDIANAPOLIS IN
138 AM EDT TUE SEP 16 2014


...................................

...THE INDIANAPOLIS IN CLIMATE SUMMARY FOR SEPTEMBER 15 2014...

CLIMATE NORMAL PERIOD 1981 TO 2010
CLIMATE RECORD PERIOD 1871 TO 2014


WEATHER ITEM   OBSERVED TIME   RECORD YEAR NORMAL DEPARTURE LAST
                VALUE   (LST)  VALUE       VALUE  FROM      YEAR
                                                  NORMAL
..................................................................
TEMPERATURE (F)
 YESTERDAY
  MAXIMUM         65   1240 PM 100    1939  78    -13       78
  MINIMUM         49    449 AM  42    1974  57     -8       50
  AVERAGE         57                        67    -10       64

PRECIPITATION (IN)
  YESTERDAY        0.54          2.21 1881   0.11   0.43      T
  MONTH TO DATE    2.46                      1.56   0.90     0.26
  SINCE SEP 1      2.46                      1.56   0.90     0.26
  SINCE JAN 1     32.98                     30.89   2.09    30.19

SNOWFALL (IN)
  YESTERDAY        0.0           0.0    MM   0.0    0.0      0.0
  MONTH TO DATE    0.0                       0.0    0.0      0.0
  SINCE SEP 1      0.0                       0.0    0.0      0.0
  SINCE JUL 1      0.0                       0.0    0.0      0.0
  SNOW DEPTH       0

DEGREE DAYS
 HEATING
  YESTERDAY        8                         2      6        1
  MONTH TO DATE   33                        13     20       10
  SINCE SEP 1     33                        13     20       10
  SINCE JUL 1     39                        17     22       18

 COOLING
  YESTERDAY        0                         4     -4        0
  MONTH TO DATE   74                        88    -14      135
  SINCE SEP 1     74                        88    -14      135
  SINCE JAN 1    871                      1009   -138     1094
..................................................................


WIND (MPH)
  HIGHEST WIND SPEED    32   HIGHEST WIND DIRECTION    SE (150)
  HIGHEST GUST SPEED    39   HIGHEST GUST DIRECTION    SE (150)
  AVERAGE WIND SPEED     4.9


SKY COVER
  AVERAGE SKY COVER 0.7


WEATHER CONDITIONS
 THE FOLLOWING WEATHER WAS RECORDED YESTERDAY.
  THUNDERSTORM
  RAIN
  LIGHT RAIN
  FOG
  HAZE


RELATIVE HUMIDITY (PERCENT)
 HIGHEST   100           800 PM
 LOWEST     60          1100 AM
 AVERAGE    80

..........................................................


THE INDIANAPOLIS IN CLIMATE NORMALS FOR TODAY
                         NORMAL    RECORD    YEAR
 MAXIMUM TEMPERATURE (F)   78        96      1939
 MINIMUM TEMPERATURE (F)   56        39      1984


SUNRISE AND SUNSET
SEPTEMBER 16 2014.....SUNRISE   727 AM EDT   SUNSET   752 PM EDT
SEPTEMBER 17 2014.....SUNRISE   728 AM EDT   SUNSET   750 PM EDT


-  INDICATES NEGATIVE NUMBERS.
R  INDICATES RECORD WAS SET OR TIED.
MM INDICATES DATA IS MISSING.
T  INDICATES TRACE AMOUNT.




$$
