000
CDUS43 KIND 250548
CLIIND


CLIMATE REPORT
NATIONAL WEATHER SERVICE INDIANAPOLIS IN
133 AM EDT SUN SEP 25 2016


...................................

...THE INDIANAPOLIS IN CLIMATE SUMMARY FOR SEPTEMBER 24 2016...

CLIMATE NORMAL PERIOD 1981 TO 2010
CLIMATE RECORD PERIOD 1871 TO 2016


WEATHER ITEM   OBSERVED TIME   RECORD YEAR NORMAL DEPARTURE LAST
                VALUE   (LST)  VALUE       VALUE  FROM      YEAR
                                                  NORMAL
..................................................................
TEMPERATURE (F)
 YESTERDAY
  MAXIMUM         83    421 PM  92    2007  74      9       83
  MINIMUM         67    550 AM  34    1887  53     14       57
  AVERAGE         75                        63     12       70

PRECIPITATION (IN)
  YESTERDAY        0.00          1.29 1902   0.10  -0.10     0.00
  MONTH TO DATE    3.01                      2.48   0.53     1.43
  SINCE SEP 1      3.01                      2.48   0.53     1.43
  SINCE JAN 1     38.03                     31.81   6.22    37.61

SNOWFALL (IN)
  YESTERDAY        0.0           0.0    MM   0.0    0.0      0.0
  MONTH TO DATE    0.0                       0.0    0.0      0.0
  SINCE SEP 1      0.0                       0.0    0.0      0.0
  SINCE JUL 1      0.0                       0.0    0.0      0.0
  SNOW DEPTH       0

DEGREE DAYS
 HEATING
  YESTERDAY        0                         4     -4        0
  MONTH TO DATE    0                        39    -39       17
  SINCE SEP 1      0                        39    -39       17
  SINCE JUL 1      2                        43    -41       19

 COOLING
  YESTERDAY       10                         2      8        5
  MONTH TO DATE  203                       117     86      166
  SINCE SEP 1    203                       117     86      166
  SINCE JAN 1   1383                      1038    345     1121
..................................................................


WIND (MPH)
  HIGHEST WIND SPEED    14   HIGHEST WIND DIRECTION     E (70)
  HIGHEST GUST SPEED    16   HIGHEST GUST DIRECTION     E (70)
  AVERAGE WIND SPEED     7.1


SKY COVER
  AVERAGE SKY COVER 0.4


WEATHER CONDITIONS
 THE FOLLOWING WEATHER WAS RECORDED YESTERDAY.
  FOG
  HAZE


RELATIVE HUMIDITY (PERCENT)
 HIGHEST    93           700 AM
 LOWEST     58           300 PM
 AVERAGE    76

..........................................................


THE INDIANAPOLIS IN CLIMATE NORMALS FOR TODAY
                         NORMAL    RECORD    YEAR
 MAXIMUM TEMPERATURE (F)   74        92      1891
 MINIMUM TEMPERATURE (F)   52        35      1950


SUNRISE AND SUNSET
SEPTEMBER 25 2016.....SUNRISE   736 AM EDT   SUNSET   736 PM EDT
SEPTEMBER 26 2016.....SUNRISE   737 AM EDT   SUNSET   735 PM EDT


-  INDICATES NEGATIVE NUMBERS.
R  INDICATES RECORD WAS SET OR TIED.
MM INDICATES DATA IS MISSING.
T  INDICATES TRACE AMOUNT.




$$
