000
CDUS43 KIND 260532
CLIIND


CLIMATE REPORT
NATIONAL WEATHER SERVICE INDIANAPOLIS IN
132 AM EDT SAT JUL 26 2014


...................................

...THE INDIANAPOLIS IN CLIMATE SUMMARY FOR JULY 25 2014...

CLIMATE NORMAL PERIOD 1981 TO 2010
CLIMATE RECORD PERIOD 1871 TO 2014


WEATHER ITEM   OBSERVED TIME   RECORD YEAR NORMAL DEPARTURE LAST
                VALUE   (LST)  VALUE       VALUE  FROM      YEAR
                                                  NORMAL
..................................................................
TEMPERATURE (F)
 YESTERDAY
  MAXIMUM         74    101 PM 105    1934  85    -11       79
  MINIMUM         56    535 AM  51    1911  66    -10       57
  AVERAGE         65                        75    -10       68

PRECIPITATION (IN)
  YESTERDAY        T             2.61 1898   0.13  -0.13     0.00
  MONTH TO DATE    2.55                      3.80  -1.25     2.61
  SINCE JUN 1      9.59                      8.05   1.54     6.27
  SINCE JAN 1     27.02                     25.45   1.57    28.10

SNOWFALL (IN)
  YESTERDAY        0.0           0.0    MM   0.0    0.0      0.0
  MONTH TO DATE    0.0                       0.0    0.0      0.0
  SINCE JUN 1      0.0                       0.0    0.0      0.0
  SINCE JUL 1      0.0                       0.0    0.0      0.0
  SNOW DEPTH       0

DEGREE DAYS
 HEATING
  YESTERDAY        0                         0      0        0
  MONTH TO DATE    3                         0      3        0
  SINCE JUN 1      5                        16    -11        9
  SINCE JUL 1      3                         0      3        0

 COOLING
  YESTERDAY        0                        10    -10        3
  MONTH TO DATE  143                       265   -122      265
  SINCE JUN 1    381                       491   -110      491
  SINCE JAN 1    485                       575    -90      620
..................................................................


WIND (MPH)
  HIGHEST WIND SPEED    14   HIGHEST WIND DIRECTION     S (180)
  HIGHEST GUST SPEED    18   HIGHEST GUST DIRECTION     S (200)
  AVERAGE WIND SPEED     4.9


SKY COVER
  AVERAGE SKY COVER 0.6


WEATHER CONDITIONS
 THE FOLLOWING WEATHER WAS RECORDED YESTERDAY.
  LIGHT RAIN


RELATIVE HUMIDITY (PERCENT)
 HIGHEST    86           500 AM
 LOWEST     49          1100 AM
 AVERAGE    68

..........................................................


THE INDIANAPOLIS IN CLIMATE NORMALS FOR TODAY
                         NORMAL    RECORD    YEAR
 MAXIMUM TEMPERATURE (F)   85        98      1941
                                             1936
                                             1934
 MINIMUM TEMPERATURE (F)   66        51      1911


SUNRISE AND SUNSET
JULY 26 2014..........SUNRISE   639 AM EDT   SUNSET   904 PM EDT
JULY 27 2014..........SUNRISE   640 AM EDT   SUNSET   903 PM EDT


-  INDICATES NEGATIVE NUMBERS.
R  INDICATES RECORD WAS SET OR TIED.
MM INDICATES DATA IS MISSING.
T  INDICATES TRACE AMOUNT.




$$
