000
CDUS43 KIND 010550
CLIIND


CLIMATE REPORT
NATIONAL WEATHER SERVICE INDIANAPOLIS IN
1250 AM EST SUN FEB 1 2015


...................................

...THE INDIANAPOLIS IN CLIMATE SUMMARY FOR JANUARY 31 2015...

CLIMATE NORMAL PERIOD 1981 TO 2010
CLIMATE RECORD PERIOD 1871 TO 2015


WEATHER ITEM   OBSERVED TIME   RECORD YEAR NORMAL DEPARTURE LAST
                VALUE   (LST)  VALUE       VALUE  FROM      YEAR
                                                  NORMAL
..................................................................
TEMPERATURE (F)
 YESTERDAY
  MAXIMUM         36        MM  66    1917  37     -1       34
  MINIMUM         16        MM -11    2004  21     -5       30
  AVERAGE         26                        29     -3       32

PRECIPITATION (IN)
  YESTERDAY        0.13          1.26 2002   0.08   0.05     0.01
  MONTH TO DATE    1.81                      2.66  -0.85     2.34
  SINCE DEC 1      4.36                      5.83  -1.47     6.78
  SINCE JAN 1      1.81                      2.66  -0.85     2.34

SNOWFALL (IN)
  YESTERDAY       MM             7.2  1982   0.3   MM        0.2
  MONTH TO DATE    2.5                       8.6   -6.1     26.9
  SINCE DEC 1      2.6                      15.5  -12.9     35.7
  SINCE JUL 1      5.3                      16.6  -11.3     35.8
  SNOW DEPTH       0

DEGREE DAYS
 HEATING
  YESTERDAY       39                        36      3       33
  MONTH TO DATE 1224                      1145     79     1387
  SINCE DEC 1   2198                      2179     19     2466
  SINCE JUL 1   3477                      3221    256     3610

 COOLING
  YESTERDAY        0                         0      0        0
  MONTH TO DATE    0                         0      0        0
  SINCE DEC 1      0                         0      0        0
  SINCE JAN 1      0                         0      0        0
..................................................................


WIND (MPH)
  HIGHEST WIND SPEED    16   HIGHEST WIND DIRECTION    SW (220)
  HIGHEST GUST SPEED    MM   HIGHEST GUST DIRECTION    MM
  AVERAGE WIND SPEED     7.4


SKY COVER
  AVERAGE SKY COVER 0.7


WEATHER CONDITIONS
 THE FOLLOWING WEATHER WAS RECORDED YESTERDAY.
  MIXED PRECIP
  LIGHT RAIN
  SNOW
  LIGHT SNOW
  FOG


RELATIVE HUMIDITY (PERCENT)
 HIGHEST   100           900 PM
 LOWEST     56           200 PM
 AVERAGE    78

..........................................................


THE INDIANAPOLIS IN CLIMATE NORMALS FOR TODAY
                         NORMAL    RECORD    YEAR
 MAXIMUM TEMPERATURE (F)   37        63      1911
                                             1877
 MINIMUM TEMPERATURE (F)   21       -11      1951


SUNRISE AND SUNSET
FEBRUARY  1 2015......SUNRISE   753 AM EST   SUNSET   605 PM EST
FEBRUARY  2 2015......SUNRISE   752 AM EST   SUNSET   606 PM EST


-  INDICATES NEGATIVE NUMBERS.
R  INDICATES RECORD WAS SET OR TIED.
MM INDICATES DATA IS MISSING.
T  INDICATES TRACE AMOUNT.




$$
