000
CDUS45 KFGZ 160811
CLIINW
CLIMATE REPORT
NATIONAL WEATHER SERVICE FLAGSTAFF, AZ
1247 AM MST TUE SEP 16 2014


...................................

...THE WINSLOW AZ AIRPORT CLIMATE SUMMARY FOR SEPTEMBER 15 2014...

CLIMATE NORMAL PERIOD 1981 TO 2010
CLIMATE RECORD PERIOD 1898 TO 2014


WEATHER ITEM   OBSERVED TIME   RECORD YEAR NORMAL DEPARTURE LAST
                VALUE   (LST)  VALUE       VALUE  FROM      YEAR
                                                  NORMAL
..................................................................
TEMPERATURE (F)
 YESTERDAY
  MAXIMUM         92    236 PM  96    2000  86      6       86
  MINIMUM         60    623 AM  39    2005  53      7       57
                                      1928
  AVERAGE         76                        69      7       72

PRECIPITATION (IN)
  YESTERDAY        0.00          0.28 1961   0.03  -0.03     0.00
  MONTH TO DATE    0.10                      0.49  -0.39     0.93
  SINCE SEP 1      0.10                      0.49  -0.39     0.93
  SINCE JAN 1      4.28                      5.02  -0.74     6.63

DEGREE DAYS
 HEATING
  YESTERDAY        0                         1     -1        0
  MONTH TO DATE    0                         2     -2        0
  SINCE JUL 1      0                         2     -2        0

 COOLING
  YESTERDAY       11                         5      6        7
  MONTH TO DATE  118                       102     16      105
  SINCE JAN 1   1234                      1160     74     1330
..................................................................


WIND (MPH)
  HIGHEST WIND SPEED    21   HIGHEST WIND DIRECTION    SE (120)
  HIGHEST GUST SPEED    26   HIGHEST GUST DIRECTION    SE (120)
  AVERAGE WIND SPEED     6.6


SKY COVER
  POSSIBLE SUNSHINE  MM
  AVERAGE SKY COVER 0.1


WEATHER CONDITIONS
 THE FOLLOWING WEATHER WAS RECORDED YESTERDAY.
  NO SIGNIFICANT WEATHER WAS OBSERVED.


RELATIVE HUMIDITY (PERCENT)
 HIGHEST    72           400 AM
 LOWEST     23           300 PM
 AVERAGE    48

..........................................................


THE WINSLOW AZ AIRPORT CLIMATE NORMALS FOR TODAY
                         NORMAL    RECORD    YEAR
 MAXIMUM TEMPERATURE (F)   85        95      2000
                                             1971
 MINIMUM TEMPERATURE (F)   52        43      1950


SUNRISE AND SUNSET
SEPTEMBER 16 2014.....SUNRISE   607 AM MST   SUNSET   628 PM MST
SEPTEMBER 17 2014.....SUNRISE   607 AM MST   SUNSET   627 PM MST


-  INDICATES NEGATIVE NUMBERS.
R  INDICATES RECORD WAS SET OR TIED.
MM INDICATES DATA IS MISSING.
T  INDICATES TRACE AMOUNT.




$$
