000
CDUS45 KFGZ 070108
CLIINW
CLIMATE REPORT
NATIONAL WEATHER SERVICE FLAGSTAFF, AZ
603 PM MST SAT FEB 6 2016


...................................

...THE WINSLOW AZ AIRPORT CLIMATE SUMMARY FOR FEBRUARY 6 2016...
VALID TODAY AS OF 0500 PM LOCAL TIME.

CLIMATE NORMAL PERIOD 1981 TO 2010
CLIMATE RECORD PERIOD 1915 TO 2016


WEATHER ITEM   OBSERVED TIME   RECORD YEAR NORMAL DEPARTURE LAST
                VALUE   (LST)  VALUE       VALUE  FROM      YEAR
                                                  NORMAL
..................................................................
TEMPERATURE (F)
 TODAY
  MAXIMUM         50    430 PM  73    2015  54     -4       73
  MINIMUM         13    729 AM  -3    1989  23    -10       27
  AVERAGE         32                        38     -6       50

PRECIPITATION (IN)
  TODAY            0.00          0.33 1935   0.02  -0.02     0.00
  MONTH TO DATE    0.22                      0.10   0.12     0.00
  SINCE SEP 1      4.59                      3.10   1.49     4.48
  SINCE JAN 1      0.57                      0.62  -0.05     1.63

DEGREE DAYS
 HEATING
  TODAY           33                        27      6       15
  MONTH TO DATE  216                       163     53      107
  SINCE JUL 1   2904                      2966    -62     2544

 COOLING
  TODAY            0                         0      0        0
  MONTH TO DATE    0                         0      0        0
  SINCE JAN 1      0                         0      0        0
..................................................................


WIND (MPH)
  HIGHEST WIND SPEED     9   HIGHEST WIND DIRECTION    SE (120)
  HIGHEST GUST SPEED    12   HIGHEST GUST DIRECTION     N (350)
  AVERAGE WIND SPEED     3.5


SKY COVER
  POSSIBLE SUNSHINE  MM
  AVERAGE SKY COVER 0.0


WEATHER CONDITIONS
 THE FOLLOWING WEATHER WAS RECORDED TODAY.
  NO SIGNIFICANT WEATHER WAS OBSERVED.


RELATIVE HUMIDITY (PERCENT)
 HIGHEST    88           700 AM
 LOWEST     21           400 PM
 AVERAGE    55

..........................................................


THE WINSLOW AZ AIRPORT CLIMATE NORMALS FOR TOMORROW
                         NORMAL    RECORD    YEAR
 MAXIMUM TEMPERATURE (F)   54        74      2015
 MINIMUM TEMPERATURE (F)   23         5      1989


SUNRISE AND SUNSET
FEBRUARY  6 2016......SUNRISE   718 AM MST   SUNSET   556 PM MST
FEBRUARY  7 2016......SUNRISE   717 AM MST   SUNSET   557 PM MST


-  INDICATES NEGATIVE NUMBERS.
R  INDICATES RECORD WAS SET OR TIED.
MM INDICATES DATA IS MISSING.
T  INDICATES TRACE AMOUNT.




$$
