000
CDUS45 KFGZ 030737
CLIINW
CLIMATE REPORT
NATIONAL WEATHER SERVICE FLAGSTAFF, AZ
1235 AM MST THU SEP 3 2015


...................................

...THE WINSLOW AZ AIRPORT CLIMATE SUMMARY FOR SEPTEMBER 2 2015...

CLIMATE NORMAL PERIOD 1981 TO 2010
CLIMATE RECORD PERIOD 1915 TO 2015


WEATHER ITEM   OBSERVED TIME   RECORD YEAR NORMAL DEPARTURE LAST
                VALUE   (LST)  VALUE       VALUE  FROM      YEAR
                                                  NORMAL
..................................................................
TEMPERATURE (F)
 YESTERDAY
  MAXIMUM         82   1237 PM  99    1948  89     -7       95
  MINIMUM         61   1159 PM  46    1932  57      4       56
  AVERAGE         72                        73     -1       76

PRECIPITATION (IN)
  YESTERDAY        0.04          1.17 1994   0.04   0.00     0.00
  MONTH TO DATE    0.04                      0.08  -0.04     0.00
  SINCE SEP 1      0.04                      0.08  -0.04     0.00
  SINCE JAN 1      8.94                      4.61   4.33     4.18

DEGREE DAYS
 HEATING
  YESTERDAY        0                         0      0        0
  MONTH TO DATE    0                         0      0        0
  SINCE JUL 1      0                         0      0        0

 COOLING
  YESTERDAY        7                         8     -1       11
  MONTH TO DATE   14                        17     -3       22
  SINCE JAN 1   1123                      1075     48     1138
..................................................................


WIND (MPH)
  HIGHEST WIND SPEED    29   HIGHEST WIND DIRECTION    SW (230)
  HIGHEST GUST SPEED    33   HIGHEST GUST DIRECTION    SW (240)
  AVERAGE WIND SPEED     6.3


SKY COVER
  POSSIBLE SUNSHINE  MM
  AVERAGE SKY COVER 0.4


WEATHER CONDITIONS
 THE FOLLOWING WEATHER WAS RECORDED YESTERDAY.
  THUNDERSTORM
  LIGHT RAIN


RELATIVE HUMIDITY (PERCENT)
 HIGHEST    84           300 AM
 LOWEST     42          1200 PM
 AVERAGE    63

..........................................................


THE WINSLOW AZ AIRPORT CLIMATE NORMALS FOR TODAY
                         NORMAL    RECORD    YEAR
 MAXIMUM TEMPERATURE (F)   89        99      1948
 MINIMUM TEMPERATURE (F)   57        42      1973


SUNRISE AND SUNSET
SEPTEMBER  3 2015.....SUNRISE   557 AM MST   SUNSET   647 PM MST
SEPTEMBER  4 2015.....SUNRISE   558 AM MST   SUNSET   646 PM MST


-  INDICATES NEGATIVE NUMBERS.
R  INDICATES RECORD WAS SET OR TIED.
MM INDICATES DATA IS MISSING.
T  INDICATES TRACE AMOUNT.




$$
