000
CDUS45 KFGZ 250814
CLIINW
CLIMATE REPORT
NATIONAL WEATHER SERVICE FLAGSTAFF, AZ
102 AM MST THU DEC 25 2014


...................................

...THE WINSLOW AZ AIRPORT CLIMATE SUMMARY FOR DECEMBER 24 2014...

CLIMATE NORMAL PERIOD 1981 TO 2010
CLIMATE RECORD PERIOD 1915 TO 2014


WEATHER ITEM   OBSERVED TIME   RECORD YEAR NORMAL DEPARTURE LAST
                VALUE   (LST)  VALUE       VALUE  FROM      YEAR
                                                  NORMAL
..................................................................
TEMPERATURE (F)
 YESTERDAY
  MAXIMUM         49    242 PM  68    1955  47      2       51
  MINIMUM         17    732 AM -10    1967  20     -3       18
  AVERAGE         33                        34     -1       35

PRECIPITATION (IN)
  YESTERDAY        0.00          0.38 1940   0.02  -0.02     0.00
  MONTH TO DATE    1.03                      0.44   0.59     0.05
  SINCE SEP 1      2.76                      2.36   0.40     3.81
  SINCE JAN 1      6.94                      6.89   0.05     9.51

DEGREE DAYS
 HEATING
  YESTERDAY       32                        32      0       30
  MONTH TO DATE  595                       721   -126      768
  SINCE JUL 1   1347                      1657   -310     1740

 COOLING
  YESTERDAY        0                         0      0        0
  MONTH TO DATE    0                         0      0        0
  SINCE JAN 1   1327                      1208    119     1380
..................................................................


WIND (MPH)
  HIGHEST WIND SPEED    17   HIGHEST WIND DIRECTION     S (200)
  HIGHEST GUST SPEED    22   HIGHEST GUST DIRECTION     S (200)
  AVERAGE WIND SPEED     5.8


SKY COVER
  POSSIBLE SUNSHINE  MM
  AVERAGE SKY COVER 0.0


WEATHER CONDITIONS
 THE FOLLOWING WEATHER WAS RECORDED YESTERDAY.
  NO SIGNIFICANT WEATHER WAS OBSERVED.


RELATIVE HUMIDITY (PERCENT)
 HIGHEST    84           700 AM
 LOWEST     21           200 PM
 AVERAGE    53

..........................................................


THE WINSLOW AZ AIRPORT CLIMATE NORMALS FOR TODAY
                         NORMAL    RECORD    YEAR
 MAXIMUM TEMPERATURE (F)   47        65      1969
 MINIMUM TEMPERATURE (F)   20        -9      1990


SUNRISE AND SUNSET
DECEMBER 25 2014......SUNRISE   729 AM MST   SUNSET   517 PM MST
DECEMBER 26 2014......SUNRISE   729 AM MST   SUNSET   518 PM MST


-  INDICATES NEGATIVE NUMBERS.
R  INDICATES RECORD WAS SET OR TIED.
MM INDICATES DATA IS MISSING.
T  INDICATES TRACE AMOUNT.




$$
