000
CDUS45 KFGZ 250817
CLIINW
CLIMATE REPORT
NATIONAL WEATHER SERVICE FLAGSTAFF, AZ
114 AM MST THU MAY 25 2017


...................................

...THE WINSLOW AZ AIRPORT CLIMATE SUMMARY FOR MAY 24 2017...

CLIMATE NORMAL PERIOD 1981 TO 2010
CLIMATE RECORD PERIOD 1915 TO 2017


WEATHER ITEM   OBSERVED TIME   RECORD YEAR NORMAL DEPARTURE LAST
                VALUE   (LST)  VALUE       VALUE  FROM      YEAR
                                                  NORMAL
..................................................................
TEMPERATURE (F)
 YESTERDAY
  MAXIMUM         94    326 PM  96    2000  84     10       78
  MINIMUM         45    508 AM  32    1930  47     -2       38
  AVERAGE         70                        66      4       58

PRECIPITATION (IN)
  YESTERDAY        0.00          0.72 1979   0.01  -0.01     0.00
  MONTH TO DATE    0.40                      0.26   0.14     0.43
  SINCE SEP 1      5.22                      4.52   0.70     5.62
  SINCE JAN 1      2.14                      2.04   0.10     1.60

DEGREE DAYS
 HEATING
  YESTERDAY        0                         2     -2        7
  MONTH TO DATE  132                        96     36      119
  SINCE JUL 1   3631                      4475   -844     4238

 COOLING
  YESTERDAY        5                         3      2        0
  MONTH TO DATE   23                        39    -16       15
  SINCE JAN 1     23                        43    -20       15
..................................................................


WIND (MPH)
  HIGHEST WIND SPEED    30   HIGHEST WIND DIRECTION    SW (230)
  HIGHEST GUST SPEED    37   HIGHEST GUST DIRECTION    SW (230)
  AVERAGE WIND SPEED    12.5


SKY COVER
  POSSIBLE SUNSHINE  MM
  AVERAGE SKY COVER 0.0


WEATHER CONDITIONS
 THE FOLLOWING WEATHER WAS RECORDED YESTERDAY.
  NO SIGNIFICANT WEATHER WAS OBSERVED.


RELATIVE HUMIDITY (PERCENT)
 HIGHEST    42           500 AM
 LOWEST      6           100 PM
 AVERAGE    24

..........................................................


THE WINSLOW AZ AIRPORT CLIMATE NORMALS FOR TODAY
                         NORMAL    RECORD    YEAR
 MAXIMUM TEMPERATURE (F)   85        95      1958
 MINIMUM TEMPERATURE (F)   48        29      1980


SUNRISE AND SUNSET
MAY 25 2017...........SUNRISE   513 AM MST   SUNSET   727 PM MST
MAY 26 2017...........SUNRISE   512 AM MST   SUNSET   728 PM MST


-  INDICATES NEGATIVE NUMBERS.
R  INDICATES RECORD WAS SET OR TIED.
MM INDICATES DATA IS MISSING.
T  INDICATES TRACE AMOUNT.




$$
