000
CDUS45 KFGZ 160847
CLIINW
CLIMATE REPORT
NATIONAL WEATHER SERVICE FLAGSTAFF, AZ
146 AM MST SAT DEC 16 2017


...................................

...THE WINSLOW AZ AIRPORT CLIMATE SUMMARY FOR DECEMBER 15 2017...

CLIMATE NORMAL PERIOD 1981 TO 2010
CLIMATE RECORD PERIOD 1915 TO 2017


WEATHER ITEM   OBSERVED TIME   RECORD YEAR NORMAL DEPARTURE LAST
                VALUE   (LST)  VALUE       VALUE  FROM      YEAR
                                                  NORMAL
..................................................................
TEMPERATURE (F)
 YESTERDAY
  MAXIMUM         52    345 PM  69    1977  48      4       68
  MINIMUM         11    453 AM  -5    1931  20     -9       34
  AVERAGE         32                        34     -2       51

PRECIPITATION (IN)
  YESTERDAY        0.00          0.20 1961   0.02  -0.02     0.00
  MONTH TO DATE    0.01                      0.28  -0.27     0.00
  SINCE SEP 1      0.23                      2.20  -1.97     2.02
  SINCE JAN 1      4.26                      6.73  -2.47     5.64

DEGREE DAYS
 HEATING
  YESTERDAY       33                        31      2       14
  MONTH TO DATE  425                       440    -15      352
  SINCE JUL 1   1107                      1376   -269     1043

 COOLING
  YESTERDAY        0                         0      0        0
  MONTH TO DATE    0                         0      0        0
  SINCE JAN 1   1443                      1208    235     1278
..................................................................


WIND (MPH)
  HIGHEST WIND SPEED    12   HIGHEST WIND DIRECTION     W (280)
  HIGHEST GUST SPEED    12   HIGHEST GUST DIRECTION     W (290)
  AVERAGE WIND SPEED     4.5


SKY COVER
  POSSIBLE SUNSHINE  MM
  AVERAGE SKY COVER 0.0


WEATHER CONDITIONS
 THE FOLLOWING WEATHER WAS RECORDED YESTERDAY.
  NO SIGNIFICANT WEATHER WAS OBSERVED.


RELATIVE HUMIDITY (PERCENT)
 HIGHEST    64           600 AM
 LOWEST     14           400 PM
 AVERAGE    39

..........................................................


THE WINSLOW AZ AIRPORT CLIMATE NORMALS FOR TODAY
                         NORMAL    RECORD    YEAR
 MAXIMUM TEMPERATURE (F)   48        64      2006
 MINIMUM TEMPERATURE (F)   20        -7      1931


SUNRISE AND SUNSET
DECEMBER 16 2017......SUNRISE   724 AM MST   SUNSET   513 PM MST
DECEMBER 17 2017......SUNRISE   725 AM MST   SUNSET   513 PM MST


-  INDICATES NEGATIVE NUMBERS.
R  INDICATES RECORD WAS SET OR TIED.
MM INDICATES DATA IS MISSING.
T  INDICATES TRACE AMOUNT.




$$
