000
CDUS43 KDVN 302122
CLIIOW


CLIMATE REPORT
NATIONAL WEATHER SERVICE QUAD CITIES IA IL
421 PM CDT SUN APR 30 2017


...................................

...THE IOWA CITY IA CLIMATE SUMMARY FOR APRIL 30 2017...
VALID TODAY AS OF 0400 PM LOCAL TIME.

CLIMATE NORMAL PERIOD 1981 TO 2010
CLIMATE RECORD PERIOD 9999 TO 9999


WEATHER ITEM   OBSERVED TIME   RECORD YEAR NORMAL DEPARTURE LAST
                VALUE   (LST)  VALUE       VALUE  FROM      YEAR
                                                  NORMAL
..................................................................
TEMPERATURE (F)
 TODAY
  MAXIMUM         48    252 PM  MM      MM  66    -18       49
  MINIMUM         42   1246 AM  MM      MM  45     -3       44
  AVERAGE         45                        56    -11       47

PRECIPITATION (IN)
  TODAY            0.12         MM      MM   0.17  -0.05     0.83
  MONTH TO DATE    4.34                      3.50   0.84     2.17
  SINCE MAR 1      7.40                      5.72   1.68     4.20
  SINCE JAN 1      9.80                      7.88   1.92     4.95

DEGREE DAYS
 HEATING
  TODAY           20                        10     10       18
  MONTH TO DATE  315                       427   -112      433
  SINCE MAR 1   1065                      1243   -178     1082
  SINCE JUL 1   4960                      6193  -1233     5293

 COOLING
  TODAY            0                         0      0        0
  MONTH TO DATE   11                         4      7        6
  SINCE MAR 1     11                         4      7        6
  SINCE JAN 1     11                         4      7        6
..................................................................


WIND (MPH)
  HIGHEST WIND SPEED    23   HIGHEST WIND DIRECTION    NE (60)
  HIGHEST GUST SPEED    32   HIGHEST GUST DIRECTION    NE (60)
  AVERAGE WIND SPEED    14.2


SKY COVER
  POSSIBLE SUNSHINE  MM
  AVERAGE SKY COVER 1.0


WEATHER CONDITIONS
 THE FOLLOWING WEATHER WAS RECORDED TODAY.
  LIGHT RAIN
  FOG


RELATIVE HUMIDITY (PERCENT)
 HIGHEST    89          1200 AM
 LOWEST     83           300 AM
 AVERAGE    86

..........................................................


THE IOWA CITY IA CLIMATE NORMALS FOR TOMORROW
                         NORMAL    RECORD    YEAR
 MAXIMUM TEMPERATURE (F)   67        MM        MM
 MINIMUM TEMPERATURE (F)   45        MM        MM


SUNRISE AND SUNSET
APRIL 30 2017.........SUNRISE   604 AM CDT   SUNSET   804 PM CDT
MAY  1 2017...........SUNRISE   603 AM CDT   SUNSET   805 PM CDT


-  INDICATES NEGATIVE NUMBERS.
R  INDICATES RECORD WAS SET OR TIED.
MM INDICATES DATA IS MISSING.
T  INDICATES TRACE AMOUNT.




$$
