000
CDUS43 KDVN 250929
CLIIOW


CLIMATE REPORT
NATIONAL WEATHER SERVICE QUAD CITIES IA IL
429 AM CDT MON MAY 25 2015


...................................

...THE IOWA CITY IA CLIMATE SUMMARY FOR MAY 24 2015...

CLIMATE NORMAL PERIOD 1981 TO 2010
CLIMATE RECORD PERIOD 9999 TO 9999


WEATHER ITEM   OBSERVED TIME   RECORD YEAR NORMAL DEPARTURE LAST
                VALUE   (LST)  VALUE       VALUE  FROM      YEAR
                                                  NORMAL
..................................................................
TEMPERATURE (F)
 YESTERDAY
  MAXIMUM         74    337 PM  MM      MM  75     -1       77
  MINIMUM         59    804 AM  MM      MM  54      5       53
  AVERAGE         67                        64      3       65

PRECIPITATION (IN)
  YESTERDAY        0.89         MM      MM   0.14   0.75     0.00
  MONTH TO DATE    4.15                      3.37   0.78     2.71
  SINCE MAR 1      7.78                      9.09  -1.31     9.16
  SINCE JAN 1      9.36                     11.25  -1.89    10.99

DEGREE DAYS
 HEATING
  YESTERDAY        0                         3     -3        0
  MONTH TO DATE  117                       151    -34      170
  SINCE MAR 1   1345                      1394    -49     1689
  SINCE JUL 1   6710                      6344    366     7482

 COOLING
  YESTERDAY        2                         3     -1        0
  MONTH TO DATE   37                        33      4       30
  SINCE MAR 1     37                        37      0       33
  SINCE JAN 1     37                        37      0       33
..................................................................


WIND (MPH)
  HIGHEST WIND SPEED    20   HIGHEST WIND DIRECTION     S (160)
  HIGHEST GUST SPEED    24   HIGHEST GUST DIRECTION     S (160)
  AVERAGE WIND SPEED     7.3


SKY COVER
  POSSIBLE SUNSHINE  MM
  AVERAGE SKY COVER 1.0


WEATHER CONDITIONS
 THE FOLLOWING WEATHER WAS RECORDED YESTERDAY.
  THUNDERSTORM
  HEAVY RAIN
  RAIN
  LIGHT RAIN
  FOG


RELATIVE HUMIDITY (PERCENT)
 HIGHEST   100           900 PM
 LOWEST     63          1200 AM
 AVERAGE    82

..........................................................


THE IOWA CITY IA CLIMATE NORMALS FOR TODAY
                         NORMAL    RECORD    YEAR
 MAXIMUM TEMPERATURE (F)   75        MM        MM
 MINIMUM TEMPERATURE (F)   54        MM        MM


SUNRISE AND SUNSET
MAY 25 2015...........SUNRISE   539 AM CDT   SUNSET   828 PM CDT
MAY 26 2015...........SUNRISE   538 AM CDT   SUNSET   829 PM CDT


-  INDICATES NEGATIVE NUMBERS.
R  INDICATES RECORD WAS SET OR TIED.
MM INDICATES DATA IS MISSING.
T  INDICATES TRACE AMOUNT.




$$
