000
CDUS43 KDVN 182125
CLIIOW


CLIMATE REPORT
NATIONAL WEATHER SERVICE QUAD CITIES IA IL
422 PM CDT WED OCT 18 2017


...................................

...THE IOWA CITY IA CLIMATE SUMMARY FOR OCTOBER 18 2017...
VALID TODAY AS OF 0400 PM LOCAL TIME.

CLIMATE NORMAL PERIOD 1981 TO 2010
CLIMATE RECORD PERIOD 9999 TO 9999


WEATHER ITEM   OBSERVED TIME   RECORD YEAR NORMAL DEPARTURE LAST
                VALUE   (LST)  VALUE       VALUE  FROM      YEAR
                                                  NORMAL
..................................................................
TEMPERATURE (F)
 TODAY
  MAXIMUM         74    259 PM  MM      MM  62     12       75
  MINIMUM         49    652 AM  MM      MM  41      8       50
  AVERAGE         62                        51     11       63

PRECIPITATION (IN)
  TODAY            0.00         MM      MM   0.09  -0.09     0.00
  MONTH TO DATE    3.03                      1.64   1.39     1.08
  SINCE SEP 1      3.52                      5.03  -1.51     3.91
  SINCE JAN 1     29.05                     31.18  -2.13    29.55

DEGREE DAYS
 HEATING
  TODAY            3                        14    -11        2
  MONTH TO DATE   74                       200   -126       91
  SINCE SEP 1    106                       304   -198      111
  SINCE JUL 1    106                       312   -206      113

 COOLING
  TODAY            0                         0      0        0
  MONTH TO DATE   23                        10     13       32
  SINCE SEP 1    195                        90    105      212
  SINCE JAN 1   1067                       912    155     1188
..................................................................


WIND (MPH)
  HIGHEST WIND SPEED    22   HIGHEST WIND DIRECTION     S (200)
  HIGHEST GUST SPEED    29   HIGHEST GUST DIRECTION     S (180)
  AVERAGE WIND SPEED     9.5


SKY COVER
  POSSIBLE SUNSHINE  MM
  AVERAGE SKY COVER 0.0


WEATHER CONDITIONS
 THE FOLLOWING WEATHER WAS RECORDED TODAY.
  NO SIGNIFICANT WEATHER WAS OBSERVED.


RELATIVE HUMIDITY (PERCENT)
 HIGHEST    80           600 AM
 LOWEST     38           100 PM
 AVERAGE    59

..........................................................


THE IOWA CITY IA CLIMATE NORMALS FOR TOMORROW
                         NORMAL    RECORD    YEAR
 MAXIMUM TEMPERATURE (F)   62        MM        MM
 MINIMUM TEMPERATURE (F)   40        MM        MM


SUNRISE AND SUNSET
OCTOBER 18 2017.......SUNRISE   722 AM CDT   SUNSET   620 PM CDT
OCTOBER 19 2017.......SUNRISE   723 AM CDT   SUNSET   618 PM CDT


-  INDICATES NEGATIVE NUMBERS.
R  INDICATES RECORD WAS SET OR TIED.
MM INDICATES DATA IS MISSING.
T  INDICATES TRACE AMOUNT.




$$
