000
CDUS43 KDVN 170913
CLIIOW


CLIMATE REPORT
NATIONAL WEATHER SERVICE QUAD CITIES IA IL
411 AM CDT WED SEP 17 2014


...................................

...THE IOWA CITY IA CLIMATE SUMMARY FOR SEPTEMBER 16 2014...

CLIMATE NORMAL PERIOD 1981 TO 2010
CLIMATE RECORD PERIOD 9999 TO 9999


WEATHER ITEM   OBSERVED TIME   RECORD YEAR NORMAL DEPARTURE LAST
                VALUE   (LST)  VALUE       VALUE  FROM      YEAR
                                                  NORMAL
..................................................................
TEMPERATURE (F)
 YESTERDAY
  MAXIMUM         67    301 PM  MM      MM  76     -9       69
  MINIMUM         40    551 AM  MM      MM  52    -12       52
  AVERAGE         54                        64    -10       61

PRECIPITATION (IN)
  YESTERDAY        0.00         MM      MM   0.10  -0.10     0.00
  MONTH TO DATE    5.83                      1.92   3.91     1.11
  SINCE SEP 1      5.83                      1.92   3.91     1.11
  SINCE JAN 1     33.26                     28.07   5.19    29.37

DEGREE DAYS
 HEATING
  YESTERDAY       11                         3      8        4
  MONTH TO DATE   79                        27     52       17
  SINCE SEP 1     79                        27     52       17
  SINCE JUL 1     91                        35     56       26

 COOLING
  YESTERDAY        0                         2     -2        0
  MONTH TO DATE   38                        59    -21      136
  SINCE SEP 1     38                        59    -21      136
  SINCE JAN 1    754                       881   -127     1004
..................................................................


WIND (MPH)
  HIGHEST WIND SPEED     9   HIGHEST WIND DIRECTION     S (190)
  HIGHEST GUST SPEED    11   HIGHEST GUST DIRECTION    SW (220)
  AVERAGE WIND SPEED     1.4


SKY COVER
  POSSIBLE SUNSHINE  MM
  AVERAGE SKY COVER 0.0


WEATHER CONDITIONS
 THE FOLLOWING WEATHER WAS RECORDED YESTERDAY.
  NO SIGNIFICANT WEATHER WAS OBSERVED.


RELATIVE HUMIDITY (PERCENT)
 HIGHEST   100          1200 AM
 LOWEST     48           300 PM
 AVERAGE    74

..........................................................


THE IOWA CITY IA CLIMATE NORMALS FOR TODAY
                         NORMAL    RECORD    YEAR
 MAXIMUM TEMPERATURE (F)   76        MM        MM
 MINIMUM TEMPERATURE (F)   52        MM        MM


SUNRISE AND SUNSET
SEPTEMBER 17 2014.....SUNRISE   648 AM CDT   SUNSET   712 PM CDT
SEPTEMBER 18 2014.....SUNRISE   650 AM CDT   SUNSET   710 PM CDT


-  INDICATES NEGATIVE NUMBERS.
R  INDICATES RECORD WAS SET OR TIED.
MM INDICATES DATA IS MISSING.
T  INDICATES TRACE AMOUNT.




$$
