000
CDUS43 KDVN 250928
CLIIOW


CLIMATE REPORT
NATIONAL WEATHER SERVICE QUAD CITIES IA IL
428 AM CDT SAT OCT 25 2014


...................................

...THE IOWA CITY IA CLIMATE SUMMARY FOR OCTOBER 24 2014...

CLIMATE NORMAL PERIOD 1981 TO 2010
CLIMATE RECORD PERIOD 9999 TO 9999


WEATHER ITEM   OBSERVED TIME   RECORD YEAR NORMAL DEPARTURE LAST
                VALUE   (LST)  VALUE       VALUE  FROM      YEAR
                                                  NORMAL
..................................................................
TEMPERATURE (F)
 YESTERDAY
  MAXIMUM         65    405 PM  MM      MM  59      6       43
  MINIMUM         45    247 AM  MM      MM  39      6       28
  AVERAGE         55                        49      6       36

PRECIPITATION (IN)
  YESTERDAY        0.01         MM      MM   0.10  -0.09     0.00
  MONTH TO DATE    2.94                      2.21   0.73     1.77
  SINCE SEP 1      8.81                      5.60   3.21     3.70
  SINCE JAN 1     36.24                     31.75   4.49    31.96

DEGREE DAYS
 HEATING
  YESTERDAY       10                        16     -6       29
  MONTH TO DATE  313                       291     22      295
  SINCE SEP 1    434                       395     39      352
  SINCE JUL 1    446                       403     43      361

 COOLING
  YESTERDAY        0                         0      0        0
  MONTH TO DATE    0                        10    -10       23
  SINCE SEP 1     62                        90    -28      196
  SINCE JAN 1    778                       912   -134     1064
..................................................................


WIND (MPH)
  HIGHEST WIND SPEED    17   HIGHEST WIND DIRECTION     S (190)
  HIGHEST GUST SPEED    22   HIGHEST GUST DIRECTION     S (190)
  AVERAGE WIND SPEED     5.6


SKY COVER
  POSSIBLE SUNSHINE  MM
  AVERAGE SKY COVER 1.0


WEATHER CONDITIONS
 THE FOLLOWING WEATHER WAS RECORDED YESTERDAY.
  LIGHT RAIN
  FOG
  FOG W/VISIBILITY <= 1/4 MILE


RELATIVE HUMIDITY (PERCENT)
 HIGHEST   100          1200 AM
 LOWEST     78           300 PM
 AVERAGE    89

..........................................................


THE IOWA CITY IA CLIMATE NORMALS FOR TODAY
                         NORMAL    RECORD    YEAR
 MAXIMUM TEMPERATURE (F)   59        MM        MM
 MINIMUM TEMPERATURE (F)   39        MM        MM


SUNRISE AND SUNSET
OCTOBER 25 2014.......SUNRISE   730 AM CDT   SUNSET   610 PM CDT
OCTOBER 26 2014.......SUNRISE   731 AM CDT   SUNSET   609 PM CDT


-  INDICATES NEGATIVE NUMBERS.
R  INDICATES RECORD WAS SET OR TIED.
MM INDICATES DATA IS MISSING.
T  INDICATES TRACE AMOUNT.




$$
