000
CDUS43 KDVN 060919
CLIIOW


CLIMATE REPORT
NATIONAL WEATHER SERVICE QUAD CITIES IA IL
418 AM CDT MON JUL 6 2015


...................................

...THE IOWA CITY IA CLIMATE SUMMARY FOR JULY 5 2015...

CLIMATE NORMAL PERIOD 1981 TO 2010
CLIMATE RECORD PERIOD 9999 TO 9999


WEATHER ITEM   OBSERVED TIME   RECORD YEAR NORMAL DEPARTURE LAST
                VALUE   (LST)  VALUE       VALUE  FROM      YEAR
                                                  NORMAL
..................................................................
TEMPERATURE (F)
 YESTERDAY
  MAXIMUM         84    412 PM  MM      MM  85     -1       67
  MINIMUM         61    435 AM  MM      MM  65     -4       59
  AVERAGE         73                        75     -2       63

PRECIPITATION (IN)
  YESTERDAY        0.00         MM      MM   0.18  -0.18     0.57
  MONTH TO DATE    0.00                      0.90  -0.90     0.62
  SINCE JUN 1      5.88                      5.51   0.37    10.42
  SINCE JAN 1     15.73                     17.60  -1.87    21.47

DEGREE DAYS
 HEATING
  YESTERDAY        0                         0      0        2
  MONTH TO DATE    0                         0      0        7
  SINCE JUN 1      7                        17    -10       11
  SINCE JUL 1      0                         0      0        7

 COOLING
  YESTERDAY        8                        10     -2        0
  MONTH TO DATE   20                        50    -30        8
  SINCE JUN 1    220                       261    -41      222
  SINCE JAN 1    283                       322    -39      311
..................................................................


WIND (MPH)
  HIGHEST WIND SPEED    14   HIGHEST WIND DIRECTION    SE (140)
  HIGHEST GUST SPEED    18   HIGHEST GUST DIRECTION     S (190)
  AVERAGE WIND SPEED     6.0


SKY COVER
  POSSIBLE SUNSHINE  MM
  AVERAGE SKY COVER 0.1


WEATHER CONDITIONS
 THE FOLLOWING WEATHER WAS RECORDED YESTERDAY.
  FOG
  HAZE


RELATIVE HUMIDITY (PERCENT)
 HIGHEST    93           100 AM
 LOWEST     61           400 PM
 AVERAGE    77

..........................................................


THE IOWA CITY IA CLIMATE NORMALS FOR TODAY
                         NORMAL    RECORD    YEAR
 MAXIMUM TEMPERATURE (F)   85        MM        MM
 MINIMUM TEMPERATURE (F)   65        MM        MM


SUNRISE AND SUNSET
JULY  6 2015..........SUNRISE   538 AM CDT   SUNSET   843 PM CDT
JULY  7 2015..........SUNRISE   539 AM CDT   SUNSET   843 PM CDT


-  INDICATES NEGATIVE NUMBERS.
R  INDICATES RECORD WAS SET OR TIED.
MM INDICATES DATA IS MISSING.
T  INDICATES TRACE AMOUNT.




$$
