000
CDUS43 KDVN 231004
CLIIOW


CLIMATE REPORT
NATIONAL WEATHER SERVICE QUAD CITIES IA IL
403 AM CST SUN NOV 23 2014


...................................

...THE IOWA CITY IA CLIMATE SUMMARY FOR NOVEMBER 22 2014...

CLIMATE NORMAL PERIOD 1981 TO 2010
CLIMATE RECORD PERIOD 9999 TO 9999


WEATHER ITEM   OBSERVED TIME   RECORD YEAR NORMAL DEPARTURE LAST
                VALUE   (LST)  VALUE       VALUE  FROM      YEAR
                                                  NORMAL
..................................................................
TEMPERATURE (F)
 YESTERDAY
  MAXIMUM         54    910 PM  MM      MM  44     10       34
  MINIMUM         33    342 AM  MM      MM  27      6       17
  AVERAGE         44                        36      8       26

PRECIPITATION (IN)
  YESTERDAY        0.01         MM      MM   0.06  -0.05     0.02
  MONTH TO DATE    0.27                      1.77  -1.50     1.02
  SINCE SEP 1      9.08                      8.03   1.05     6.16
  SINCE JAN 1     36.51                     34.18   2.33    34.42

DEGREE DAYS
 HEATING
  YESTERDAY       21                        29     -8       39
  MONTH TO DATE  718                       528    190      549
  SINCE SEP 1   1258                      1045    213     1031
  SINCE JUL 1   1270                      1053    217     1040

 COOLING
  YESTERDAY        0                         0      0        0
  MONTH TO DATE    0                         0      0        0
  SINCE SEP 1     63                        90    -27      196
  SINCE JAN 1    779                       912   -133     1064
..................................................................


WIND (MPH)
  HIGHEST WIND SPEED    16   HIGHEST WIND DIRECTION     S (180)
  HIGHEST GUST SPEED    21   HIGHEST GUST DIRECTION     S (190)
  AVERAGE WIND SPEED     7.5


SKY COVER
  POSSIBLE SUNSHINE  MM
  AVERAGE SKY COVER 0.9


WEATHER CONDITIONS
 THE FOLLOWING WEATHER WAS RECORDED YESTERDAY.
  LIGHT RAIN
  FOG
  FOG W/VISIBILITY <= 1/4 MILE


RELATIVE HUMIDITY (PERCENT)
 HIGHEST   100           500 AM
 LOWEST     89           100 AM
 AVERAGE    95

..........................................................


THE IOWA CITY IA CLIMATE NORMALS FOR TODAY
                         NORMAL    RECORD    YEAR
 MAXIMUM TEMPERATURE (F)   43        MM        MM
 MINIMUM TEMPERATURE (F)   27        MM        MM


SUNRISE AND SUNSET
NOVEMBER 23 2014......SUNRISE   705 AM CST   SUNSET   440 PM CST
NOVEMBER 24 2014......SUNRISE   706 AM CST   SUNSET   440 PM CST


-  INDICATES NEGATIVE NUMBERS.
R  INDICATES RECORD WAS SET OR TIED.
MM INDICATES DATA IS MISSING.
T  INDICATES TRACE AMOUNT.




$$
