400
CDUS43 KDVN 230906
CLIIOW


CLIMATE REPORT
NATIONAL WEATHER SERVICE QUAD CITIES IA IL
405 AM CDT WED AUG 23 2017


...................................

...THE IOWA CITY IA CLIMATE SUMMARY FOR AUGUST 22 2017...

CLIMATE NORMAL PERIOD 1981 TO 2010
CLIMATE RECORD PERIOD 9999 TO 9999


WEATHER ITEM   OBSERVED TIME   RECORD YEAR NORMAL DEPARTURE LAST
                VALUE   (LST)  VALUE       VALUE  FROM      YEAR
                                                  NORMAL
..................................................................
TEMPERATURE (F)
 YESTERDAY
  MAXIMUM         78    328 PM  MM      MM  82     -4       81
  MINIMUM         58   1159 PM  MM      MM  62     -4       55
  AVERAGE         68                        72     -4       68

PRECIPITATION (IN)
  YESTERDAY        0.02         MM      MM   0.14  -0.12     0.00
  MONTH TO DATE    1.04                      3.17  -2.13     4.24
  SINCE JUN 1     11.73                     12.73  -1.00    14.24
  SINCE JAN 1     25.45                     24.82   0.63    22.85

DEGREE DAYS
 HEATING
  YESTERDAY        0                         0      0        0
  MONTH TO DATE    0                         0      0        0
  SINCE JUN 1      7                        19    -12        4
  SINCE JUL 1      0                         2     -2        2

 COOLING
  YESTERDAY        3                         7     -4        3
  MONTH TO DATE  142                       187    -45      225
  SINCE JUN 1    790                       704     86      817
  SINCE JAN 1    843                       765     78      889
..................................................................


WIND (MPH)
  HIGHEST WIND SPEED    22   HIGHEST WIND DIRECTION    NW (300)
  HIGHEST GUST SPEED    29   HIGHEST GUST DIRECTION     W (290)
  AVERAGE WIND SPEED    10.5


SKY COVER
  POSSIBLE SUNSHINE  MM
  AVERAGE SKY COVER 0.2


WEATHER CONDITIONS
 THE FOLLOWING WEATHER WAS RECORDED YESTERDAY.
  LIGHT RAIN


RELATIVE HUMIDITY (PERCENT)
 HIGHEST    93           400 AM
 LOWEST     42           200 PM
 AVERAGE    68

..........................................................


THE IOWA CITY IA CLIMATE NORMALS FOR TODAY
                         NORMAL    RECORD    YEAR
 MAXIMUM TEMPERATURE (F)   82        MM        MM
 MINIMUM TEMPERATURE (F)   62        MM        MM


SUNRISE AND SUNSET
AUGUST 23 2017........SUNRISE   623 AM CDT   SUNSET   753 PM CDT
AUGUST 24 2017........SUNRISE   624 AM CDT   SUNSET   752 PM CDT


-  INDICATES NEGATIVE NUMBERS.
R  INDICATES RECORD WAS SET OR TIED.
MM INDICATES DATA IS MISSING.
T  INDICATES TRACE AMOUNT.




$$
