000
CDUS43 KDVN 062231
CLIIOW


CLIMATE REPORT
NATIONAL WEATHER SERVICE QUAD CITIES IA IL
431 PM CST FRI MAR 6 2015


...................................

...THE IOWA CITY IA CLIMATE SUMMARY FOR MARCH 6 2015...
VALID TODAY AS OF 0400 PM LOCAL TIME.

CLIMATE NORMAL PERIOD 1981 TO 2010
CLIMATE RECORD PERIOD 9999 TO 9999


WEATHER ITEM   OBSERVED TIME   RECORD YEAR NORMAL DEPARTURE LAST
                VALUE   (LST)  VALUE       VALUE  FROM      YEAR
                                                  NORMAL
..................................................................
TEMPERATURE (F)
 TODAY
  MAXIMUM         40    358 PM  MM      MM  43     -3       29
  MINIMUM          2    228 AM  MM      MM  25    -23       13
  AVERAGE         21                        34    -13       21

PRECIPITATION (IN)
  TODAY            0.00         MM      MM   0.07  -0.07     0.00
  MONTH TO DATE    0.18                      0.44  -0.26     0.15
  SINCE MAR 1      0.18                      0.44  -0.26     0.15
  SINCE JAN 1      1.76                      2.60  -0.84     1.98

DEGREE DAYS
 HEATING
  TODAY           44                        31     13       44
  MONTH TO DATE  290                       195     95      316
  SINCE MAR 1    290                       195     95      316
  SINCE JUL 1   5655                      5145    510     6109

 COOLING
  TODAY            0                         0      0        0
  MONTH TO DATE    0                         0      0        0
  SINCE MAR 1      0                         0      0        0
  SINCE JAN 1      0                         0      0        0
..................................................................


WIND (MPH)
  HIGHEST WIND SPEED    15   HIGHEST WIND DIRECTION    SW (210)
  HIGHEST GUST SPEED    20   HIGHEST GUST DIRECTION     S (170)
  AVERAGE WIND SPEED     7.5


SKY COVER
  POSSIBLE SUNSHINE  MM
  AVERAGE SKY COVER 0.2


WEATHER CONDITIONS
 THE FOLLOWING WEATHER WAS RECORDED TODAY.
  NO SIGNIFICANT WEATHER WAS OBSERVED.


RELATIVE HUMIDITY (PERCENT)
 HIGHEST    87           100 AM
 LOWEST     54           300 PM
 AVERAGE    71

..........................................................


THE IOWA CITY IA CLIMATE NORMALS FOR TOMORROW
                         NORMAL    RECORD    YEAR
 MAXIMUM TEMPERATURE (F)   43        MM        MM
 MINIMUM TEMPERATURE (F)   25        MM        MM


SUNRISE AND SUNSET
MARCH  6 2015.........SUNRISE   633 AM CST   SUNSET   602 PM CST
MARCH  7 2015.........SUNRISE   632 AM CST   SUNSET   603 PM CST


-  INDICATES NEGATIVE NUMBERS.
R  INDICATES RECORD WAS SET OR TIED.
MM INDICATES DATA IS MISSING.
T  INDICATES TRACE AMOUNT.




$$
