844
CDUS41 KCTP 250612
CLIIPT


CLIMATE REPORT
NATIONAL WEATHER SERVICE STATE COLLEGE PA
112 AM EST SAT FEB 25 2017


...................................

...THE WILLIAMSPORT PA CLIMATE SUMMARY FOR FEBRUARY 24 2017...

CLIMATE NORMAL PERIOD 1981 TO 2010
CLIMATE RECORD PERIOD 1895 TO 2017


WEATHER ITEM   OBSERVED TIME   RECORD YEAR NORMAL DEPARTURE LAST
                VALUE   (LST)  VALUE       VALUE  FROM      YEAR
                                                  NORMAL
..................................................................
TEMPERATURE (F)
 YESTERDAY
  MAXIMUM         76R   337 PM  71    1985  41     35       59
  MINIMUM         42    638 AM  -9    2015  23     19       36
  AVERAGE         59                        32     27       48

PRECIPITATION (IN)
  YESTERDAY        0.00          1.76 1975   0.09  -0.09     1.08
  MONTH TO DATE    1.50                      2.00  -0.50     4.22
  SINCE DEC 1      7.89                      7.63   0.26     9.64
  SINCE JAN 1      4.93                      4.70   0.23     6.28

SNOWFALL (IN)
  YESTERDAY        0.0           4.4  2005   0.3   -0.3      0.0
  MONTH TO DATE    6.2                       7.6   -1.4      4.3
  SINCE DEC 1     18.4                      25.0   -6.6      5.6
  SINCE JUL 1     18.5                      26.8   -8.3      5.6
  SNOW DEPTH       0

DEGREE DAYS
 HEATING
  YESTERDAY        6                        33    -27       17
  MONTH TO DATE  652                       857   -205      787
  SINCE DEC 1   2608                      3091   -483     2587
  SINCE JUL 1   3542                      4336   -794     3514

 COOLING
  YESTERDAY        0                         0      0        0
  MONTH TO DATE    0                         0      0        0
  SINCE DEC 1      0                         0      0        0
  SINCE JAN 1      0                         0      0        0
..................................................................


WIND (MPH)
  HIGHEST WIND SPEED    28   HIGHEST WIND DIRECTION     S (160)
  HIGHEST GUST SPEED    38   HIGHEST GUST DIRECTION     S (170)
  AVERAGE WIND SPEED     8.5


SKY COVER
  POSSIBLE SUNSHINE  MM
  AVERAGE SKY COVER 0.4


WEATHER CONDITIONS
 THE FOLLOWING WEATHER WAS RECORDED YESTERDAY.
  FOG


RELATIVE HUMIDITY (PERCENT)
 HIGHEST   100           500 AM
 LOWEST     38           500 PM
 AVERAGE    69

..........................................................


THE WILLIAMSPORT PA CLIMATE NORMALS FOR TODAY
                         NORMAL    RECORD    YEAR
 MAXIMUM TEMPERATURE (F)   41        69      1976
 MINIMUM TEMPERATURE (F)   23        -9      1914


SUNRISE AND SUNSET
FEBRUARY 25 2017......SUNRISE   648 AM EST   SUNSET   554 PM EST
FEBRUARY 26 2017......SUNRISE   646 AM EST   SUNSET   555 PM EST


-  INDICATES NEGATIVE NUMBERS.
R  INDICATES RECORD WAS SET OR TIED.
MM INDICATES DATA IS MISSING.
T  INDICATES TRACE AMOUNT.




$$
