000
CDUS41 KCTP 220621
CLIIPT


CLIMATE REPORT
NATIONAL WEATHER SERVICE STATE COLLEGE PA
221 AM EDT MON SEP 22 2014


...................................

...THE WILLIAMSPORT PA CLIMATE SUMMARY FOR SEPTEMBER 21 2014...

CLIMATE NORMAL PERIOD 1981 TO 2010
CLIMATE RECORD PERIOD 1895 TO 2014


WEATHER ITEM   OBSERVED TIME   RECORD YEAR NORMAL DEPARTURE LAST
                VALUE   (LST)  VALUE       VALUE  FROM      YEAR
                                                  NORMAL
..................................................................
TEMPERATURE (F)
 YESTERDAY
  MAXIMUM         79    222 PM  94    1931  72      7       68
  MINIMUM         59   1140 PM  33    1956  51      8       59
  AVERAGE         69                        61      8       64

PRECIPITATION (IN)
  YESTERDAY        0.39          1.21 1974   0.15   0.24     0.30
  MONTH TO DATE    1.08                      2.93  -1.85     1.60
  SINCE SEP 1      1.08                      2.93  -1.85     1.60
  SINCE JAN 1     29.89                     29.96  -0.07    23.22

DEGREE DAYS
 HEATING
  YESTERDAY        0                         5     -5        1
  MONTH TO DATE   51                        55     -4       71
  SINCE SEP 1     51                        55     -4       71
  SINCE JUL 1     56                        69    -13       76

 COOLING
  YESTERDAY        4                         1      3        0
  MONTH TO DATE   84                        55     29       74
  SINCE SEP 1     84                        55     29       74
  SINCE JAN 1    701                       689     12      833
..................................................................


WIND (MPH)
  HIGHEST WIND SPEED    17   HIGHEST WIND DIRECTION     W (260)
  HIGHEST GUST SPEED    25   HIGHEST GUST DIRECTION     W (280)
  AVERAGE WIND SPEED     7.7


SKY COVER
  POSSIBLE SUNSHINE  MM
  AVERAGE SKY COVER 0.5


WEATHER CONDITIONS
 THE FOLLOWING WEATHER WAS RECORDED YESTERDAY.
  THUNDERSTORM
  RAIN
  LIGHT RAIN
  FOG


RELATIVE HUMIDITY (PERCENT)
 HIGHEST    90          1000 PM
 LOWEST     60          1100 AM
 AVERAGE    75

..........................................................


THE WILLIAMSPORT PA CLIMATE NORMALS FOR TODAY
                         NORMAL    RECORD    YEAR
 MAXIMUM TEMPERATURE (F)   71        97      1931
 MINIMUM TEMPERATURE (F)   51        31      1904


SUNRISE AND SUNSET
SEPTEMBER 22 2014.....SUNRISE   655 AM EDT   SUNSET   705 PM EDT
SEPTEMBER 23 2014.....SUNRISE   656 AM EDT   SUNSET   703 PM EDT


-  INDICATES NEGATIVE NUMBERS.
R  INDICATES RECORD WAS SET OR TIED.
MM INDICATES DATA IS MISSING.
T  INDICATES TRACE AMOUNT.




$$
