000
CDUS41 KCTP 240641
CLIIPT


CLIMATE REPORT
NATIONAL WEATHER SERVICE STATE COLLEGE PA
141 AM EST SAT FEB 24 2018


...................................

...THE WILLIAMSPORT PA CLIMATE SUMMARY FOR FEBRUARY 23 2018...

CLIMATE NORMAL PERIOD 1981 TO 2010
CLIMATE RECORD PERIOD 1895 TO 2018


WEATHER ITEM   OBSERVED TIME   RECORD YEAR NORMAL DEPARTURE LAST
                VALUE   (LST)  VALUE       VALUE  FROM      YEAR
                                                  NORMAL
..................................................................
TEMPERATURE (F)
 YESTERDAY
  MAXIMUM         41   1159 PM  70    1985  40      1       68
  MINIMUM         37   1030 AM  -6    1972  23     14       35
  AVERAGE         39                        31      8       52

PRECIPITATION (IN)
  YESTERDAY        0.19          2.18 1981   0.08   0.11      T
  MONTH TO DATE    3.18                      1.91   1.27     1.50
  SINCE DEC 1      8.02                      7.54   0.48     7.89
  SINCE JAN 1      6.83                      4.61   2.22     4.93

SNOWFALL (IN)
  YESTERDAY        0.0           9.0  1935   0.3   -0.3      0.0
  MONTH TO DATE    7.9                       7.3    0.6      6.2
  SINCE DEC 1     18.9                      24.7   -5.8     18.4
  SINCE JUL 1     19.0                      26.5   -7.5     18.5
  SNOW DEPTH       0

DEGREE DAYS
 HEATING
  YESTERDAY       26                        34     -8       13
  MONTH TO DATE  721                       824   -103      646
  SINCE DEC 1   2958                      3058   -100     2602
  SINCE JUL 1   3942                      4303   -361     3536

 COOLING
  YESTERDAY        0                         0      0        0
  MONTH TO DATE    0                         0      0        0
  SINCE DEC 1      0                         0      0        0
  SINCE JAN 1      0                         0      0        0
..................................................................


WIND (MPH)
  HIGHEST WIND SPEED    18   HIGHEST WIND DIRECTION     E (80)
  HIGHEST GUST SPEED    37   HIGHEST GUST DIRECTION     E (100)
  AVERAGE WIND SPEED     8.5


SKY COVER
  POSSIBLE SUNSHINE  MM
  AVERAGE SKY COVER 1.0


WEATHER CONDITIONS
 THE FOLLOWING WEATHER WAS RECORDED YESTERDAY.
  RAIN
  LIGHT RAIN
  FOG


RELATIVE HUMIDITY (PERCENT)
 HIGHEST    93           800 PM
 LOWEST     85           100 PM
 AVERAGE    89

..........................................................


THE WILLIAMSPORT PA CLIMATE NORMALS FOR TODAY
                         NORMAL    RECORD    YEAR
 MAXIMUM TEMPERATURE (F)   41        76      2017
 MINIMUM TEMPERATURE (F)   23        -9      2015


SUNRISE AND SUNSET
FEBRUARY 24 2018......SUNRISE   650 AM EST   SUNSET   553 PM EST
FEBRUARY 25 2018......SUNRISE   648 AM EST   SUNSET   554 PM EST


-  INDICATES NEGATIVE NUMBERS.
R  INDICATES RECORD WAS SET OR TIED.
MM INDICATES DATA IS MISSING.
T  INDICATES TRACE AMOUNT.




$$
