404
CDUS41 KCTP 300615
CLIIPT


CLIMATE REPORT
NATIONAL WEATHER SERVICE STATE COLLEGE PA
214 AM EDT SAT APR 30 2016


...................................

...THE WILLIAMSPORT PA CLIMATE SUMMARY FOR APRIL 29 2016...

CLIMATE NORMAL PERIOD 1981 TO 2010
CLIMATE RECORD PERIOD 1895 TO 2016


WEATHER ITEM   OBSERVED TIME   RECORD YEAR NORMAL DEPARTURE LAST
                VALUE   (LST)  VALUE       VALUE  FROM      YEAR
                                                  NORMAL
..................................................................
TEMPERATURE (F)
 YESTERDAY
  MAXIMUM         50    154 PM  86    1974  66    -16       75
                                      1942
  MINIMUM         45    536 AM  29    2001  43      2       41
                                      1949
                                      1947
  AVERAGE         48                        55     -7       58

PRECIPITATION (IN)
  YESTERDAY        0.15          1.06 1996   0.11   0.04     0.00
  MONTH TO DATE    1.56                      3.13  -1.57     4.19
  SINCE MAR 1      2.67                      6.10  -3.43     6.56
  SINCE JAN 1      9.09                     11.14  -2.05     9.35

SNOWFALL (IN)
  YESTERDAY        0.0           4.0  1909   0.0    0.0      0.0
  MONTH TO DATE    1.8                       1.1    0.7       T
  SINCE MAR 1      2.0                       8.0   -6.0     11.4
  SINCE JUL 1      7.7                      36.0  -28.3     44.4
  SNOW DEPTH       0

DEGREE DAYS
 HEATING
  YESTERDAY       17                        11      6        7
  MONTH TO DATE  461                       448     13      428
  SINCE MAR 1   1043                      1277   -234     1417
  SINCE JUL 1   4686                      5744  -1058     6054

 COOLING
  YESTERDAY        0                         0      0        0
  MONTH TO DATE    0                         0      0        0
  SINCE MAR 1      0                         0      0        0
  SINCE JAN 1      0                         0      0        0
..................................................................


WIND (MPH)
  HIGHEST WIND SPEED    16   HIGHEST WIND DIRECTION     S (160)
  HIGHEST GUST SPEED    22   HIGHEST GUST DIRECTION    SE (120)
  AVERAGE WIND SPEED     5.4


SKY COVER
  POSSIBLE SUNSHINE  MM
  AVERAGE SKY COVER 1.0


WEATHER CONDITIONS
 THE FOLLOWING WEATHER WAS RECORDED YESTERDAY.
  RAIN
  LIGHT RAIN
  FOG
  HAZE


RELATIVE HUMIDITY (PERCENT)
 HIGHEST    93           500 PM
 LOWEST     61           900 AM
 AVERAGE    77

..........................................................


THE WILLIAMSPORT PA CLIMATE NORMALS FOR TODAY
                         NORMAL    RECORD    YEAR
 MAXIMUM TEMPERATURE (F)   67        94      1942
 MINIMUM TEMPERATURE (F)   43        29      1931


SUNRISE AND SUNSET
APRIL 30 2016.........SUNRISE   606 AM EDT   SUNSET   804 PM EDT
MAY  1 2016...........SUNRISE   605 AM EDT   SUNSET   805 PM EDT


-  INDICATES NEGATIVE NUMBERS.
R  INDICATES RECORD WAS SET OR TIED.
MM INDICATES DATA IS MISSING.
T  INDICATES TRACE AMOUNT.




$$
