000
CDUS41 KCTP 240629
CLIIPT


CLIMATE REPORT
NATIONAL WEATHER SERVICE STATE COLLEGE PA
229 AM EDT FRI OCT 24 2014


...................................

...THE WILLIAMSPORT PA CLIMATE SUMMARY FOR OCTOBER 23 2014...

CLIMATE NORMAL PERIOD 1981 TO 2010
CLIMATE RECORD PERIOD 1895 TO 2014


WEATHER ITEM   OBSERVED TIME   RECORD YEAR NORMAL DEPARTURE LAST
                VALUE   (LST)  VALUE       VALUE  FROM      YEAR
                                                  NORMAL
..................................................................
TEMPERATURE (F)
 YESTERDAY
  MAXIMUM         60    408 PM  84    1947  60      0       48
  MINIMUM         50    452 AM  22    1944  39     11       39
  AVERAGE         55                        49      6       44

PRECIPITATION (IN)
  YESTERDAY        T             2.69 1929   0.10  -0.10      T
  MONTH TO DATE    2.47                      2.58  -0.11     2.75
  SINCE SEP 1      3.57                      6.74  -3.17     4.35
  SINCE JAN 1     32.38                     33.77  -1.39    25.97

SNOWFALL (IN)
  YESTERDAY        0.0
  MONTH TO DATE    0.0
  SINCE SEP 1      0.0
  SINCE JUL 1      0.0
  SNOW DEPTH       0

DEGREE DAYS
 HEATING
  YESTERDAY       10                        16     -6       21
  MONTH TO DATE  209                       278    -69      165
  SINCE SEP 1    285                       392   -107      286
  SINCE JUL 1    290                       406   -116      291

 COOLING
  YESTERDAY        0                         0      0        0
  MONTH TO DATE    6                         1      5       30
  SINCE SEP 1     96                        64     32      104
  SINCE JAN 1    713                       698     15      863
..................................................................


WIND (MPH)
  HIGHEST WIND SPEED    21   HIGHEST WIND DIRECTION    NW (330)
  HIGHEST GUST SPEED    29   HIGHEST GUST DIRECTION    NW (330)
  AVERAGE WIND SPEED    12.3


SKY COVER
  POSSIBLE SUNSHINE  MM
  AVERAGE SKY COVER 1.0


WEATHER CONDITIONS
 THE FOLLOWING WEATHER WAS RECORDED YESTERDAY.
  LIGHT RAIN


RELATIVE HUMIDITY (PERCENT)
 HIGHEST    71          1200 AM
 LOWEST     47           800 PM
 AVERAGE    59

..........................................................


THE WILLIAMSPORT PA CLIMATE NORMALS FOR TODAY
                         NORMAL    RECORD    YEAR
 MAXIMUM TEMPERATURE (F)   59        77      1963
 MINIMUM TEMPERATURE (F)   39        20      1969


SUNRISE AND SUNSET
OCTOBER 24 2014.......SUNRISE   730 AM EDT   SUNSET   614 PM EDT
OCTOBER 25 2014.......SUNRISE   731 AM EDT   SUNSET   612 PM EDT


-  INDICATES NEGATIVE NUMBERS.
R  INDICATES RECORD WAS SET OR TIED.
MM INDICATES DATA IS MISSING.
T  INDICATES TRACE AMOUNT.




$$
