000
CDUS41 KCTP 242219
CLIIPT


CLIMATE REPORT
NATIONAL WEATHER SERVICE STATE COLLEGE PA
519 PM EST TUE JAN 24 2017


...................................

...THE WILLIAMSPORT PA CLIMATE SUMMARY FOR JANUARY 24 2017...
VALID TODAY AS OF 0500 PM LOCAL TIME.

CLIMATE NORMAL PERIOD 1981 TO 2010
CLIMATE RECORD PERIOD 1895 TO 2017


WEATHER ITEM   OBSERVED TIME   RECORD YEAR NORMAL DEPARTURE LAST
                VALUE   (LST)  VALUE       VALUE  FROM      YEAR
                                                  NORMAL
..................................................................
TEMPERATURE (F)
 TODAY
  MAXIMUM         38    431 PM  59    1999  34      4       34
  MINIMUM         33    312 AM  -9    1948  19     14       14
                                      1907
  AVERAGE         36                        27      9       24

PRECIPITATION (IN)
  TODAY            0.34          1.95 1979   0.09   0.25     0.00
  MONTH TO DATE    3.25                      2.09   1.16     2.06
  SINCE DEC 1      6.21                      5.02   1.19     5.42
  SINCE JAN 1      3.25                      2.09   1.16     2.06

SNOWFALL (IN)
  TODAY            0.7           8.5  1948   0.4    0.3      0.0
  MONTH TO DATE    1.8                       8.0   -6.2      1.3
  SINCE DEC 1     10.7                      14.9   -4.2      1.3
  SINCE JUL 1     10.8                      16.7   -5.9      1.3
  SNOW DEPTH       1

DEGREE DAYS
 HEATING
  TODAY           29                        38     -9       41
  MONTH TO DATE  774                       920   -146      909
  SINCE DEC 1   1749                      1968   -219     1581
  SINCE JUL 1   2683                      3213   -530     2508

 COOLING
  TODAY            0                         0      0        0
  MONTH TO DATE    0                         0      0        0
  SINCE DEC 1      0                         0      0        0
  SINCE JAN 1      0                         0      0        0
..................................................................


WIND (MPH)
  HIGHEST WIND SPEED    14   HIGHEST WIND DIRECTION     W (270)
  HIGHEST GUST SPEED    19   HIGHEST GUST DIRECTION     W (260)
  AVERAGE WIND SPEED     9.5


SKY COVER
  POSSIBLE SUNSHINE  MM
  AVERAGE SKY COVER 0.9


WEATHER CONDITIONS
 THE FOLLOWING WEATHER WAS RECORDED TODAY.
  LIGHT RAIN
  SNOW
  LIGHT SNOW
  FOG


RELATIVE HUMIDITY (PERCENT)
 HIGHEST    96           100 AM
 LOWEST     82           500 PM
 AVERAGE    89

..........................................................


THE WILLIAMSPORT PA CLIMATE NORMALS FOR TOMORROW
                         NORMAL    RECORD    YEAR
 MAXIMUM TEMPERATURE (F)   34        69      1967
 MINIMUM TEMPERATURE (F)   19        -6      1963


SUNRISE AND SUNSET
JANUARY 24 2017.......SUNRISE   726 AM EST   SUNSET   515 PM EST
JANUARY 25 2017.......SUNRISE   725 AM EST   SUNSET   516 PM EST


-  INDICATES NEGATIVE NUMBERS.
R  INDICATES RECORD WAS SET OR TIED.
MM INDICATES DATA IS MISSING.
T  INDICATES TRACE AMOUNT.




$$
