000
CDUS41 KCTP 250645
CLIIPT


CLIMATE REPORT
NATIONAL WEATHER SERVICE STATE COLLEGE PA
145 AM EST THU DEC 25 2014


...................................

...THE WILLIAMSPORT PA CLIMATE SUMMARY FOR DECEMBER 24 2014...

CLIMATE NORMAL PERIOD 1981 TO 2010
CLIMATE RECORD PERIOD 1895 TO 2014


WEATHER ITEM   OBSERVED TIME   RECORD YEAR NORMAL DEPARTURE LAST
                VALUE   (LST)  VALUE       VALUE  FROM      YEAR
                                                  NORMAL
..................................................................
TEMPERATURE (F)
 YESTERDAY
  MAXIMUM         53   1159 PM  56    1931  36     17       36
  MINIMUM         45    105 AM  -9    1989  22     23       20
                                      1960
  AVERAGE         49                        29     20       28

PRECIPITATION (IN)
  YESTERDAY        0.24          2.04 1941   0.08   0.16     0.01
  MONTH TO DATE    2.51                      2.38   0.13     2.43
  SINCE DEC 1      2.51                      2.38   0.13     2.43
  SINCE JAN 1     37.08                     40.73  -3.65    31.48

SNOWFALL (IN)
  YESTERDAY       MM
  MONTH TO DATE    4.0
  SINCE DEC 1      4.0
  SINCE JUL 1      9.1
  SNOW DEPTH       0

DEGREE DAYS
 HEATING
  YESTERDAY       16                        36    -20       37
  MONTH TO DATE  706                       789    -83      815
  SINCE DEC 1    706                       789    -83      815
  SINCE JUL 1   1876                      2034   -158     2058

 COOLING
  YESTERDAY        0                         0      0        0
  MONTH TO DATE    0                         0      0        0
  SINCE DEC 1      0                         0      0        0
  SINCE JAN 1    713                       702     11      863
..................................................................


WIND (MPH)
  HIGHEST WIND SPEED    25   HIGHEST WIND DIRECTION     S (160)
  HIGHEST GUST SPEED    33   HIGHEST GUST DIRECTION     S (170)
  AVERAGE WIND SPEED     9.7


SKY COVER
  POSSIBLE SUNSHINE  MM
  AVERAGE SKY COVER 1.0


WEATHER CONDITIONS
 THE FOLLOWING WEATHER WAS RECORDED YESTERDAY.
  RAIN
  LIGHT RAIN
  FOG


RELATIVE HUMIDITY (PERCENT)
 HIGHEST    93           700 AM
 LOWEST     83          1000 PM
 AVERAGE    88

..........................................................


THE WILLIAMSPORT PA CLIMATE NORMALS FOR TODAY
                         NORMAL    RECORD    YEAR
 MAXIMUM TEMPERATURE (F)   36        58      1964
                                             1912
 MINIMUM TEMPERATURE (F)   22       -13      1980


SUNRISE AND SUNSET
DECEMBER 25 2014......SUNRISE   732 AM EST   SUNSET   444 PM EST
DECEMBER 26 2014......SUNRISE   732 AM EST   SUNSET   445 PM EST


-  INDICATES NEGATIVE NUMBERS.
R  INDICATES RECORD WAS SET OR TIED.
MM INDICATES DATA IS MISSING.
T  INDICATES TRACE AMOUNT.




$$
