877
CDUS41 KCTP 160609
CLIIPT


CLIMATE REPORT
NATIONAL WEATHER SERVICE STATE COLLEGE PA
209 AM EDT WED AUG 16 2017


...................................

...THE WILLIAMSPORT PA CLIMATE SUMMARY FOR AUGUST 15 2017...

CLIMATE NORMAL PERIOD 1981 TO 2010
CLIMATE RECORD PERIOD 1895 TO 2017


WEATHER ITEM   OBSERVED TIME   RECORD YEAR NORMAL DEPARTURE LAST
                VALUE   (LST)  VALUE       VALUE  FROM      YEAR
                                                  NORMAL
..................................................................
TEMPERATURE (F)
 YESTERDAY
  MAXIMUM         83    242 PM  97    1988  82      1       86
                                      1938
  MINIMUM         68   1148 PM  47    2013  61      7       71
  AVERAGE         76                        72      4       79

PRECIPITATION (IN)
  YESTERDAY        0.01          1.16 1911   0.12  -0.11      T
  MONTH TO DATE    4.45                      1.92   2.53     2.16
  SINCE JUN 1     15.60                     10.18   5.42     9.72
  SINCE JAN 1     34.72                     25.09   9.63    21.06

DEGREE DAYS
 HEATING
  YESTERDAY        0                         0      0        0
  MONTH TO DATE    0                         0      0        0
  SINCE JUN 1     21                        41    -20        9
  SINCE JUL 1      0                         4     -4        0

 COOLING
  YESTERDAY       11                         7      4       14
  MONTH TO DATE  105                       110     -5      197
  SINCE JUN 1    601                       500    101      745
  SINCE JAN 1    651                       543    108      818
..................................................................


WIND (MPH)
  HIGHEST WIND SPEED    15   HIGHEST WIND DIRECTION    NE (50)
  HIGHEST GUST SPEED    20   HIGHEST GUST DIRECTION    NE (50)
  AVERAGE WIND SPEED     3.6


SKY COVER
  POSSIBLE SUNSHINE  MM
  AVERAGE SKY COVER 0.6


WEATHER CONDITIONS
 THE FOLLOWING WEATHER WAS RECORDED YESTERDAY.
  LIGHT RAIN
  FOG


RELATIVE HUMIDITY (PERCENT)
 HIGHEST   100          1100 PM
 LOWEST     58           400 PM
 AVERAGE    79

..........................................................


THE WILLIAMSPORT PA CLIMATE NORMALS FOR TODAY
                         NORMAL    RECORD    YEAR
 MAXIMUM TEMPERATURE (F)   82        96      1995
                                             1938
 MINIMUM TEMPERATURE (F)   61        47      1927


SUNRISE AND SUNSET
AUGUST 16 2017........SUNRISE   618 AM EDT   SUNSET   805 PM EDT
AUGUST 17 2017........SUNRISE   619 AM EDT   SUNSET   803 PM EDT


-  INDICATES NEGATIVE NUMBERS.
R  INDICATES RECORD WAS SET OR TIED.
MM INDICATES DATA IS MISSING.
T  INDICATES TRACE AMOUNT.




$$
