000
CDUS43 KEAX 050033
CLIIRK


CLIMATE REPORT
NATIONAL WEATHER SERVICE KANSAS CITY/PLEASANT HILL MO
733 PM CDT TUE AUG 4 2015


...................................

...THE KIRKSVILLE MO CLIMATE SUMMARY FOR AUGUST 4 2015...
VALID TODAY AS OF 0700 PM LOCAL TIME.

CLIMATE NORMAL PERIOD 1981 TO 2010
CLIMATE RECORD PERIOD 9999 TO 9999


WEATHER ITEM   OBSERVED TIME   NORMAL DEPARTURE LAST
                VALUE   (LST)  VALUE  FROM      YEAR
                                      NORMAL
......................................................
TEMPERATURE (F)
 TODAY
  MAXIMUM         77    503 PM  86     -9       86
  MINIMUM         65    538 AM  65      0       61
  AVERAGE         71            75     -4       74

PRECIPITATION (IN)
  TODAY            0.50          0.10   0.40     0.01
  MONTH TO DATE    0.76          0.44   0.32     0.01
  SINCE JUN 1     18.80          9.88   8.92    10.24
  SINCE JAN 1     29.56         24.03   5.53    19.34

DEGREE DAYS
 HEATING
  TODAY            0             0      0        0
  MONTH TO DATE    0             0      0        0
  SINCE JUN 1     20            17      3       12
  SINCE JUL 1      5             1      4        6

 COOLING
  TODAY            6            10     -4        9
  MONTH TO DATE   40            41     -1       32
  SINCE JUN 1    614           546     68      470
  SINCE JAN 1    682           608     74      592
......................................................


WIND (MPH)
  HIGHEST WIND SPEED    13   HIGHEST WIND DIRECTION    SE (120)
  HIGHEST GUST SPEED    19   HIGHEST GUST DIRECTION     E (70)
  AVERAGE WIND SPEED     5.7


SKY COVER
  AVERAGE SKY COVER 0.3


WEATHER CONDITIONS
 THE FOLLOWING WEATHER WAS RECORDED TODAY.
  THUNDERSTORM
  HEAVY RAIN
  RAIN
  LIGHT RAIN
  FOG


RELATIVE HUMIDITY (PERCENT)
 HIGHEST    87          1200 AM
 LOWEST     69           500 PM
 AVERAGE    78

..........................................................


THE KIRKSVILLE MO CLIMATE NORMALS FOR TOMORROW
                         NORMAL
 MAXIMUM TEMPERATURE (F)   86
 MINIMUM TEMPERATURE (F)   65


SUNRISE AND SUNSET
AUGUST  4 2015........SUNRISE   611 AM CDT   SUNSET   821 PM CDT
AUGUST  5 2015........SUNRISE   612 AM CDT   SUNSET   820 PM CDT


-  INDICATES NEGATIVE NUMBERS.
R  INDICATES RECORD WAS SET OR TIED.
MM INDICATES DATA IS MISSING.
T  INDICATES TRACE AMOUNT.




$$
