000
CDUS43 KEAX 280657
CLIIRK


CLIMATE REPORT
NATIONAL WEATHER SERVICE KANSAS CITY/PLEASANT HILL MO
156 AM CDT TUE MAR 28 2017


...................................

...THE KIRKSVILLE MO CLIMATE SUMMARY FOR MARCH 27 2017...

CLIMATE NORMAL PERIOD 1981 TO 2010
CLIMATE RECORD PERIOD 9999 TO 9999


WEATHER ITEM   OBSERVED TIME   NORMAL DEPARTURE LAST
                VALUE   (LST)  VALUE  FROM      YEAR
                                      NORMAL
......................................................
TEMPERATURE (F)
 YESTERDAY
  MAXIMUM         53   1247 PM  56     -3       49
  MINIMUM         45    727 AM  34     11       29
  AVERAGE         49            45      4       39

PRECIPITATION (IN)
  YESTERDAY        0.14          0.07   0.07     0.44
  MONTH TO DATE    2.23          2.22   0.01     1.93
  SINCE MAR 1      2.23          2.22   0.01     1.93
  SINCE JAN 1      4.09          5.02  -0.93     4.52

DEGREE DAYS
 HEATING
  YESTERDAY       16            20     -4       26
  MONTH TO DATE  570           678   -108      472
  SINCE MAR 1    570           678   -108      472
  SINCE JUL 1   4099          5211  -1112     4179

 COOLING
  YESTERDAY        0             0      0        0
  MONTH TO DATE    0             0      0        0
  SINCE MAR 1      0             0      0        0
  SINCE JAN 1      0             0      0        0
......................................................


WIND (MPH)
  HIGHEST WIND SPEED    15   HIGHEST WIND DIRECTION     N (350)
  HIGHEST GUST SPEED    18   HIGHEST GUST DIRECTION     N (350)
  AVERAGE WIND SPEED     8.0


SKY COVER
  AVERAGE SKY COVER 1.0


WEATHER CONDITIONS
 THE FOLLOWING WEATHER WAS RECORDED YESTERDAY.
  LIGHT RAIN
  FOG


RELATIVE HUMIDITY (PERCENT)
 HIGHEST    96           100 PM
 LOWEST     86           500 PM
 AVERAGE    91

..........................................................


THE KIRKSVILLE MO CLIMATE NORMALS FOR TODAY
                         NORMAL
 MAXIMUM TEMPERATURE (F)   57
 MINIMUM TEMPERATURE (F)   35


SUNRISE AND SUNSET
MARCH 28 2017.........SUNRISE   700 AM CDT   SUNSET   731 PM CDT
MARCH 29 2017.........SUNRISE   658 AM CDT   SUNSET   732 PM CDT


-  INDICATES NEGATIVE NUMBERS.
R  INDICATES RECORD WAS SET OR TIED.
MM INDICATES DATA IS MISSING.
T  INDICATES TRACE AMOUNT.




$$
