336
CDUS43 KEAX 280632
CLIIRK


CLIMATE REPORT
NATIONAL WEATHER SERVICE KANSAS CITY/PLEASANT HILL MO
132 AM CDT SUN MAY 28 2017


...................................

...THE KIRKSVILLE MO CLIMATE SUMMARY FOR MAY 27 2017...

CLIMATE NORMAL PERIOD 1981 TO 2010
CLIMATE RECORD PERIOD 9999 TO 9999


WEATHER ITEM   OBSERVED TIME   NORMAL DEPARTURE LAST
                VALUE   (LST)  VALUE  FROM      YEAR
                                      NORMAL
......................................................
TEMPERATURE (F)
 YESTERDAY
  MAXIMUM         79    158 PM  76      3       83
  MINIMUM         56    406 AM  56      0       61
  AVERAGE         68            66      2       72

PRECIPITATION (IN)
  YESTERDAY        0.00          0.17  -0.17     1.23
  MONTH TO DATE    1.79          4.30  -2.51     4.69
  SINCE MAR 1     11.56         10.69   0.87     9.67
  SINCE JAN 1     13.42         13.49  -0.07    12.26

DEGREE DAYS
 HEATING
  YESTERDAY        0             2     -2        0
  MONTH TO DATE  152           143      9      170
  SINCE MAR 1   1080          1300   -220     1031
  SINCE JUL 1   4609          5833  -1224     4738

 COOLING
  YESTERDAY        3             3      0        7
  MONTH TO DATE   65            43     22       36
  SINCE MAR 1     89            50     39       44
  SINCE JAN 1     89            50     39       44
......................................................


WIND (MPH)
  HIGHEST WIND SPEED    16   HIGHEST WIND DIRECTION     E (110)
  HIGHEST GUST SPEED    22   HIGHEST GUST DIRECTION    SE (120)
  AVERAGE WIND SPEED     5.9


SKY COVER
  AVERAGE SKY COVER 0.1


WEATHER CONDITIONS
 THE FOLLOWING WEATHER WAS RECORDED YESTERDAY.
  FOG


RELATIVE HUMIDITY (PERCENT)
 HIGHEST   100           200 AM
 LOWEST     54           200 PM
 AVERAGE    77

..........................................................


THE KIRKSVILLE MO CLIMATE NORMALS FOR TODAY
                         NORMAL
 MAXIMUM TEMPERATURE (F)   76
 MINIMUM TEMPERATURE (F)   56


SUNRISE AND SUNSET
MAY 28 2017...........SUNRISE   545 AM CDT   SUNSET   830 PM CDT
MAY 29 2017...........SUNRISE   544 AM CDT   SUNSET   831 PM CDT


-  INDICATES NEGATIVE NUMBERS.
R  INDICATES RECORD WAS SET OR TIED.
MM INDICATES DATA IS MISSING.
T  INDICATES TRACE AMOUNT.




$$
