000
CDUS43 KEAX 250632
CLIIRK


CLIMATE REPORT
NATIONAL WEATHER SERVICE KANSAS CITY/PLEASANT HILL MO
132 AM CDT WED MAY 25 2016


...................................

...THE KIRKSVILLE MO CLIMATE SUMMARY FOR MAY 24 2016...

CLIMATE NORMAL PERIOD 1981 TO 2010
CLIMATE RECORD PERIOD 9999 TO 9999


WEATHER ITEM   OBSERVED TIME   NORMAL DEPARTURE LAST
                VALUE   (LST)  VALUE  FROM      YEAR
                                      NORMAL
......................................................
TEMPERATURE (F)
 YESTERDAY
  MAXIMUM         77    452 PM  75      2       73
  MINIMUM         58    451 AM  55      3       59
  AVERAGE         68            65      3       66

PRECIPITATION (IN)
  YESTERDAY        0.00          0.17  -0.17     1.01
  MONTH TO DATE    3.04          3.82  -0.78     3.51
  SINCE MAR 1      8.02         10.21  -2.19     8.04
  SINCE JAN 1     10.61         13.01  -2.40    10.09

DEGREE DAYS
 HEATING
  YESTERDAY        0             3     -3        0
  MONTH TO DATE  170           136     34      106
  SINCE MAR 1   1031          1293   -262     1074
  SINCE JUL 1   4738          5826  -1088     5753

 COOLING
  YESTERDAY        3             2      1        1
  MONTH TO DATE   14            34    -20       43
  SINCE MAR 1     22            41    -19       46
  SINCE JAN 1     22            41    -19       46
......................................................


WIND (MPH)
  HIGHEST WIND SPEED    15   HIGHEST WIND DIRECTION     S (170)
  HIGHEST GUST SPEED    18   HIGHEST GUST DIRECTION     S (160)
  AVERAGE WIND SPEED     7.1


SKY COVER
  AVERAGE SKY COVER 0.1


WEATHER CONDITIONS
 THE FOLLOWING WEATHER WAS RECORDED YESTERDAY.
  FOG


RELATIVE HUMIDITY (PERCENT)
 HIGHEST   100          1000 PM
 LOWEST     68          1200 AM
 AVERAGE    84

..........................................................


THE KIRKSVILLE MO CLIMATE NORMALS FOR TODAY
                         NORMAL
 MAXIMUM TEMPERATURE (F)   75
 MINIMUM TEMPERATURE (F)   55


SUNRISE AND SUNSET
MAY 25 2016...........SUNRISE   547 AM CDT   SUNSET   828 PM CDT
MAY 26 2016...........SUNRISE   546 AM CDT   SUNSET   829 PM CDT


-  INDICATES NEGATIVE NUMBERS.
R  INDICATES RECORD WAS SET OR TIED.
MM INDICATES DATA IS MISSING.
T  INDICATES TRACE AMOUNT.




$$
