000
CDUS43 KEAX 241238
CLIIRK


CLIMATE REPORT
NATIONAL WEATHER SERVICE KANSAS CITY/PLEASANT HILL MO
736 AM CDT THU JUL 24 2014


...................................

...THE KIRKSVILLE MO CLIMATE SUMMARY FOR JULY 24 2014...
VALID AS OF 0700 AM LOCAL TIME.

CLIMATE NORMAL PERIOD 1981 TO 2010
CLIMATE RECORD PERIOD 9999 TO 9999


WEATHER ITEM   OBSERVED TIME   NORMAL DEPARTURE LAST
                VALUE   (LST)  VALUE  FROM      YEAR
                                      NORMAL
......................................................
TEMPERATURE (F)
 TODAY
  MAXIMUM         61    559 AM  86    -25       81
  MINIMUM         56    519 AM  65     -9       57
  AVERAGE         59            76    -17       69

PRECIPITATION (IN)
  TODAY            0.00          0.16  -0.16     0.00
  MONTH TO DATE    2.70          3.53  -0.83     0.63
  SINCE JUN 1     10.12          8.31   1.81     4.07
  SINCE JAN 1     19.22         22.46  -3.24    28.54

DEGREE DAYS
 HEATING
  TODAY            6             0      6        0
  MONTH TO DATE   12             0     12        0
  SINCE JUN 1     18            16      2       36
  SINCE JUL 1     12             0     12        0

 COOLING
  TODAY            0            11    -11        4
  MONTH TO DATE  145           239    -94      234
  SINCE JUN 1    392           431    -39      441
  SINCE JAN 1    514           493     21      509
......................................................


WIND (MPH)
  HIGHEST WIND SPEED     6   HIGHEST WIND DIRECTION    NE (30)
  HIGHEST GUST SPEED     6   HIGHEST GUST DIRECTION    NE (30)
  AVERAGE WIND SPEED     1.3


SKY COVER
  AVERAGE SKY COVER 0.0


WEATHER CONDITIONS
 THE FOLLOWING WEATHER WAS RECORDED TODAY.
  FOG


RELATIVE HUMIDITY (PERCENT)
 HIGHEST    93           100 AM
 LOWEST     84          1200 AM
 AVERAGE    89

..........................................................


THE KIRKSVILLE MO CLIMATE NORMALS FOR TOMORROW
                         NORMAL
 MAXIMUM TEMPERATURE (F)   86
 MINIMUM TEMPERATURE (F)   65


SUNRISE AND SUNSET
JULY 24 2014..........SUNRISE   601 AM CDT   SUNSET   832 PM CDT
JULY 25 2014..........SUNRISE   602 AM CDT   SUNSET   831 PM CDT


-  INDICATES NEGATIVE NUMBERS.
R  INDICATES RECORD WAS SET OR TIED.
MM INDICATES DATA IS MISSING.
T  INDICATES TRACE AMOUNT.




$$
