000
CDUS43 KEAX 220638
CLIIRK


CLIMATE REPORT
NATIONAL WEATHER SERVICE KANSAS CITY/PLEASANT HILL MO
1234 AM CST SAT NOV 22 2014


...................................

...THE KIRKSVILLE MO CLIMATE SUMMARY FOR NOVEMBER 21 2014...

CLIMATE NORMAL PERIOD 1981 TO 2010
CLIMATE RECORD PERIOD 9999 TO 9999


WEATHER ITEM   OBSERVED TIME   NORMAL DEPARTURE LAST
                VALUE   (LST)  VALUE  FROM      YEAR
                                      NORMAL
......................................................
TEMPERATURE (F)
 YESTERDAY
  MAXIMUM         39   1159 PM  47     -8       48
  MINIMUM         16    511 AM  29    -13       32
  AVERAGE         28            38    -10       40

PRECIPITATION (IN)
  YESTERDAY        0.00          0.07  -0.07     0.07
  MONTH TO DATE    0.32          2.03  -1.71     1.61
  SINCE SEP 1     14.43          9.46   4.97     7.01
  SINCE JAN 1     42.52         36.87   5.65    36.90

DEGREE DAYS
 HEATING
  YESTERDAY       37            27     10       25
  MONTH TO DATE  642           469    173      453
  SINCE SEP 1   1068           951    117      903
  SINCE JUL 1   1074           958    116      916

 COOLING
  YESTERDAY        0             0      0        0
  MONTH TO DATE    0             0      0        0
  SINCE SEP 1     92            95     -3      218
  SINCE JAN 1    958           939     19     1028
......................................................


WIND (MPH)
  HIGHEST WIND SPEED    20   HIGHEST WIND DIRECTION    SE (130)
  HIGHEST GUST SPEED    23   HIGHEST GUST DIRECTION    SE (130)
  AVERAGE WIND SPEED    11.2


SKY COVER
  AVERAGE SKY COVER 0.5


WEATHER CONDITIONS
 THE FOLLOWING WEATHER WAS RECORDED YESTERDAY.
  FOG
  HAZE


RELATIVE HUMIDITY (PERCENT)
 HIGHEST    82          1100 PM
 LOWEST     44           200 PM
 AVERAGE    63

..........................................................


THE KIRKSVILLE MO CLIMATE NORMALS FOR TODAY
                         NORMAL
 MAXIMUM TEMPERATURE (F)   47
 MINIMUM TEMPERATURE (F)   28


SUNRISE AND SUNSET
NOVEMBER 22 2014......SUNRISE   703 AM CST   SUNSET   449 PM CST
NOVEMBER 23 2014......SUNRISE   705 AM CST   SUNSET   448 PM CST


-  INDICATES NEGATIVE NUMBERS.
R  INDICATES RECORD WAS SET OR TIED.
MM INDICATES DATA IS MISSING.
T  INDICATES TRACE AMOUNT.




$$
