000
CDUS43 KEAX 230635
CLIIRK


CLIMATE REPORT
NATIONAL WEATHER SERVICE KANSAS CITY/PLEASANT HILL MO
134 AM CDT SUN JUL 23 2017


...................................

...THE KIRKSVILLE MO CLIMATE SUMMARY FOR JULY 22 2017...

CLIMATE NORMAL PERIOD 1981 TO 2010
CLIMATE RECORD PERIOD 9999 TO 9999


WEATHER ITEM   OBSERVED TIME   NORMAL DEPARTURE LAST
                VALUE   (LST)  VALUE  FROM      YEAR
                                      NORMAL
......................................................
TEMPERATURE (F)
 YESTERDAY
  MAXIMUM         96    151 PM  86     10       90
  MINIMUM         77   1159 PM  65     12       70
  AVERAGE         87            76     11       80

PRECIPITATION (IN)
  YESTERDAY        0.00          0.17  -0.17     0.31
  MONTH TO DATE    0.76          3.21  -2.45     2.12
  SINCE JUN 1      5.76          7.99  -2.23     3.61
  SINCE JAN 1     19.18         22.14  -2.96    15.90

DEGREE DAYS
 HEATING
  YESTERDAY        0             0      0        0
  MONTH TO DATE    0             0      0        6
  SINCE JUN 1      7            16     -9        6
  SINCE JUL 1      0             0      0        6

 COOLING
  YESTERDAY       22            11     11       15
  MONTH TO DATE  315           217     98      250
  SINCE JUN 1    563           409    154      573
  SINCE JAN 1    655           471    184      645
......................................................


WIND (MPH)
  HIGHEST WIND SPEED    17   HIGHEST WIND DIRECTION    SW (220)
  HIGHEST GUST SPEED    24   HIGHEST GUST DIRECTION    SW (220)
  AVERAGE WIND SPEED     8.8


SKY COVER
  AVERAGE SKY COVER 0.1


WEATHER CONDITIONS
 THE FOLLOWING WEATHER WAS RECORDED YESTERDAY.
  THUNDERSTORM


RELATIVE HUMIDITY (PERCENT)
 HIGHEST    85          1100 PM
 LOWEST     56           200 PM
 AVERAGE    71

..........................................................


THE KIRKSVILLE MO CLIMATE NORMALS FOR TODAY
                         NORMAL
 MAXIMUM TEMPERATURE (F)   86
 MINIMUM TEMPERATURE (F)   65


SUNRISE AND SUNSET
JULY 23 2017..........SUNRISE   601 AM CDT   SUNSET   832 PM CDT
JULY 24 2017..........SUNRISE   601 AM CDT   SUNSET   831 PM CDT


-  INDICATES NEGATIVE NUMBERS.
R  INDICATES RECORD WAS SET OR TIED.
MM INDICATES DATA IS MISSING.
T  INDICATES TRACE AMOUNT.




$$
