000
CDUS43 KEAX 230638
CLIIRK


CLIMATE REPORT
NATIONAL WEATHER SERVICE KANSAS CITY/PLEASANT HILL MO
137 AM CDT SAT MAY 23 2015


...................................

...THE KIRKSVILLE MO CLIMATE SUMMARY FOR MAY 22 2015...

CLIMATE NORMAL PERIOD 1981 TO 2010
CLIMATE RECORD PERIOD 9999 TO 9999


WEATHER ITEM   OBSERVED TIME   NORMAL DEPARTURE LAST
                VALUE   (LST)  VALUE  FROM      YEAR
                                      NORMAL
......................................................
TEMPERATURE (F)
 YESTERDAY
  MAXIMUM         72   1150 AM  74     -2       68
  MINIMUM         50    430 AM  54     -4       54
  AVERAGE         61            64     -3       61

PRECIPITATION (IN)
  YESTERDAY        0.00          0.16  -0.16     0.23
  MONTH TO DATE    2.48          3.48  -1.00     1.31
  SINCE MAR 1      7.01          9.87  -2.86     5.36
  SINCE JAN 1      9.06         12.67  -3.61     8.91

DEGREE DAYS
 HEATING
  YESTERDAY        4             3      1        4
  MONTH TO DATE  103           130    -27      153
  SINCE MAR 1   1071          1287   -216     1456
  SINCE JUL 1   5750          5820    -70     6426

 COOLING
  YESTERDAY        0             2     -2        0
  MONTH TO DATE   42            30     12       57
  SINCE MAR 1     45            37      8       62
  SINCE JAN 1     45            37      8       62
......................................................


WIND (MPH)
  HIGHEST WIND SPEED    10   HIGHEST WIND DIRECTION    NW (310)
  HIGHEST GUST SPEED    13   HIGHEST GUST DIRECTION    NW (320)
  AVERAGE WIND SPEED     4.6


SKY COVER
  AVERAGE SKY COVER 0.2


WEATHER CONDITIONS
 THE FOLLOWING WEATHER WAS RECORDED YESTERDAY.
  NO SIGNIFICANT WEATHER WAS OBSERVED.


RELATIVE HUMIDITY (PERCENT)
 HIGHEST   100          1100 PM
 LOWEST     47          1000 AM
 AVERAGE    74

..........................................................


THE KIRKSVILLE MO CLIMATE NORMALS FOR TODAY
                         NORMAL
 MAXIMUM TEMPERATURE (F)   75
 MINIMUM TEMPERATURE (F)   54


SUNRISE AND SUNSET
MAY 23 2015...........SUNRISE   548 AM CDT   SUNSET   826 PM CDT
MAY 24 2015...........SUNRISE   548 AM CDT   SUNSET   827 PM CDT


-  INDICATES NEGATIVE NUMBERS.
R  INDICATES RECORD WAS SET OR TIED.
MM INDICATES DATA IS MISSING.
T  INDICATES TRACE AMOUNT.




$$
