000
CDUS43 KEAX 020647
CLIIRK


CLIMATE REPORT
NATIONAL WEATHER SERVICE KANSAS CITY/PLEASANT HILL MO
147 AM CDT THU JUL 2 2015


...................................

...THE KIRKSVILLE MO CLIMATE SUMMARY FOR JULY 1 2015...

CLIMATE NORMAL PERIOD 1981 TO 2010
CLIMATE RECORD PERIOD 9999 TO 9999


WEATHER ITEM   OBSERVED TIME   NORMAL DEPARTURE LAST
                VALUE   (LST)  VALUE  FROM      YEAR
                                      NORMAL
......................................................
TEMPERATURE (F)
 YESTERDAY
  MAXIMUM         82    412 PM  84     -2       82
  MINIMUM         67    500 AM  64      3       65
  AVERAGE         75            74      1       74

PRECIPITATION (IN)
  YESTERDAY        0.19          0.12   0.07     0.00
  MONTH TO DATE    0.19          0.12   0.07     0.00
  SINCE JUN 1     11.38          4.90   6.48     7.42
  SINCE JAN 1     22.14         19.05   3.09    16.52

DEGREE DAYS
 HEATING
  YESTERDAY        0             0      0        0
  MONTH TO DATE    0             0      0        0
  SINCE JUN 1     15            16     -1        6
  SINCE JUL 1      0             0      0        0

 COOLING
  YESTERDAY       10             9      1        9
  MONTH TO DATE   10             9      1        9
  SINCE JUN 1    252           201     51      256
  SINCE JAN 1    320           263     57      378
......................................................


WIND (MPH)
  HIGHEST WIND SPEED    15   HIGHEST WIND DIRECTION    NE (40)
  HIGHEST GUST SPEED    21   HIGHEST GUST DIRECTION    NE (60)
  AVERAGE WIND SPEED     5.5


SKY COVER
  AVERAGE SKY COVER 0.8


WEATHER CONDITIONS
 THE FOLLOWING WEATHER WAS RECORDED YESTERDAY.
  THUNDERSTORM
  HEAVY RAIN
  RAIN
  LIGHT RAIN
  FOG
  HAZE


RELATIVE HUMIDITY (PERCENT)
 HIGHEST   100           400 AM
 LOWEST     62           300 PM
 AVERAGE    81

..........................................................


THE KIRKSVILLE MO CLIMATE NORMALS FOR TODAY
                         NORMAL
 MAXIMUM TEMPERATURE (F)   84
 MINIMUM TEMPERATURE (F)   64


SUNRISE AND SUNSET
JULY  2 2015..........SUNRISE   545 AM CDT   SUNSET   843 PM CDT
JULY  3 2015..........SUNRISE   546 AM CDT   SUNSET   843 PM CDT


-  INDICATES NEGATIVE NUMBERS.
R  INDICATES RECORD WAS SET OR TIED.
MM INDICATES DATA IS MISSING.
T  INDICATES TRACE AMOUNT.




$$
