000
CDUS43 KEAX 141238
CLIIRK


CLIMATE REPORT
NATIONAL WEATHER SERVICE KANSAS CITY/PLEASANT HILL MO
737 AM CDT MON JUL 14 2014


...................................

...THE KIRKSVILLE MO CLIMATE SUMMARY FOR JULY 14 2014...
VALID AS OF 0700 AM LOCAL TIME.

CLIMATE NORMAL PERIOD 1981 TO 2010
CLIMATE RECORD PERIOD 9999 TO 9999


WEATHER ITEM   OBSERVED TIME   NORMAL DEPARTURE LAST
                VALUE   (LST)  VALUE  FROM      YEAR
                                      NORMAL
......................................................
TEMPERATURE (F)
 TODAY
  MAXIMUM         70    559 AM  85    -15       87
  MINIMUM         66    433 AM  65      1       58
  AVERAGE         68            75     -7       73

PRECIPITATION (IN)
  TODAY            0.00          0.16  -0.16     0.00
  MONTH TO DATE    2.54          1.92   0.62      T
  SINCE JUN 1      9.96          6.70   3.26     3.44
  SINCE JAN 1     19.06         20.85  -1.79    27.91

DEGREE DAYS
 HEATING
  TODAY            0             0      0        0
  MONTH TO DATE    4             0      4        0
  SINCE JUN 1     10            16     -6       36
  SINCE JUL 1      4             0      4        0

 COOLING
  TODAY            3            10     -7        8
  MONTH TO DATE   96           134    -38      115
  SINCE JUN 1    343           326     17      322
  SINCE JAN 1    465           388     77      390
......................................................


WIND (MPH)
  HIGHEST WIND SPEED     6   HIGHEST WIND DIRECTION    SW (240)
  HIGHEST GUST SPEED     7   HIGHEST GUST DIRECTION    SW (240)
  AVERAGE WIND SPEED     3.0


SKY COVER
  AVERAGE SKY COVER 0.0


WEATHER CONDITIONS
 THE FOLLOWING WEATHER WAS RECORDED TODAY.
  FOG
  FOG W/VISIBILITY <= 1/4 MILE


RELATIVE HUMIDITY (PERCENT)
 HIGHEST   100           100 AM
 LOWEST     90          1200 AM
 AVERAGE    95

..........................................................


THE KIRKSVILLE MO CLIMATE NORMALS FOR TOMORROW
                         NORMAL
 MAXIMUM TEMPERATURE (F)   85
 MINIMUM TEMPERATURE (F)   65


SUNRISE AND SUNSET
JULY 14 2014..........SUNRISE   553 AM CDT   SUNSET   839 PM CDT
JULY 15 2014..........SUNRISE   554 AM CDT   SUNSET   838 PM CDT


-  INDICATES NEGATIVE NUMBERS.
R  INDICATES RECORD WAS SET OR TIED.
MM INDICATES DATA IS MISSING.
T  INDICATES TRACE AMOUNT.




$$
