000
CDUS43 KBIS 120730
CLIISN


CLIMATE REPORT
NATIONAL WEATHER SERVICE BISMARCK ND
129 AM CST TUE DEC 12 2017


...................................

...THE WILLISTON ND CLIMATE SUMMARY FOR DECEMBER 11 2017...

CLIMATE NORMAL PERIOD 1981 TO 2010
CLIMATE RECORD PERIOD 1894 TO 2017


WEATHER ITEM   OBSERVED TIME   RECORD YEAR NORMAL DEPARTURE LAST
                VALUE   (LST)  VALUE       VALUE  FROM      YEAR
                                                  NORMAL
..................................................................
TEMPERATURE (F)
 YESTERDAY
  MAXIMUM         43   1227 AM  57    1939  25     18       MM
  MINIMUM         24    758 PM -24    1902   4     20       MM
  AVERAGE         34                        15     19       MM

PRECIPITATION (IN)
  YESTERDAY        T             0.27 1995   0.02  -0.02      T
  MONTH TO DATE    0.13                      0.21  -0.08     0.40
  SINCE DEC 1      0.13                      0.21  -0.08     0.40
  SINCE JAN 1     11.93                     13.96  -2.03    14.99

DEGREE DAYS
 HEATING
  YESTERDAY       31                        50    -19       MM
  MONTH TO DATE  406                       531   -125      539
  SINCE DEC 1    406                       531   -125      539
  SINCE JUL 1   2420                      2693   -273     2118

 COOLING
  YESTERDAY        0                         0      0       MM
  MONTH TO DATE    0                         0      0        0
  SINCE DEC 1      0                         0      0        0
  SINCE JAN 1    643                       456    187      521
..................................................................


WIND (MPH)
  HIGHEST WIND SPEED    36   HIGHEST WIND DIRECTION    NW (330)
  HIGHEST GUST SPEED    48   HIGHEST GUST DIRECTION    NW (330)
  AVERAGE WIND SPEED    15.0


SKY COVER
  POSSIBLE SUNSHINE  MM
  AVERAGE SKY COVER 0.8


WEATHER CONDITIONS
 THE FOLLOWING WEATHER WAS RECORDED YESTERDAY.
  LIGHT SNOW


RELATIVE HUMIDITY (PERCENT)
 HIGHEST    92           700 PM
 LOWEST     57          1200 AM
 AVERAGE    75

..........................................................


THE WILLISTON ND CLIMATE NORMALS FOR TODAY
                         NORMAL    RECORD    YEAR
 MAXIMUM TEMPERATURE (F)   25        54      1969
 MINIMUM TEMPERATURE (F)    4       -29      1917


SUNRISE AND SUNSET
DECEMBER 12 2017......SUNRISE   836 AM CST   SUNSET   501 PM CST
DECEMBER 13 2017......SUNRISE   837 AM CST   SUNSET   501 PM CST


-  INDICATES NEGATIVE NUMBERS.
R  INDICATES RECORD WAS SET OR TIED.
MM INDICATES DATA IS MISSING.
T  INDICATES TRACE AMOUNT.




$$
