000
CDUS43 KBIS 210800
CLIISN


CLIMATE REPORT
NATIONAL WEATHER SERVICE BISMARCK ND
200 AM CST TUE FEB 21 2017


...................................

...THE WILLISTON ND CLIMATE SUMMARY FOR FEBRUARY 20 2017...

CLIMATE NORMAL PERIOD 1981 TO 2010
CLIMATE RECORD PERIOD 1894 TO 2017


WEATHER ITEM   OBSERVED TIME   RECORD YEAR NORMAL DEPARTURE LAST
                VALUE   (LST)  VALUE       VALUE  FROM      YEAR
                                                  NORMAL
..................................................................
TEMPERATURE (F)
 YESTERDAY
  MAXIMUM         48    542 PM  56    1930  29     19       43
  MINIMUM         31    828 PM -33    1918   8     23       23
  AVERAGE         40                        19     21       33

PRECIPITATION (IN)
  YESTERDAY        T             0.19 1969   0.02  -0.02     0.01
  MONTH TO DATE    0.41                      0.26   0.15     0.70
  SINCE DEC 1      1.81                      1.47   0.34     1.63
  SINCE JAN 1      0.85                      0.85   0.00     1.08

SNOWFALL (IN)
  YESTERDAY       MM
  SNOW DEPTH      MM

DEGREE DAYS
 HEATING
  YESTERDAY       25                        46    -21       32
  MONTH TO DATE  895                       989    -94      742
  SINCE DEC 1   4081                      4248   -167     3571
  SINCE JUL 1   5660                      6410   -750     5321

 COOLING
  YESTERDAY        0                         0      0        0
  MONTH TO DATE    0                         0      0        0
  SINCE DEC 1      0                         0      0        0
  SINCE JAN 1      0                         0      0        0
..................................................................


WIND (MPH)
  HIGHEST WIND SPEED    17   HIGHEST WIND DIRECTION     W (270)
  HIGHEST GUST SPEED    21   HIGHEST GUST DIRECTION     W (250)
  AVERAGE WIND SPEED     6.6


SKY COVER
  POSSIBLE SUNSHINE  MM
  AVERAGE SKY COVER 0.4


WEATHER CONDITIONS
 THE FOLLOWING WEATHER WAS RECORDED YESTERDAY.
  FOG


RELATIVE HUMIDITY (PERCENT)
 HIGHEST    96           200 AM
 LOWEST     49           500 PM
 AVERAGE    73

..........................................................


THE WILLISTON ND CLIMATE NORMALS FOR TODAY
                         NORMAL    RECORD    YEAR
 MAXIMUM TEMPERATURE (F)   29        58      1984
 MINIMUM TEMPERATURE (F)    9       -29      1918


SUNRISE AND SUNSET
FEBRUARY 21 2017......SUNRISE   750 AM CST   SUNSET   627 PM CST
FEBRUARY 22 2017......SUNRISE   748 AM CST   SUNSET   628 PM CST


-  INDICATES NEGATIVE NUMBERS.
R  INDICATES RECORD WAS SET OR TIED.
MM INDICATES DATA IS MISSING.
T  INDICATES TRACE AMOUNT.




$$
