000
CDUS43 KBIS 060025
CLIISN


CLIMATE REPORT
NATIONAL WEATHER SERVICE BISMARCK ND
724 PM CDT SUN JUL 5 2015


...................................

...THE WILLISTON ND CLIMATE SUMMARY FOR JULY 5 2015...
VALID TODAY AS OF 0700 PM LOCAL TIME.

CLIMATE NORMAL PERIOD 1981 TO 2010
CLIMATE RECORD PERIOD 1894 TO 2015


WEATHER ITEM   OBSERVED TIME   RECORD YEAR NORMAL DEPARTURE LAST
                VALUE   (LST)  VALUE       VALUE  FROM      YEAR
                                                  NORMAL
..................................................................
TEMPERATURE (F)
 TODAY
  MAXIMUM         77    324 PM 110    1936  82     -5       99
  MINIMUM         64    615 AM  42    1929  54     10       56
  AVERAGE         71                        68      3       78

PRECIPITATION (IN)
  TODAY            0.32          1.54 1964   0.10   0.22     0.00
  MONTH TO DATE    0.68                      0.48   0.20     0.05
  SINCE JUN 1      2.58                      3.00  -0.42     1.49
  SINCE JAN 1      6.08                      7.61  -1.53     5.58

SNOWFALL (IN)
  TODAY           MM

DEGREE DAYS
 HEATING
  TODAY            0                         1     -1        0
  MONTH TO DATE    0                         7     -7        8
  SINCE JUN 1     54                       127    -73      118
  SINCE JUL 1      0                         7     -7        8

 COOLING
  TODAY            6                         5      1       13
  MONTH TO DATE   39                        21     18       27
  SINCE JUN 1    142                        89     53       55
  SINCE JAN 1    143                       102     41       76
..................................................................


WIND (MPH)
  HIGHEST WIND SPEED    22   HIGHEST WIND DIRECTION     N (360)
  HIGHEST GUST SPEED    33   HIGHEST GUST DIRECTION     N (360)
  AVERAGE WIND SPEED    14.0


SKY COVER
  POSSIBLE SUNSHINE  MM
  AVERAGE SKY COVER 0.4


WEATHER CONDITIONS
 THE FOLLOWING WEATHER WAS RECORDED TODAY.
  THUNDERSTORM
  RAIN
  LIGHT RAIN
  FOG
  HAZE


RELATIVE HUMIDITY (PERCENT)
 HIGHEST    93           500 AM
 LOWEST     36           400 PM
 AVERAGE    65

..........................................................


THE WILLISTON ND CLIMATE NORMALS FOR TOMORROW
                         NORMAL    RECORD    YEAR
 MAXIMUM TEMPERATURE (F)   83       109      1936
 MINIMUM TEMPERATURE (F)   55        36      1908


SUNRISE AND SUNSET
JULY  5 2015..........SUNRISE   601 AM CDT   SUNSET   957 PM CDT
JULY  6 2015..........SUNRISE   602 AM CDT   SUNSET   957 PM CDT


-  INDICATES NEGATIVE NUMBERS.
R  INDICATES RECORD WAS SET OR TIED.
MM INDICATES DATA IS MISSING.
T  INDICATES TRACE AMOUNT.




$$
