637
CDUS43 KBIS 290731
CLIISN


CLIMATE REPORT
NATIONAL WEATHER SERVICE BISMARCK ND
230 AM CDT SAT APR 29 2017


...................................

...THE WILLISTON ND CLIMATE SUMMARY FOR APRIL 28 2017...

CLIMATE NORMAL PERIOD 1981 TO 2010
CLIMATE RECORD PERIOD 1894 TO 2017


WEATHER ITEM   OBSERVED TIME   RECORD YEAR NORMAL DEPARTURE LAST
                VALUE   (LST)  VALUE       VALUE  FROM      YEAR
                                                  NORMAL
..................................................................
TEMPERATURE (F)
 YESTERDAY
  MAXIMUM         59    519 PM  91    1952  62     -3       58
  MINIMUM         25    513 AM  15    1958  34     -9       36
  AVERAGE         42                        48     -6       47

PRECIPITATION (IN)
  YESTERDAY        0.00          1.02 1970   0.05  -0.05     0.00
  MONTH TO DATE    0.50                      0.91  -0.41     1.95
  SINCE MAR 1      1.35                      1.62  -0.27     2.13
  SINCE JAN 1      2.49                      2.60  -0.11     3.26

SNOWFALL (IN)
  YESTERDAY       MM
  SNOW DEPTH      MM

DEGREE DAYS
 HEATING
  YESTERDAY       23                        17      6       18
  MONTH TO DATE  584                       618    -34      564
  SINCE MAR 1   1624                      1725   -101     1434
  SINCE JUL 1   7646                      8493   -847     7044

 COOLING
  YESTERDAY        0                         0      0        0
  MONTH TO DATE    0                         0      0        0
  SINCE MAR 1      0                         0      0        0
  SINCE JAN 1      0                         0      0        0
..................................................................


WIND (MPH)
  HIGHEST WIND SPEED    10   HIGHEST WIND DIRECTION    SW (210)
  HIGHEST GUST SPEED    14   HIGHEST GUST DIRECTION     S (200)
  AVERAGE WIND SPEED     3.6


SKY COVER
  POSSIBLE SUNSHINE  MM
  AVERAGE SKY COVER 0.1


WEATHER CONDITIONS
 THE FOLLOWING WEATHER WAS RECORDED YESTERDAY.
  NO SIGNIFICANT WEATHER WAS OBSERVED.


RELATIVE HUMIDITY (PERCENT)
 HIGHEST    81           500 AM
 LOWEST     17           500 PM
 AVERAGE    49

..........................................................


THE WILLISTON ND CLIMATE NORMALS FOR TODAY
                         NORMAL    RECORD    YEAR
 MAXIMUM TEMPERATURE (F)   63        91      1949
 MINIMUM TEMPERATURE (F)   35        12      1903


SUNRISE AND SUNSET
APRIL 29 2017.........SUNRISE   639 AM CDT   SUNSET   906 PM CDT
APRIL 30 2017.........SUNRISE   637 AM CDT   SUNSET   907 PM CDT


-  INDICATES NEGATIVE NUMBERS.
R  INDICATES RECORD WAS SET OR TIED.
MM INDICATES DATA IS MISSING.
T  INDICATES TRACE AMOUNT.




$$
