000
CDUS43 KBIS 050736
CLIISN


CLIMATE REPORT
NATIONAL WEATHER SERVICE BISMARCK ND
135 AM CST THU MAR 5 2015


...................................

...THE WILLISTON ND CLIMATE SUMMARY FOR MARCH 4 2015...

CLIMATE NORMAL PERIOD 1981 TO 2010
CLIMATE RECORD PERIOD 1894 TO 2015


WEATHER ITEM   OBSERVED TIME   RECORD YEAR NORMAL DEPARTURE LAST
                VALUE   (LST)  VALUE       VALUE  FROM      YEAR
                                                  NORMAL
..................................................................
TEMPERATURE (F)
 YESTERDAY
  MAXIMUM          7    558 PM  66    1987  34    -27       16
  MINIMUM        -10    801 AM -26    2003  13    -23        7
  AVERAGE         -1                        24    -25       12

PRECIPITATION (IN)
  YESTERDAY        0.00          0.50 2013   0.02  -0.02     0.05
  MONTH TO DATE    0.01                      0.08  -0.07     0.11
  SINCE MAR 1      0.01                      0.08  -0.07     0.11
  SINCE JAN 1      0.95                      1.06  -0.11     0.55

SNOWFALL (IN)
  YESTERDAY        0.0          11.0  2013   0.3   -0.3     MM
  MONTH TO DATE    0.0                       1.0   -1.0     MM
  SINCE MAR 1      0.0                       1.0   -1.0     MM
  SINCE JUL 1      0.0                      35.1  -35.1     MM
  SNOW DEPTH      MM

DEGREE DAYS
 HEATING
  YESTERDAY       66                        41     25       53
  MONTH TO DATE  219                       168     51      265
  SINCE MAR 1    219                       168     51      265
  SINCE JUL 1   6735                      6936   -201     7214

 COOLING
  YESTERDAY        0                         0      0        0
  MONTH TO DATE    0                         0      0        0
  SINCE MAR 1      0                         0      0        0
  SINCE JAN 1      0                         0      0        0
..................................................................


WIND (MPH)
  HIGHEST WIND SPEED    15   HIGHEST WIND DIRECTION    NW (330)
  HIGHEST GUST SPEED    22   HIGHEST GUST DIRECTION    NW (320)
  AVERAGE WIND SPEED     9.1


SKY COVER
  POSSIBLE SUNSHINE  MM
  AVERAGE SKY COVER 0.0


WEATHER CONDITIONS
 THE FOLLOWING WEATHER WAS RECORDED YESTERDAY.
  NO SIGNIFICANT WEATHER WAS OBSERVED.


RELATIVE HUMIDITY (PERCENT)
 HIGHEST    79           500 AM
 LOWEST     49           200 PM
 AVERAGE    64

..........................................................


THE WILLISTON ND CLIMATE NORMALS FOR TODAY
                         NORMAL    RECORD    YEAR
 MAXIMUM TEMPERATURE (F)   34        70      2000
 MINIMUM TEMPERATURE (F)   14       -30      2003


SUNRISE AND SUNSET
MARCH  5 2015.........SUNRISE   728 AM CST   SUNSET   645 PM CST
MARCH  6 2015.........SUNRISE   726 AM CST   SUNSET   646 PM CST


-  INDICATES NEGATIVE NUMBERS.
R  INDICATES RECORD WAS SET OR TIED.
MM INDICATES DATA IS MISSING.
T  INDICATES TRACE AMOUNT.




$$
