000
CDUS41 KOKX 202043
CLIISP


CLIMATE REPORT
NATIONAL WEATHER SERVICE NEW YORK NY
443 PM EDT WED AUG 20 2014


...................................

...THE ISLIP NY CLIMATE SUMMARY FOR AUGUST 20 2014...
VALID TODAY AS OF 0400 PM LOCAL TIME.

CLIMATE NORMAL PERIOD 1981 TO 2010
CLIMATE RECORD PERIOD 1986 TO 2014


WEATHER ITEM   OBSERVED TIME   RECORD YEAR NORMAL DEPARTURE LAST
                VALUE   (LST)  VALUE       VALUE  FROM      YEAR
                                                  NORMAL
..................................................................
TEMPERATURE (F)
 TODAY
  MAXIMUM         80   1238 PM  89    2006  80      0       87
  MINIMUM         62    525 AM  53    2008  65     -3       62
  AVERAGE         71                        73     -2       75

PRECIPITATION (IN)
  TODAY            0.00          2.61 2001   0.13  -0.13     0.00
  MONTH TO DATE   14.03                      2.61  11.42     1.96
  SINCE JUN 1     18.78                     10.31   8.47    12.45
  SINCE JAN 1     40.52                     29.77  10.75    27.80

SNOWFALL (IN)
  TODAY            0.0          MM      MM   0.0    0.0      0.0
  MONTH TO DATE    0.0                       0.0    0.0      0.0
  SINCE OCT 1     63.7                      24.8   38.9     46.9
  SINCE JUL 1      0.0                       0.0    0.0      0.0
  SNOW DEPTH       0

DEGREE DAYS
 HEATING
  TODAY            0                         0      0        0
  MONTH TO DATE    0                         0      0        0
  SINCE JUN 1      2                        40    -38       12
  SINCE JUL 1      0                         2     -2        0

 COOLING
  TODAY            6                         8     -2       10
  MONTH TO DATE  149                       172    -23      137
  SINCE JUN 1    644                       588     56      715
  SINCE JAN 1    673                       612     61      747
..................................................................


WIND (MPH)
  HIGHEST WIND SPEED    12   HIGHEST WIND DIRECTION     S (170)
  HIGHEST GUST SPEED    15   HIGHEST GUST DIRECTION     S (170)
  AVERAGE WIND SPEED     2.8


SKY COVER
  AVERAGE SKY COVER 0.2


WEATHER CONDITIONS
 THE FOLLOWING WEATHER WAS RECORDED TODAY.
  NO SIGNIFICANT WEATHER WAS OBSERVED.


RELATIVE HUMIDITY (PERCENT)
 HIGHEST    93           300 AM
 LOWEST     48           100 PM
 AVERAGE    71

..........................................................


THE ISLIP NY CLIMATE NORMALS FOR TOMORROW
                         NORMAL    RECORD    YEAR
 MAXIMUM TEMPERATURE (F)   80        94      1995
 MINIMUM TEMPERATURE (F)   65        50      1992


SUNRISE AND SUNSET
AUGUST 20 2014........SUNRISE   607 AM EDT   SUNSET   743 PM EDT
AUGUST 21 2014........SUNRISE   608 AM EDT   SUNSET   742 PM EDT


-  INDICATES NEGATIVE NUMBERS.
R  INDICATES RECORD WAS SET OR TIED.
MM INDICATES DATA IS MISSING.
T  INDICATES TRACE AMOUNT.




$$
