413
CDCA42 TJSJ 102126
CLIIST


CLIMATE REPORT
NATIONAL WEATHER SERVICE SAN JUAN, PR
526 PM AST WED FEB 10 2016


...................................

...THE CYRIL E. KING AP/ST THOMAS  CLIMATE SUMMARY FOR FEBRUARY 10 2016...
VALID TODAY AS OF 0500 PM LOCAL TIME.

CLIMATE NORMAL PERIOD 1981 TO 2010
CLIMATE RECORD PERIOD 1953 TO 2016


WEATHER ITEM   OBSERVED TIME   RECORD YEAR NORMAL DEPARTURE LAST
                VALUE   (LST)  VALUE       VALUE  FROM      YEAR
                                                  NORMAL
..................................................................
TEMPERATURE (F)
 TODAY
  MAXIMUM         83    116 PM  91    1993  85     -2       82
  MINIMUM         75    703 AM  65    1972  73      2       77
  AVERAGE         79                        79      0       80

PRECIPITATION (IN)
  TODAY            0.00          0.23 2009   0.06  -0.06      T
  MONTH TO DATE    0.43                      0.55  -0.12     0.27
  SINCE DEC 1      5.90                      5.89   0.01     4.62
  SINCE JAN 1      2.06                      2.93  -0.87     1.95

SNOWFALL (IN)
  TODAY           MM                         0.0   MM        0.0
  MONTH TO DATE    0.0                       0.0    0.0      0.0
  SINCE DEC 1      0.0                       0.0    0.0      0.0
  SINCE JUL 1      0.0                       0.0    0.0      0.0

DEGREE DAYS
 HEATING
  TODAY            0                         0      0        0
  MONTH TO DATE    0                         0      0        0
  SINCE DEC 1      0                         0      0        0
  SINCE JUL 1      0                         0      0        0

 COOLING
  TODAY           14                        14      0       15
  MONTH TO DATE  135                       140     -5      141
  SINCE DEC 1   1043                      1019     24     1013
  SINCE JAN 1    568                       568      0      560
..................................................................


WIND (MPH)
  HIGHEST WIND SPEED    18   HIGHEST WIND DIRECTION    SE (120)
  HIGHEST GUST SPEED    24   HIGHEST GUST DIRECTION    SE (130)
  AVERAGE WIND SPEED    11.4


SKY COVER
  AVERAGE SKY COVER 0.3


WEATHER CONDITIONS
 THE FOLLOWING WEATHER WAS RECORDED TODAY.
  NO SIGNIFICANT WEATHER WAS OBSERVED.


RELATIVE HUMIDITY (PERCENT)
 HIGHEST    87
 LOWEST     65
 AVERAGE    76

..........................................................


THE CYRIL E. KING AP/ST THOMAS  CLIMATE NORMALS FOR TOMORROW
                         NORMAL    RECORD    YEAR
 MAXIMUM TEMPERATURE (F)   85        91      1995
 MINIMUM TEMPERATURE (F)   73        65      1973
                                             2005
                                             1974


SUNRISE AND SUNSET
FEBRUARY 10 2016......SUNRISE   650 AM AST   SUNSET   618 PM AST
FEBRUARY 11 2016......SUNRISE   650 AM AST   SUNSET   619 PM AST


-  INDICATES NEGATIVE NUMBERS.
R  INDICATES RECORD WAS SET OR TIED.
MM INDICATES DATA IS MISSING.
T  INDICATES TRACE AMOUNT.




$$
