000
CDCA42 TJSJ 270449
CLIIST


CLIMATE REPORT
NATIONAL WEATHER SERVICE SAN JUAN, PR
1249 AM AST THU APR 27 2017


...................................

...THE CYRIL E. KING AP/ST THOMAS  CLIMATE SUMMARY FOR APRIL 26 2017...

CLIMATE NORMAL PERIOD 1981 TO 2010
CLIMATE RECORD PERIOD 1953 TO 2017


WEATHER ITEM   OBSERVED TIME   RECORD YEAR NORMAL DEPARTURE LAST
                VALUE   (LST)  VALUE       VALUE  FROM      YEAR
                                                  NORMAL
..................................................................
TEMPERATURE (F)
 YESTERDAY
  MAXIMUM         84    136 PM  93    1994  87     -3       87
  MINIMUM         76   1159 PM  70    1980  75      1       80
  AVERAGE         80                        81     -1       84

PRECIPITATION (IN)
  YESTERDAY        0.01          0.92 2007   0.11  -0.10      T
  MONTH TO DATE    0.66                      2.25  -1.59     2.04
  SINCE MAR 1      6.49                      3.67   2.82     4.47
  SINCE JAN 1      9.17                      7.48   1.69     7.60

SNOWFALL (IN)
  YESTERDAY        0.0                       0.0    0.0      0.0
  MONTH TO DATE    0.0                       0.0    0.0      0.0
  SINCE MAR 1      0.0                       0.0    0.0      0.0
  SINCE JUL 1      0.0                       0.0    0.0      0.0

DEGREE DAYS
 HEATING
  YESTERDAY        0                         0      0        0
  MONTH TO DATE    0                         0      0        0
  SINCE MAR 1      0                         0      0        0
  SINCE JUL 1      0                         0      0        0

 COOLING
  YESTERDAY       15                        16     -1       19
  MONTH TO DATE  386                       405    -19      447
  SINCE MAR 1    797                       850    -53      940
  SINCE JAN 1   1593                      1664    -71     1655
..................................................................


WIND (MPH)
  HIGHEST WIND SPEED    18   HIGHEST WIND DIRECTION     E (110)
  HIGHEST GUST SPEED    22   HIGHEST GUST DIRECTION     E (100)
  AVERAGE WIND SPEED    11.4


SKY COVER
  AVERAGE SKY COVER 0.5


WEATHER CONDITIONS
 THE FOLLOWING WEATHER WAS RECORDED YESTERDAY.
  FOG


RELATIVE HUMIDITY (PERCENT)
 HIGHEST    91
 LOWEST     74
 AVERAGE    83

..........................................................


THE CYRIL E. KING AP/ST THOMAS  CLIMATE NORMALS FOR TODAY
                         NORMAL    RECORD    YEAR
 MAXIMUM TEMPERATURE (F)   87        94      1994
 MINIMUM TEMPERATURE (F)   75        66      1985


SUNRISE AND SUNSET
APRIL 27 2017.........SUNRISE   555 AM AST   SUNSET   640 PM AST
APRIL 28 2017.........SUNRISE   554 AM AST   SUNSET   640 PM AST


-  INDICATES NEGATIVE NUMBERS.
R  INDICATES RECORD WAS SET OR TIED.
MM INDICATES DATA IS MISSING.
T  INDICATES TRACE AMOUNT.




$$
