000
CDCA42 TJSJ 200433
CLIIST


CLIMATE REPORT
NATIONAL WEATHER SERVICE SAN JUAN, PR
1233 AM AST SAT DEC 20 2014


...................................

...THE CYRIL E. KING AIRPORT/USVI CLIMATE SUMMARY FOR DECEMBER 19 2014...

CLIMATE NORMAL PERIOD 1981 TO 2010
CLIMATE RECORD PERIOD 1953 TO 2014


WEATHER ITEM   OBSERVED TIME   RECORD YEAR NORMAL DEPARTURE LAST
                VALUE   (LST)  VALUE       VALUE  FROM      YEAR
                                                  NORMAL
..................................................................
TEMPERATURE (F)
 YESTERDAY
  MAXIMUM         85    200 PM  90    1994  86     -1       85
  MINIMUM         76   1159 PM  65    1982  73      3       75
  AVERAGE         81                        79      2       80

PRECIPITATION (IN)
  YESTERDAY        0.00          0.46 1958   0.09  -0.09     0.07
  MONTH TO DATE    2.45                      1.89   0.56     6.02
  SINCE DEC 1      2.45                      1.89   0.56     6.02
  SINCE JAN 1     35.22                     38.27  -3.05    53.90

SNOWFALL (IN)
  YESTERDAY        0.0
  MONTH TO DATE    0.0
  SINCE DEC 1      0.0
  SINCE JUL 1      0.0

DEGREE DAYS
 HEATING
  YESTERDAY        0                         0      0        0
  MONTH TO DATE    0                         0      0        0
  SINCE DEC 1      0                         0      0        0
  SINCE JUL 1      0                         0      0        0

 COOLING
  YESTERDAY       16                        14      2       15
  MONTH TO DATE  278                       282     -4      279
  SINCE DEC 1    278                       282     -4      279
  SINCE JAN 1   5824                      5876    -52     5840
..................................................................


WIND (MPH)
  RESULTANT WIND SPEED   8   RESULTANT WIND DIRECTION   E (100)
  HIGHEST WIND SPEED    17   HIGHEST WIND DIRECTION     E (90)
  AVERAGE WIND SPEED     8.9


SKY COVER
  AVERAGE SKY COVER 0.4


WEATHER CONDITIONS
 THE FOLLOWING WEATHER WAS RECORDED YESTERDAY.
  NO SIGNIFICANT WEATHER WAS OBSERVED.


RELATIVE HUMIDITY (PERCENT)
 HIGHEST    79
 LOWEST     55
 AVERAGE    67

..........................................................


THE CYRIL E. KING AIRPORT/USVI CLIMATE NORMALS FOR TODAY
                         NORMAL    RECORD    YEAR
 MAXIMUM TEMPERATURE (F)   85        91      1994
 MINIMUM TEMPERATURE (F)   73        66      1954


SUNRISE AND SUNSET
DECEMBER 20 2014......SUNRISE   647 AM AST   SUNSET   548 PM AST
DECEMBER 21 2014......SUNRISE   647 AM AST   SUNSET   549 PM AST


-  INDICATES NEGATIVE NUMBERS.
R  INDICATES RECORD WAS SET OR TIED.
MM INDICATES DATA IS MISSING.
T  INDICATES TRACE AMOUNT.




$$
