000
CDCA42 TJSJ 020455
CLIISX


CLIMATE REPORT
NATIONAL WEATHER SERVICE SAN JUAN, PR
1254 AM AST MON MAR 2 2015


...................................

...THE HENRY E. ROHLSEN AP/ST CROIX CLIMATE SUMMARY FOR MARCH 1 2015...

CLIMATE NORMAL PERIOD 1981 TO 2010
CLIMATE RECORD PERIOD 1951 TO 2015


WEATHER ITEM   OBSERVED TIME   RECORD YEAR NORMAL DEPARTURE LAST
                VALUE   (LST)  VALUE       VALUE  FROM      YEAR
                                                  NORMAL
..................................................................
TEMPERATURE (F)
 YESTERDAY
  MAXIMUM         84    225 PM  89    1973  84      0       86
  MINIMUM         72    812 PM  65    2013  72      0       71
                                      1975
  AVERAGE         78                        78      0       79

PRECIPITATION (IN)
  YESTERDAY        0.06          0.40 1972   0.05   0.01     0.08
  MONTH TO DATE    0.06                      0.05   0.01     0.08
  SINCE MAR 1      0.06                      0.05   0.01     0.08
  SINCE JAN 1      3.08                      3.84  -0.76     2.24

SNOWFALL (IN)
  YESTERDAY        0.0                       0.0    0.0      0.0
  MONTH TO DATE    0.0                       0.0    0.0      0.0
  SINCE MAR 1      0.0                       0.0    0.0      0.0
  SINCE JUL 1      0.0                       0.0    0.0      0.0

DEGREE DAYS
 HEATING
  YESTERDAY        0                         0      0        0
  MONTH TO DATE    0                         0      0        0
  SINCE MAR 1      0                         0      0        0
  SINCE JUL 1      0                         0      0        0

 COOLING
  YESTERDAY       13                        13      0       14
  MONTH TO DATE   13                        13      0       14
  SINCE MAR 1     13                        13      0       14
  SINCE JAN 1    816                       790     26      863
..................................................................


WIND (MPH)
  HIGHEST WIND SPEED    25   HIGHEST WIND DIRECTION     E (70)
  HIGHEST GUST SPEED    36   HIGHEST GUST DIRECTION     E (70)
  AVERAGE WIND SPEED    12.7


SKY COVER
  AVERAGE SKY COVER 0.4


WEATHER CONDITIONS
 THE FOLLOWING WEATHER WAS RECORDED YESTERDAY.
  LIGHT RAIN


RELATIVE HUMIDITY (PERCENT)
 HIGHEST    74
 LOWEST     58
 AVERAGE    66

..........................................................


THE HENRY E. ROHLSEN AP/ST CROIX CLIMATE NORMALS FOR TODAY
                         NORMAL    RECORD    YEAR
 MAXIMUM TEMPERATURE (F)   84        88      1978
 MINIMUM TEMPERATURE (F)   72        65      2013


SUNRISE AND SUNSET
MARCH  2 2015.........SUNRISE   637 AM AST   SUNSET   626 PM AST
MARCH  3 2015.........SUNRISE   636 AM AST   SUNSET   626 PM AST


-  INDICATES NEGATIVE NUMBERS.
R  INDICATES RECORD WAS SET OR TIED.
MM INDICATES DATA IS MISSING.
T  INDICATES TRACE AMOUNT.




$$
