902
CDCA42 TJSJ 222125
CLIISX


CLIMATE REPORT
NATIONAL WEATHER SERVICE SAN JUAN, PR
525 PM AST WED MAR 22 2017


...................................

...THE HENRY E. ROHLSEN AP/ST CROIX CLIMATE SUMMARY FOR MARCH 22 2017...
VALID TODAY AS OF 0500 PM LOCAL TIME.

CLIMATE NORMAL PERIOD 1981 TO 2010
CLIMATE RECORD PERIOD 1951 TO 2017


WEATHER ITEM   OBSERVED TIME   RECORD YEAR NORMAL DEPARTURE LAST
                VALUE   (LST)  VALUE       VALUE  FROM      YEAR
                                                  NORMAL
..................................................................
TEMPERATURE (F)
 TODAY
  MAXIMUM         86    102 PM  90    1996  85      1       88
  MINIMUM         74    353 AM  64    1980  73      1       72
  AVERAGE         80                        79      1       80

PRECIPITATION (IN)
  TODAY            T             0.68 1972   0.05  -0.05     0.00
  MONTH TO DATE    2.42                      1.06   1.36     0.83
  SINCE MAR 1      2.42                      1.06   1.36     0.83
  SINCE JAN 1      4.16                      4.85  -0.69     2.80

SNOWFALL (IN)
  TODAY            0.0                       0.0    0.0      0.0
  MONTH TO DATE    0.0                       0.0    0.0      0.0
  SINCE MAR 1      0.0                       0.0    0.0      0.0
  SINCE JUL 1      0.0                       0.0    0.0      0.0

DEGREE DAYS
 HEATING
  TODAY            0                         0      0        0
  MONTH TO DATE    0                         0      0        0
  SINCE MAR 1      0                         0      0        0
  SINCE JUL 1      0                         0      0        0

 COOLING
  TODAY           15                        14      1       15
  MONTH TO DATE  308                       292     16      324
  SINCE MAR 1    308                       292     16      324
  SINCE JAN 1   1077                      1069      8     1174
..................................................................


WIND (MPH)
  HIGHEST WIND SPEED    18   HIGHEST WIND DIRECTION     E (110)
  HIGHEST GUST SPEED    24   HIGHEST GUST DIRECTION    SE (120)
  AVERAGE WIND SPEED    11.9


SKY COVER
  AVERAGE SKY COVER 0.7


WEATHER CONDITIONS
 THE FOLLOWING WEATHER WAS RECORDED TODAY.
  LIGHT RAIN
  FOG


RELATIVE HUMIDITY (PERCENT)
 HIGHEST    87
 LOWEST     61
 AVERAGE    74

..........................................................


THE HENRY E. ROHLSEN AP/ST CROIX CLIMATE NORMALS FOR TOMORROW
                         NORMAL    RECORD    YEAR
 MAXIMUM TEMPERATURE (F)   85        90      1973
 MINIMUM TEMPERATURE (F)   73        64      2000


SUNRISE AND SUNSET
MARCH 22 2017.........SUNRISE   622 AM AST   SUNSET   631 PM AST
MARCH 23 2017.........SUNRISE   621 AM AST   SUNSET   631 PM AST


-  INDICATES NEGATIVE NUMBERS.
R  INDICATES RECORD WAS SET OR TIED.
MM INDICATES DATA IS MISSING.
T  INDICATES TRACE AMOUNT.




$$
