000
CDHW43 PHFO 261245
CLIITO


CLIMATE REPORT
NATIONAL WEATHER SERVICE HONOLULU HI
245 AM HST WED APR 26 2017


...................................

...THE HILO HI CLIMATE SUMMARY FOR APRIL 25 2017...

CLIMATE NORMAL PERIOD 1981 TO 2010
CLIMATE RECORD PERIOD 1946 TO 2017


WEATHER ITEM   OBSERVED TIME   RECORD YEAR NORMAL DEPARTURE LAST
                VALUE   (LST)  VALUE       VALUE  FROM      YEAR
                                                  NORMAL
..................................................................
TEMPERATURE (F)
 YESTERDAY
  MAXIMUM         85R   228 PM  85    1980  79      6       84
                                      1977
  MINIMUM         65    304 AM  62    2007  66     -1       70
                                      1982
                                      1974
  AVERAGE         75                        72      3       77

PRECIPITATION (IN)
  YESTERDAY        0.01          2.11 1979   0.34  -0.33     0.23
  MONTH TO DATE    4.16                      9.91  -5.75     8.59
  SINCE MAR 1      7.56                     23.34 -15.78    13.48
  SINCE JAN 1     26.05                     42.16 -16.11    18.05

SNOWFALL (IN)
  YESTERDAY        0.0
  MONTH TO DATE    0.0
  SINCE MAR 1      0.0
  SINCE JUL 1      0.0
  SNOW DEPTH      MM

DEGREE DAYS
 HEATING
  YESTERDAY        0                         0      0        0
  MONTH TO DATE    0                         0      0        0
  SINCE MAR 1      0                         0      0        0
  SINCE JUL 1      0                         0      0        0

 COOLING
  YESTERDAY       10                         7      3       12
  MONTH TO DATE  233                       175     58      262
  SINCE MAR 1    535                       386    149      571
  SINCE JAN 1    944                       756    188     1135
..................................................................


WIND (MPH)
  HIGHEST WIND SPEED    18   HIGHEST WIND DIRECTION     E (90)
  HIGHEST GUST SPEED    23   HIGHEST GUST DIRECTION     E (90)
  AVERAGE WIND SPEED     7.5


SKY COVER
  POSSIBLE SUNSHINE  MM
  AVERAGE SKY COVER  MM


WEATHER CONDITIONS
 THE FOLLOWING WEATHER WAS RECORDED YESTERDAY.
  NO SIGNIFICANT WEATHER WAS OBSERVED.


RELATIVE HUMIDITY (PERCENT)
 HIGHEST    MM
 LOWEST     MM
 AVERAGE    MM

..........................................................


THE HILO HI CLIMATE NORMALS FOR TODAY
                         NORMAL    RECORD    YEAR
 MAXIMUM TEMPERATURE (F)   79        86      1977
                                             1962
 MINIMUM TEMPERATURE (F)   66        59      2009


SUNRISE AND SUNSET
APRIL 26 2017.........SUNRISE   554 AM HST   SUNSET   642 PM HST
APRIL 27 2017.........SUNRISE   554 AM HST   SUNSET   642 PM HST


-  INDICATES NEGATIVE NUMBERS.
R  INDICATES RECORD WAS SET OR TIED.
MM INDICATES DATA IS MISSING.
T  INDICATES TRACE AMOUNT.




$$
