000
CDHW43 PHFO 240229
CLIITO


CLIMATE REPORT
NATIONAL WEATHER SERVICE HONOLULU HI
425 PM HST MON OCT 23 2017


...................................

...THE HILO HI CLIMATE SUMMARY FOR OCTOBER 23 2017...
VALID TODAY AS OF 0400 PM LOCAL TIME.

CLIMATE NORMAL PERIOD 1981 TO 2010
CLIMATE RECORD PERIOD 1946 TO 2017


WEATHER ITEM   OBSERVED TIME   RECORD YEAR NORMAL DEPARTURE LAST
                VALUE   (LST)  VALUE       VALUE  FROM      YEAR
                                                  NORMAL
..................................................................
TEMPERATURE (F)
 TODAY
  MAXIMUM         88R  1227 PM  87    2003  82      6       83
  MINIMUM         69    509 AM  64    2008  68      1       69
                                      2001
                                      1998
  AVERAGE         79                        75      4       76

PRECIPITATION (IN)
  TODAY            0.00          5.32 1958   0.32  -0.32     0.16
  MONTH TO DATE   10.33                      6.84   3.49    15.36
  SINCE SEP 1     14.24                     16.78  -2.54    26.10
  SINCE JAN 1     67.86                     96.72 -28.86    94.19

SNOWFALL (IN)
  TODAY            0.0
  MONTH TO DATE    0.0
  SINCE SEP 1      0.0
  SINCE JUL 1      0.0
  SNOW DEPTH      MM

DEGREE DAYS
 HEATING
  TODAY            0                         0      0        0
  MONTH TO DATE    0                         0      0        0
  SINCE SEP 1      0                         0      0        0
  SINCE JUL 1      0                         0      0        0

 COOLING
  TODAY           14                        10      4       11
  MONTH TO DATE  275                       248     27      267
  SINCE SEP 1    637                       584     53      649
  SINCE JAN 1   3053                      2656    397     3400
..................................................................


WIND (MPH)
  HIGHEST WIND SPEED    23   HIGHEST WIND DIRECTION    SE (140)
  HIGHEST GUST SPEED    30   HIGHEST GUST DIRECTION    SE (140)
  AVERAGE WIND SPEED    MM


SKY COVER
  POSSIBLE SUNSHINE  MM
  AVERAGE SKY COVER  MM


WEATHER CONDITIONS
 THE FOLLOWING WEATHER WAS RECORDED TODAY.
  NO SIGNIFICANT WEATHER WAS OBSERVED.


RELATIVE HUMIDITY (PERCENT)
 HIGHEST    MM
 LOWEST     MM
 AVERAGE    MM

..........................................................


THE HILO HI CLIMATE NORMALS FOR TOMORROW
                         NORMAL    RECORD    YEAR
 MAXIMUM TEMPERATURE (F)   82        86      2015
                                             2003
                                             1994
 MINIMUM TEMPERATURE (F)   68        62      1980


SUNRISE AND SUNSET
OCTOBER 23 2017.......SUNRISE   618 AM HST   SUNSET   551 PM HST
OCTOBER 24 2017.......SUNRISE   618 AM HST   SUNSET   550 PM HST


-  INDICATES NEGATIVE NUMBERS.
R  INDICATES RECORD WAS SET OR TIED.
MM INDICATES DATA IS MISSING.
T  INDICATES TRACE AMOUNT.




$$
