000
CDHW43 PHFO 071245
CLIITO


CLIMATE REPORT
NATIONAL WEATHER SERVICE HONOLULU HI
245 AM HST TUE JUL 7 2015


...................................

...THE HILO HI CLIMATE SUMMARY FOR JULY 6 2015...

CLIMATE NORMAL PERIOD 1981 TO 2010
CLIMATE RECORD PERIOD 1946 TO 2015


WEATHER ITEM   OBSERVED TIME   RECORD YEAR NORMAL DEPARTURE LAST
                VALUE   (LST)  VALUE       VALUE  FROM      YEAR
                                                  NORMAL
..................................................................
TEMPERATURE (F)
 YESTERDAY
  MAXIMUM         87    311 PM  88    2008  83      4       83
  MINIMUM         72   1159 PM  63    1955  69      3       66
  AVERAGE         80                        76      4       75

PRECIPITATION (IN)
  YESTERDAY        0.10          5.39 1989   0.32  -0.22     0.01
  MONTH TO DATE    0.17                      1.82  -1.65     0.71
  SINCE JUN 1      5.40                      9.19  -3.79     7.28
  SINCE JAN 1     44.47                     61.10 -16.63    55.02

SNOWFALL (IN)
  YESTERDAY        0.0
  MONTH TO DATE    0.0
  SINCE JUN 1      0.0
  SINCE JUL 1      0.0
  SNOW DEPTH       0

DEGREE DAYS
 HEATING
  YESTERDAY        0                         0      0        0
  MONTH TO DATE    0                         0      0        0
  SINCE JUN 1      0                         0      0        0
  SINCE JUL 1      0                         0      0        0

 COOLING
  YESTERDAY       15                        11      4       10
  MONTH TO DATE   90                        66     24       59
  SINCE JUN 1    451                       372     79      325
  SINCE JAN 1   1778                      1440    338     1581
..................................................................


WIND (MPH)
  HIGHEST WIND SPEED    18   HIGHEST WIND DIRECTION    NE (40)
  HIGHEST GUST SPEED    23   HIGHEST GUST DIRECTION    NE (40)
  AVERAGE WIND SPEED     7.6


SKY COVER
  POSSIBLE SUNSHINE  MM
  AVERAGE SKY COVER 0.7


WEATHER CONDITIONS
 THE FOLLOWING WEATHER WAS RECORDED YESTERDAY.
  RAIN
  LIGHT RAIN
  FOG


RELATIVE HUMIDITY (PERCENT)
 HIGHEST    93          1000 PM
 LOWEST     57           100 PM
 AVERAGE    75

..........................................................


THE HILO HI CLIMATE NORMALS FOR TODAY
                         NORMAL    RECORD    YEAR
 MAXIMUM TEMPERATURE (F)   83        88      1980
 MINIMUM TEMPERATURE (F)   69        64      1951


SUNRISE AND SUNSET
JULY  7 2015..........SUNRISE   547 AM HST   SUNSET   703 PM HST
JULY  8 2015..........SUNRISE   547 AM HST   SUNSET   703 PM HST


-  INDICATES NEGATIVE NUMBERS.
R  INDICATES RECORD WAS SET OR TIED.
MM INDICATES DATA IS MISSING.
T  INDICATES TRACE AMOUNT.




$$
