000
CDHW43 PHFO 191245
CLIITO


CLIMATE REPORT
NATIONAL WEATHER SERVICE HONOLULU HI
245 AM HST FRI JAN 19 2018


...................................

...THE HILO HI CLIMATE SUMMARY FOR JANUARY 18 2018...

CLIMATE NORMAL PERIOD 1981 TO 2010
CLIMATE RECORD PERIOD 1946 TO 2018


WEATHER ITEM   OBSERVED TIME   RECORD YEAR NORMAL DEPARTURE LAST
                VALUE   (LST)  VALUE       VALUE  FROM      YEAR
                                                  NORMAL
..................................................................
TEMPERATURE (F)
 YESTERDAY
  MAXIMUM         78    336 PM  88    1974  79     -1       82
  MINIMUM         68    758 AM  58    2009  64      4       61
  AVERAGE         73                        71      2       72

PRECIPITATION (IN)
  YESTERDAY        0.62          5.08 2002   0.28   0.34     0.00
  MONTH TO DATE    1.41                      4.98  -3.57     1.22
  SINCE DEC 1     11.31                     16.55  -5.24    21.62
  SINCE JAN 1      1.41                      4.98  -3.57     1.22

SNOWFALL (IN)
  YESTERDAY        0.0
  MONTH TO DATE    0.0
  SINCE DEC 1      0.0
  SINCE JUL 1      0.0
  SNOW DEPTH      MM

DEGREE DAYS
 HEATING
  YESTERDAY        0                         0      0        0
  MONTH TO DATE    0                         0      0        0
  SINCE DEC 1      0                         0      0        0
  SINCE JUL 1      0                         0      0        0

 COOLING
  YESTERDAY        8                         6      2        7
  MONTH TO DATE  149                       119     30      122
  SINCE DEC 1    349                       344      5      352
  SINCE JAN 1    149                       119     30      122
..................................................................


WIND (MPH)
  HIGHEST WIND SPEED    20   HIGHEST WIND DIRECTION     E (90)
  HIGHEST GUST SPEED    24   HIGHEST GUST DIRECTION     E (100)
  AVERAGE WIND SPEED     6.5


SKY COVER
  POSSIBLE SUNSHINE  MM
  AVERAGE SKY COVER  MM


WEATHER CONDITIONS
 THE FOLLOWING WEATHER WAS RECORDED YESTERDAY.
  FOG
  HAZE


RELATIVE HUMIDITY (PERCENT)
 HIGHEST    MM
 LOWEST     MM
 AVERAGE    MM

..........................................................


THE HILO HI CLIMATE NORMALS FOR TODAY
                         NORMAL    RECORD    YEAR
 MAXIMUM TEMPERATURE (F)   79        88      1974
 MINIMUM TEMPERATURE (F)   64        54      1980


SUNRISE AND SUNSET
JANUARY 19 2018.......SUNRISE   658 AM HST   SUNSET   605 PM HST
JANUARY 20 2018.......SUNRISE   658 AM HST   SUNSET   605 PM HST


-  INDICATES NEGATIVE NUMBERS.
R  INDICATES RECORD WAS SET OR TIED.
MM INDICATES DATA IS MISSING.
T  INDICATES TRACE AMOUNT.




$$
