000
CDHW43 PHFO 231245
CLIITO


CLIMATE REPORT
NATIONAL WEATHER SERVICE HONOLULU HI
245 AM HST THU MAR 23 2017


...................................

...THE HILO HI CLIMATE SUMMARY FOR MARCH 22 2017...

CLIMATE NORMAL PERIOD 1981 TO 2010
CLIMATE RECORD PERIOD 1946 TO 2017


WEATHER ITEM   OBSERVED TIME   RECORD YEAR NORMAL DEPARTURE LAST
                VALUE   (LST)  VALUE       VALUE  FROM      YEAR
                                                  NORMAL
..................................................................
TEMPERATURE (F)
 YESTERDAY
  MAXIMUM         84    151 PM  88    1972  79      5       83
  MINIMUM         67    630 AM  59    1958  65      2       64
  AVERAGE         76                        72      4       74

PRECIPITATION (IN)
  YESTERDAY        T             8.94 2004   0.46  -0.46     0.00
  MONTH TO DATE    0.82                      9.42  -8.60     4.55
  SINCE MAR 1      0.82                      9.42  -8.60     4.55
  SINCE JAN 1     19.31                     28.24  -8.93     9.12

SNOWFALL (IN)
  YESTERDAY        0.0
  MONTH TO DATE    0.0
  SINCE MAR 1      0.0
  SINCE JUL 1      0.0
  SNOW DEPTH       0

DEGREE DAYS
 HEATING
  YESTERDAY        0                         0      0        0
  MONTH TO DATE    0                         0      0        0
  SINCE MAR 1      0                         0      0        0
  SINCE JUL 1      0                         0      0        0

 COOLING
  YESTERDAY       11                         7      4        9
  MONTH TO DATE  216                       151     65      210
  SINCE MAR 1    216                       151     65      210
  SINCE JAN 1    625                       521    104      774
..................................................................


WIND (MPH)
  HIGHEST WIND SPEED    18   HIGHEST WIND DIRECTION     E (110)
  HIGHEST GUST SPEED    23   HIGHEST GUST DIRECTION     E (80)
  AVERAGE WIND SPEED     8.4


SKY COVER
  POSSIBLE SUNSHINE  MM
  AVERAGE SKY COVER 0.3


WEATHER CONDITIONS
 THE FOLLOWING WEATHER WAS RECORDED YESTERDAY.
  LIGHT RAIN


RELATIVE HUMIDITY (PERCENT)
 HIGHEST    84          1200 AM
 LOWEST     48          1100 AM
 AVERAGE    66

..........................................................


THE HILO HI CLIMATE NORMALS FOR TODAY
                         NORMAL    RECORD    YEAR
 MAXIMUM TEMPERATURE (F)   79        93      1972
 MINIMUM TEMPERATURE (F)   65        59      1956


SUNRISE AND SUNSET
MARCH 23 2017.........SUNRISE   621 AM HST   SUNSET   632 PM HST
MARCH 24 2017.........SUNRISE   620 AM HST   SUNSET   632 PM HST


-  INDICATES NEGATIVE NUMBERS.
R  INDICATES RECORD WAS SET OR TIED.
MM INDICATES DATA IS MISSING.
T  INDICATES TRACE AMOUNT.




$$
