000
CDHW43 PHFO 250249
CLIITO


CLIMATE REPORT
NATIONAL WEATHER SERVICE HONOLULU HI
449 PM HST SAT JAN 24 2015


...................................

...THE HILO HI CLIMATE SUMMARY FOR JANUARY 24 2015...
VALID TODAY AS OF 0400 PM LOCAL TIME.

CLIMATE NORMAL PERIOD 1981 TO 2010
CLIMATE RECORD PERIOD 1946 TO 2015


WEATHER ITEM   OBSERVED TIME   RECORD YEAR NORMAL DEPARTURE LAST
                VALUE   (LST)  VALUE       VALUE  FROM      YEAR
                                                  NORMAL
..................................................................
TEMPERATURE (F)
 TODAY
  MAXIMUM         85   1148 AM  89    1967  79      6       77
  MINIMUM         66    708 AM  55    1961  64      2       60
  AVERAGE         76                        71      5       69

PRECIPITATION (IN)
  TODAY            0.00          4.29 1972   0.32  -0.32     0.00
  MONTH TO DATE    0.04                      6.92  -6.88     1.20
  SINCE DEC 1      6.14                     18.49 -12.35    21.40
  SINCE JAN 1      0.04                      6.92  -6.88     1.20

SNOWFALL (IN)
  TODAY            0.0
  MONTH TO DATE    0.0
  SINCE DEC 1      0.0
  SINCE JUL 1      0.0
  SNOW DEPTH       0

DEGREE DAYS
 HEATING
  TODAY            0                         0      0        0
  MONTH TO DATE    0                         0      0        0
  SINCE DEC 1      0                         0      0        0
  SINCE JUL 1      0                         0      0        0

 COOLING
  TODAY           11                         6      5        4
  MONTH TO DATE  194                       155     39      165
  SINCE DEC 1    435                       380     55      412
  SINCE JAN 1    194                       155     39      165
..................................................................


WIND (MPH)
  HIGHEST WIND SPEED    16   HIGHEST WIND DIRECTION     N (20)
  HIGHEST GUST SPEED    21   HIGHEST GUST DIRECTION     N (20)
  AVERAGE WIND SPEED     7.8


SKY COVER
  POSSIBLE SUNSHINE  MM
  AVERAGE SKY COVER 0.4


WEATHER CONDITIONS
 THE FOLLOWING WEATHER WAS RECORDED TODAY.
  NO SIGNIFICANT WEATHER WAS OBSERVED.


RELATIVE HUMIDITY (PERCENT)
 HIGHEST    84          1200 AM
 LOWEST     47           900 AM
 AVERAGE    66

..........................................................


THE HILO HI CLIMATE NORMALS FOR TOMORROW
                         NORMAL    RECORD    YEAR
 MAXIMUM TEMPERATURE (F)   79        87      1977
 MINIMUM TEMPERATURE (F)   64        57      1958


SUNRISE AND SUNSET
JANUARY 24 2015.......SUNRISE   657 AM HST   SUNSET   608 PM HST
JANUARY 25 2015.......SUNRISE   657 AM HST   SUNSET   608 PM HST


-  INDICATES NEGATIVE NUMBERS.
R  INDICATES RECORD WAS SET OR TIED.
MM INDICATES DATA IS MISSING.
T  INDICATES TRACE AMOUNT.




$$
