000
CDHW43 PHFO 170256
CLIITO


CLIMATE REPORT
NATIONAL WEATHER SERVICE HONOLULU HI
454 PM HST WED AUG 16 2017


...................................

...THE HILO HI CLIMATE SUMMARY FOR AUGUST 16 2017...
VALID TODAY AS OF 0400 PM LOCAL TIME.

CLIMATE NORMAL PERIOD 1981 TO 2010
CLIMATE RECORD PERIOD 1946 TO 2017


WEATHER ITEM   OBSERVED TIME   RECORD YEAR NORMAL DEPARTURE LAST
                VALUE   (LST)  VALUE       VALUE  FROM      YEAR
                                                  NORMAL
..................................................................
TEMPERATURE (F)
 TODAY
  MAXIMUM         84    351 PM  89    1992  83      1       84
                                      1977
  MINIMUM         70    631 AM  66    1976  70      0       71
                                      1964
                                      1963
  AVERAGE         77                        77      0       78

PRECIPITATION (IN)
  TODAY            0.14          1.81 1956   0.32  -0.18     0.01
  MONTH TO DATE    2.35                      5.34  -2.99     3.66
  SINCE JUN 1     12.45                     23.52 -11.07    22.21
  SINCE JAN 1     47.09                     75.43 -28.34    47.07

SNOWFALL (IN)
  TODAY            0.0
  MONTH TO DATE    0.0
  SINCE JUN 1      0.0
  SINCE JUL 1      0.0
  SNOW DEPTH      MM

DEGREE DAYS
 HEATING
  TODAY            0                         0      0        0
  MONTH TO DATE    0                         0      0        0
  SINCE JUN 1      0                         0      0        0
  SINCE JUL 1      0                         0      0        0

 COOLING
  TODAY           12                        11      1       13
  MONTH TO DATE  197                       176     21      226
  SINCE JUN 1    926                       825    101     1021
  SINCE JAN 1   2230                      1893    337     2567
..................................................................


WIND (MPH)
  HIGHEST WIND SPEED    12   HIGHEST WIND DIRECTION     N (360)
  HIGHEST GUST SPEED    16   HIGHEST GUST DIRECTION     E (70)
  AVERAGE WIND SPEED    MM


SKY COVER
  POSSIBLE SUNSHINE  MM
  AVERAGE SKY COVER  MM


WEATHER CONDITIONS
 THE FOLLOWING WEATHER WAS RECORDED TODAY.
  FOG


RELATIVE HUMIDITY (PERCENT)
 HIGHEST    MM
 LOWEST     MM
 AVERAGE    MM

..........................................................


THE HILO HI CLIMATE NORMALS FOR TOMORROW
                         NORMAL    RECORD    YEAR
 MAXIMUM TEMPERATURE (F)   83        90      2015
 MINIMUM TEMPERATURE (F)   70        65      1955


SUNRISE AND SUNSET
AUGUST 16 2017........SUNRISE   601 AM HST   SUNSET   648 PM HST
AUGUST 17 2017........SUNRISE   601 AM HST   SUNSET   647 PM HST


-  INDICATES NEGATIVE NUMBERS.
R  INDICATES RECORD WAS SET OR TIED.
MM INDICATES DATA IS MISSING.
T  INDICATES TRACE AMOUNT.




$$
