902
CDHW43 PHFO 140235
CLIITO


CLIMATE REPORT
NATIONAL WEATHER SERVICE HONOLULU HI
425 PM HST SAT FEB 13 2016


...................................

...THE HILO HI CLIMATE SUMMARY FOR FEBRUARY 13 2016...
VALID TODAY AS OF 0400 PM LOCAL TIME.

CLIMATE NORMAL PERIOD 1981 TO 2010
CLIMATE RECORD PERIOD 1946 TO 2016


WEATHER ITEM   OBSERVED TIME   RECORD YEAR NORMAL DEPARTURE LAST
                VALUE   (LST)  VALUE       VALUE  FROM      YEAR
                                                  NORMAL
..................................................................
TEMPERATURE (F)
 TODAY
  MAXIMUM         86    118 PM  88    1981  79      7       83
  MINIMUM         67    526 AM  54    1995  63      4       62
  AVERAGE         77                        71      6       73

PRECIPITATION (IN)
  TODAY            0.10          3.21 2005   0.34  -0.24     0.00
  MONTH TO DATE    1.16                      4.35  -3.19      T
  SINCE DEC 1     16.55                     25.18  -8.63     8.90
  SINCE JAN 1      2.45                     13.61 -11.16     2.80

SNOWFALL (IN)
  TODAY            0.0
  MONTH TO DATE    0.0
  SINCE DEC 1      0.0
  SINCE JUL 1      0.0
  SNOW DEPTH       0

DEGREE DAYS
 HEATING
  TODAY            0                         0      0        0
  MONTH TO DATE    0                         0      0        0
  SINCE DEC 1      0                         0      0        0
  SINCE JUL 1      0                         0      0        0

 COOLING
  TODAY           12                         6      6        8
  MONTH TO DATE  117                        78     39      123
  SINCE DEC 1    710                       501    209      622
  SINCE JAN 1    404                       276    128      381
..................................................................


WIND (MPH)
  HIGHEST WIND SPEED    16   HIGHEST WIND DIRECTION     E (80)
  HIGHEST GUST SPEED    20   HIGHEST GUST DIRECTION     E (90)
  AVERAGE WIND SPEED     6.6


SKY COVER
  POSSIBLE SUNSHINE  MM
  AVERAGE SKY COVER 0.5


WEATHER CONDITIONS
 THE FOLLOWING WEATHER WAS RECORDED TODAY.
  FOG


RELATIVE HUMIDITY (PERCENT)
 HIGHEST    90           700 AM
 LOWEST     55          1200 PM
 AVERAGE    73

..........................................................


THE HILO HI CLIMATE NORMALS FOR TOMORROW
                         NORMAL    RECORD    YEAR
 MAXIMUM TEMPERATURE (F)   79        89      1981
 MINIMUM TEMPERATURE (F)   63        56      1954


SUNRISE AND SUNSET
FEBRUARY 13 2016......SUNRISE   650 AM HST   SUNSET   619 PM HST
FEBRUARY 14 2016......SUNRISE   650 AM HST   SUNSET   619 PM HST


-  INDICATES NEGATIVE NUMBERS.
R  INDICATES RECORD WAS SET OR TIED.
MM INDICATES DATA IS MISSING.
T  INDICATES TRACE AMOUNT.




$$
