000
CDUS43 KGLD 230049
CLIITR

CLIMATE REPORT
NATIONAL WEATHER SERVICE GOODLAND
646 PM MDT FRI AUG 22 2014

...................................

...THE BURLINGTON CO CLIMATE SUMMARY FOR AUGUST 22 2014...
VALID TODAY AS OF 0600 PM LOCAL TIME.

CLIMATE NORMAL PERIOD 1981 TO 2010
CLIMATE RECORD PERIOD 1896 TO 2014

WEATHER ITEM   OBSERVED TIME   RECORD YEAR NORMAL DEPARTURE LAST
                VALUE   (LST)  VALUE       VALUE  FROM      YEAR
                                                  NORMAL
..................................................................
TEMPERATURE (F)
 TODAY
  MAXIMUM         87   1255 PM 101    1938  85      2       88
  MINIMUM         63    252 PM  45    1964  57      6       65
  AVERAGE         75                        71      4       77

PRECIPITATION (IN)
  TODAY            0.29                      0.06   0.23      T
  MONTH TO DATE    1.30                      1.74  -0.44     1.86
  SINCE JUN 1      6.34                      7.75  -1.41     4.79
  SINCE JAN 1      9.26                     13.48  -4.22    10.39

..................................................................

THE BURLINGTON CO CLIMATE NORMALS FOR TOMORROW
                         NORMAL    RECORD    YEAR
 MAXIMUM TEMPERATURE (F)   85       107      1919
 MINIMUM TEMPERATURE (F)   57        48      1987

-  INDICATES NEGATIVE NUMBERS.
R  INDICATES RECORD WAS SET OR TIED.
MM INDICATES DATA IS MISSING.
T  INDICATES TRACE AMOUNT.

$$
