000
CDUS43 KGLD 290738
CLIITR

CLIMATE REPORT
NATIONAL WEATHER SERVICE GOODLAND
136 AM MDT SUN MAY 29 2016

...................................

...THE BURLINGTON CO CLIMATE SUMMARY FOR MAY 28 2016...

CLIMATE NORMAL PERIOD 1981 TO 2010
CLIMATE RECORD PERIOD 1896 TO 2016


WEATHER ITEM   OBSERVED TIME   RECORD YEAR NORMAL DEPARTURE LAST
                VALUE   (LST)  VALUE       VALUE  FROM      YEAR
                                                  NORMAL
..................................................................
TEMPERATURE (F)
 YESTERDAY
  MAXIMUM         74    452 PM  99    1921  77     -3       76
  MINIMUM         43    458 AM  32    1947  49     -6       52
  AVERAGE         59                        63     -4       64

PRECIPITATION (IN)
  YESTERDAY        0.00                      0.10  -0.10     1.07
  MONTH TO DATE    1.44                      2.23  -0.79     7.10
  SINCE MAR 1      7.16                      4.58   2.58     9.78
  SINCE JAN 1      7.97                      5.38   2.59    10.92

..................................................................


THE BURLINGTON CO CLIMATE NORMALS FOR TODAY
                         NORMAL    RECORD    YEAR
 MAXIMUM TEMPERATURE (F)   78       101      2000
 MINIMUM TEMPERATURE (F)   49        29      1947


-  INDICATES NEGATIVE NUMBERS.
R  INDICATES RECORD WAS SET OR TIED.
MM INDICATES DATA IS MISSING.
T  INDICATES TRACE AMOUNT.


$$
