628
CDUS43 KGLD 070042
CLIITR

CLIMATE REPORT
NATIONAL WEATHER SERVICE GOODLAND
636 PM MDT FRI MAY 6 2016


...................................

...THE BURLINGTON CO CLIMATE SUMMARY FOR MAY 6 2016...
VALID TODAY AS OF 0600 PM LOCAL TIME.

CLIMATE NORMAL PERIOD 1981 TO 2010
CLIMATE RECORD PERIOD 1896 TO 2016


WEATHER ITEM   OBSERVED TIME   RECORD YEAR NORMAL DEPARTURE LAST
                VALUE   (LST)  VALUE       VALUE  FROM      YEAR
                                                  NORMAL
..................................................................
TEMPERATURE (F)
 TODAY
  MAXIMUM         87    116 PM  91    2004  69     18       68
                                      1934
  MINIMUM         50    543 AM  30    1948  41      9       49
  AVERAGE         69                        55     14       59

PRECIPITATION (IN)
  TODAY            0.00                      0.09  -0.09     0.02
  MONTH TO DATE    T                         0.51  -0.51     0.84
  SINCE MAR 1      5.72                      2.86   2.86     3.52
  SINCE JAN 1      6.53                      3.66   2.87     4.66

..................................................................







THE BURLINGTON CO CLIMATE NORMALS FOR TOMORROW
                         NORMAL    RECORD    YEAR
 MAXIMUM TEMPERATURE (F)   69        93      1934
 MINIMUM TEMPERATURE (F)   41        29      1938



-  INDICATES NEGATIVE NUMBERS.
R  INDICATES RECORD WAS SET OR TIED.
MM INDICATES DATA IS MISSING.
T  INDICATES TRACE AMOUNT.




$$
