000
CDUS44 KJAN 300700
CLIJAN


CLIMATE REPORT
NATIONAL WEATHER SERVICE JACKSON MS
158 AM CDT THU JUL 30 2015


...................................

...THE JACKSON CLIMATE SUMMARY FOR JULY 29 2015...

CLIMATE NORMAL PERIOD 1981 TO 2010
CLIMATE RECORD PERIOD 1896 TO 2015


WEATHER ITEM   OBSERVED TIME   RECORD YEAR NORMAL DEPARTURE LAST
                VALUE   (LST)  VALUE       VALUE  FROM      YEAR
                                                  NORMAL
..................................................................
TEMPERATURE (F)
 YESTERDAY
  MAXIMUM        101    225 PM 107    1930  92      9       89
  MINIMUM         77    535 AM  61    1994  72      5       64
  AVERAGE         89                        82      7       77

PRECIPITATION (IN)
  YESTERDAY        0.00          1.76 2009   0.16  -0.16     0.00
  MONTH TO DATE    1.39                      4.51  -3.12     2.14
  SINCE JUN 1      7.83                      8.63  -0.80     8.57
  SINCE JAN 1     36.11                     32.74   3.37    40.17

SNOWFALL (IN)
  YESTERDAY        0.0           0.0  2002   0.0    0.0      0.0
                                      2001
  MONTH TO DATE    0.0                       0.0    0.0      0.0
  SINCE JUN 1      0.0                       0.0    0.0      0.0
  SINCE JUL 1      0.0                       0.0    0.0      0.0

DEGREE DAYS
 HEATING
  YESTERDAY        0                         0      0        0
  MONTH TO DATE    0                         0      0        0
  SINCE JUN 1      0                         0      0        0
  SINCE JUL 1      0                         0      0        0

 COOLING
  YESTERDAY       24                        17      7       12
  MONTH TO DATE  574                       486     88      421
  SINCE JUN 1   1056                       908    148      864
  SINCE JAN 1   1509                      1266    243     1195
..................................................................


WIND (MPH)
  HIGHEST WIND SPEED    17   HIGHEST WIND DIRECTION    NE (60)
  HIGHEST GUST SPEED    24   HIGHEST GUST DIRECTION    NE (50)
  AVERAGE WIND SPEED     5.2


SKY COVER
  POSSIBLE SUNSHINE  MM
  AVERAGE SKY COVER 0.2


WEATHER CONDITIONS
 THE FOLLOWING WEATHER WAS RECORDED YESTERDAY.
  NO SIGNIFICANT WEATHER WAS OBSERVED.


RELATIVE HUMIDITY (PERCENT)
 HIGHEST    85           200 AM
 LOWEST     39          1200 PM
 AVERAGE    62

..........................................................


THE JACKSON CLIMATE NORMALS FOR TODAY
                         NORMAL    RECORD    YEAR
 MAXIMUM TEMPERATURE (F)   92       104      1930
 MINIMUM TEMPERATURE (F)   72        59      2014


SUNRISE AND SUNSET
JULY 30 2015..........SUNRISE   614 AM CDT   SUNSET   800 PM CDT
JULY 31 2015..........SUNRISE   614 AM CDT   SUNSET   759 PM CDT


-  INDICATES NEGATIVE NUMBERS.
R  INDICATES RECORD WAS SET OR TIED.
MM INDICATES DATA IS MISSING.
T  INDICATES TRACE AMOUNT.

&&

AT 2 AM:

THE PEARL RIVER STAGE AT JACKSON WAS 3.5 FEET. THE RIVER STAGE HAS FALLEN
0.2 FEET OVER THE PAST 24 HOURS.

THE MISSISSIPPI RIVER STAGE AT VICKSBURG WAS 45.7 FEET. THE RIVER STAGE
HAS FALLEN 0.3 FEET OVER THE PAST 24 HOURS.



$$
