126
CDUS44 KJAN 280632
CLIJAN


CLIMATE REPORT
NATIONAL WEATHER SERVICE JACKSON MS
129 AM CDT TUE MAR 28 2017


...................................

...THE JACKSON CLIMATE SUMMARY FOR MARCH 27 2017...

CLIMATE NORMAL PERIOD 1981 TO 2010
CLIMATE RECORD PERIOD 1896 TO 2017


WEATHER ITEM   OBSERVED TIME   RECORD YEAR NORMAL DEPARTURE LAST
                VALUE   (LST)  VALUE       VALUE  FROM      YEAR
                                                  NORMAL
..................................................................
TEMPERATURE (F)
 YESTERDAY
  MAXIMUM         84   1247 PM  88    1935  71     13       69
  MINIMUM         65    913 PM  23    1955  48     17       59
  AVERAGE         75                        60     15       64

PRECIPITATION (IN)
  YESTERDAY        0.68          6.28 1902   0.17   0.51     0.46
  MONTH TO DATE    3.58                      4.35  -0.77    10.75
  SINCE MAR 1      3.58                      4.35  -0.77    10.75
  SINCE JAN 1     13.79                     14.08  -0.29    22.35

SNOWFALL (IN)
  YESTERDAY        0.0           T    1982   0.0    0.0      0.0
  MONTH TO DATE    0.0                       0.1   -0.1      0.0
  SINCE MAR 1      0.0                       0.1   -0.1      0.0
  SINCE JUL 1      0.8                       0.8    0.0       T

DEGREE DAYS
 HEATING
  YESTERDAY        0                         7     -7        1
  MONTH TO DATE  163                       253    -90      138
  SINCE MAR 1    163                       253    -90      138
  SINCE JUL 1   1281                      2245   -964     1529

 COOLING
  YESTERDAY       10                         1      9        0
  MONTH TO DATE   65                        24     41       39
  SINCE MAR 1     65                        24     41       39
  SINCE JAN 1    123                        34     89       48
..................................................................


WIND (MPH)
  HIGHEST WIND SPEED    22   HIGHEST WIND DIRECTION     W (270)
  HIGHEST GUST SPEED    42   HIGHEST GUST DIRECTION     W (280)
  AVERAGE WIND SPEED     9.9


SKY COVER
  POSSIBLE SUNSHINE  MM
  AVERAGE SKY COVER 0.5


WEATHER CONDITIONS
 THE FOLLOWING WEATHER WAS RECORDED YESTERDAY.
  THUNDERSTORM
  HEAVY RAIN
  LIGHT RAIN
  FOG


RELATIVE HUMIDITY (PERCENT)
 HIGHEST    93           500 AM
 LOWEST     54          1200 PM
 AVERAGE    74

..........................................................


THE JACKSON CLIMATE NORMALS FOR TODAY
                         NORMAL    RECORD    YEAR
 MAXIMUM TEMPERATURE (F)   72        90      1910
 MINIMUM TEMPERATURE (F)   48        31      1978
                                             1937
                                             1913


SUNRISE AND SUNSET
MARCH 28 2017.........SUNRISE   653 AM CDT   SUNSET   718 PM CDT
MARCH 29 2017.........SUNRISE   652 AM CDT   SUNSET   718 PM CDT


-  INDICATES NEGATIVE NUMBERS.
R  INDICATES RECORD WAS SET OR TIED.
MM INDICATES DATA IS MISSING.
T  INDICATES TRACE AMOUNT.

&&

AT 2 AM:

THE PEARL RIVER STAGE AT JACKSON WAS 7.3 FEET. THE RIVER HAS FALLEN
0.3 FEET OVER THE PAST 24 HOURS.

THE MISSISSIPPI RIVER STAGE AT VICKSBURG WAS 23.3 FEET.

$$
