000
CDUS44 KJAN 232112
CLIJAN


CLIMATE REPORT
NATIONAL WEATHER SERVICE JACKSON MS
410 PM CDT WED AUG 23 2017


...................................

...THE JACKSON CLIMATE SUMMARY FOR AUGUST 23 2017...
VALID TODAY AS OF 0400 PM LOCAL TIME.

CLIMATE NORMAL PERIOD 1981 TO 2010
CLIMATE RECORD PERIOD 1896 TO 2017


WEATHER ITEM   OBSERVED TIME   RECORD YEAR NORMAL DEPARTURE LAST
                VALUE   (LST)  VALUE       VALUE  FROM      YEAR
                                                  NORMAL
..................................................................
TEMPERATURE (F)
 TODAY
  MAXIMUM         93    124 PM 103    1924  92      1       93
  MINIMUM         73    456 AM  54    1956  71      2       74
  AVERAGE         83                        81      2       84

PRECIPITATION (IN)
  TODAY            0.00          2.46 2004   0.12  -0.12     0.00
  MONTH TO DATE    5.44                      3.34   2.10     8.48
  SINCE JUN 1     21.12                     12.27   8.85    19.81
  SINCE JAN 1     52.61                     36.38  16.23    52.26

SNOWFALL (IN)
  TODAY            0.0           0.0  2002   0.0    0.0      0.0
                                      2001
  MONTH TO DATE    0.0                       0.0    0.0      0.0
  SINCE JUN 1      0.0                       0.0    0.0      0.0
  SINCE JUL 1      0.0                       0.0    0.0      0.0

DEGREE DAYS
 HEATING
  TODAY            0                         0      0        0
  MONTH TO DATE    0                         0      0        0
  SINCE JUN 1      0                         0      0        0
  SINCE JUL 1      0                         0      0        0

 COOLING
  TODAY           18                        16      2       19
  MONTH TO DATE  391                       383      8      425
  SINCE JUN 1   1326                      1320      6     1534
  SINCE JAN 1   1822                      1678    144     1922
..................................................................


WIND (MPH)
  HIGHEST WIND SPEED    12   HIGHEST WIND DIRECTION     N (360)
  HIGHEST GUST SPEED    16   HIGHEST GUST DIRECTION     N (350)
  AVERAGE WIND SPEED     4.4


SKY COVER
  POSSIBLE SUNSHINE  MM
  AVERAGE SKY COVER 0.3


WEATHER CONDITIONS
 THE FOLLOWING WEATHER WAS RECORDED TODAY.
  FOG


RELATIVE HUMIDITY (PERCENT)
 HIGHEST   100           200 AM
 LOWEST     56           200 PM
 AVERAGE    78

..........................................................


THE JACKSON CLIMATE NORMALS FOR TOMORROW
                         NORMAL    RECORD    YEAR
 MAXIMUM TEMPERATURE (F)   91       103      1924
 MINIMUM TEMPERATURE (F)   70        57      2009
                                             1931


SUNRISE AND SUNSET
AUGUST 23 2017........SUNRISE   630 AM CDT   SUNSET   735 PM CDT
AUGUST 24 2017........SUNRISE   630 AM CDT   SUNSET   734 PM CDT


-  INDICATES NEGATIVE NUMBERS.
R  INDICATES RECORD WAS SET OR TIED.
MM INDICATES DATA IS MISSING.
T  INDICATES TRACE AMOUNT.

&&

AT 4 PM:
THE PEARL RIVER STAGE AT JACKSON WAS 4.0 FEET. THE RIVER HAS
FALLEN 0.1 FEET OVER THE PAST 24 HOURS.

THE MISSISSIPPI RIVER STAGE AT VICKSBURG WAS 17.2 FEET. THE RIVER
HAS FALLEN 1.0 FEET OVER THE PAST 24 HOURS.

THE AIR QUALITY INDEX IN JACKSON WAS 55...WHICH IS MODERATE.


$$
