000
CDUS44 KJAN 110744
CLIJAN

CLIMATE REPORT
NATIONAL WEATHER SERVICE JACKSON MS
138 AM CST THU FEB 11 2016

...................................

...THE JACKSON CLIMATE SUMMARY FOR FEBRUARY 10 2016...

CLIMATE NORMAL PERIOD 1981 TO 2010
CLIMATE RECORD PERIOD 1896 TO 2016


WEATHER ITEM   OBSERVED TIME   RECORD YEAR NORMAL DEPARTURE LAST
                VALUE   (LST)  VALUE       VALUE  FROM      YEAR
                                                  NORMAL
..................................................................
TEMPERATURE (F)
 YESTERDAY
  MAXIMUM         55    423 PM  81    1999  59     -4       57
                                      1932
  MINIMUM         23    657 AM  13    1971  37    -14       34
  AVERAGE         39                        48     -9       46

PRECIPITATION (IN)
  YESTERDAY        0.00          2.44 2013   0.17  -0.17     0.00
  MONTH TO DATE    5.15                      1.74   3.41     0.58
  SINCE DEC 1     14.39                     11.86   2.53     9.23
  SINCE JAN 1      8.52                      6.71   1.81     5.30

SNOWFALL (IN)
  YESTERDAY        0.0           2.5  1958   0.0    0.0      0.0
  MONTH TO DATE    0.0                       0.1   -0.1      0.0
  SINCE DEC 1      T                         0.7   -0.7      0.0
  SINCE JUL 1      T                         0.7   -0.7      0.0

DEGREE DAYS
 HEATING
  YESTERDAY       26                        17      9       19
  MONTH TO DATE  173                       176     -3      175
  SINCE DEC 1   1010                      1320   -310     1210
  SINCE JUL 1   1202                      1728   -526     1710

 COOLING
  YESTERDAY        0                         0      0        0
  MONTH TO DATE    5                         0      5        0
  SINCE DEC 1     74                        12     62        2
  SINCE JAN 1      5                         4      1        0
..................................................................


WIND (MPH)
  HIGHEST WIND SPEED    14   HIGHEST WIND DIRECTION     W (280)
  HIGHEST GUST SPEED    18   HIGHEST GUST DIRECTION     W (270)
  AVERAGE WIND SPEED     4.8


SKY COVER
  POSSIBLE SUNSHINE  MM
  AVERAGE SKY COVER 0.0


WEATHER CONDITIONS
 THE FOLLOWING WEATHER WAS RECORDED YESTERDAY.
  NO SIGNIFICANT WEATHER WAS OBSERVED.


RELATIVE HUMIDITY (PERCENT)
 HIGHEST    81           300 AM
 LOWEST     28           200 PM
 AVERAGE    55

..........................................................


THE JACKSON CLIMATE NORMALS FOR TODAY
                         NORMAL    RECORD    YEAR
 MAXIMUM TEMPERATURE (F)   60        84      1922
 MINIMUM TEMPERATURE (F)   38        18      2011
                                             1973


SUNRISE AND SUNSET
FEBRUARY 11 2016......SUNRISE   647 AM CST   SUNSET   542 PM CST
FEBRUARY 12 2016......SUNRISE   646 AM CST   SUNSET   543 PM CST


-  INDICATES NEGATIVE NUMBERS.
R  INDICATES RECORD WAS SET OR TIED.
MM INDICATES DATA IS MISSING.
T  INDICATES TRACE AMOUNT.

&&

AT 1 AM:

THE PEARL RIVER STAGE AT JACKSON WAS 28.0 FEET. THE RIVER HAS
FALLEN 1.4 FEET IN THE LAST 24 HOURS.

THE MISSISSIPPI RIVER STAGE AT VICKSBURG WAS 35.4 FEET. THE RIVER
HAS RISEN 0.3 FEET OVER THE PAST 24 HOURS.

$$
