000
CDUS42 KJAX 040532
CLIJAX


CLIMATE REPORT
NATIONAL WEATHER SERVICE JACKSONVILLE FL
1231 AM EST SUN DEC 4 2016


...................................

...THE JACKSONVILLE CLIMATE SUMMARY FOR DECEMBER 3 2016...

CLIMATE NORMAL PERIOD 1981 TO 2010
CLIMATE RECORD PERIOD 1871 TO 2016


WEATHER ITEM   OBSERVED TIME   RECORD YEAR NORMAL DEPARTURE LAST
                VALUE   (LST)  VALUE       VALUE  FROM      YEAR
                                                  NORMAL
..................................................................
TEMPERATURE (F)
 YESTERDAY
  MAXIMUM         67    216 PM  83    1991  69     -2       67
  MINIMUM         40    548 AM  24    1876  47     -7       52
  AVERAGE         54                        58     -4       60

PRECIPITATION (IN)
  YESTERDAY        0.00          2.70 1971   0.09  -0.09      T
  MONTH TO DATE    0.06                      0.26  -0.20      T
  SINCE DEC 1      0.06                      0.26  -0.20      T
  SINCE JAN 1     36.29                     49.85 -13.56    43.98

SNOWFALL (IN)
  YESTERDAY        0.0           0.0  2001   0.0    0.0      0.0
  MONTH TO DATE    0.0                       0.0    0.0      0.0
  SINCE DEC 1      0.0                       0.0    0.0      0.0
  SINCE JUL 1      0.0                       0.0    0.0      0.0
  SNOW DEPTH       0

DEGREE DAYS
 HEATING
  YESTERDAY       11                         8      3        5
  MONTH TO DATE   28                        24      4        5
  SINCE DEC 1     28                        24      4        5
  SINCE JUL 1    158                       197    -39       59

 COOLING
  YESTERDAY        0                         1     -1        0
  MONTH TO DATE    0                         3     -3       11
  SINCE DEC 1      0                         3     -3       11
  SINCE JAN 1   2951                      2647    304     2971
..................................................................


WIND (MPH)
  HIGHEST WIND SPEED    16   HIGHEST WIND DIRECTION     E (70)
  HIGHEST GUST SPEED    19   HIGHEST GUST DIRECTION    NE (60)
  AVERAGE WIND SPEED     6.4


SKY COVER
  POSSIBLE SUNSHINE  MM
  AVERAGE SKY COVER 0.6


WEATHER CONDITIONS
 THE FOLLOWING WEATHER WAS RECORDED YESTERDAY.
  NO SIGNIFICANT WEATHER WAS OBSERVED.


RELATIVE HUMIDITY (PERCENT)
 HIGHEST    96           700 AM
 LOWEST     45           100 PM
 AVERAGE    71

..........................................................


THE JACKSONVILLE CLIMATE NORMALS FOR TODAY
                         NORMAL    RECORD    YEAR
 MAXIMUM TEMPERATURE (F)   69        84      1994
 MINIMUM TEMPERATURE (F)   46        25      1876


SUNRISE AND SUNSET
DECEMBER  4 2016......SUNRISE   709 AM EST   SUNSET   526 PM EST
DECEMBER  5 2016......SUNRISE   710 AM EST   SUNSET   526 PM EST


-  INDICATES NEGATIVE NUMBERS.
R  INDICATES RECORD WAS SET OR TIED.
MM INDICATES DATA IS MISSING.
T  INDICATES TRACE AMOUNT.




$$
