000
CDUS42 KJAX 200535
CLIJAX


CLIMATE REPORT
NATIONAL WEATHER SERVICE JACKSONVILLE FL
135 AM EDT MON OCT 20 2014


...................................

...THE JACKSONVILLE CLIMATE SUMMARY FOR OCTOBER 19 2014...

CLIMATE NORMAL PERIOD 1981 TO 2010
CLIMATE RECORD PERIOD 1871 TO 2014


WEATHER ITEM   OBSERVED TIME   RECORD YEAR NORMAL DEPARTURE LAST
                VALUE   (LST)  VALUE       VALUE  FROM      YEAR
                                                  NORMAL
..................................................................
TEMPERATURE (F)
 YESTERDAY
  MAXIMUM         76        MM  91    1980  80     -4       86
  MINIMUM         57        MM  43    2009  59     -2       70
                                      1981
                                      1927
  AVERAGE         67                        70     -3       78

PRECIPITATION (IN)
  YESTERDAY        0.00          9.21 1944   0.10  -0.10     0.09
  MONTH TO DATE    1.87                      2.97  -1.10     1.11
  SINCE SEP 1     11.67                     11.16   0.51     4.69
  SINCE JAN 1     47.76                     46.52   1.24    41.05

SNOWFALL (IN)
  YESTERDAY        0.0           0.0  2002   0.0    0.0      0.0
                                      2001
  MONTH TO DATE    0.0                       0.0    0.0      0.0
  SINCE SEP 1      0.0                       0.0    0.0      0.0
  SINCE JUL 1      0.0                       0.0    0.0      0.0
  SNOW DEPTH       0

DEGREE DAYS
 HEATING
  YESTERDAY        0                         1     -1        0
  MONTH TO DATE    6                         7     -1        0
  SINCE SEP 1      6                         7     -1        0
  SINCE JUL 1      6                         7     -1        0

 COOLING
  YESTERDAY        2                         6     -4       13
  MONTH TO DATE  136                       146    -10      167
  SINCE SEP 1    527                       542    -15      577
  SINCE JAN 1   2515                      2532    -17     2506
..................................................................


WIND (MPH)
  HIGHEST WIND SPEED    16   HIGHEST WIND DIRECTION     E (70)
  HIGHEST GUST SPEED    22   HIGHEST GUST DIRECTION     E (70)
  AVERAGE WIND SPEED     8.1


SKY COVER
  POSSIBLE SUNSHINE  MM
  AVERAGE SKY COVER 0.6


WEATHER CONDITIONS
 THE FOLLOWING WEATHER WAS RECORDED YESTERDAY.
  NO SIGNIFICANT WEATHER WAS OBSERVED.


RELATIVE HUMIDITY (PERCENT)
 HIGHEST    93          1200 AM
 LOWEST     50          1200 PM
 AVERAGE    72

..........................................................


THE JACKSONVILLE CLIMATE NORMALS FOR TODAY
                         NORMAL    RECORD    YEAR
 MAXIMUM TEMPERATURE (F)   80        89      2006
 MINIMUM TEMPERATURE (F)   59        40      1989
                                             1981


SUNRISE AND SUNSET
OCTOBER 20 2014.......SUNRISE   732 AM EDT   SUNSET   650 PM EDT
OCTOBER 21 2014.......SUNRISE   733 AM EDT   SUNSET   649 PM EDT


-  INDICATES NEGATIVE NUMBERS.
R  INDICATES RECORD WAS SET OR TIED.
MM INDICATES DATA IS MISSING.
T  INDICATES TRACE AMOUNT.




$$
