456
CDUS42 KJAX 210537
CLIJAX


CLIMATE REPORT
NATIONAL WEATHER SERVICE JACKSONVILLE FL
1236 AM EST SAT JAN 21 2017


...................................

...THE JACKSONVILLE CLIMATE SUMMARY FOR JANUARY 20 2017...

CLIMATE NORMAL PERIOD 1981 TO 2010
CLIMATE RECORD PERIOD 1871 TO 2017


WEATHER ITEM   OBSERVED TIME   RECORD YEAR NORMAL DEPARTURE LAST
                VALUE   (LST)  VALUE       VALUE  FROM      YEAR
                                                  NORMAL
..................................................................
TEMPERATURE (F)
 YESTERDAY
  MAXIMUM         83R   301 PM  83    1990  65     18       60
                                      1982
                                      1937
  MINIMUM         60    502 AM  19    1985  41     19       28
  AVERAGE         72                        53     19       44

PRECIPITATION (IN)
  YESTERDAY        0.00          1.61 1948   0.11  -0.11     0.00
  MONTH TO DATE    2.52                      2.02   0.50     2.36
  SINCE DEC 1      4.81                      4.82  -0.01     2.92
  SINCE JAN 1      2.52                      2.02   0.50     2.36

SNOWFALL (IN)
  YESTERDAY        0.0           0.0  2002   0.0    0.0      0.0
  MONTH TO DATE    0.0                       0.0    0.0      0.0
  SINCE DEC 1      0.0                       T      0.0      0.0
  SINCE JUL 1      0.0                       T      0.0      0.0
  SNOW DEPTH       0

DEGREE DAYS
 HEATING
  YESTERDAY        0                        12    -12       21
  MONTH TO DATE  103                       253   -150      281
  SINCE DEC 1    283                       576   -293      368
  SINCE JUL 1    413                       749   -336      422

 COOLING
  YESTERDAY        7                         0      7        0
  MONTH TO DATE   23                         0     23        0
  SINCE DEC 1     66                        21     45      141
  SINCE JAN 1     23                         0     23        0
..................................................................


WIND (MPH)
  HIGHEST WIND SPEED    21   HIGHEST WIND DIRECTION     W (250)
  HIGHEST GUST SPEED    26   HIGHEST GUST DIRECTION     W (260)
  AVERAGE WIND SPEED     8.3


SKY COVER
  POSSIBLE SUNSHINE  MM
  AVERAGE SKY COVER 0.6


WEATHER CONDITIONS
 THE FOLLOWING WEATHER WAS RECORDED YESTERDAY.
  NO SIGNIFICANT WEATHER WAS OBSERVED.


RELATIVE HUMIDITY (PERCENT)
 HIGHEST   100           100 AM
 LOWEST     51           200 PM
 AVERAGE    76

..........................................................


THE JACKSONVILLE CLIMATE NORMALS FOR TODAY
                         NORMAL    RECORD    YEAR
 MAXIMUM TEMPERATURE (F)   65        83      1929
 MINIMUM TEMPERATURE (F)   41         7      1985


SUNRISE AND SUNSET
JANUARY 21 2017.......SUNRISE   723 AM EST   SUNSET   554 PM EST
JANUARY 22 2017.......SUNRISE   723 AM EST   SUNSET   555 PM EST


-  INDICATES NEGATIVE NUMBERS.
R  INDICATES RECORD WAS SET OR TIED.
MM INDICATES DATA IS MISSING.
T  INDICATES TRACE AMOUNT.




$$
