000
CDUS42 KJAX 260536
CLIJAX


CLIMATE REPORT
NATIONAL WEATHER SERVICE JACKSONVILLE FL
135 AM EDT TUE SEP 26 2017


...................................

...THE JACKSONVILLE CLIMATE SUMMARY FOR SEPTEMBER 25 2017...

CLIMATE NORMAL PERIOD 1981 TO 2010
CLIMATE RECORD PERIOD 1871 TO 2017


WEATHER ITEM   OBSERVED TIME   RECORD YEAR NORMAL DEPARTURE LAST
                VALUE   (LST)  VALUE       VALUE  FROM      YEAR
                                                  NORMAL
..................................................................
TEMPERATURE (F)
 YESTERDAY
  MAXIMUM         90    315 PM  94    1961  85      5       88
  MINIMUM         70   1159 PM  51    1990  68      2       68
  AVERAGE         80                        76      4       78

PRECIPITATION (IN)
  YESTERDAY        0.00          4.04 1949   0.26  -0.26      T
  MONTH TO DATE   10.82                      6.96   3.86     4.35
  SINCE SEP 1     10.82                      6.96   3.86     4.35
  SINCE JAN 1     58.56                     42.32  16.24    26.69

SNOWFALL (IN)
  YESTERDAY        0.0           0.0  2002   0.0    0.0      0.0
                                      2001
  MONTH TO DATE    0.0                       0.0    0.0      0.0
  SINCE SEP 1      0.0                       0.0    0.0      0.0
  SINCE JUL 1      0.0                       0.0    0.0      0.0
  SNOW DEPTH       0

DEGREE DAYS
 HEATING
  YESTERDAY        0                         0      0        0
  MONTH TO DATE    0                         0      0        0
  SINCE SEP 1      0                         0      0        0
  SINCE JUL 1      0                         0      0        0

 COOLING
  YESTERDAY       15                        11      4       13
  MONTH TO DATE  350                       344      6      356
  SINCE SEP 1    350                       344      6      356
  SINCE JAN 1   2551                      2334    217     2592
..................................................................


WIND (MPH)
  HIGHEST WIND SPEED    12   HIGHEST WIND DIRECTION     E (90)
  HIGHEST GUST SPEED    16   HIGHEST GUST DIRECTION     E (90)
  AVERAGE WIND SPEED     4.5


SKY COVER
  POSSIBLE SUNSHINE  MM
  AVERAGE SKY COVER 0.2


WEATHER CONDITIONS
 THE FOLLOWING WEATHER WAS RECORDED YESTERDAY.
  NO SIGNIFICANT WEATHER WAS OBSERVED.


RELATIVE HUMIDITY (PERCENT)
 HIGHEST   100           100 AM
 LOWEST     44           200 PM
 AVERAGE    72

..........................................................


THE JACKSONVILLE CLIMATE NORMALS FOR TODAY
                         NORMAL    RECORD    YEAR
 MAXIMUM TEMPERATURE (F)   85        96      1961
 MINIMUM TEMPERATURE (F)   67        55      1940


SUNRISE AND SUNSET
SEPTEMBER 26 2017.....SUNRISE   718 AM EDT   SUNSET   718 PM EDT
SEPTEMBER 27 2017.....SUNRISE   718 AM EDT   SUNSET   717 PM EDT


-  INDICATES NEGATIVE NUMBERS.
R  INDICATES RECORD WAS SET OR TIED.
MM INDICATES DATA IS MISSING.
T  INDICATES TRACE AMOUNT.




$$
