000
CDUS42 KJAX 020539
CLIJAX


CLIMATE REPORT
NATIONAL WEATHER SERVICE JACKSONVILLE FL
138 AM EDT TUE JUN 2 2015


...................................

...THE JACKSONVILLE CLIMATE SUMMARY FOR JUNE 1 2015...

CLIMATE NORMAL PERIOD 1981 TO 2010
CLIMATE RECORD PERIOD 1871 TO 2015


WEATHER ITEM   OBSERVED TIME   RECORD YEAR NORMAL DEPARTURE LAST
                VALUE   (LST)  VALUE       VALUE  FROM      YEAR
                                                  NORMAL
..................................................................
TEMPERATURE (F)
 YESTERDAY
  MAXIMUM         89    108 PM  99    1945  88      1       79
  MINIMUM         66    543 AM  47    1984  67     -1       70
  AVERAGE         78                        78      0       75

PRECIPITATION (IN)
  YESTERDAY        0.72          2.80 1901   0.16   0.56     1.07
  MONTH TO DATE    0.72                      0.16   0.56     1.07
  SINCE JUN 1      0.72                      0.16   0.56     1.07
  SINCE JAN 1     13.16                     15.72  -2.56    26.90

SNOWFALL (IN)
  YESTERDAY        0.0           0.0  2002   0.0    0.0      0.0
                                      2001
  MONTH TO DATE    0.0                       0.0    0.0      0.0
  SINCE JUN 1      0.0                       0.0    0.0      0.0
  SINCE JUL 1      T                         T      0.0      0.0
  SNOW DEPTH       0

DEGREE DAYS
 HEATING
  YESTERDAY        0                         0      0        0
  MONTH TO DATE    0                         0      0        0
  SINCE JUN 1      0                         0      0        0
  SINCE JUL 1   1337                      1349    -12     1309

 COOLING
  YESTERDAY       13                        13      0       10
  MONTH TO DATE   13                        13      0       10
  SINCE JUN 1     13                        13      0       10
  SINCE JAN 1    658                       497    161      494
..................................................................


WIND (MPH)
  HIGHEST WIND SPEED    20   HIGHEST WIND DIRECTION     N (20)
  HIGHEST GUST SPEED    30   HIGHEST GUST DIRECTION     E (100)
  AVERAGE WIND SPEED     5.6


SKY COVER
  POSSIBLE SUNSHINE  MM
  AVERAGE SKY COVER 0.7


WEATHER CONDITIONS
 THE FOLLOWING WEATHER WAS RECORDED YESTERDAY.
  THUNDERSTORM
  HEAVY RAIN
  LIGHT RAIN
  FOG


RELATIVE HUMIDITY (PERCENT)
 HIGHEST   100           600 AM
 LOWEST     51          1100 AM
 AVERAGE    76

..........................................................


THE JACKSONVILLE CLIMATE NORMALS FOR TODAY
                         NORMAL    RECORD    YEAR
 MAXIMUM TEMPERATURE (F)   88       100      1985
 MINIMUM TEMPERATURE (F)   68        53      1984


SUNRISE AND SUNSET
JUNE  2 2015..........SUNRISE   625 AM EDT   SUNSET   825 PM EDT
JUNE  3 2015..........SUNRISE   625 AM EDT   SUNSET   825 PM EDT


-  INDICATES NEGATIVE NUMBERS.
R  INDICATES RECORD WAS SET OR TIED.
MM INDICATES DATA IS MISSING.
T  INDICATES TRACE AMOUNT.




$$
