000
CDUS42 KJAX 280531
CLIJAX


CLIMATE REPORT
NATIONAL WEATHER SERVICE JACKSONVILLE FL
1231 AM EST FRI NOV 28 2014


...................................

...THE JACKSONVILLE CLIMATE SUMMARY FOR NOVEMBER 27 2014...

CLIMATE NORMAL PERIOD 1981 TO 2010
CLIMATE RECORD PERIOD 1871 TO 2014


WEATHER ITEM   OBSERVED TIME   RECORD YEAR NORMAL DEPARTURE LAST
                VALUE   (LST)  VALUE       VALUE  FROM      YEAR
                                                  NORMAL
..................................................................
TEMPERATURE (F)
 YESTERDAY
  MAXIMUM         61    105 PM  83    1973  71    -10       71
  MINIMUM         40    303 AM  30    1903  48     -8       37
  AVERAGE         51                        59     -8       54

PRECIPITATION (IN)
  YESTERDAY        0.00          0.94 1893   0.07  -0.07     0.06
  MONTH TO DATE    3.96                      1.87   2.09     2.84
  SINCE SEP 1     15.63                     13.99   1.64     8.00
  SINCE JAN 1     51.72                     49.35   2.37    44.36

SNOWFALL (IN)
  YESTERDAY        0.0           0.0  2001   0.0    0.0      0.0
  MONTH TO DATE    0.0                       0.0    0.0      0.0
  SINCE SEP 1      0.0                       0.0    0.0      0.0
  SINCE JUL 1      0.0                       0.0    0.0      0.0
  SNOW DEPTH       0

DEGREE DAYS
 HEATING
  YESTERDAY       14                         7      7       11
  MONTH TO DATE  221                       124     97       90
  SINCE SEP 1    242                       152     90      111
  SINCE JUL 1    242                       152     90      111

 COOLING
  YESTERDAY        0                         1     -1        0
  MONTH TO DATE   31                        56    -25       61
  SINCE SEP 1    591                       649    -58      670
  SINCE JAN 1   2579                      2639    -60     2599
..................................................................


WIND (MPH)
  HIGHEST WIND SPEED    22   HIGHEST WIND DIRECTION     W (290)
  HIGHEST GUST SPEED    29   HIGHEST GUST DIRECTION     W (290)
  AVERAGE WIND SPEED     8.8


SKY COVER
  POSSIBLE SUNSHINE  MM
  AVERAGE SKY COVER 0.0


WEATHER CONDITIONS
 THE FOLLOWING WEATHER WAS RECORDED YESTERDAY.
  NO SIGNIFICANT WEATHER WAS OBSERVED.


RELATIVE HUMIDITY (PERCENT)
 HIGHEST    89           800 AM
 LOWEST     32           300 PM
 AVERAGE    61

..........................................................


THE JACKSONVILLE CLIMATE NORMALS FOR TODAY
                         NORMAL    RECORD    YEAR
 MAXIMUM TEMPERATURE (F)   70        85      1948
 MINIMUM TEMPERATURE (F)   48        26      1903


SUNRISE AND SUNSET
NOVEMBER 28 2014......SUNRISE   704 AM EST   SUNSET   526 PM EST
NOVEMBER 29 2014......SUNRISE   704 AM EST   SUNSET   526 PM EST


-  INDICATES NEGATIVE NUMBERS.
R  INDICATES RECORD WAS SET OR TIED.
MM INDICATES DATA IS MISSING.
T  INDICATES TRACE AMOUNT.




$$
