000
CDUS42 KJAX 200529
CLIJAX


CLIMATE REPORT
NATIONAL WEATHER SERVICE JACKSONVILLE FL
1227 AM EST TUE FEB 20 2018


...................................

...THE JACKSONVILLE CLIMATE SUMMARY FOR FEBRUARY 19 2018...

CLIMATE NORMAL PERIOD 1981 TO 2010
CLIMATE RECORD PERIOD 1871 TO 2018


WEATHER ITEM   OBSERVED TIME   RECORD YEAR NORMAL DEPARTURE LAST
                VALUE   (LST)  VALUE       VALUE  FROM      YEAR
                                                  NORMAL
..................................................................
TEMPERATURE (F)
 YESTERDAY
  MAXIMUM         81    306 PM  86    1891  69     12       79
  MINIMUM         62   1159 PM  24    1958  45     17       54
  AVERAGE         72                        57     15       67

PRECIPITATION (IN)
  YESTERDAY        0.00          2.66 1901   0.12  -0.12     0.00
  MONTH TO DATE    1.37                      2.09  -0.72     0.48
  SINCE DEC 1      7.43                      8.19  -0.76     6.82
  SINCE JAN 1      5.01                      5.39  -0.38     4.53

SNOWFALL (IN)
  YESTERDAY        0.0           0.0  2002   0.0    0.0      0.0
  MONTH TO DATE    0.0                       0.0    0.0      0.0
  SINCE DEC 1      0.0                       T      0.0      0.0
  SINCE JUL 1      0.0                       T      0.0      0.0
  SNOW DEPTH       0

DEGREE DAYS
 HEATING
  YESTERDAY        0                         8     -8        0
  MONTH TO DATE   66                       187   -121       93
  SINCE DEC 1    768                       890   -122      460
  SINCE JUL 1    864                      1063   -199      590

 COOLING
  YESTERDAY        7                         1      6        2
  MONTH TO DATE   48                        14     34       11
  SINCE DEC 1    102                        46     56       90
  SINCE JAN 1     58                        25     33       47
..................................................................


WIND (MPH)
  HIGHEST WIND SPEED    17   HIGHEST WIND DIRECTION     E (110)
  HIGHEST GUST SPEED    22   HIGHEST GUST DIRECTION    SE (120)
  AVERAGE WIND SPEED     6.6


SKY COVER
  POSSIBLE SUNSHINE  MM
  AVERAGE SKY COVER 0.6


WEATHER CONDITIONS
 THE FOLLOWING WEATHER WAS RECORDED YESTERDAY.
  FOG
  FOG W/VISIBILITY <= 1/4 MILE


RELATIVE HUMIDITY (PERCENT)
 HIGHEST   100          1200 AM
 LOWEST     54           300 PM
 AVERAGE    77

..........................................................


THE JACKSONVILLE CLIMATE NORMALS FOR TODAY
                         NORMAL    RECORD    YEAR
 MAXIMUM TEMPERATURE (F)   69        86      1961
 MINIMUM TEMPERATURE (F)   46        24      2015


SUNRISE AND SUNSET
FEBRUARY 20 2018......SUNRISE   702 AM EST   SUNSET   619 PM EST
FEBRUARY 21 2018......SUNRISE   701 AM EST   SUNSET   620 PM EST


-  INDICATES NEGATIVE NUMBERS.
R  INDICATES RECORD WAS SET OR TIED.
MM INDICATES DATA IS MISSING.
T  INDICATES TRACE AMOUNT.




$$
