000
CDUS42 KJAX 290532
CLIJAX


CLIMATE REPORT
NATIONAL WEATHER SERVICE JACKSONVILLE FL
132 AM EDT SUN MAR 29 2015


...................................

...THE JACKSONVILLE CLIMATE SUMMARY FOR MARCH 28 2015...

CLIMATE NORMAL PERIOD 1981 TO 2010
CLIMATE RECORD PERIOD 1871 TO 2015


WEATHER ITEM   OBSERVED TIME   RECORD YEAR NORMAL DEPARTURE LAST
                VALUE   (LST)  VALUE       VALUE  FROM      YEAR
                                                  NORMAL
..................................................................
TEMPERATURE (F)
 YESTERDAY
  MAXIMUM         63    336 PM  89    2009  76    -13       81
                                      1994
  MINIMUM         42   1120 PM  35    2013  52    -10       52
  AVERAGE         53                        64    -11       67

PRECIPITATION (IN)
  YESTERDAY        0.00          7.12 1970   0.12  -0.12     0.26
  MONTH TO DATE    2.29                      3.59  -1.30     4.09
  SINCE MAR 1      2.29                      3.59  -1.30     4.09
  SINCE JAN 1      8.69                     10.08  -1.39    13.80

SNOWFALL (IN)
  YESTERDAY        0.0           T    1955   0.0    0.0      0.0
  MONTH TO DATE    0.0                       0.0    0.0      0.0
  SINCE MAR 1      0.0                       0.0    0.0      0.0
  SINCE JUL 1      T                         T      0.0      0.0
  SNOW DEPTH       0

DEGREE DAYS
 HEATING
  YESTERDAY       12                         3      9        0
  MONTH TO DATE   67                       147    -80      188
  SINCE MAR 1     67                       147    -80      188
  SINCE JUL 1   1315                      1280     35     1265

 COOLING
  YESTERDAY        0                         2     -2        2
  MONTH TO DATE  100                        48     52       22
  SINCE MAR 1    100                        48     52       22
  SINCE JAN 1    113                        77     36       52
..................................................................


WIND (MPH)
  HIGHEST WIND SPEED    23   HIGHEST WIND DIRECTION     W (270)
  HIGHEST GUST SPEED    28   HIGHEST GUST DIRECTION     W (270)
  AVERAGE WIND SPEED     8.2


SKY COVER
  POSSIBLE SUNSHINE  MM
  AVERAGE SKY COVER 0.2


WEATHER CONDITIONS
 THE FOLLOWING WEATHER WAS RECORDED YESTERDAY.
  NO SIGNIFICANT WEATHER WAS OBSERVED.


RELATIVE HUMIDITY (PERCENT)
 HIGHEST    83          1000 PM
 LOWEST     27           400 PM
 AVERAGE    55

..........................................................


THE JACKSONVILLE CLIMATE NORMALS FOR TODAY
                         NORMAL    RECORD    YEAR
 MAXIMUM TEMPERATURE (F)   76        89      1991
                                             1907
 MINIMUM TEMPERATURE (F)   52        34      1955


SUNRISE AND SUNSET
MARCH 29 2015.........SUNRISE   720 AM EDT   SUNSET   744 PM EDT
MARCH 30 2015.........SUNRISE   719 AM EDT   SUNSET   744 PM EDT


-  INDICATES NEGATIVE NUMBERS.
R  INDICATES RECORD WAS SET OR TIED.
MM INDICATES DATA IS MISSING.
T  INDICATES TRACE AMOUNT.




$$
