350
CDUS44 KMEG 052257
CLIJBR


CLIMATE REPORT
NATIONAL WEATHER SERVICE MEMPHIS TN
454 PM CST MON DEC 5 2016


...................................

...THE JONESBORO CLIMATE SUMMARY FOR DECEMBER 5 2016...
VALID TODAY AS OF 0400 PM LOCAL TIME.

CLIMATE NORMAL PERIOD 1981 TO 2010
CLIMATE RECORD PERIOD 1897 TO 2016


WEATHER ITEM   OBSERVED TIME   RECORD YEAR NORMAL DEPARTURE LAST
                VALUE   (LST)  VALUE       VALUE  FROM      YEAR
                                                  NORMAL
..................................................................
TEMPERATURE (F)
 TODAY
  MAXIMUM         44    446 PM  76    1892  51     -7       56
  MINIMUM         35    319 AM  13    1899  33      2       32
  AVERAGE         40                        42     -2       44

PRECIPITATION (IN)
  TODAY            0.00          1.84 2011   0.19  -0.19     0.00
  MONTH TO DATE    0.25                      0.89  -0.64     0.00
  SINCE DEC 1      0.25                      0.89  -0.64     0.00
  SINCE JAN 1     48.35                     44.22   4.13    58.16

SNOWFALL (IN)
  TODAY            0.0

DEGREE DAYS
 HEATING
  TODAY           25                        23      2       21
  MONTH TO DATE  110                       113     -3      115
  SINCE DEC 1    110                       113     -3      115
  SINCE JUL 1    459                       763   -304      624

 COOLING
  TODAY            0                         0      0        0
  MONTH TO DATE    0                         0      0        0
  SINCE DEC 1      0                         0      0        0
  SINCE JAN 1   2285                      1827    458     1748
..................................................................


WIND (MPH)
  HIGHEST WIND SPEED    16   HIGHEST WIND DIRECTION     E (70)
  HIGHEST GUST SPEED    18   HIGHEST GUST DIRECTION     E (70)
  AVERAGE WIND SPEED     7.0


SKY COVER
  POSSIBLE SUNSHINE  MM
  AVERAGE SKY COVER 0.5


WEATHER CONDITIONS
 THE FOLLOWING WEATHER WAS RECORDED TODAY.
  NO SIGNIFICANT WEATHER WAS OBSERVED.


RELATIVE HUMIDITY (PERCENT)
 HIGHEST    92          1200 AM
 LOWEST     82          1000 AM
 AVERAGE    87

..........................................................


THE JONESBORO CLIMATE NORMALS FOR TOMORROW
                         NORMAL    RECORD    YEAR
 MAXIMUM TEMPERATURE (F)   50        76      1998
                                             1951
 MINIMUM TEMPERATURE (F)   33        14      1937


SUNRISE AND SUNSET
DECEMBER  5 2016......SUNRISE   658 AM CST   SUNSET   449 PM CST
DECEMBER  6 2016......SUNRISE   659 AM CST   SUNSET   449 PM CST


-  INDICATES NEGATIVE NUMBERS.
R  INDICATES RECORD WAS SET OR TIED.
MM INDICATES DATA IS MISSING.
T  INDICATES TRACE AMOUNT.




$$
