168
CDUS44 KMEG 212150
CLIJBR


CLIMATE REPORT
NATIONAL WEATHER SERVICE MEMPHIS TN
449 PM CDT THU SEP 21 2017


...................................

...THE JONESBORO CLIMATE SUMMARY FOR SEPTEMBER 21 2017...
VALID TODAY AS OF 0400 PM LOCAL TIME.

CLIMATE NORMAL PERIOD 1981 TO 2010
CLIMATE RECORD PERIOD 1897 TO 2017


WEATHER ITEM   OBSERVED TIME   RECORD YEAR NORMAL DEPARTURE LAST
                VALUE   (LST)  VALUE       VALUE  FROM      YEAR
                                                  NORMAL
..................................................................
TEMPERATURE (F)
 TODAY
  MAXIMUM         94    230 PM  97    2010  81     13       90
                                      1955
                                      1907
  MINIMUM         68    529 AM  35    1918  58     10       64
  AVERAGE         81                        70     11       77

PRECIPITATION (IN)
  TODAY            0.00          4.05 1979   0.10  -0.10     0.00
  MONTH TO DATE    0.38                      2.05  -1.67     1.94
  SINCE SEP 1      0.38                      2.05  -1.67     1.94
  SINCE JAN 1     40.00                     33.16   6.84    42.96

DEGREE DAYS
 HEATING
  TODAY            0                         1     -1        0
  MONTH TO DATE    2                         4     -2        0
  SINCE SEP 1      2                         4     -2        0
  SINCE JUL 1      2                         4     -2        0

 COOLING
  TODAY           16                         6     10       12
  MONTH TO DATE  172                       185    -13      283
  SINCE SEP 1    172                       185    -13      283
  SINCE JAN 1   1705                      1731    -26     2036
..................................................................


WIND (MPH)
  HIGHEST WIND SPEED    14   HIGHEST WIND DIRECTION    SW (210)
  HIGHEST GUST SPEED    22   HIGHEST GUST DIRECTION    SW (230)
  AVERAGE WIND SPEED     4.7


SKY COVER
  POSSIBLE SUNSHINE  MM
  AVERAGE SKY COVER 0.1


WEATHER CONDITIONS
 THE FOLLOWING WEATHER WAS RECORDED TODAY.
  NO SIGNIFICANT WEATHER WAS OBSERVED.


RELATIVE HUMIDITY (PERCENT)
 HIGHEST   100          1200 AM
 LOWEST     52           100 PM
 AVERAGE    76

..........................................................


THE JONESBORO CLIMATE NORMALS FOR TOMORROW
                         NORMAL    RECORD    YEAR
 MAXIMUM TEMPERATURE (F)   81        99      1921
 MINIMUM TEMPERATURE (F)   58        38      1918
                                             1897


SUNRISE AND SUNSET
SEPTEMBER 21 2017.....SUNRISE   650 AM CDT   SUNSET   700 PM CDT
SEPTEMBER 22 2017.....SUNRISE   651 AM CDT   SUNSET   659 PM CDT


-  INDICATES NEGATIVE NUMBERS.
R  INDICATES RECORD WAS SET OR TIED.
MM INDICATES DATA IS MISSING.
T  INDICATES TRACE AMOUNT.




$$
