000
CDUS44 KMEG 252248
CLIJBR


CLIMATE REPORT
NATIONAL WEATHER SERVICE MEMPHIS TN
448 PM CST SUN FEB 25 2018


...................................

...THE JONESBORO CLIMATE SUMMARY FOR FEBRUARY 25 2018...
VALID TODAY AS OF 0400 PM LOCAL TIME.

CLIMATE NORMAL PERIOD 1981 TO 2010
CLIMATE RECORD PERIOD 1897 TO 2018


WEATHER ITEM   OBSERVED TIME   RECORD YEAR NORMAL DEPARTURE LAST
                VALUE   (LST)  VALUE       VALUE  FROM      YEAR
                                                  NORMAL
..................................................................
TEMPERATURE (F)
 TODAY
  MAXIMUM         54   1207 AM  82    1918  54      0       47
  MINIMUM         40    715 AM  10    1965  34      6       30
  AVERAGE         47                        44      3       39

PRECIPITATION (IN)
  TODAY            0.00          3.00 1899   0.13  -0.13     0.00
  MONTH TO DATE   11.93                      3.33   8.60     1.31
  SINCE DEC 1     19.56                     11.53   8.03     9.47
  SINCE JAN 1     14.44                      6.76   7.68     5.01

DEGREE DAYS
 HEATING
  TODAY           18                        21     -3       26
  MONTH TO DATE  516                       598    -82      364
  SINCE DEC 1   2201                      2244    -43     1751
  SINCE JUL 1   2745                      2894   -149     2100

 COOLING
  TODAY            0                         0      0        0
  MONTH TO DATE    5                         0      5        3
  SINCE DEC 1      5                         0      5        3
  SINCE JAN 1      5                         0      5        3
..................................................................


WIND (MPH)
  HIGHEST WIND SPEED    20   HIGHEST WIND DIRECTION     W (290)
  HIGHEST GUST SPEED    30   HIGHEST GUST DIRECTION     W (290)
  AVERAGE WIND SPEED     6.4


SKY COVER
  POSSIBLE SUNSHINE  MM
  AVERAGE SKY COVER 0.0


WEATHER CONDITIONS
 THE FOLLOWING WEATHER WAS RECORDED TODAY.
  NO SIGNIFICANT WEATHER WAS OBSERVED.


RELATIVE HUMIDITY (PERCENT)
 HIGHEST    92           700 AM
 LOWEST     52           200 PM
 AVERAGE    72

..........................................................


THE JONESBORO CLIMATE NORMALS FOR TOMORROW
                         NORMAL    RECORD    YEAR
 MAXIMUM TEMPERATURE (F)   54        80      1932
 MINIMUM TEMPERATURE (F)   35        14      1980


SUNRISE AND SUNSET
FEBRUARY 25 2018......SUNRISE   638 AM CST   SUNSET   554 PM CST
FEBRUARY 26 2018......SUNRISE   636 AM CST   SUNSET   555 PM CST


-  INDICATES NEGATIVE NUMBERS.
R  INDICATES RECORD WAS SET OR TIED.
MM INDICATES DATA IS MISSING.
T  INDICATES TRACE AMOUNT.




$$
