360
CDUS44 KMEG 242249
CLIJBR


CLIMATE REPORT
NATIONAL WEATHER SERVICE MEMPHIS TN
444 PM CST TUE JAN 24 2017


...................................

...THE JONESBORO CLIMATE SUMMARY FOR JANUARY 24 2017...
VALID TODAY AS OF 0400 PM LOCAL TIME.

CLIMATE NORMAL PERIOD 1981 TO 2010
CLIMATE RECORD PERIOD 1897 TO 2017


WEATHER ITEM   OBSERVED TIME   RECORD YEAR NORMAL DEPARTURE LAST
                VALUE   (LST)  VALUE       VALUE  FROM      YEAR
                                                  NORMAL
..................................................................
TEMPERATURE (F)
 TODAY
  MAXIMUM         58    259 PM  78    1943  47     11       41
  MINIMUM         33    535 AM   0    1963  29      4       24
  AVERAGE         46                        38      8       33

PRECIPITATION (IN)
  TODAY            0.00          1.40 1899   0.10  -0.10     0.00
  MONTH TO DATE    3.70                      2.56   1.14     1.64
  SINCE DEC 1      8.16                      7.33   0.83     8.01
  SINCE JAN 1      3.70                      2.56   1.14     1.64

DEGREE DAYS
 HEATING
  TODAY           19                        27     -8       32
  MONTH TO DATE  508                       669   -161      716
  SINCE DEC 1   1243                      1461   -218     1220
  SINCE JUL 1   1592                      2111   -519     1729

 COOLING
  TODAY            0                         0      0        0
  MONTH TO DATE    0                         0      0        0
  SINCE DEC 1      0                         0      0        3
  SINCE JAN 1      0                         0      0        0
..................................................................


WIND (MPH)
  HIGHEST WIND SPEED    18   HIGHEST WIND DIRECTION     S (160)
  HIGHEST GUST SPEED    23   HIGHEST GUST DIRECTION     S (160)
  AVERAGE WIND SPEED     7.5


SKY COVER
  POSSIBLE SUNSHINE  MM
  AVERAGE SKY COVER 0.0


WEATHER CONDITIONS
 THE FOLLOWING WEATHER WAS RECORDED TODAY.
  FOG


RELATIVE HUMIDITY (PERCENT)
 HIGHEST   100           300 AM
 LOWEST     57           300 PM
 AVERAGE    79

..........................................................


THE JONESBORO CLIMATE NORMALS FOR TOMORROW
                         NORMAL    RECORD    YEAR
 MAXIMUM TEMPERATURE (F)   47        78      1950
 MINIMUM TEMPERATURE (F)   29        -1      1905


SUNRISE AND SUNSET
JANUARY 24 2017.......SUNRISE   708 AM CST   SUNSET   522 PM CST
JANUARY 25 2017.......SUNRISE   707 AM CST   SUNSET   523 PM CST


-  INDICATES NEGATIVE NUMBERS.
R  INDICATES RECORD WAS SET OR TIED.
MM INDICATES DATA IS MISSING.
T  INDICATES TRACE AMOUNT.




$$
