000
CDUS44 KMEG 210637
CLIJBR


CLIMATE REPORT
NATIONAL WEATHER SERVICE MEMPHIS TN
136 AM CDT TUE OCT 21 2014


...................................

...THE JONESBORO CLIMATE SUMMARY FOR OCTOBER 20 2014...

CLIMATE NORMAL PERIOD 1981 TO 2010
CLIMATE RECORD PERIOD 1897 TO 2014


WEATHER ITEM   OBSERVED TIME   RECORD YEAR NORMAL DEPARTURE LAST
                VALUE   (LST)  VALUE       VALUE  FROM      YEAR
                                                  NORMAL
..................................................................
TEMPERATURE (F)
 YESTERDAY
  MAXIMUM         75    227 PM  89    1963  71      4       66
  MINIMUM         48   1243 AM  22    1917  49     -1       38
  AVERAGE         62                        60      2       52

PRECIPITATION (IN)
  YESTERDAY        0.00          2.38 1984   0.16  -0.16     0.00
  MONTH TO DATE    3.57                      2.74   0.83     3.61
  SINCE SEP 1      5.41                      5.80  -0.39     4.89
  SINCE JAN 1     39.09                     36.91   2.18    42.34

SNOWFALL (IN)
  YESTERDAY        0.0           0.0  2002   0.0    0.0      0.0
                                      2001
  MONTH TO DATE    0.0                       0.0    0.0      0.0
  SINCE SEP 1      0.0                       0.0    0.0      0.0
  SINCE JUL 1      0.0                       0.0    0.0      0.0
  SNOW DEPTH       0

DEGREE DAYS
 HEATING
  YESTERDAY        3                         6     -3       13
  MONTH TO DATE   62                        83    -21       57
  SINCE SEP 1     71                       101    -30       57
  SINCE JUL 1     71                       101    -30       57

 COOLING
  YESTERDAY        0                         1     -1        0
  MONTH TO DATE   59                        42     17       66
  SINCE SEP 1    319                       267     52      434
  SINCE JAN 1   1779                      1813    -34     2034
..................................................................


WIND (MPH)
  HIGHEST WIND SPEED    15   HIGHEST WIND DIRECTION    SW (230)
  HIGHEST GUST SPEED    20   HIGHEST GUST DIRECTION    SW (230)
  AVERAGE WIND SPEED     5.9


SKY COVER
  POSSIBLE SUNSHINE  MM
  AVERAGE SKY COVER 0.2


WEATHER CONDITIONS
 THE FOLLOWING WEATHER WAS RECORDED YESTERDAY.
  NO SIGNIFICANT WEATHER WAS OBSERVED.


RELATIVE HUMIDITY (PERCENT)
 HIGHEST   100           300 AM
 LOWEST     49           200 PM
 AVERAGE    75

..........................................................


THE JONESBORO CLIMATE NORMALS FOR TODAY
                         NORMAL    RECORD    YEAR
 MAXIMUM TEMPERATURE (F)   71        89      1963
 MINIMUM TEMPERATURE (F)   48        27      1952
                                             1916


SUNRISE AND SUNSET
OCTOBER 21 2014.......SUNRISE   715 AM CDT   SUNSET   619 PM CDT
OCTOBER 22 2014.......SUNRISE   715 AM CDT   SUNSET   618 PM CDT


-  INDICATES NEGATIVE NUMBERS.
R  INDICATES RECORD WAS SET OR TIED.
MM INDICATES DATA IS MISSING.
T  INDICATES TRACE AMOUNT.




$$
