000
CDUS44 KMEG 270638
CLIJBR


CLIMATE REPORT
NATIONAL WEATHER SERVICE MEMPHIS TN
138 AM CDT TUE SEP 27 2016


...................................

...THE JONESBORO CLIMATE SUMMARY FOR SEPTEMBER 26 2016...

CLIMATE NORMAL PERIOD 1981 TO 2010
CLIMATE RECORD PERIOD 1897 TO 2016


WEATHER ITEM   OBSERVED TIME   RECORD YEAR NORMAL DEPARTURE LAST
                VALUE   (LST)  VALUE       VALUE  FROM      YEAR
                                                  NORMAL
..................................................................
TEMPERATURE (F)
 YESTERDAY
  MAXIMUM         79   1227 AM  97    1904  80     -1       74
  MINIMUM         57   1159 PM  39    2001  56      1       58
  AVERAGE         68                        68      0       66

PRECIPITATION (IN)
  YESTERDAY        T             2.53 2007   0.11  -0.11      T
  MONTH TO DATE    1.94                      2.53  -0.59     2.16
  SINCE SEP 1      1.94                      2.53  -0.59     2.16
  SINCE JAN 1     42.96                     33.64   9.32    42.25

SNOWFALL (IN)
  YESTERDAY        0.0           0.0  2002   0.0    0.0      0.0
                                      2001
  MONTH TO DATE    0.0                       0.0    0.0      0.0
  SINCE SEP 1      0.0                       0.0    0.0      0.0
  SINCE JUL 1      0.0                       0.0    0.0      0.0
  SNOW DEPTH       0

DEGREE DAYS
 HEATING
  YESTERDAY        0                         2     -2        0
  MONTH TO DATE    0                        10    -10        7
  SINCE SEP 1      0                        10    -10        7
  SINCE JUL 1      0                        10    -10        7

 COOLING
  YESTERDAY        3                         4     -1        1
  MONTH TO DATE  349                       209    140      208
  SINCE SEP 1    349                       209    140      208
  SINCE JAN 1   2102                      1755    347     1681
..................................................................


WIND (MPH)
  HIGHEST WIND SPEED    17   HIGHEST WIND DIRECTION    NE (30)
  HIGHEST GUST SPEED    25   HIGHEST GUST DIRECTION    NW (330)
  AVERAGE WIND SPEED     7.3


SKY COVER
  POSSIBLE SUNSHINE  MM
  AVERAGE SKY COVER 0.4


WEATHER CONDITIONS
 THE FOLLOWING WEATHER WAS RECORDED YESTERDAY.
  THUNDERSTORM


RELATIVE HUMIDITY (PERCENT)
 HIGHEST    84           700 PM
 LOWEST     46           300 PM
 AVERAGE    65

..........................................................


THE JONESBORO CLIMATE NORMALS FOR TODAY
                         NORMAL    RECORD    YEAR
 MAXIMUM TEMPERATURE (F)   79        97      1939
                                             1938
 MINIMUM TEMPERATURE (F)   56        36      1942


SUNRISE AND SUNSET
SEPTEMBER 27 2016.....SUNRISE   655 AM CDT   SUNSET   651 PM CDT
SEPTEMBER 28 2016.....SUNRISE   656 AM CDT   SUNSET   650 PM CDT


-  INDICATES NEGATIVE NUMBERS.
R  INDICATES RECORD WAS SET OR TIED.
MM INDICATES DATA IS MISSING.
T  INDICATES TRACE AMOUNT.




$$
