000
CDUS44 KMEG 212149
CLIJBR


CLIMATE REPORT
NATIONAL WEATHER SERVICE MEMPHIS TN
449 PM CDT SUN SEP 21 2014


...................................

...THE JONESBORO CLIMATE SUMMARY FOR SEPTEMBER 21 2014...
VALID TODAY AS OF 0400 PM LOCAL TIME.

CLIMATE NORMAL PERIOD 1981 TO 2010
CLIMATE RECORD PERIOD 1897 TO 2014


WEATHER ITEM   OBSERVED TIME   RECORD YEAR NORMAL DEPARTURE LAST
                VALUE   (LST)  VALUE       VALUE  FROM      YEAR
                                                  NORMAL
..................................................................
TEMPERATURE (F)
 TODAY
  MAXIMUM         89    138 PM  97    2010  81      8       80
                                      1955
  MINIMUM         68    445 AM  35    1918  58     10       61
  AVERAGE         79                        70      9       71

PRECIPITATION (IN)
  TODAY            0.00          4.05 1979   0.10  -0.10     0.00
  MONTH TO DATE    1.84                      2.05  -0.21     1.19
  SINCE SEP 1      1.84                      2.05  -0.21     1.19
  SINCE JAN 1     35.52                     33.16   2.36    38.64

SNOWFALL (IN)
  TODAY            0.0

DEGREE DAYS
 HEATING
  TODAY            0                         1     -1        0
  MONTH TO DATE    9                         4      5        0
  SINCE SEP 1      9                         4      5        0
  SINCE JUL 1      9                         4      5        0

 COOLING
  TODAY           14                         6      8        6
  MONTH TO DATE  201                       185     16      288
  SINCE SEP 1    201                       185     16      288
  SINCE JAN 1   1661                      1731    -70     1888
..................................................................


WIND (MPH)
  HIGHEST WIND SPEED    13   HIGHEST WIND DIRECTION     N (350)
  HIGHEST GUST SPEED    37   HIGHEST GUST DIRECTION    SW (230)
  AVERAGE WIND SPEED     5.1


SKY COVER
  POSSIBLE SUNSHINE  MM
  AVERAGE SKY COVER 0.3


WEATHER CONDITIONS
 THE FOLLOWING WEATHER WAS RECORDED TODAY.
  NO SIGNIFICANT WEATHER WAS OBSERVED.


RELATIVE HUMIDITY (PERCENT)
 HIGHEST    90          1200 AM
 LOWEST     43           300 PM
 AVERAGE    67

..........................................................


THE JONESBORO CLIMATE NORMALS FOR TOMORROW
                         NORMAL    RECORD    YEAR
 MAXIMUM TEMPERATURE (F)   81        99      1921
 MINIMUM TEMPERATURE (F)   58        38      1918
                                             1897


SUNRISE AND SUNSET
SEPTEMBER 21 2014.....SUNRISE   650 AM CDT   SUNSET   701 PM CDT
SEPTEMBER 22 2014.....SUNRISE   651 AM CDT   SUNSET   659 PM CDT


-  INDICATES NEGATIVE NUMBERS.
R  INDICATES RECORD WAS SET OR TIED.
MM INDICATES DATA IS MISSING.
T  INDICATES TRACE AMOUNT.




$$
