000
CDUS44 KMEG 302202
CLIJBR


CLIMATE REPORT
NATIONAL WEATHER SERVICE MEMPHIS TN
500 PM CDT SAT JUL 30 2016


...................................

...THE JONESBORO CLIMATE SUMMARY FOR JULY 30 2016...
VALID TODAY AS OF 0500 PM LOCAL TIME.

CLIMATE NORMAL PERIOD 1981 TO 2010
CLIMATE RECORD PERIOD 1897 TO 2016


WEATHER ITEM   OBSERVED TIME   RECORD YEAR NORMAL DEPARTURE LAST
                VALUE   (LST)  VALUE       VALUE  FROM      YEAR
                                                  NORMAL
..................................................................
TEMPERATURE (F)
 TODAY
  MAXIMUM         90    251 PM 104    2012  91     -1       87
  MINIMUM         70    337 AM  58    1897  71     -1       70
  AVERAGE         80                        81     -1       79

PRECIPITATION (IN)
  TODAY            0.00          3.51 1952   0.08  -0.08     0.00
  MONTH TO DATE    2.85                      3.47  -0.62     6.60
  SINCE JUN 1      3.39                      7.22  -3.83     8.69
  SINCE JAN 1     35.82                     28.50   7.32    34.47

SNOWFALL (IN)
  TODAY            0.0

DEGREE DAYS
 HEATING
  TODAY            0                         0      0        0
  MONTH TO DATE    0                         0      0        0
  SINCE JUN 1      0                         1     -1        0
  SINCE JUL 1      0                         0      0        0

 COOLING
  TODAY           15                        16     -1       14
  MONTH TO DATE  552                       479     73      517
  SINCE JUN 1   1038                       862    176      947
  SINCE JAN 1   1237                      1075    162     1122
..................................................................


WIND (MPH)
  HIGHEST WIND SPEED     9   HIGHEST WIND DIRECTION     W (290)
  HIGHEST GUST SPEED    12   HIGHEST GUST DIRECTION     W (260)
  AVERAGE WIND SPEED     1.9


SKY COVER
  POSSIBLE SUNSHINE  MM
  AVERAGE SKY COVER 0.3


WEATHER CONDITIONS
 THE FOLLOWING WEATHER WAS RECORDED TODAY.
  FOG


RELATIVE HUMIDITY (PERCENT)
 HIGHEST   100           600 AM
 LOWEST     56           200 PM
 AVERAGE    78

..........................................................


THE JONESBORO CLIMATE NORMALS FOR TOMORROW
                         NORMAL    RECORD    YEAR
 MAXIMUM TEMPERATURE (F)   91       105      1986
 MINIMUM TEMPERATURE (F)   71        56      1971


SUNRISE AND SUNSET
JULY 30 2016..........SUNRISE   609 AM CDT   SUNSET   808 PM CDT
JULY 31 2016..........SUNRISE   610 AM CDT   SUNSET   807 PM CDT


-  INDICATES NEGATIVE NUMBERS.
R  INDICATES RECORD WAS SET OR TIED.
MM INDICATES DATA IS MISSING.
T  INDICATES TRACE AMOUNT.




$$
