000
CDUS44 KMEG 210632
CLIJBR


CLIMATE REPORT
NATIONAL WEATHER SERVICE MEMPHIS TN
132 AM CDT FRI JUL 21 2017


...................................

...THE JONESBORO CLIMATE SUMMARY FOR JULY 20 2017...

CLIMATE NORMAL PERIOD 1981 TO 2010
CLIMATE RECORD PERIOD 1897 TO 2017


WEATHER ITEM   OBSERVED TIME   RECORD YEAR NORMAL DEPARTURE LAST
                VALUE   (LST)  VALUE       VALUE  FROM      YEAR
                                                  NORMAL
..................................................................
TEMPERATURE (F)
 YESTERDAY
  MAXIMUM         97    335 PM 108    1901  91      6       96
  MINIMUM         75    532 AM  56    1910  71      4       76
  AVERAGE         86                        81      5       86

PRECIPITATION (IN)
  YESTERDAY        0.00          1.64 1957   0.10  -0.10     0.00
  MONTH TO DATE    1.01                      2.50  -1.49     1.13
  SINCE JUN 1      3.76                      6.25  -2.49     1.67
  SINCE JAN 1     30.95                     27.53   3.42    34.10

DEGREE DAYS
 HEATING
  YESTERDAY        0                         0      0        0
  MONTH TO DATE    0                         0      0        0
  SINCE JUN 1      0                         1     -1        0
  SINCE JUL 1      0                         0      0        0

 COOLING
  YESTERDAY       21                        16      5       21
  MONTH TO DATE  332                       319     13      364
  SINCE JUN 1    728                       702     26      850
  SINCE JAN 1    962                       915     47     1049
..................................................................


WIND (MPH)
  HIGHEST WIND SPEED    14   HIGHEST WIND DIRECTION     S (200)
  HIGHEST GUST SPEED    18   HIGHEST GUST DIRECTION     W (250)
  AVERAGE WIND SPEED     5.6


SKY COVER
  POSSIBLE SUNSHINE  MM
  AVERAGE SKY COVER 0.2


WEATHER CONDITIONS
 THE FOLLOWING WEATHER WAS RECORDED YESTERDAY.
  THUNDERSTORM


RELATIVE HUMIDITY (PERCENT)
 HIGHEST   100           300 AM
 LOWEST     53           400 PM
 AVERAGE    77

..........................................................


THE JONESBORO CLIMATE NORMALS FOR TODAY
                         NORMAL    RECORD    YEAR
 MAXIMUM TEMPERATURE (F)   91       109      1901
 MINIMUM TEMPERATURE (F)   71        57      1915


SUNRISE AND SUNSET
JULY 21 2017..........SUNRISE   602 AM CDT   SUNSET   815 PM CDT
JULY 22 2017..........SUNRISE   603 AM CDT   SUNSET   815 PM CDT


-  INDICATES NEGATIVE NUMBERS.
R  INDICATES RECORD WAS SET OR TIED.
MM INDICATES DATA IS MISSING.
T  INDICATES TRACE AMOUNT.




$$
