000
CDUS44 KMEG 290632
CLIJBR


CLIMATE REPORT
NATIONAL WEATHER SERVICE MEMPHIS TN
132 AM CDT SAT AUG 29 2015


...................................

...THE JONESBORO CLIMATE SUMMARY FOR AUGUST 28 2015...

CLIMATE NORMAL PERIOD 1981 TO 2010
CLIMATE RECORD PERIOD 1897 TO 2015


WEATHER ITEM   OBSERVED TIME   RECORD YEAR NORMAL DEPARTURE LAST
                VALUE   (LST)  VALUE       VALUE  FROM      YEAR
                                                  NORMAL
..................................................................
TEMPERATURE (F)
 YESTERDAY
  MAXIMUM         84    449 PM 104    1909  89     -5       94
  MINIMUM         58    330 AM  52    1906  68    -10       69
  AVERAGE         71                        78     -7       82

PRECIPITATION (IN)
  YESTERDAY        0.00          2.37 1940   0.08  -0.08     0.00
  MONTH TO DATE    5.62                      2.28   3.34     0.54
  SINCE JUN 1     14.31                      9.57   4.74    11.37
  SINCE JAN 1     40.09                     30.85   9.24    32.65

SNOWFALL (IN)
  YESTERDAY        0.0          MM      MM   0.0    0.0      0.0
  MONTH TO DATE    0.0                       0.0    0.0      0.0
  SINCE JUN 1      0.0                       0.0    0.0      0.0
  SINCE JUL 1      0.0                       0.0    0.0      0.0
  SNOW DEPTH       0

DEGREE DAYS
 HEATING
  YESTERDAY        0                         0      0        0
  MONTH TO DATE    0                         0      0        0
  SINCE JUN 1      0                         1     -1        0
  SINCE JUL 1      0                         0      0        0

 COOLING
  YESTERDAY        6                        13     -7       17
  MONTH TO DATE  300                       422   -122      448
  SINCE JUN 1   1262                      1296    -34     1169
  SINCE JAN 1   1437                      1509    -72     1416
..................................................................


WIND (MPH)
  HIGHEST WIND SPEED    12   HIGHEST WIND DIRECTION    SE (150)
  HIGHEST GUST SPEED    19   HIGHEST GUST DIRECTION    SE (140)
  AVERAGE WIND SPEED     4.2


SKY COVER
  POSSIBLE SUNSHINE  MM
  AVERAGE SKY COVER 0.1


WEATHER CONDITIONS
 THE FOLLOWING WEATHER WAS RECORDED YESTERDAY.
  NO SIGNIFICANT WEATHER WAS OBSERVED.


RELATIVE HUMIDITY (PERCENT)
 HIGHEST   100           300 AM
 LOWEST     47          1200 PM
 AVERAGE    74

..........................................................


THE JONESBORO CLIMATE NORMALS FOR TODAY
                         NORMAL    RECORD    YEAR
 MAXIMUM TEMPERATURE (F)   88       103      1990
 MINIMUM TEMPERATURE (F)   68        50      1986


SUNRISE AND SUNSET
AUGUST 29 2015........SUNRISE   632 AM CDT   SUNSET   734 PM CDT
AUGUST 30 2015........SUNRISE   633 AM CDT   SUNSET   733 PM CDT


-  INDICATES NEGATIVE NUMBERS.
R  INDICATES RECORD WAS SET OR TIED.
MM INDICATES DATA IS MISSING.
T  INDICATES TRACE AMOUNT.




$$
