000
CDUS44 KMEG 052255
CLIJBR


CLIMATE REPORT
NATIONAL WEATHER SERVICE MEMPHIS TN
454 PM CST FRI FEB 5 2016


...................................

...THE JONESBORO CLIMATE SUMMARY FOR FEBRUARY 5 2016...
VALID TODAY AS OF 0400 PM LOCAL TIME.

CLIMATE NORMAL PERIOD 1981 TO 2010
CLIMATE RECORD PERIOD 1897 TO 2016


WEATHER ITEM   OBSERVED TIME   RECORD YEAR NORMAL DEPARTURE LAST
                VALUE   (LST)  VALUE       VALUE  FROM      YEAR
                                                  NORMAL
..................................................................
TEMPERATURE (F)
 TODAY
  MAXIMUM         51    401 PM  73    2008  49      2       31
  MINIMUM         24    628 AM   8    1917  30     -6       20
  AVERAGE         38                        39     -1       26

PRECIPITATION (IN)
  TODAY            0.00          1.70 1975   0.14  -0.14      T
  MONTH TO DATE    0.14                      0.65  -0.51     0.56
  SINCE DEC 1      8.31                      8.85  -0.54     4.85
  SINCE JAN 1      1.94                      4.08  -2.14     2.06

SNOWFALL (IN)
  TODAY            0.0

DEGREE DAYS
 HEATING
  TODAY           27                        26      1       39
  MONTH TO DATE   97                       130    -33      153
  SINCE DEC 1   1455                      1776   -321     1718
  SINCE JUL 1   1964                      2426   -462     2477

 COOLING
  TODAY            0                         0      0        0
  MONTH TO DATE    0                         0      0        0
  SINCE DEC 1      3                         0      3        0
  SINCE JAN 1      0                         0      0        0
..................................................................


WIND (MPH)
  HIGHEST WIND SPEED    14   HIGHEST WIND DIRECTION    SW (220)
  HIGHEST GUST SPEED    17   HIGHEST GUST DIRECTION    SW (240)
  AVERAGE WIND SPEED     5.2


SKY COVER
  POSSIBLE SUNSHINE  MM
  AVERAGE SKY COVER 0.0


WEATHER CONDITIONS
 THE FOLLOWING WEATHER WAS RECORDED TODAY.
  NO SIGNIFICANT WEATHER WAS OBSERVED.


RELATIVE HUMIDITY (PERCENT)
 HIGHEST    92           100 AM
 LOWEST     30           300 PM
 AVERAGE    61

..........................................................


THE JONESBORO CLIMATE NORMALS FOR TOMORROW
                         NORMAL    RECORD    YEAR
 MAXIMUM TEMPERATURE (F)   49        78      1904
 MINIMUM TEMPERATURE (F)   30         6      1988


SUNRISE AND SUNSET
FEBRUARY  5 2016......SUNRISE   700 AM CST   SUNSET   534 PM CST
FEBRUARY  6 2016......SUNRISE   659 AM CST   SUNSET   535 PM CST


-  INDICATES NEGATIVE NUMBERS.
R  INDICATES RECORD WAS SET OR TIED.
MM INDICATES DATA IS MISSING.
T  INDICATES TRACE AMOUNT.




$$
