000
CDUS45 KGGW 300021
CLIJDN


CLIMATE REPORT
NATIONAL WEATHER SERVICE GLASGOW MT
621 PM MDT FRI MAY 29 2015


...................................

...THE JORDAN  ASOS MT CLIMATE SUMMARY FOR MAY 29 2015...
VALID TODAY AS OF 0500 PM LOCAL TIME.

CLIMATE NORMAL PERIOD 1981 TO 2010
CLIMATE RECORD PERIOD 9999 TO 9999


WEATHER ITEM   OBSERVED TIME   RECORD YEAR NORMAL DEPARTURE LAST
                VALUE   (LST)  VALUE       VALUE  FROM      YEAR
                                                  NORMAL
..................................................................
TEMPERATURE (F)
 TODAY
  MAXIMUM         61        MM  MM      MM  70     -9       73
  MINIMUM         38        MM  MM      MM  43     -5       44
  AVERAGE         50                        57     -7       59

PRECIPITATION (IN)
  TODAY            0.00         MM      MM   0.12  -0.12     0.00
  MONTH TO DATE    1.04                      2.02  -0.98     2.24
  SINCE OCT 1      4.39                      5.64  -1.25     6.25
  SINCE JAN 1      3.20                      4.10  -0.90     3.84

SNOWFALL (IN)
  TODAY            0.0          MM      MM  MM     MM        0.0
  MONTH TO DATE    0.0                      MM     MM        0.0
  SINCE MAR 1      0.0                      MM     MM        0.0
  SINCE JUL 1      0.0                      MM     MM        0.0
  SNOW DEPTH       0

DEGREE DAYS
 HEATING
  TODAY           15                         8      7        6
  MONTH TO DATE  379                       370      9      356
  SINCE MAR 1   1695                      1986   -291     2104
  SINCE JUL 1   7488                      8104   -616     8417

 COOLING
  TODAY            0                         0      0        0
  MONTH TO DATE    0                         0      0       25
  SINCE MAR 1      0                         0      0       25
  SINCE JAN 1      0                         0      0       25
..................................................................


WIND (MPH)
  HIGHEST WIND SPEED    13   HIGHEST WIND DIRECTION     N (360)
  HIGHEST GUST SPEED    MM   HIGHEST GUST DIRECTION    MM
  AVERAGE WIND SPEED     7.3


SKY COVER
  POSSIBLE SUNSHINE  MM
  AVERAGE SKY COVER 0.0


WEATHER CONDITIONS
 THE FOLLOWING WEATHER WAS RECORDED TODAY.
  NO SIGNIFICANT WEATHER WAS OBSERVED.


RELATIVE HUMIDITY (PERCENT)
 HIGHEST   100           500 AM
 LOWEST     32           400 PM
 AVERAGE    66

..........................................................


THE JORDAN  ASOS MT CLIMATE NORMALS FOR TOMORROW
                         NORMAL    RECORD    YEAR
 MAXIMUM TEMPERATURE (F)   71        MM        MM
 MINIMUM TEMPERATURE (F)   44        MM        MM


SUNRISE AND SUNSET
MAY 29 2015...........SUNRISE   517 AM MDT   SUNSET   853 PM MDT
MAY 30 2015...........SUNRISE   516 AM MDT   SUNSET   854 PM MDT


-  INDICATES NEGATIVE NUMBERS.
R  INDICATES RECORD WAS SET OR TIED.
MM INDICATES DATA IS MISSING.
T  INDICATES TRACE AMOUNT.




$$
