612
CDUS45 KBOI 190931
CLIJER


CLIMATE REPORT
NATIONAL WEATHER SERVICE BOISE ID
331 AM MDT TUE SEP 19 2017


...................................

...THE JEROME ID CLIMATE SUMMARY FOR SEPTEMBER 18 2017...

CLIMATE NORMAL PERIOD 1981 TO 2010
CLIMATE RECORD PERIOD 1915 TO 2017


WEATHER ITEM   OBSERVED TIME   RECORD YEAR NORMAL DEPARTURE LAST
                VALUE   (LST)  VALUE       VALUE  FROM      YEAR
                                                  NORMAL
..................................................................
TEMPERATURE (F)
 YESTERDAY
  MAXIMUM         69   1140 AM  95    1981  74     -5       80
  MINIMUM         44   1159 PM  26    1965  46     -2       59
  AVERAGE         57                        60     -3       70

PRECIPITATION (IN)
  YESTERDAY        0.03          0.19 1978   0.01   0.02     0.00
  MONTH TO DATE    0.08                      0.18  -0.10     0.28
  SINCE OCT 1     11.40                     10.56   0.84    10.31
  SINCE JAN 1      6.88                      7.04  -0.16     5.72

DEGREE DAYS
 HEATING
  YESTERDAY        8                         6      2        0
  MONTH TO DATE   41                        72    -31      117
  SINCE SEP 1     41                        72    -31      117
  SINCE JUL 1     42                       105    -63      139

 COOLING
  YESTERDAY        0                         1     -1        5
  MONTH TO DATE  121                        38     83       12
  SINCE SEP 1    121                        38     83       12
  SINCE JAN 1    929                       503    426      594
..................................................................


WIND (MPH)
  HIGHEST WIND SPEED    30   HIGHEST WIND DIRECTION     W (260)
  HIGHEST GUST SPEED    41   HIGHEST GUST DIRECTION     W (260)
  AVERAGE WIND SPEED     6.9


SKY COVER
  AVERAGE SKY COVER 0.4


WEATHER CONDITIONS
 THE FOLLOWING WEATHER WAS RECORDED YESTERDAY.
  RAIN
  LIGHT RAIN
  FOG


RELATIVE HUMIDITY (PERCENT)
 HIGHEST    71           900 PM
 LOWEST     29          1100 AM
 AVERAGE    50

..........................................................


THE JEROME ID CLIMATE NORMALS FOR TODAY
                         NORMAL    RECORD    YEAR
 MAXIMUM TEMPERATURE (F)   74        95      1962
 MINIMUM TEMPERATURE (F)   45        24      1965


SUNRISE AND SUNSET
SEPTEMBER 19 2017.....SUNRISE   722 AM MDT   SUNSET   740 PM MDT
SEPTEMBER 20 2017.....SUNRISE   723 AM MDT   SUNSET   738 PM MDT


-  INDICATES NEGATIVE NUMBERS.
R  INDICATES RECORD WAS SET OR TIED.
MM INDICATES DATA IS MISSING.
T  INDICATES TRACE AMOUNT.




$$
