313
CDUS45 KBOI 170931
CLIJER


CLIMATE REPORT
NATIONAL WEATHER SERVICE BOISE ID
231 AM MST SUN DEC 17 2017


...................................

...THE JEROME ID CLIMATE SUMMARY FOR DECEMBER 16 2017...

CLIMATE NORMAL PERIOD 1981 TO 2010
CLIMATE RECORD PERIOD 1915 TO 2017


WEATHER ITEM   OBSERVED TIME   RECORD YEAR NORMAL DEPARTURE LAST
                VALUE   (LST)  VALUE       VALUE  FROM      YEAR
                                                  NORMAL
..................................................................
TEMPERATURE (F)
 YESTERDAY
  MAXIMUM         30    405 PM  56    1957  34     -4       34
  MINIMUM         24    452 AM  -2    1967  19      5       12
  AVERAGE         27                        26      1       23

PRECIPITATION (IN)
  YESTERDAY        T             0.36 1982   0.05  -0.05     0.17
  MONTH TO DATE    0.02                      0.80  -0.78     1.44
  SINCE OCT 1      2.39                      2.83  -0.44     4.32
  SINCE JAN 1      9.92                     10.12  -0.20    11.33

DEGREE DAYS
 HEATING
  YESTERDAY       38                        39     -1       42
  MONTH TO DATE  589                       593     -4      598
  SINCE DEC 1    589                       593     -4      598
  SINCE JUL 1   2045                      2144    -99     1824

 COOLING
  YESTERDAY        0                         0      0        0
  MONTH TO DATE    0                         0      0        0
  SINCE DEC 1      0                         0      0        0
  SINCE JAN 1    929                       510    419      612
..................................................................


WIND (MPH)
  HIGHEST WIND SPEED    23   HIGHEST WIND DIRECTION    SW (240)
  HIGHEST GUST SPEED    29   HIGHEST GUST DIRECTION     W (250)
  AVERAGE WIND SPEED    11.5


SKY COVER
  AVERAGE SKY COVER 1.0


WEATHER CONDITIONS
 THE FOLLOWING WEATHER WAS RECORDED YESTERDAY.
  LIGHT SNOW
  FOG


RELATIVE HUMIDITY (PERCENT)
 HIGHEST    92          1200 AM
 LOWEST     84          1100 PM
 AVERAGE    88

..........................................................


THE JEROME ID CLIMATE NORMALS FOR TODAY
                         NORMAL    RECORD    YEAR
 MAXIMUM TEMPERATURE (F)   34        55      1962
 MINIMUM TEMPERATURE (F)   19        -8      1964


SUNRISE AND SUNSET
DECEMBER 17 2017......SUNRISE   803 AM MST   SUNSET   505 PM MST
DECEMBER 18 2017......SUNRISE   803 AM MST   SUNSET   506 PM MST


-  INDICATES NEGATIVE NUMBERS.
R  INDICATES RECORD WAS SET OR TIED.
MM INDICATES DATA IS MISSING.
T  INDICATES TRACE AMOUNT.




$$
