000
CDUS45 KBOI 300931
CLIJER


CLIMATE REPORT
NATIONAL WEATHER SERVICE BOISE ID
331 AM MDT MON MAY 30 2016


...................................

...THE JEROME ID CLIMATE SUMMARY FOR MAY 29 2016...

CLIMATE NORMAL PERIOD 1981 TO 2010
CLIMATE RECORD PERIOD 1915 TO 2016


WEATHER ITEM   OBSERVED TIME   RECORD YEAR NORMAL DEPARTURE LAST
                VALUE   (LST)  VALUE       VALUE  FROM      YEAR
                                                  NORMAL
..................................................................
TEMPERATURE (F)
 YESTERDAY
  MAXIMUM         77    448 PM 103    2003  72      5       78
  MINIMUM         43    526 AM  33    1979  46     -3       53
  AVERAGE         60                        59      1       66

PRECIPITATION (IN)
  YESTERDAY        0.00          0.84 1953   0.03  -0.03     0.00
  MONTH TO DATE    1.29                      1.19   0.10     3.17
  SINCE OCT 1      9.84                      9.07   0.77     8.08
  SINCE JAN 1      5.25                      5.55  -0.30     5.18

DEGREE DAYS
 HEATING
  YESTERDAY        5                         7     -2        0
  MONTH TO DATE  257                       310    -53      225
  SINCE MAR 1   1318                      1626   -308     1287
  SINCE JUL 1   5857                      6513   -656     5329

 COOLING
  YESTERDAY        0                         1     -1        1
  MONTH TO DATE    3                         8     -5        1
  SINCE MAR 1      4                         8     -4        1
  SINCE JAN 1      4                         8     -4        1
..................................................................


WIND (MPH)
  HIGHEST WIND SPEED    17   HIGHEST WIND DIRECTION    SE (150)
  HIGHEST GUST SPEED    21   HIGHEST GUST DIRECTION    SE (150)
  AVERAGE WIND SPEED     7.4


SKY COVER
  AVERAGE SKY COVER 0.1


WEATHER CONDITIONS
 THE FOLLOWING WEATHER WAS RECORDED YESTERDAY.
  NO SIGNIFICANT WEATHER WAS OBSERVED.


RELATIVE HUMIDITY (PERCENT)
 HIGHEST    76           500 AM
 LOWEST     19           100 PM
 AVERAGE    48

..........................................................


THE JEROME ID CLIMATE NORMALS FOR TODAY
                         NORMAL    RECORD    YEAR
 MAXIMUM TEMPERATURE (F)   72        99      2003
 MINIMUM TEMPERATURE (F)   46        29      1928


SUNRISE AND SUNSET
MAY 30 2016...........SUNRISE   603 AM MDT   SUNSET   908 PM MDT
MAY 31 2016...........SUNRISE   603 AM MDT   SUNSET   909 PM MDT


-  INDICATES NEGATIVE NUMBERS.
R  INDICATES RECORD WAS SET OR TIED.
MM INDICATES DATA IS MISSING.
T  INDICATES TRACE AMOUNT.




$$
