000
CDUS45 KBOI 250931
CLIJER


CLIMATE REPORT
NATIONAL WEATHER SERVICE BOISE ID
330 AM MDT TUE JUL 25 2017


...................................

...THE JEROME ID CLIMATE SUMMARY FOR JULY 24 2017...

CLIMATE NORMAL PERIOD 1981 TO 2010
CLIMATE RECORD PERIOD 1915 TO 2017


WEATHER ITEM   OBSERVED TIME   RECORD YEAR NORMAL DEPARTURE LAST
                VALUE   (LST)  VALUE       VALUE  FROM      YEAR
                                                  NORMAL
..................................................................
TEMPERATURE (F)
 YESTERDAY
  MAXIMUM         98    308 PM 110    2003  88     10       87
  MINIMUM         64    541 AM  47    1954  57      7       51
  AVERAGE         81                        72      9       69

PRECIPITATION (IN)
  YESTERDAY        T             0.13 1936   0.01  -0.01     0.00
  MONTH TO DATE    T                         0.17  -0.17     0.03
  SINCE OCT 1     11.25                     10.06   1.19     9.99
  SINCE JAN 1      6.73                      6.54   0.19     5.40

DEGREE DAYS
 HEATING
  YESTERDAY        0                         0      0        0
  MONTH TO DATE    0                        10    -10       15
  SINCE JUN 1     64                       117    -53       57
  SINCE JUL 1      0                        10    -10       15

 COOLING
  YESTERDAY       16                         8      8        4
  MONTH TO DATE  314                       148    166      138
  SINCE JUN 1    429                       216    213      299
  SINCE JAN 1    445                       229    216      303
..................................................................


WIND (MPH)
  HIGHEST WIND SPEED    15   HIGHEST WIND DIRECTION     S (170)
  HIGHEST GUST SPEED    22   HIGHEST GUST DIRECTION     S (170)
  AVERAGE WIND SPEED     6.1


SKY COVER
  AVERAGE SKY COVER 0.0


WEATHER CONDITIONS
 THE FOLLOWING WEATHER WAS RECORDED YESTERDAY.
  LIGHT RAIN


RELATIVE HUMIDITY (PERCENT)
 HIGHEST    48           500 AM
 LOWEST     11           400 PM
 AVERAGE    30

..........................................................


THE JEROME ID CLIMATE NORMALS FOR TODAY
                         NORMAL    RECORD    YEAR
 MAXIMUM TEMPERATURE (F)   88       103      1928
 MINIMUM TEMPERATURE (F)   57        47      1948


SUNRISE AND SUNSET
JULY 25 2017..........SUNRISE   623 AM MDT   SUNSET   905 PM MDT
JULY 26 2017..........SUNRISE   624 AM MDT   SUNSET   904 PM MDT


-  INDICATES NEGATIVE NUMBERS.
R  INDICATES RECORD WAS SET OR TIED.
MM INDICATES DATA IS MISSING.
T  INDICATES TRACE AMOUNT.




$$
