000
CDUS45 KBOI 160932
CLIJER


CLIMATE REPORT
NATIONAL WEATHER SERVICE BOISE ID
332 AM MDT WED APR 16 2014


...................................

...THE JEROME ID CLIMATE SUMMARY FOR APRIL 15 2014...

CLIMATE NORMAL PERIOD 1981 TO 2010
CLIMATE RECORD PERIOD 1919 TO 2014


WEATHER ITEM   OBSERVED TIME   RECORD YEAR NORMAL DEPARTURE LAST
                VALUE   (LST)  VALUE       VALUE  FROM      YEAR
                                                  NORMAL
..................................................................
TEMPERATURE (F)
 YESTERDAY
  MAXIMUM         58   1251 PM  84    1985  58      0       48
  MINIMUM         35   1159 PM  21    1953  35      0       27
  AVERAGE         47                        46      1       38

PRECIPITATION (IN)
  YESTERDAY        0.00          0.31 2009   0.05  -0.05     0.00
  MONTH TO DATE    0.12                      0.65  -0.53     0.46
  SINCE OCT 1      4.37                      7.19  -2.82     5.26
  SINCE JAN 1      3.77                      3.67   0.10     1.96

DEGREE DAYS
 HEATING
  YESTERDAY       18                        19     -1       27
  MONTH TO DATE  263                       297    -34      292
  SINCE MAR 1    963                      1066   -103     1015
  SINCE JUL 1   5631                      5953   -322     5640

 COOLING
  YESTERDAY        0                         0      0        0
  MONTH TO DATE    0                         0      0        0
  SINCE MAR 1      0                         0      0        0
  SINCE JAN 1      0                         0      0        0
..................................................................


WIND (MPH)
  HIGHEST WIND SPEED    38   HIGHEST WIND DIRECTION     W (260)
  HIGHEST GUST SPEED    47   HIGHEST GUST DIRECTION     W (270)
  AVERAGE WIND SPEED    16.8


SKY COVER
  AVERAGE SKY COVER 0.0


WEATHER CONDITIONS
 THE FOLLOWING WEATHER WAS RECORDED YESTERDAY.
  NO SIGNIFICANT WEATHER WAS OBSERVED.


RELATIVE HUMIDITY (PERCENT)
 HIGHEST    48          1100 PM
 LOWEST     27           500 PM
 AVERAGE    38

..........................................................


THE JEROME ID CLIMATE NORMALS FOR TODAY
                         NORMAL    RECORD    YEAR
 MAXIMUM TEMPERATURE (F)   58        85      1990
 MINIMUM TEMPERATURE (F)   35        18      1924


SUNRISE AND SUNSET
APRIL 16 2014.........SUNRISE   655 AM MDT   SUNSET   821 PM MDT
APRIL 17 2014.........SUNRISE   653 AM MDT   SUNSET   822 PM MDT


-  INDICATES NEGATIVE NUMBERS.
R  INDICATES RECORD WAS SET OR TIED.
MM INDICATES DATA IS MISSING.
T  INDICATES TRACE AMOUNT.




$$
