000
CDUS45 KBOI 290930
CLIJER


CLIMATE REPORT
NATIONAL WEATHER SERVICE BOISE ID
330 AM MDT THU SEP 29 2016


...................................

...THE JEROME ID CLIMATE SUMMARY FOR SEPTEMBER 28 2016...

CLIMATE NORMAL PERIOD 1981 TO 2010
CLIMATE RECORD PERIOD 1915 TO 2016


WEATHER ITEM   OBSERVED TIME   RECORD YEAR NORMAL DEPARTURE LAST
                VALUE   (LST)  VALUE       VALUE  FROM      YEAR
                                                  NORMAL
..................................................................
TEMPERATURE (F)
 YESTERDAY
  MAXIMUM         84    409 PM  93    1963  69     15       78
  MINIMUM         53    437 AM  27    1950  42     11       48
  AVERAGE         69                        56     13       63

PRECIPITATION (IN)
  YESTERDAY        0.00          0.15 2014   0.02  -0.02     0.00
  MONTH TO DATE    1.55                      0.39   1.16     0.57
  SINCE OCT 1     11.58                     10.77   0.81    10.20
  SINCE JAN 1      6.99                      7.25  -0.26     7.30

DEGREE DAYS
 HEATING
  YESTERDAY        0                         9     -9        2
  MONTH TO DATE  175                       150     25      100
  SINCE SEP 1    175                       150     25      100
  SINCE JUL 1    197                       183     14      115

 COOLING
  YESTERDAY        4                         0      4        0
  MONTH TO DATE   24                        44    -20       56
  SINCE SEP 1     24                        44    -20       56
  SINCE JAN 1    606                       509     97      699
..................................................................


WIND (MPH)
  HIGHEST WIND SPEED    21   HIGHEST WIND DIRECTION    NE (60)
  HIGHEST GUST SPEED    26   HIGHEST GUST DIRECTION    NE (50)
  AVERAGE WIND SPEED    12.1


SKY COVER
  AVERAGE SKY COVER 0.0


WEATHER CONDITIONS
 THE FOLLOWING WEATHER WAS RECORDED YESTERDAY.
  NO SIGNIFICANT WEATHER WAS OBSERVED.


RELATIVE HUMIDITY (PERCENT)
 HIGHEST    72           200 AM
 LOWEST     14           400 PM
 AVERAGE    43

..........................................................


THE JEROME ID CLIMATE NORMALS FOR TODAY
                         NORMAL    RECORD    YEAR
 MAXIMUM TEMPERATURE (F)   69        93      1994
 MINIMUM TEMPERATURE (F)   42        26      1922


SUNRISE AND SUNSET
SEPTEMBER 29 2016.....SUNRISE   733 AM MDT   SUNSET   722 PM MDT
SEPTEMBER 30 2016.....SUNRISE   735 AM MDT   SUNSET   720 PM MDT


-  INDICATES NEGATIVE NUMBERS.
R  INDICATES RECORD WAS SET OR TIED.
MM INDICATES DATA IS MISSING.
T  INDICATES TRACE AMOUNT.




$$
