000
CDUS45 KBOI 070933
CLIJER


CLIMATE REPORT
NATIONAL WEATHER SERVICE BOISE ID
232 AM MST WED DEC 7 2016


...................................

...THE JEROME ID CLIMATE SUMMARY FOR DECEMBER 6 2016...

CLIMATE NORMAL PERIOD 1981 TO 2010
CLIMATE RECORD PERIOD 1915 TO 2016


WEATHER ITEM   OBSERVED TIME   RECORD YEAR NORMAL DEPARTURE LAST
                VALUE   (LST)  VALUE       VALUE  FROM      YEAR
                                                  NORMAL
..................................................................
TEMPERATURE (F)
 YESTERDAY
  MAXIMUM         23    135 PM  57    1987  36    -13       43
  MINIMUM         11    423 AM  -6    1992  21    -10       28
  AVERAGE         17                        28    -11       36

PRECIPITATION (IN)
  YESTERDAY        0.01          0.70 1955   0.05  -0.04     0.00
  MONTH TO DATE    0.12                      0.31  -0.19      T
  SINCE OCT 1      3.00                      2.34   0.66     3.25
  SINCE JAN 1     10.01                      9.63   0.38    10.55

DEGREE DAYS
 HEATING
  YESTERDAY       48                        37     11       29
  MONTH TO DATE  222                       215      7      233
  SINCE DEC 1    222                       215      7      233
  SINCE JUL 1   1448                      1766   -318     1566

 COOLING
  YESTERDAY        0                         0      0        0
  MONTH TO DATE    0                         0      0        0
  SINCE DEC 1      0                         0      0        0
  SINCE JAN 1    612                       510    102      713
..................................................................


WIND (MPH)
  HIGHEST WIND SPEED    21   HIGHEST WIND DIRECTION    NE (50)
  HIGHEST GUST SPEED    24   HIGHEST GUST DIRECTION    NE (50)
  AVERAGE WIND SPEED    11.0


SKY COVER
  AVERAGE SKY COVER 0.7


WEATHER CONDITIONS
 THE FOLLOWING WEATHER WAS RECORDED YESTERDAY.
  SNOW
  LIGHT SNOW
  FOG


RELATIVE HUMIDITY (PERCENT)
 HIGHEST   100           600 PM
 LOWEST     73           100 AM
 AVERAGE    87

..........................................................


THE JEROME ID CLIMATE NORMALS FOR TODAY
                         NORMAL    RECORD    YEAR
 MAXIMUM TEMPERATURE (F)   36        58      1987
 MINIMUM TEMPERATURE (F)   21        -3      1992


SUNRISE AND SUNSET
DECEMBER  7 2016......SUNRISE   755 AM MST   SUNSET   504 PM MST
DECEMBER  8 2016......SUNRISE   756 AM MST   SUNSET   504 PM MST


-  INDICATES NEGATIVE NUMBERS.
R  INDICATES RECORD WAS SET OR TIED.
MM INDICATES DATA IS MISSING.
T  INDICATES TRACE AMOUNT.




$$
