000
CDUS45 KBOI 270934
CLIJER


CLIMATE REPORT
NATIONAL WEATHER SERVICE BOISE ID
230 AM MST TUE JAN 27 2015


...................................

...THE JEROME ID CLIMATE SUMMARY FOR JANUARY 26 2015...

CLIMATE NORMAL PERIOD 1981 TO 2010
CLIMATE RECORD PERIOD 1919 TO 2015


WEATHER ITEM   OBSERVED TIME   RECORD YEAR NORMAL DEPARTURE LAST
                VALUE   (LST)  VALUE       VALUE  FROM      YEAR
                                                  NORMAL
..................................................................
TEMPERATURE (F)
 YESTERDAY
  MAXIMUM         44    443 PM  55    1971  34     10       23
  MINIMUM         28    704 AM -16    1949  20      8       19
  AVERAGE         36                        27      9       21

PRECIPITATION (IN)
  YESTERDAY        0.00          0.61 1997   0.02  -0.02     0.00
  MONTH TO DATE    1.09                      0.95   0.14     0.26
  SINCE OCT 1      3.99                      4.47  -0.48     0.86
  SINCE JAN 1      1.09                      0.95   0.14     0.26

DEGREE DAYS
 HEATING
  YESTERDAY       29                        38     -9       44
  MONTH TO DATE  951                      1006    -55      885
  SINCE DEC 1   1900                      2185   -285     2186
  SINCE JUL 1   3236                      3736   -500     3669

 COOLING
  YESTERDAY        0                         0      0        0
  MONTH TO DATE    0                         0      0        0
  SINCE DEC 1      0                         0      0        0
  SINCE JAN 1      0                         0      0        0
..................................................................


WIND (MPH)
  HIGHEST WIND SPEED    28   HIGHEST WIND DIRECTION    NE (40)
  HIGHEST GUST SPEED    34   HIGHEST GUST DIRECTION    NE (40)
  AVERAGE WIND SPEED    19.0


SKY COVER
  AVERAGE SKY COVER 0.0


WEATHER CONDITIONS
 THE FOLLOWING WEATHER WAS RECORDED YESTERDAY.
  NO SIGNIFICANT WEATHER WAS OBSERVED.


RELATIVE HUMIDITY (PERCENT)
 HIGHEST    92           600 AM
 LOWEST     70           200 PM
 AVERAGE    81

..........................................................


THE JEROME ID CLIMATE NORMALS FOR TODAY
                         NORMAL    RECORD    YEAR
 MAXIMUM TEMPERATURE (F)   34        55      2003
 MINIMUM TEMPERATURE (F)   20        -8      1957


SUNRISE AND SUNSET
JANUARY 27 2015.......SUNRISE   757 AM MST   SUNSET   544 PM MST
JANUARY 28 2015.......SUNRISE   756 AM MST   SUNSET   546 PM MST


-  INDICATES NEGATIVE NUMBERS.
R  INDICATES RECORD WAS SET OR TIED.
MM INDICATES DATA IS MISSING.
T  INDICATES TRACE AMOUNT.




$$
