000
CDUS45 KBOI 300930
CLIJER


CLIMATE REPORT
NATIONAL WEATHER SERVICE BOISE ID
330 AM MDT TUE AUG 30 2016


...................................

...THE JEROME ID CLIMATE SUMMARY FOR AUGUST 29 2016...

CLIMATE NORMAL PERIOD 1981 TO 2010
CLIMATE RECORD PERIOD 1915 TO 2016


WEATHER ITEM   OBSERVED TIME   RECORD YEAR NORMAL DEPARTURE LAST
                VALUE   (LST)  VALUE       VALUE  FROM      YEAR
                                                  NORMAL
..................................................................
TEMPERATURE (F)
 YESTERDAY
  MAXIMUM         94    436 PM 100    1948  83     11       88
  MINIMUM         55    403 AM  37    1965  52      3       66
  AVERAGE         75                        67      8       77

PRECIPITATION (IN)
  YESTERDAY        0.00          0.13 2002   0.01  -0.01     0.01
  MONTH TO DATE    T                         0.23  -0.23     0.96
  SINCE OCT 1      9.99                     10.35  -0.36     9.63
  SINCE JAN 1      5.40                      6.83  -1.43     6.73

DEGREE DAYS
 HEATING
  YESTERDAY        0                         2     -2        0
  MONTH TO DATE    7                        14     -7        3
  SINCE JUN 1     64                       133    -69       30
  SINCE JUL 1     22                        26     -4       15

 COOLING
  YESTERDAY       10                         4      6       12
  MONTH TO DATE  161                       174    -13      217
  SINCE JUN 1    553                       444    109      632
  SINCE JAN 1    557                       457    100      642
..................................................................


WIND (MPH)
  HIGHEST WIND SPEED    14   HIGHEST WIND DIRECTION    NE (60)
  HIGHEST GUST SPEED    18   HIGHEST GUST DIRECTION    NE (30)
  AVERAGE WIND SPEED     7.2


SKY COVER
  AVERAGE SKY COVER 0.0


WEATHER CONDITIONS
 THE FOLLOWING WEATHER WAS RECORDED YESTERDAY.
  NO SIGNIFICANT WEATHER WAS OBSERVED.


RELATIVE HUMIDITY (PERCENT)
 HIGHEST    57           400 AM
 LOWEST     10           400 PM
 AVERAGE    34

..........................................................


THE JEROME ID CLIMATE NORMALS FOR TODAY
                         NORMAL    RECORD    YEAR
 MAXIMUM TEMPERATURE (F)   83       100      1998
 MINIMUM TEMPERATURE (F)   51        35      1965


SUNRISE AND SUNSET
AUGUST 30 2016........SUNRISE   701 AM MDT   SUNSET   815 PM MDT
AUGUST 31 2016........SUNRISE   702 AM MDT   SUNSET   813 PM MDT


-  INDICATES NEGATIVE NUMBERS.
R  INDICATES RECORD WAS SET OR TIED.
MM INDICATES DATA IS MISSING.
T  INDICATES TRACE AMOUNT.




$$
