000
CDUS41 KOKX 300619
CLIJFK


CLIMATE REPORT
NATIONAL WEATHER SERVICE NEW YORK NY
219 AM EDT SAT APR 30 2016


...................................

...THE KENNEDY NY CLIMATE SUMMARY FOR APRIL 29 2016...

CLIMATE NORMAL PERIOD 1981 TO 2010
CLIMATE RECORD PERIOD 1949 TO 2016


WEATHER ITEM   OBSERVED TIME   RECORD YEAR NORMAL DEPARTURE LAST
                VALUE   (LST)  VALUE       VALUE  FROM      YEAR
                                                  NORMAL
..................................................................
TEMPERATURE (F)
 YESTERDAY
  MAXIMUM         57   1254 PM  82    1974  63     -6       77
  MINIMUM         47   1157 PM  36    1966  48     -1       50
  AVERAGE         52                        56     -4       64

PRECIPITATION (IN)
  YESTERDAY        0.03          0.75 1989   0.12  -0.09     0.00
  MONTH TO DATE    1.24                      3.76  -2.52     1.61
  SINCE MAR 1      2.63                      7.54  -4.91     6.49
  SINCE JAN 1     11.27                     13.29  -2.02    14.15

SNOWFALL (IN)
  YESTERDAY        0.0           0.0  2006   0.0    0.0      0.0
  MONTH TO DATE    T                         0.8   -0.8      0.0
  SINCE OCT 1     41.4                      23.8   17.6     44.2
  SINCE JUL 1     41.4                      23.8   17.6     44.2
  SNOW DEPTH       0

DEGREE DAYS
 HEATING
  YESTERDAY       13                        10      3        1
  MONTH TO DATE  400                       407     -7      356
  SINCE MAR 1    933                      1132   -199     1193
  SINCE JUL 1   3687                      4643   -956     4885

 COOLING
  YESTERDAY        0                         0      0        0
  MONTH TO DATE    0                         0      0        0
  SINCE MAR 1      0                         0      0        0
  SINCE JAN 1      0                         0      0        0
..................................................................


WIND (MPH)
  HIGHEST WIND SPEED    23   HIGHEST WIND DIRECTION     E (110)
  HIGHEST GUST SPEED    29   HIGHEST GUST DIRECTION     E (110)
  AVERAGE WIND SPEED    11.1


SKY COVER
  POSSIBLE SUNSHINE  MM
  AVERAGE SKY COVER 0.9


WEATHER CONDITIONS
 THE FOLLOWING WEATHER WAS RECORDED YESTERDAY.
  LIGHT RAIN


RELATIVE HUMIDITY (PERCENT)
 HIGHEST    66           100 AM
 LOWEST     32           300 PM
 AVERAGE    49

..........................................................


THE KENNEDY NY CLIMATE NORMALS FOR TODAY
                         NORMAL    RECORD    YEAR
 MAXIMUM TEMPERATURE (F)   64        81      2007
 MINIMUM TEMPERATURE (F)   48        40      1975


SUNRISE AND SUNSET
APRIL 30 2016.........SUNRISE   555 AM EDT   SUNSET   751 PM EDT
MAY  1 2016...........SUNRISE   553 AM EDT   SUNSET   752 PM EDT


-  INDICATES NEGATIVE NUMBERS.
R  INDICATES RECORD WAS SET OR TIED.
MM INDICATES DATA IS MISSING.
T  INDICATES TRACE AMOUNT.




$$
