000
CDUS41 KOKX 040619
CLIJFK


CLIMATE REPORT
NATIONAL WEATHER SERVICE NEW YORK NY
218 AM EDT TUE AUG 4 2015


...................................

...THE KENNEDY NY CLIMATE SUMMARY FOR AUGUST 3 2015...

CLIMATE NORMAL PERIOD 1981 TO 2010
CLIMATE RECORD PERIOD 1949 TO 2015


WEATHER ITEM   OBSERVED TIME   RECORD YEAR NORMAL DEPARTURE LAST
                VALUE   (LST)  VALUE       VALUE  FROM      YEAR
                                                  NORMAL
..................................................................
TEMPERATURE (F)
 YESTERDAY
  MAXIMUM         89    208 PM  99    2006  83      6       78
  MINIMUM         71    519 AM  56    1964  69      2       66
  AVERAGE         80                        76      4       72

PRECIPITATION (IN)
  YESTERDAY        0.00          1.90 1948   0.13  -0.13     0.09
  MONTH TO DATE    0.00                      0.39  -0.39     0.49
  SINCE JUN 1      7.30                      8.33  -1.03     7.93
  SINCE JAN 1     21.91                     25.67  -3.76    30.37

SNOWFALL (IN)
  YESTERDAY        0.0          MM      MM   0.0    0.0      0.0
  MONTH TO DATE    0.0                       0.0    0.0      0.0
  SINCE OCT 1     44.2                      23.8   20.4     45.6
  SINCE JUL 1      0.0                       0.0    0.0      0.0
  SNOW DEPTH       0

DEGREE DAYS
 HEATING
  YESTERDAY        0                         0      0        0
  MONTH TO DATE    0                         0      0        0
  SINCE JUN 1     29                        21      8        0
  SINCE JUL 1      0                         0      0        0

 COOLING
  YESTERDAY       15                        11      4        7
  MONTH TO DATE   47                        33     14       25
  SINCE JUN 1    695                       553    142      566
  SINCE JAN 1    755                       588    167      598
..................................................................


WIND (MPH)
  HIGHEST WIND SPEED    28   HIGHEST WIND DIRECTION     S (190)
  HIGHEST GUST SPEED    MM   HIGHEST GUST DIRECTION    MM
  AVERAGE WIND SPEED    13.1


SKY COVER
  POSSIBLE SUNSHINE  MM
  AVERAGE SKY COVER 0.4


WEATHER CONDITIONS
 THE FOLLOWING WEATHER WAS RECORDED YESTERDAY.
  NO SIGNIFICANT WEATHER WAS OBSERVED.


RELATIVE HUMIDITY (PERCENT)
 HIGHEST    87          1000 PM
 LOWEST     50           200 PM
 AVERAGE    69

..........................................................


THE KENNEDY NY CLIMATE NORMALS FOR TODAY
                         NORMAL    RECORD    YEAR
 MAXIMUM TEMPERATURE (F)   83        93      2006
                                             1995
 MINIMUM TEMPERATURE (F)   69        57      1964


SUNRISE AND SUNSET
AUGUST  4 2015........SUNRISE   555 AM EDT   SUNSET   807 PM EDT
AUGUST  5 2015........SUNRISE   556 AM EDT   SUNSET   806 PM EDT


-  INDICATES NEGATIVE NUMBERS.
R  INDICATES RECORD WAS SET OR TIED.
MM INDICATES DATA IS MISSING.
T  INDICATES TRACE AMOUNT.




$$
