000
CDUS41 KOKX 230617
CLIJFK


CLIMATE REPORT
NATIONAL WEATHER SERVICE NEW YORK NY
216 AM EDT SAT SEP 23 2017


...................................

...THE KENNEDY NY CLIMATE SUMMARY FOR SEPTEMBER 22 2017...

CLIMATE NORMAL PERIOD 1981 TO 2010
CLIMATE RECORD PERIOD 1948 TO 2017


WEATHER ITEM   OBSERVED TIME   RECORD YEAR NORMAL DEPARTURE LAST
                VALUE   (LST)  VALUE       VALUE  FROM      YEAR
                                                  NORMAL
..................................................................
TEMPERATURE (F)
 YESTERDAY
  MAXIMUM         83    321 PM  91    1980  73     10       83
  MINIMUM         67    555 AM  41    1962  59      8       62
  AVERAGE         75                        66      9       73

PRECIPITATION (IN)
  YESTERDAY        0.00          1.18 1994   0.13  -0.13     0.00
  MONTH TO DATE    2.16                      2.48  -0.32     2.07
  SINCE SEP 1      2.16                      2.48  -0.32     2.07
  SINCE JAN 1     35.41                     31.44   3.97    25.34

SNOWFALL (IN)
  YESTERDAY        0.0          MM      MM   0.0    0.0      0.0
  MONTH TO DATE    0.0                       0.0    0.0      0.0
  SINCE OCT 1     30.9                      23.8    7.1     41.4
  SINCE JUL 1      0.0                       0.0    0.0      0.0
  SNOW DEPTH       0

DEGREE DAYS
 HEATING
  YESTERDAY        0                         2     -2        0
  MONTH TO DATE    5                        14     -9        0
  SINCE SEP 1      5                        14     -9        0
  SINCE JUL 1      5                        15    -10        0

 COOLING
  YESTERDAY       10                         3      7        8
  MONTH TO DATE  121                       115      6      197
  SINCE SEP 1    121                       115      6      197
  SINCE JAN 1   1044                       976     68     1334
..................................................................


WIND (MPH)
  HIGHEST WIND SPEED    25   HIGHEST WIND DIRECTION     N (350)
  HIGHEST GUST SPEED    32   HIGHEST GUST DIRECTION     N (350)
  AVERAGE WIND SPEED    18.0


SKY COVER
  POSSIBLE SUNSHINE  MM
  AVERAGE SKY COVER 0.7


WEATHER CONDITIONS
 THE FOLLOWING WEATHER WAS RECORDED YESTERDAY.
  NO SIGNIFICANT WEATHER WAS OBSERVED.


RELATIVE HUMIDITY (PERCENT)
 HIGHEST    53           900 PM
 LOWEST     40           100 PM
 AVERAGE    47

..........................................................


THE KENNEDY NY CLIMATE NORMALS FOR TODAY
                         NORMAL    RECORD    YEAR
 MAXIMUM TEMPERATURE (F)   73        90      1970
 MINIMUM TEMPERATURE (F)   58        43      1963


SUNRISE AND SUNSET
SEPTEMBER 23 2017.....SUNRISE   644 AM EDT   SUNSET   650 PM EDT
SEPTEMBER 24 2017.....SUNRISE   645 AM EDT   SUNSET   649 PM EDT


-  INDICATES NEGATIVE NUMBERS.
R  INDICATES RECORD WAS SET OR TIED.
MM INDICATES DATA IS MISSING.
T  INDICATES TRACE AMOUNT.




$$
