000
CDUS41 KOKX 290618
CLIJFK


CLIMATE REPORT
NATIONAL WEATHER SERVICE NEW YORK NY
218 AM EDT THU JUN 29 2017


...................................

...THE KENNEDY NY CLIMATE SUMMARY FOR JUNE 28 2017...

CLIMATE NORMAL PERIOD 1981 TO 2010
CLIMATE RECORD PERIOD 1948 TO 2017


WEATHER ITEM   OBSERVED TIME   RECORD YEAR NORMAL DEPARTURE LAST
                VALUE   (LST)  VALUE       VALUE  FROM      YEAR
                                                  NORMAL
..................................................................
TEMPERATURE (F)
 YESTERDAY
  MAXIMUM         82    347 PM  98    2010  81      1       76
  MINIMUM         63    442 AM  53    1995  66     -3       70
  AVERAGE         73                        74     -1       73

PRECIPITATION (IN)
  YESTERDAY        0.00          0.94 1983   0.11  -0.11     0.14
  MONTH TO DATE    4.20                      3.64   0.56     1.61
  SINCE JUN 1      4.20                      3.64   0.56     1.61
  SINCE JAN 1     26.10                     20.98   5.12    16.59

SNOWFALL (IN)
  YESTERDAY        0.0          MM      MM   0.0    0.0      0.0
  MONTH TO DATE    0.0                       0.0    0.0      0.0
  SINCE OCT 1     30.9                      23.8    7.1     41.4
  SINCE JUL 1     30.9                      23.8    7.1     41.4
  SNOW DEPTH       0

DEGREE DAYS
 HEATING
  YESTERDAY        0                         0      0        0
  MONTH TO DATE   20                        20      0        3
  SINCE JUN 1     20                        20      0        3
  SINCE JUL 1   4197                      4838   -641     3893

 COOLING
  YESTERDAY        8                         9     -1        8
  MONTH TO DATE  185                       163     22      190
  SINCE JUN 1    185                       163     22      190
  SINCE JAN 1    235                       198     37      241
..................................................................


WIND (MPH)
  HIGHEST WIND SPEED    23   HIGHEST WIND DIRECTION     S (190)
  HIGHEST GUST SPEED    28   HIGHEST GUST DIRECTION     S (190)
  AVERAGE WIND SPEED    11.9


SKY COVER
  POSSIBLE SUNSHINE  MM
  AVERAGE SKY COVER 0.4


WEATHER CONDITIONS
 THE FOLLOWING WEATHER WAS RECORDED YESTERDAY.
  NO SIGNIFICANT WEATHER WAS OBSERVED.


RELATIVE HUMIDITY (PERCENT)
 HIGHEST    78           900 PM
 LOWEST     30           400 PM
 AVERAGE    54

..........................................................


THE KENNEDY NY CLIMATE NORMALS FOR TODAY
                         NORMAL    RECORD    YEAR
 MAXIMUM TEMPERATURE (F)   82        99      1959
 MINIMUM TEMPERATURE (F)   67        55      1995


SUNRISE AND SUNSET
JUNE 29 2017..........SUNRISE   527 AM EDT   SUNSET   830 PM EDT
JUNE 30 2017..........SUNRISE   528 AM EDT   SUNSET   830 PM EDT


-  INDICATES NEGATIVE NUMBERS.
R  INDICATES RECORD WAS SET OR TIED.
MM INDICATES DATA IS MISSING.
T  INDICATES TRACE AMOUNT.




$$
