000
CDUS41 KOKX 290617
CLIJFK


CLIMATE REPORT
NATIONAL WEATHER SERVICE NEW YORK NY
217 AM EDT THU SEP 29 2016


...................................

...THE KENNEDY NY CLIMATE SUMMARY FOR SEPTEMBER 28 2016...

CLIMATE NORMAL PERIOD 1981 TO 2010
CLIMATE RECORD PERIOD 1948 TO 2016


WEATHER ITEM   OBSERVED TIME   RECORD YEAR NORMAL DEPARTURE LAST
                VALUE   (LST)  VALUE       VALUE  FROM      YEAR
                                                  NORMAL
..................................................................
TEMPERATURE (F)
 YESTERDAY
  MAXIMUM         70   1158 AM  82    1948  71     -1       79
  MINIMUM         59   1156 PM  44    1989  56      3       61
  AVERAGE         65                        64      1       70

PRECIPITATION (IN)
  YESTERDAY        T             3.42 2004   0.13  -0.13     0.04
  MONTH TO DATE    2.54                      3.23  -0.69     1.63
  SINCE SEP 1      2.54                      3.23  -0.69     1.63
  SINCE JAN 1     25.81                     32.19  -6.38    27.17

SNOWFALL (IN)
  YESTERDAY        0.0          MM      MM   0.0    0.0      0.0
  MONTH TO DATE    0.0                       0.0    0.0      0.0
  SINCE OCT 1     41.4                      23.8   17.6     44.2
  SINCE JUL 1      0.0                       0.0    0.0      0.0
  SNOW DEPTH       0

DEGREE DAYS
 HEATING
  YESTERDAY        0                         3     -3        0
  MONTH TO DATE    6                        29    -23        1
  SINCE SEP 1      6                        29    -23        1
  SINCE JUL 1      6                        30    -24        1

 COOLING
  YESTERDAY        0                         2     -2        5
  MONTH TO DATE  205                       127     78      229
  SINCE SEP 1    205                       127     78      229
  SINCE JAN 1   1342                       988    354     1362
..................................................................


WIND (MPH)
  HIGHEST WIND SPEED    23   HIGHEST WIND DIRECTION    NE (40)
  HIGHEST GUST SPEED    29   HIGHEST GUST DIRECTION    NE (60)
  AVERAGE WIND SPEED    13.4


SKY COVER
  POSSIBLE SUNSHINE  MM
  AVERAGE SKY COVER 0.8


WEATHER CONDITIONS
 THE FOLLOWING WEATHER WAS RECORDED YESTERDAY.
  LIGHT RAIN
  FOG


RELATIVE HUMIDITY (PERCENT)
 HIGHEST   100           400 AM
 LOWEST     66          1100 AM
 AVERAGE    83

..........................................................


THE KENNEDY NY CLIMATE NORMALS FOR TODAY
                         NORMAL    RECORD    YEAR
 MAXIMUM TEMPERATURE (F)   71        82      1948
 MINIMUM TEMPERATURE (F)   56        44      2000


SUNRISE AND SUNSET
SEPTEMBER 29 2016.....SUNRISE   650 AM EDT   SUNSET   640 PM EDT
SEPTEMBER 30 2016.....SUNRISE   651 AM EDT   SUNSET   638 PM EDT


-  INDICATES NEGATIVE NUMBERS.
R  INDICATES RECORD WAS SET OR TIED.
MM INDICATES DATA IS MISSING.
T  INDICATES TRACE AMOUNT.




$$
