000
CDUS43 KJKL 040552
CLIJKL

CLIMATE REPORT
NATIONAL WEATHER SERVICE JACKSON KY
152 AM EDT FRI SEP 4 2015

...................................

...THE JACKSON KY CLIMATE SUMMARY FOR SEPTEMBER 3 2015...

CLIMATE NORMAL PERIOD 1981 TO 2010
CLIMATE RECORD PERIOD 1981 TO 2015


WEATHER ITEM   OBSERVED TIME   RECORD YEAR NORMAL DEPARTURE LAST
                VALUE   (LST)  VALUE       VALUE  FROM      YEAR
                                                  NORMAL
..................................................................
TEMPERATURE (F)
 YESTERDAY
  MAXIMUM         87    414 PM  96    2011  82      5       80
  MINIMUM         66    552 AM  52    1994  62      4       68
  AVERAGE         77                        72      5       74

PRECIPITATION (IN)
  YESTERDAY        0.00          2.30 1993   0.11  -0.11     0.01
  MONTH TO DATE    0.00                      0.32  -0.32     0.37
  SINCE SEP 1      0.00                      0.32  -0.32     0.37
  SINCE JAN 1     45.78                     33.87  11.91    38.67

SNOWFALL (IN)
  YESTERDAY        0.0                       0.0    0.0      0.0
  MONTH TO DATE    0.0                       0.0    0.0      0.0
  SINCE SEP 1      0.0                       0.0    0.0      0.0
  SINCE JUL 1      0.0                       0.0    0.0      0.0
  SNOW DEPTH       0

DEGREE DAYS
 HEATING
  YESTERDAY        0                         0      0        0
  MONTH TO DATE    0                         0      0        0
  SINCE SEP 1      0                         0      0        0
  SINCE JUL 1      0                         2     -2        3

 COOLING
  YESTERDAY       12                         7      5        9
  MONTH TO DATE   37                        23     14       35
  SINCE SEP 1     37                        23     14       35
  SINCE JAN 1   1088                      1001     87     1036
..................................................................

WIND (MPH)
  HIGHEST WIND SPEED     9   HIGHEST WIND DIRECTION    NW (320)
  HIGHEST GUST SPEED    14   HIGHEST GUST DIRECTION    NW (310)
  AVERAGE WIND SPEED     1.2

SKY COVER
  POSSIBLE SUNSHINE  MM
  AVERAGE SKY COVER 0.1

WEATHER CONDITIONS
 THE FOLLOWING WEATHER WAS RECORDED YESTERDAY.
  THUNDERSTORM
  FOG
  HAZE

RELATIVE HUMIDITY (PERCENT)
 HIGHEST    93           500 AM
 LOWEST     51           300 PM
 AVERAGE    72

..........................................................

THE JACKSON KY CLIMATE NORMALS FOR TODAY
                         NORMAL    RECORD    YEAR
 MAXIMUM TEMPERATURE (F)   82        94      2007
 MINIMUM TEMPERATURE (F)   62        47      1997

SUNRISE AND SUNSET
SEPTEMBER  4 2015.....SUNRISE   706 AM EDT   SUNSET   758 PM EDT
SEPTEMBER  5 2015.....SUNRISE   707 AM EDT   SUNSET   757 PM EDT

-  INDICATES NEGATIVE NUMBERS.
R  INDICATES RECORD WAS SET OR TIED.
MM INDICATES DATA IS MISSING.
T  INDICATES TRACE AMOUNT.

$$
