000
CDUS43 KJKL 162121
CLIJKL

CLIMATE REPORT
NATIONAL WEATHER SERVICE JACKSON KY
421 PM EST SAT DEC 16 2017

...................................

...THE JACKSON KY CLIMATE SUMMARY FOR DECEMBER 16 2017...
VALID TODAY AS OF 0400 PM LOCAL TIME.

CLIMATE NORMAL PERIOD 1981 TO 2010
CLIMATE RECORD PERIOD 1981 TO 2017

WEATHER ITEM   OBSERVED TIME   RECORD YEAR NORMAL DEPARTURE LAST
                VALUE   (LST)  VALUE       VALUE  FROM      YEAR
                                                  NORMAL
..................................................................
TEMPERATURE (F)
 TODAY
  MAXIMUM         51    335 PM  70    2015  46      5       44
  MINIMUM         29    755 AM  -4    1989  30     -1       12
  AVERAGE         40                        38      2       28

PRECIPITATION (IN)
  TODAY            0.00          2.03 2000   0.14  -0.14     0.00
  MONTH TO DATE    0.73                      2.26  -1.53     1.91
  SINCE DEC 1      0.73                      2.26  -1.53     1.91
  SINCE JAN 1     48.97                     46.42   2.55    48.64

SNOWFALL (IN)
  TODAY            0.0           1.0  2010   0.2   -0.2      0.0
  MONTH TO DATE    0.8                       2.0   -1.2      0.1
  SINCE DEC 1      0.8                       2.0   -1.2      0.1
  SINCE JUL 1      0.8                       2.6   -1.8      0.1
  SNOW DEPTH       0

DEGREE DAYS
 HEATING
  TODAY           25                        27     -2       37
  MONTH TO DATE  422                       402     20      465
  SINCE DEC 1    422                       402     20      465
  SINCE JUL 1   1144                      1202    -58      991

 COOLING
  TODAY            0                         0      0        0
  MONTH TO DATE    0                         0      0        0
  SINCE DEC 1      0                         0      0        0
  SINCE JAN 1   1200                      1154     46     1580
..................................................................

WIND (MPH)
  HIGHEST WIND SPEED    12   HIGHEST WIND DIRECTION     S (190)
  HIGHEST GUST SPEED    21   HIGHEST GUST DIRECTION     W (260)
  AVERAGE WIND SPEED     4.7

SKY COVER
  POSSIBLE SUNSHINE  MM
  AVERAGE SKY COVER 0.3

WEATHER CONDITIONS
 THE FOLLOWING WEATHER WAS RECORDED TODAY.
  NO SIGNIFICANT WEATHER WAS OBSERVED.

RELATIVE HUMIDITY (PERCENT)
 HIGHEST    75           700 AM
 LOWEST     39           200 PM
 AVERAGE    57

..........................................................

THE JACKSON KY CLIMATE NORMALS FOR TOMORROW
                         NORMAL    RECORD    YEAR
 MAXIMUM TEMPERATURE (F)   45        69      2006
 MINIMUM TEMPERATURE (F)   30         4      1989

SUNRISE AND SUNSET
DECEMBER 16 2017......SUNRISE   742 AM EST   SUNSET   516 PM EST
DECEMBER 17 2017......SUNRISE   742 AM EST   SUNSET   517 PM EST

-  INDICATES NEGATIVE NUMBERS.
R  INDICATES RECORD WAS SET OR TIED.
MM INDICATES DATA IS MISSING.
T  INDICATES TRACE AMOUNT.

$$

CARICO
