000
CDUS43 KSGF 260625
CLIJLN


CLIMATE REPORT
NATIONAL WEATHER SERVICE SPRINGFIELD MO
125 AM CDT SAT JUL 26 2014


...................................

...THE JOPLIN MO CLIMATE SUMMARY FOR JULY 25 2014...

CLIMATE NORMAL PERIOD 1981 TO 2010
CLIMATE RECORD PERIOD 1902 TO 2014


WEATHER ITEM   OBSERVED TIME   RECORD YEAR NORMAL DEPARTURE LAST
                VALUE   (LST)  VALUE       VALUE  FROM      YEAR
                                                  NORMAL
..................................................................
TEMPERATURE (F)
 YESTERDAY
  MAXIMUM         94    323 PM 104    2012  91      3       90
  MINIMUM         69    414 AM  59    1991  70     -1       62
  AVERAGE         82                        81      1       76

PRECIPITATION (IN)
  YESTERDAY        0.00          3.85 1958   0.10  -0.10      T
  MONTH TO DATE    0.62                      3.19  -2.57     0.22
  SINCE JUN 1      4.55                      9.05  -4.50     5.61
  SINCE JAN 1     13.30                     27.00 -13.70    28.00

DEGREE DAYS
 HEATING
  YESTERDAY        0                         0      0        0
  MONTH TO DATE    1                         0      1        0
  SINCE JUN 1      3                         5     -2       12
  SINCE JUL 1      1                         0      1        0

 COOLING
  YESTERDAY       17                        16      1       11
  MONTH TO DATE  264                       379   -115      358
  SINCE JUN 1    567                       697   -130      681
  SINCE JAN 1    780                       877    -97      825
..................................................................


WIND (MPH)
  HIGHEST WIND SPEED    24   HIGHEST WIND DIRECTION     S (200)
  HIGHEST GUST SPEED    30   HIGHEST GUST DIRECTION     S (200)
  AVERAGE WIND SPEED    14.0


SKY COVER
  AVERAGE SKY COVER 0.0


WEATHER CONDITIONS
 THE FOLLOWING WEATHER WAS RECORDED YESTERDAY.
  NO SIGNIFICANT WEATHER WAS OBSERVED.


RELATIVE HUMIDITY (PERCENT)
 HIGHEST    90           400 AM
 LOWEST     46           400 PM
 AVERAGE    68

..........................................................


THE JOPLIN MO CLIMATE NORMALS FOR TODAY
                         NORMAL    RECORD    YEAR
 MAXIMUM TEMPERATURE (F)   91       104      1952
 MINIMUM TEMPERATURE (F)   70        56      2004


SUNRISE AND SUNSET
JULY 26 2014..........SUNRISE   618 AM CDT   SUNSET   831 PM CDT
JULY 27 2014..........SUNRISE   619 AM CDT   SUNSET   830 PM CDT


-  INDICATES NEGATIVE NUMBERS.
R  INDICATES RECORD WAS SET OR TIED.
MM INDICATES DATA IS MISSING.
T  INDICATES TRACE AMOUNT.




$$
