000
CDUS43 KSGF 160630
CLIJLN


CLIMATE REPORT
NATIONAL WEATHER SERVICE SPRINGFIELD MO
1228 AM CST TUE JAN 16 2018


...................................

...THE JOPLIN MO CLIMATE SUMMARY FOR JANUARY 15 2018...

CLIMATE NORMAL PERIOD 1981 TO 2010
CLIMATE RECORD PERIOD 1902 TO 2018


WEATHER ITEM   OBSERVED TIME   RECORD YEAR NORMAL DEPARTURE LAST
                VALUE   (LST)  VALUE       VALUE  FROM      YEAR
                                                  NORMAL
..................................................................
TEMPERATURE (F)
 YESTERDAY
  MAXIMUM         35    331 AM  68    1952  45    -10       47
                                      1986
                                      1990
  MINIMUM          3   1140 PM  -1    1979  25    -22       32
  AVERAGE         19                        35    -16       40

PRECIPITATION (IN)
  YESTERDAY        0.01          1.01 1949   0.06  -0.05     0.74
  MONTH TO DATE    0.46                      1.00  -0.54     2.21
  SINCE DEC 1      1.83                      3.82  -1.99     2.80
  SINCE JAN 1      0.46                      1.00  -0.54     2.21

DEGREE DAYS
 HEATING
  YESTERDAY       46                        30     16       25
  MONTH TO DATE  564                       450    114      451
  SINCE DEC 1   1405                      1310     95     1328
  SINCE JUL 1   2050                      2067    -17     1783

 COOLING
  YESTERDAY        0                         0      0        0
  MONTH TO DATE    0                         0      0        0
  SINCE DEC 1      0                         0      0        0
  SINCE JAN 1      0                         0      0        0
..................................................................


WIND (MPH)
  HIGHEST WIND SPEED    30   HIGHEST WIND DIRECTION     N (350)
  HIGHEST GUST SPEED    39   HIGHEST GUST DIRECTION     N (340)
  AVERAGE WIND SPEED    12.9


SKY COVER
  AVERAGE SKY COVER 0.7


WEATHER CONDITIONS
 THE FOLLOWING WEATHER WAS RECORDED YESTERDAY.
  SNOW
  LIGHT SNOW
  FOG
  FOG W/VISIBILITY <= 1/4 MILE


RELATIVE HUMIDITY (PERCENT)
 HIGHEST   100           500 AM
 LOWEST     61           100 AM
 AVERAGE    81

..........................................................


THE JOPLIN MO CLIMATE NORMALS FOR TODAY
                         NORMAL    RECORD    YEAR
 MAXIMUM TEMPERATURE (F)   45        69      2012
                                             1952
 MINIMUM TEMPERATURE (F)   25        -1      1997
                                             1977


SUNRISE AND SUNSET
JANUARY 16 2018.......SUNRISE   730 AM CST   SUNSET   526 PM CST
JANUARY 17 2018.......SUNRISE   730 AM CST   SUNSET   527 PM CST


-  INDICATES NEGATIVE NUMBERS.
R  INDICATES RECORD WAS SET OR TIED.
MM INDICATES DATA IS MISSING.
T  INDICATES TRACE AMOUNT.




$$
