000
CDUS43 KSGF 270645
CLIJLN


CLIMATE REPORT
NATIONAL WEATHER SERVICE SPRINGFIELD MO
1245 AM CST MON FEB 27 2017


...................................

...THE JOPLIN MO CLIMATE SUMMARY FOR FEBRUARY 26 2017...

CLIMATE NORMAL PERIOD 1981 TO 2010
CLIMATE RECORD PERIOD 1902 TO 2017


WEATHER ITEM   OBSERVED TIME   RECORD YEAR NORMAL DEPARTURE LAST
                VALUE   (LST)  VALUE       VALUE  FROM      YEAR
                                                  NORMAL
..................................................................
TEMPERATURE (F)
 YESTERDAY
  MAXIMUM         44    320 PM  81    1996  54    -10       53
  MINIMUM         31   1143 PM   8    1960  32     -1       21
  AVERAGE         38                        43     -5       37

PRECIPITATION (IN)
  YESTERDAY        0.08          2.02 1984   0.09  -0.01     0.00
  MONTH TO DATE    0.34                      2.13  -1.79     0.37
  SINCE DEC 1      4.58                      6.98  -2.40    10.44
  SINCE JAN 1      3.99                      4.16  -0.17     0.67

DEGREE DAYS
 HEATING
  YESTERDAY       27                        22      5       28
  MONTH TO DATE  425                       662   -237      584
  SINCE DEC 1   2082                      2454   -372     2101
  SINCE JUL 1   2537                      3211   -674     2719

 COOLING
  YESTERDAY        0                         0      0        0
  MONTH TO DATE    7                         0      7        1
  SINCE DEC 1      7                         0      7        4
  SINCE JAN 1      7                         0      7        1
..................................................................


WIND (MPH)
  HIGHEST WIND SPEED    17   HIGHEST WIND DIRECTION     S (200)
  HIGHEST GUST SPEED    21   HIGHEST GUST DIRECTION     S (160)
  AVERAGE WIND SPEED     7.2


SKY COVER
  AVERAGE SKY COVER 0.8


WEATHER CONDITIONS
 THE FOLLOWING WEATHER WAS RECORDED YESTERDAY.
  LIGHT RAIN
  FOG


RELATIVE HUMIDITY (PERCENT)
 HIGHEST    92          1200 PM
 LOWEST     43           100 AM
 AVERAGE    68

..........................................................


THE JOPLIN MO CLIMATE NORMALS FOR TODAY
                         NORMAL    RECORD    YEAR
 MAXIMUM TEMPERATURE (F)   54        76      1976
 MINIMUM TEMPERATURE (F)   33         8      2015


SUNRISE AND SUNSET
FEBRUARY 27 2017......SUNRISE   651 AM CST   SUNSET   610 PM CST
FEBRUARY 28 2017......SUNRISE   650 AM CST   SUNSET   611 PM CST


-  INDICATES NEGATIVE NUMBERS.
R  INDICATES RECORD WAS SET OR TIED.
MM INDICATES DATA IS MISSING.
T  INDICATES TRACE AMOUNT.




$$
