000
CDUS43 KSGF 092326
CLIJLN


CLIMATE REPORT
NATIONAL WEATHER SERVICE SPRINGFIELD MO
526 PM CST FRI DEC 9 2016


...................................

...THE JOPLIN MO CLIMATE SUMMARY FOR DECEMBER 9 2016...
VALID TODAY AS OF 0500 PM LOCAL TIME.

CLIMATE NORMAL PERIOD 1981 TO 2010
CLIMATE RECORD PERIOD 1902 TO 2016


WEATHER ITEM   OBSERVED TIME   RECORD YEAR NORMAL DEPARTURE LAST
                VALUE   (LST)  VALUE       VALUE  FROM      YEAR
                                                  NORMAL
..................................................................
TEMPERATURE (F)
 TODAY
  MAXIMUM         32    403 PM  71    1993  48    -16       67
  MINIMUM         11    643 AM   0    1995  29    -18       36
  AVERAGE         22                        38    -16       52

PRECIPITATION (IN)
  TODAY            0.00          1.75 2007   0.10  -0.10     0.00
  MONTH TO DATE    0.21                      0.93  -0.72     0.00
  SINCE DEC 1      0.21                      0.93  -0.72     0.00
  SINCE JAN 1     38.85                     44.66  -5.81    48.63

DEGREE DAYS
 HEATING
  TODAY           43                        26     17       13
  MONTH TO DATE  264                       226     38      182
  SINCE DEC 1    264                       226     38      182
  SINCE JUL 1    719                       983   -264      800

 COOLING
  TODAY            0                         0      0        0
  MONTH TO DATE    0                         0      0        0
  SINCE DEC 1      0                         0      0        0
  SINCE JAN 1   1878                      1698    180     1703
..................................................................


WIND (MPH)
  HIGHEST WIND SPEED     9   HIGHEST WIND DIRECTION     E (110)
  HIGHEST GUST SPEED    13   HIGHEST GUST DIRECTION     S (160)


SKY COVER
  AVERAGE SKY COVER 0.2


WEATHER CONDITIONS
 THE FOLLOWING WEATHER WAS RECORDED TODAY.
  NO SIGNIFICANT WEATHER WAS OBSERVED.


RELATIVE HUMIDITY (PERCENT)
 HIGHEST    92           200 AM
 LOWEST     43           300 PM
 AVERAGE    68

..........................................................


THE JOPLIN MO CLIMATE NORMALS FOR TOMORROW
                         NORMAL    RECORD    YEAR
 MAXIMUM TEMPERATURE (F)   48        74      1996
 MINIMUM TEMPERATURE (F)   28         0      1995


SUNRISE AND SUNSET
DECEMBER  9 2016......SUNRISE   720 AM CST   SUNSET   501 PM CST
DECEMBER 10 2016......SUNRISE   721 AM CST   SUNSET   501 PM CST


-  INDICATES NEGATIVE NUMBERS.
R  INDICATES RECORD WAS SET OR TIED.
MM INDICATES DATA IS MISSING.
T  INDICATES TRACE AMOUNT.




$$
