000
CDUS43 KBIS 270731
CLIJMS


CLIMATE REPORT
NATIONAL WEATHER SERVICE BISMARCK ND
230 AM CDT SAT AUG 27 2016


...................................

...THE JAMESTOWN ND CLIMATE SUMMARY FOR AUGUST 26 2016...

CLIMATE NORMAL PERIOD 1981 TO 2010
CLIMATE RECORD PERIOD 1891 TO 2016


WEATHER ITEM   OBSERVED TIME   RECORD YEAR NORMAL DEPARTURE LAST
                VALUE   (LST)  VALUE       VALUE  FROM      YEAR
                                                  NORMAL
..................................................................
TEMPERATURE (F)
 YESTERDAY
  MAXIMUM         68    157 PM 100    1976  79    -11       76
                                      1905
  MINIMUM         47    621 AM  36    1915  53     -6       48
                                      1914
  AVERAGE         58                        66     -8       62

PRECIPITATION (IN)
  YESTERDAY        0.00          0.60 1977   0.08  -0.08      T
  MONTH TO DATE    4.58                      1.73   2.85     1.21
  SINCE JUN 1     12.91                      8.27   4.64     9.83
  SINCE JAN 1     18.74                     13.82   4.92    19.99

DEGREE DAYS
 HEATING
  YESTERDAY        7                         2      5        3
  MONTH TO DATE   26                        31     -5       47
  SINCE JUN 1     82                       150    -68       98
  SINCE JUL 1     33                        53    -20       56

 COOLING
  YESTERDAY        0                         3     -3        0
  MONTH TO DATE   93                       130    -37      100
  SINCE JUN 1    363                       382    -19      396
  SINCE JAN 1    377                       402    -25      404
..................................................................


WIND (MPH)
  HIGHEST WIND SPEED    16   HIGHEST WIND DIRECTION     S (200)
  HIGHEST GUST SPEED    21   HIGHEST GUST DIRECTION     S (200)
  AVERAGE WIND SPEED     8.3


SKY COVER
  POSSIBLE SUNSHINE  MM
  AVERAGE SKY COVER 0.2


WEATHER CONDITIONS
 THE FOLLOWING WEATHER WAS RECORDED YESTERDAY.
  NO SIGNIFICANT WEATHER WAS OBSERVED.


RELATIVE HUMIDITY (PERCENT)
 HIGHEST    93           600 AM
 LOWEST     55           200 PM
 AVERAGE    74

..........................................................


THE JAMESTOWN ND CLIMATE NORMALS FOR TODAY
                         NORMAL    RECORD    YEAR
 MAXIMUM TEMPERATURE (F)   79       103      1973
 MINIMUM TEMPERATURE (F)   53        32      1982


SUNRISE AND SUNSET
AUGUST 27 2016........SUNRISE   648 AM CDT   SUNSET   823 PM CDT
AUGUST 28 2016........SUNRISE   650 AM CDT   SUNSET   821 PM CDT


-  INDICATES NEGATIVE NUMBERS.
R  INDICATES RECORD WAS SET OR TIED.
MM INDICATES DATA IS MISSING.
T  INDICATES TRACE AMOUNT.




$$
