000
CDUS43 KBIS 290729
CLIJMS


CLIMATE REPORT
NATIONAL WEATHER SERVICE BISMARCK ND
228 AM CDT FRI APR 29 2016


...................................

...THE JAMESTOWN ND CLIMATE SUMMARY FOR APRIL 28 2016...

CLIMATE NORMAL PERIOD 1981 TO 2010
CLIMATE RECORD PERIOD 1891 TO 2016


WEATHER ITEM   OBSERVED TIME   RECORD YEAR NORMAL DEPARTURE LAST
                VALUE   (LST)  VALUE       VALUE  FROM      YEAR
                                                  NORMAL
..................................................................
TEMPERATURE (F)
 YESTERDAY
  MAXIMUM         57    251 PM  92    1952  62     -5       67
  MINIMUM         37    543 AM  16    2008  35      2       35
  AVERAGE         47                        48     -1       51

PRECIPITATION (IN)
  YESTERDAY        0.00          2.30 1896   0.06  -0.06     0.00
  MONTH TO DATE    2.57                      1.07   1.50     0.36
  SINCE MAR 1      2.93                      1.91   1.02     0.97
  SINCE JAN 1      3.04                      2.76   0.28     1.39

DEGREE DAYS
 HEATING
  YESTERDAY       18                        17      1       14
  MONTH TO DATE  653                       645      8      579
  SINCE MAR 1   1511                      1806   -295     1571
  SINCE JUL 1   7253                      8565  -1312     8308

 COOLING
  YESTERDAY        0                         0      0        0
  MONTH TO DATE    0                         0      0        0
  SINCE MAR 1      0                         0      0        0
  SINCE JAN 1      0                         0      0        0
..................................................................


WIND (MPH)
  HIGHEST WIND SPEED    23   HIGHEST WIND DIRECTION     E (70)
  HIGHEST GUST SPEED    30   HIGHEST GUST DIRECTION     E (70)
  AVERAGE WIND SPEED    10.8


SKY COVER
  POSSIBLE SUNSHINE  MM
  AVERAGE SKY COVER 0.8


WEATHER CONDITIONS
 THE FOLLOWING WEATHER WAS RECORDED YESTERDAY.
  NO SIGNIFICANT WEATHER WAS OBSERVED.


RELATIVE HUMIDITY (PERCENT)
 HIGHEST    85           100 AM
 LOWEST     27           300 PM
 AVERAGE    56

..........................................................


THE JAMESTOWN ND CLIMATE NORMALS FOR TODAY
                         NORMAL    RECORD    YEAR
 MAXIMUM TEMPERATURE (F)   62        92      1934
 MINIMUM TEMPERATURE (F)   36        14      1958


SUNRISE AND SUNSET
APRIL 29 2016.........SUNRISE   622 AM CDT   SUNSET   843 PM CDT
APRIL 30 2016.........SUNRISE   620 AM CDT   SUNSET   844 PM CDT


-  INDICATES NEGATIVE NUMBERS.
R  INDICATES RECORD WAS SET OR TIED.
MM INDICATES DATA IS MISSING.
T  INDICATES TRACE AMOUNT.




$$
