000
CDUS43 KBIS 170740
CLIJMS


CLIMATE REPORT
NATIONAL WEATHER SERVICE BISMARCK ND
139 AM CST FRI NOV 17 2017


...................................

...THE JAMESTOWN ND CLIMATE SUMMARY FOR NOVEMBER 16 2017...

CLIMATE NORMAL PERIOD 1981 TO 2010
CLIMATE RECORD PERIOD 1891 TO 2017


WEATHER ITEM   OBSERVED TIME   RECORD YEAR NORMAL DEPARTURE LAST
                VALUE   (LST)  VALUE       VALUE  FROM      YEAR
                                                  NORMAL
..................................................................
TEMPERATURE (F)
 YESTERDAY
  MAXIMUM         32   1120 PM  70    1905  37     -5       56
  MINIMUM         17    505 AM  -9    1959  18     -1       32
  AVERAGE         25                        27     -2       44

PRECIPITATION (IN)
  YESTERDAY        0.00          0.40 1958   0.02  -0.02     0.00
  MONTH TO DATE    0.13                      0.39  -0.26      T
  SINCE SEP 1      3.04                      3.94  -0.90     5.06
  SINCE JAN 1     12.35                     18.13  -5.78    23.81

DEGREE DAYS
 HEATING
  YESTERDAY       40                        38      2       21
  MONTH TO DATE  673                       530    143      295
  SINCE SEP 1   1464                      1431     33     1064
  SINCE JUL 1   1498                      1497      1     1097

 COOLING
  YESTERDAY        0                         0      0        0
  MONTH TO DATE    0                         0      0        0
  SINCE SEP 1     35                        31      4       26
  SINCE JAN 1    397                       446    -49      419
..................................................................


WIND (MPH)
  HIGHEST WIND SPEED    29   HIGHEST WIND DIRECTION    SE (150)
  HIGHEST GUST SPEED    33   HIGHEST GUST DIRECTION    SE (140)
  AVERAGE WIND SPEED    15.4


SKY COVER
  POSSIBLE SUNSHINE  MM
  AVERAGE SKY COVER 0.6


WEATHER CONDITIONS
 THE FOLLOWING WEATHER WAS RECORDED YESTERDAY.
  FOG


RELATIVE HUMIDITY (PERCENT)
 HIGHEST   100           600 AM
 LOWEST     72           200 PM
 AVERAGE    86

..........................................................


THE JAMESTOWN ND CLIMATE NORMALS FOR TODAY
                         NORMAL    RECORD    YEAR
 MAXIMUM TEMPERATURE (F)   36        70      1953
 MINIMUM TEMPERATURE (F)   18        -9      1911


SUNRISE AND SUNSET
NOVEMBER 17 2017......SUNRISE   741 AM CST   SUNSET   458 PM CST
NOVEMBER 18 2017......SUNRISE   743 AM CST   SUNSET   457 PM CST


-  INDICATES NEGATIVE NUMBERS.
R  INDICATES RECORD WAS SET OR TIED.
MM INDICATES DATA IS MISSING.
T  INDICATES TRACE AMOUNT.




$$
