000
CDUS43 KBIS 290028
CLIJMS


CLIMATE REPORT
NATIONAL WEATHER SERVICE BISMARCK ND
627 PM CST FRI NOV 28 2014


...................................

...THE JAMESTOWN ND CLIMATE SUMMARY FOR NOVEMBER 28 2014...
VALID TODAY AS OF 0600 PM LOCAL TIME.

CLIMATE NORMAL PERIOD 1981 TO 2010
CLIMATE RECORD PERIOD 1891 TO 2014


WEATHER ITEM   OBSERVED TIME   RECORD YEAR NORMAL DEPARTURE LAST
                VALUE   (LST)  VALUE       VALUE  FROM      YEAR
                                                  NORMAL
..................................................................
TEMPERATURE (F)
 TODAY
  MAXIMUM         15    402 PM  53    2002  30    -15       23
                                      1914
  MINIMUM          6   1206 AM -16    1985  12     -6        6
  AVERAGE         11                        21    -10       15

PRECIPITATION (IN)
  TODAY            0.01          0.42 1960   0.02  -0.01      T
  MONTH TO DATE    0.30                      0.60  -0.30     0.01
  SINCE SEP 1      2.32                      4.15  -1.83     6.67
  SINCE JAN 1     21.00                     18.34   2.66    15.87

DEGREE DAYS
 HEATING
  TODAY           54                        44     10       50
  MONTH TO DATE 1203                      1026    177     1059
  SINCE SEP 1   1987                      1927     60     1883
  SINCE JUL 1   2042                      1993     49     1927

 COOLING
  TODAY            0                         0      0        0
  MONTH TO DATE    0                         0      0        0
  SINCE SEP 1     29                        31     -2       55
  SINCE JAN 1    367                       446    -79      521
..................................................................


WIND (MPH)
  RESULTANT WIND SPEED  11   RESULTANT WIND DIRECTION  SE (120)
  HIGHEST WIND SPEED    16   HIGHEST WIND DIRECTION     E (110)
  HIGHEST GUST SPEED    20   HIGHEST GUST DIRECTION     E (100)
  AVERAGE WIND SPEED    11.6


SKY COVER
  POSSIBLE SUNSHINE  MM
  AVERAGE SKY COVER 0.9


WEATHER CONDITIONS
 THE FOLLOWING WEATHER WAS RECORDED TODAY.
  LIGHT SNOW
  FOG
  HAZE
  BLOWING SNOW


RELATIVE HUMIDITY (PERCENT)
 HIGHEST    88           100 AM
 LOWEST     73           400 PM
 AVERAGE    81

..........................................................


THE JAMESTOWN ND CLIMATE NORMALS FOR TOMORROW
                         NORMAL    RECORD    YEAR
 MAXIMUM TEMPERATURE (F)   29        62      1932
 MINIMUM TEMPERATURE (F)   11       -22      1964


SUNRISE AND SUNSET
NOVEMBER 28 2014......SUNRISE   756 AM CST   SUNSET   449 PM CST
NOVEMBER 29 2014......SUNRISE   757 AM CST   SUNSET   449 PM CST


-  INDICATES NEGATIVE NUMBERS.
R  INDICATES RECORD WAS SET OR TIED.
MM INDICATES DATA IS MISSING.
T  INDICATES TRACE AMOUNT.




$$
