000
CDUS43 KBIS 230737
CLIJMS


CLIMATE REPORT
NATIONAL WEATHER SERVICE BISMARCK ND
237 AM CDT SAT JUL 23 2016


...................................

...THE JAMESTOWN ND CLIMATE SUMMARY FOR JULY 22 2016...

CLIMATE NORMAL PERIOD 1981 TO 2010
CLIMATE RECORD PERIOD 1891 TO 2016


WEATHER ITEM   OBSERVED TIME   RECORD YEAR NORMAL DEPARTURE LAST
                VALUE   (LST)  VALUE       VALUE  FROM      YEAR
                                                  NORMAL
..................................................................
TEMPERATURE (F)
 YESTERDAY
  MAXIMUM         88    216 PM 107    1940  83      5       85
  MINIMUM         66    544 AM  43    1909  58      8       59
  AVERAGE         77                        70      7       72

PRECIPITATION (IN)
  YESTERDAY        0.01          1.20 1965   0.09  -0.08     0.00
  MONTH TO DATE    3.88                      2.57   1.31     2.13
  SINCE JUN 1      6.33                      5.76   0.57     7.79
  SINCE JAN 1     12.16                     11.31   0.85    17.95

DEGREE DAYS
 HEATING
  YESTERDAY        0                         0      0        0
  MONTH TO DATE    7                        19    -12        9
  SINCE JUN 1     56                       116    -60       51
  SINCE JUL 1      7                        19    -12        9

 COOLING
  YESTERDAY       12                         6      6        7
  MONTH TO DATE  113                       121     -8      122
  SINCE JUN 1    217                       201     16      224
  SINCE JAN 1    231                       221     10      232
..................................................................


WIND (MPH)
  HIGHEST WIND SPEED    35   HIGHEST WIND DIRECTION    SW (230)
  HIGHEST GUST SPEED    44   HIGHEST GUST DIRECTION    SW (220)
  AVERAGE WIND SPEED     6.8


SKY COVER
  POSSIBLE SUNSHINE  MM
  AVERAGE SKY COVER 0.1


WEATHER CONDITIONS
 THE FOLLOWING WEATHER WAS RECORDED YESTERDAY.
  LIGHT RAIN


RELATIVE HUMIDITY (PERCENT)
 HIGHEST   100           300 AM
 LOWEST     59          1200 PM
 AVERAGE    80

..........................................................


THE JAMESTOWN ND CLIMATE NORMALS FOR TODAY
                         NORMAL    RECORD    YEAR
 MAXIMUM TEMPERATURE (F)   83       104      1931
 MINIMUM TEMPERATURE (F)   58        43      1914
                                             1904


SUNRISE AND SUNSET
JULY 23 2016..........SUNRISE   604 AM CDT   SUNSET   917 PM CDT
JULY 24 2016..........SUNRISE   605 AM CDT   SUNSET   916 PM CDT


-  INDICATES NEGATIVE NUMBERS.
R  INDICATES RECORD WAS SET OR TIED.
MM INDICATES DATA IS MISSING.
T  INDICATES TRACE AMOUNT.




$$
