000
CDUS43 KBIS 010726
CLIJMS


CLIMATE REPORT
NATIONAL WEATHER SERVICE BISMARCK ND
225 AM CDT WED OCT 1 2014


...................................

...THE JAMESTOWN ND CLIMATE SUMMARY FOR SEPTEMBER 30 2014...

CLIMATE NORMAL PERIOD 1981 TO 2010
CLIMATE RECORD PERIOD 1891 TO 2014


WEATHER ITEM   OBSERVED TIME   RECORD YEAR NORMAL DEPARTURE LAST
                VALUE   (LST)  VALUE       VALUE  FROM      YEAR
                                                  NORMAL
..................................................................
TEMPERATURE (F)
 YESTERDAY
  MAXIMUM         60   1054 PM  91    1976  64     -4       77
  MINIMUM         45    754 AM  17    1907  39      6       46
  AVERAGE         53                        51      2       62

PRECIPITATION (IN)
  YESTERDAY       MM             0.87 1969   0.05  MM         T
  MONTH TO DATE    1.59                      2.00  -0.41     2.17
  SINCE SEP 1      1.59                      2.00  -0.41     2.17
  SINCE JAN 1     20.27                     16.19   4.08    11.37

DEGREE DAYS
 HEATING
  YESTERDAY       12                        14     -2        3
  MONTH TO DATE  219                       254    -35      119
  SINCE SEP 1    219                       252    -33      119
  SINCE JUL 1    274                       318    -44      163

 COOLING
  YESTERDAY        0                         0      0        0
  MONTH TO DATE   29                        30     -1       55
  SINCE SEP 1     29                        30     -1       55
  SINCE JAN 1    367                       445    -78      521
..................................................................


WIND (MPH)
  HIGHEST WIND SPEED    30   HIGHEST WIND DIRECTION    SE (130)
  HIGHEST GUST SPEED    41   HIGHEST GUST DIRECTION    SE (150)
  AVERAGE WIND SPEED    17.2


SKY COVER
  POSSIBLE SUNSHINE  MM
  AVERAGE SKY COVER 1.0


WEATHER CONDITIONS
 THE FOLLOWING WEATHER WAS RECORDED YESTERDAY.
  RAIN
  LIGHT RAIN
  FOG


RELATIVE HUMIDITY (PERCENT)
 HIGHEST    93          1200 AM
 LOWEST     80          1100 AM
 AVERAGE    87

..........................................................


THE JAMESTOWN ND CLIMATE NORMALS FOR TODAY
                         NORMAL    RECORD    YEAR
 MAXIMUM TEMPERATURE (F)   63        94      1992
 MINIMUM TEMPERATURE (F)   38        17      1936


SUNRISE AND SUNSET
OCTOBER  1 2014.......SUNRISE   733 AM CDT   SUNSET   714 PM CDT
OCTOBER  2 2014.......SUNRISE   735 AM CDT   SUNSET   712 PM CDT


-  INDICATES NEGATIVE NUMBERS.
R  INDICATES RECORD WAS SET OR TIED.
MM INDICATES DATA IS MISSING.
T  INDICATES TRACE AMOUNT.




$$
