000
CDUS43 KBIS 241245
CLIJMS


CLIMATE REPORT
NATIONAL WEATHER SERVICE BISMARCK ND
745 AM CDT TUE MAY 24 2016


...................................

...THE JAMESTOWN ND CLIMATE SUMMARY FOR MAY 23 2016...

CLIMATE NORMAL PERIOD 1981 TO 2010
CLIMATE RECORD PERIOD 1891 TO 2016


WEATHER ITEM   OBSERVED TIME   RECORD YEAR NORMAL DEPARTURE LAST
                VALUE   (LST)  VALUE       VALUE  FROM      YEAR
                                                  NORMAL
..................................................................
TEMPERATURE (F)
 YESTERDAY
  MAXIMUM         79    332 PM  93    1928  70      9       71
  MINIMUM         57   1159 PM  25    1924  45     12       49
  AVERAGE         68                        58     10       60

PRECIPITATION (IN)
  YESTERDAY        0.29          2.96 2014   0.09   0.20     0.00
  MONTH TO DATE    1.23                      1.92  -0.69     8.29
  SINCE MAR 1      4.16                      3.96   0.20     9.28
  SINCE JAN 1      4.27                      4.81  -0.54     9.70

DEGREE DAYS
 HEATING
  YESTERDAY        0                         8     -8        5
  MONTH TO DATE  239                       268    -29      322
  SINCE MAR 1   1784                      2103   -319     1909
  SINCE JUL 1   7526                      8862  -1336     8646

 COOLING
  YESTERDAY        3                         1      2        0
  MONTH TO DATE   11                        12     -1        0
  SINCE MAR 1     11                        14     -3        0
  SINCE JAN 1     11                        14     -3        0
..................................................................


WIND (MPH)
  HIGHEST WIND SPEED    26   HIGHEST WIND DIRECTION    NW (300)
  HIGHEST GUST SPEED    37   HIGHEST GUST DIRECTION    NW (300)
  AVERAGE WIND SPEED     9.7


SKY COVER
  POSSIBLE SUNSHINE  MM
  AVERAGE SKY COVER 0.3


WEATHER CONDITIONS
 THE FOLLOWING WEATHER WAS RECORDED YESTERDAY.
  THUNDERSTORM
  RAIN
  LIGHT RAIN
  FOG


RELATIVE HUMIDITY (PERCENT)
 HIGHEST   100           400 AM
 LOWEST     30           300 PM
 AVERAGE    65

..........................................................


THE JAMESTOWN ND CLIMATE NORMALS FOR TODAY
                         NORMAL    RECORD    YEAR
 MAXIMUM TEMPERATURE (F)   70        91      1967
 MINIMUM TEMPERATURE (F)   46        25      2002
                                             1930


SUNRISE AND SUNSET
MAY 24 2016...........SUNRISE   549 AM CDT   SUNSET   914 PM CDT
MAY 25 2016...........SUNRISE   549 AM CDT   SUNSET   915 PM CDT


-  INDICATES NEGATIVE NUMBERS.
R  INDICATES RECORD WAS SET OR TIED.
MM INDICATES DATA IS MISSING.
T  INDICATES TRACE AMOUNT.




$$
