000
CDUS43 KBIS 160733
CLIJMS


CLIMATE REPORT
NATIONAL WEATHER SERVICE BISMARCK ND
232 AM CDT WED AUG 16 2017


...................................

...THE JAMESTOWN ND CLIMATE SUMMARY FOR AUGUST 15 2017...

CLIMATE NORMAL PERIOD 1981 TO 2010
CLIMATE RECORD PERIOD 1891 TO 2017


WEATHER ITEM   OBSERVED TIME   RECORD YEAR NORMAL DEPARTURE LAST
                VALUE   (LST)  VALUE       VALUE  FROM      YEAR
                                                  NORMAL
..................................................................
TEMPERATURE (F)
 YESTERDAY
  MAXIMUM         71    216 PM  97    1939  82    -11       81
                                      1922
  MINIMUM         53    255 AM  39    1924  56     -3       59
  AVERAGE         62                        69     -7       70

PRECIPITATION (IN)
  YESTERDAY        0.20          0.70 2009   0.06   0.14     0.00
  MONTH TO DATE    3.11                      0.95   2.16     3.58
  SINCE JUN 1      5.78                      7.49  -1.71    11.91
  SINCE JAN 1      8.57                     13.04  -4.47    17.74

DEGREE DAYS
 HEATING
  YESTERDAY        3                         1      2        0
  MONTH TO DATE   18                        14      4        0
  SINCE JUN 1     71                       133    -62       56
  SINCE JUL 1     21                        36    -15        7

 COOLING
  YESTERDAY        0                         5     -5        5
  MONTH TO DATE   18                        84    -66       70
  SINCE JUN 1    334                       336     -2      340
  SINCE JAN 1    334                       356    -22      354
..................................................................


WIND (MPH)
  HIGHEST WIND SPEED    15   HIGHEST WIND DIRECTION    SE (140)
  HIGHEST GUST SPEED    20   HIGHEST GUST DIRECTION    SE (150)
  AVERAGE WIND SPEED     7.6


SKY COVER
  POSSIBLE SUNSHINE  MM
  AVERAGE SKY COVER 0.7


WEATHER CONDITIONS
 THE FOLLOWING WEATHER WAS RECORDED YESTERDAY.
  HEAVY RAIN
  RAIN
  LIGHT RAIN
  FOG
  FOG W/VISIBILITY <= 1/4 MILE


RELATIVE HUMIDITY (PERCENT)
 HIGHEST    97           700 AM
 LOWEST     76           100 PM
 AVERAGE    87

..........................................................


THE JAMESTOWN ND CLIMATE NORMALS FOR TODAY
                         NORMAL    RECORD    YEAR
 MAXIMUM TEMPERATURE (F)   82       101      1988
                                             1934
 MINIMUM TEMPERATURE (F)   55        34      1924


SUNRISE AND SUNSET
AUGUST 16 2017........SUNRISE   634 AM CDT   SUNSET   843 PM CDT
AUGUST 17 2017........SUNRISE   635 AM CDT   SUNSET   841 PM CDT


-  INDICATES NEGATIVE NUMBERS.
R  INDICATES RECORD WAS SET OR TIED.
MM INDICATES DATA IS MISSING.
T  INDICATES TRACE AMOUNT.




$$
