000
CDUS43 KBIS 290728
CLIJMS


CLIMATE REPORT
NATIONAL WEATHER SERVICE BISMARCK ND
227 AM CDT SUN MAR 29 2015


...................................

...THE JAMESTOWN ND CLIMATE SUMMARY FOR MARCH 28 2015...

CLIMATE NORMAL PERIOD 1981 TO 2010
CLIMATE RECORD PERIOD 1891 TO 2015


WEATHER ITEM   OBSERVED TIME   RECORD YEAR NORMAL DEPARTURE LAST
                VALUE   (LST)  VALUE       VALUE  FROM      YEAR
                                                  NORMAL
..................................................................
TEMPERATURE (F)
 YESTERDAY
  MAXIMUM         54    455 PM  76    1986  44     10       31
  MINIMUM         28    245 AM -10    1969  23      5       10
  AVERAGE         41                        33      8       21

PRECIPITATION (IN)
  YESTERDAY        0.10          0.61 1956   0.03   0.07     0.00
  MONTH TO DATE    0.33                      0.74  -0.41     0.03
  SINCE MAR 1      0.33                      0.74  -0.41     0.03
  SINCE JAN 1      0.75                      1.59  -0.84     0.42

DEGREE DAYS
 HEATING
  YESTERDAY       24                        32     -8       44
  MONTH TO DATE  941                      1070   -129     1174
  SINCE MAR 1    941                      1070   -129     1174
  SINCE JUL 1   7678                      7829   -151     8442

 COOLING
  YESTERDAY        0                         0      0        0
  MONTH TO DATE    0                         0      0        0
  SINCE MAR 1      0                         0      0        0
  SINCE JAN 1      0                         0      0        0
..................................................................


WIND (MPH)
  HIGHEST WIND SPEED    33   HIGHEST WIND DIRECTION     W (290)
  HIGHEST GUST SPEED    44   HIGHEST GUST DIRECTION     W (280)
  AVERAGE WIND SPEED    18.6


SKY COVER
  POSSIBLE SUNSHINE  MM
  AVERAGE SKY COVER 0.6


WEATHER CONDITIONS
 THE FOLLOWING WEATHER WAS RECORDED YESTERDAY.
  RAIN
  LIGHT RAIN
  FOG


RELATIVE HUMIDITY (PERCENT)
 HIGHEST   100          1200 AM
 LOWEST     46           500 PM
 AVERAGE    73

..........................................................


THE JAMESTOWN ND CLIMATE NORMALS FOR TODAY
                         NORMAL    RECORD    YEAR
 MAXIMUM TEMPERATURE (F)   44        73      1986
 MINIMUM TEMPERATURE (F)   23       -16      1969


SUNRISE AND SUNSET
MARCH 29 2015.........SUNRISE   720 AM CDT   SUNSET   800 PM CDT
MARCH 30 2015.........SUNRISE   718 AM CDT   SUNSET   801 PM CDT


-  INDICATES NEGATIVE NUMBERS.
R  INDICATES RECORD WAS SET OR TIED.
MM INDICATES DATA IS MISSING.
T  INDICATES TRACE AMOUNT.




$$
