000
CDUS43 KBIS 170022
CLIJMS


CLIMATE REPORT
NATIONAL WEATHER SERVICE BISMARCK ND
722 PM CDT WED APR 16 2014


...................................

...THE JAMESTOWN ND CLIMATE SUMMARY FOR APRIL 16 2014...
VALID TODAY AS OF 0700 PM LOCAL TIME.

CLIMATE NORMAL PERIOD 1981 TO 2010
CLIMATE RECORD PERIOD 1891 TO 2014


WEATHER ITEM   OBSERVED TIME   RECORD YEAR NORMAL DEPARTURE LAST
                VALUE   (LST)  VALUE       VALUE  FROM      YEAR
                                                  NORMAL
..................................................................
TEMPERATURE (F)
 TODAY
  MAXIMUM         40    445 PM  83    1981  56    -16       34
  MINIMUM         26    835 AM   5    1910  30     -4       20
  AVERAGE         33                        43    -10       27

PRECIPITATION (IN)
  TODAY            0.00          0.45 1976   0.04  -0.04      T
  MONTH TO DATE    0.11                      0.53  -0.42     0.22
  SINCE MAR 1      0.27                      1.37  -1.10     0.50
  SINCE JAN 1      0.66                      2.22  -1.56     0.99

DEGREE DAYS
 HEATING
  TODAY           32                        22     10       38
  MONTH TO DATE  488                       416     72      607
  SINCE MAR 1   1759                      1577    182     2166
  SINCE JUL 1   9027                      8336    691     8913

 COOLING
  TODAY            0                         0      0        0
  MONTH TO DATE    0                         0      0        0
  SINCE MAR 1      0                         0      0        0
  SINCE JAN 1      0                         0      0        0
..................................................................


WIND (MPH)
  RESULTANT WIND SPEED  19   RESULTANT WIND DIRECTION  NE (60)
  HIGHEST WIND SPEED    25   HIGHEST WIND DIRECTION     E (70)
  HIGHEST GUST SPEED    32   HIGHEST GUST DIRECTION     E (70)
  AVERAGE WIND SPEED    19.9


SKY COVER
  POSSIBLE SUNSHINE  MM
  AVERAGE SKY COVER 0.9


WEATHER CONDITIONS
 THE FOLLOWING WEATHER WAS RECORDED TODAY.
  NO SIGNIFICANT WEATHER WAS OBSERVED.


RELATIVE HUMIDITY (PERCENT)
 HIGHEST    92           200 AM
 LOWEST     40           400 PM
 AVERAGE    66

..........................................................


THE JAMESTOWN ND CLIMATE NORMALS FOR TOMORROW
                         NORMAL    RECORD    YEAR
 MAXIMUM TEMPERATURE (F)   56        87      1915
 MINIMUM TEMPERATURE (F)   31         4      1910


SUNRISE AND SUNSET
APRIL 16 2014.........SUNRISE   645 AM CDT   SUNSET   825 PM CDT
APRIL 17 2014.........SUNRISE   643 AM CDT   SUNSET   826 PM CDT


-  INDICATES NEGATIVE NUMBERS.
R  INDICATES RECORD WAS SET OR TIED.
MM INDICATES DATA IS MISSING.
T  INDICATES TRACE AMOUNT.




$$
