000
CDUS43 KBIS 270036
CLIJMS


CLIMATE REPORT
NATIONAL WEATHER SERVICE BISMARCK ND
735 PM CDT WED APR 26 2017


...................................

...THE JAMESTOWN ND CLIMATE SUMMARY FOR APRIL 26 2017...
VALID TODAY AS OF 0700 PM LOCAL TIME.

CLIMATE NORMAL PERIOD 1981 TO 2010
CLIMATE RECORD PERIOD 1891 TO 2017


WEATHER ITEM   OBSERVED TIME   RECORD YEAR NORMAL DEPARTURE LAST
                VALUE   (LST)  VALUE       VALUE  FROM      YEAR
                                                  NORMAL
..................................................................
TEMPERATURE (F)
 TODAY
  MAXIMUM         32   1212 AM  90    1952  61    -29       41
  MINIMUM         28    825 AM  18    1933  35     -7       36
                                      1931
  AVERAGE         30                        48    -18       39

PRECIPITATION (IN)
  TODAY            T             1.60 1924   0.06  -0.06      T
  MONTH TO DATE    1.40                      0.96   0.44     2.57
  SINCE MAR 1      1.48                      1.80  -0.32     2.93
  SINCE JAN 1      1.90                      2.65  -0.75     3.04

DEGREE DAYS
 HEATING
  TODAY           35                        17     18       26
  MONTH TO DATE  560                       611    -51      616
  SINCE MAR 1   1715                      1772    -57     1474
  SINCE JUL 1   7724                      8531   -807     7216

 COOLING
  TODAY            0                         0      0        0
  MONTH TO DATE    0                         0      0        0
  SINCE MAR 1      0                         0      0        0
  SINCE JAN 1      0                         0      0        0
..................................................................


WIND (MPH)
  RESULTANT WIND SPEED  17   RESULTANT WIND DIRECTION   N (10)
  HIGHEST WIND SPEED    23   HIGHEST WIND DIRECTION     N (360)
  HIGHEST GUST SPEED    27   HIGHEST GUST DIRECTION     N (360)
  AVERAGE WIND SPEED    16.8


SKY COVER
  POSSIBLE SUNSHINE  MM
  AVERAGE SKY COVER 1.0


WEATHER CONDITIONS
 THE FOLLOWING WEATHER WAS RECORDED TODAY.
  FOG


RELATIVE HUMIDITY (PERCENT)
 HIGHEST    92           400 AM
 LOWEST     78          1200 AM
 AVERAGE    85

..........................................................


THE JAMESTOWN ND CLIMATE NORMALS FOR TOMORROW
                         NORMAL    RECORD    YEAR
 MAXIMUM TEMPERATURE (F)   61        94      1952
 MINIMUM TEMPERATURE (F)   35        13      1909


SUNRISE AND SUNSET
APRIL 26 2017.........SUNRISE   627 AM CDT   SUNSET   839 PM CDT
APRIL 27 2017.........SUNRISE   625 AM CDT   SUNSET   840 PM CDT


-  INDICATES NEGATIVE NUMBERS.
R  INDICATES RECORD WAS SET OR TIED.
MM INDICATES DATA IS MISSING.
T  INDICATES TRACE AMOUNT.




$$
