000
CDUS43 KBIS 200731
CLIJMS


CLIMATE REPORT
NATIONAL WEATHER SERVICE BISMARCK ND
131 AM CST SAT DEC 20 2014


...................................

...THE JAMESTOWN ND CLIMATE SUMMARY FOR DECEMBER 19 2014...

CLIMATE NORMAL PERIOD 1981 TO 2010
CLIMATE RECORD PERIOD 1891 TO 2014


WEATHER ITEM   OBSERVED TIME   RECORD YEAR NORMAL DEPARTURE LAST
                VALUE   (LST)  VALUE       VALUE  FROM      YEAR
                                                  NORMAL
..................................................................
TEMPERATURE (F)
 YESTERDAY
  MAXIMUM         32    336 PM  50    1979  22     10        5
  MINIMUM         21    729 PM -37    1916   4     17       -9
  AVERAGE         27                        13     14       -2

PRECIPITATION (IN)
  YESTERDAY        0.00          0.17 1951   0.01  -0.01      T
  MONTH TO DATE    T                         0.23  -0.23     0.20
  SINCE DEC 1      T                         0.23  -0.23     0.20
  SINCE JAN 1     21.00                     18.60   2.40    16.07

DEGREE DAYS
 HEATING
  YESTERDAY       38                        52    -14       67
  MONTH TO DATE  881                       936    -55     1133
  SINCE DEC 1    881                       936    -55     1133
  SINCE JUL 1   3044                      3020     24     3141

 COOLING
  YESTERDAY        0                         0      0        0
  MONTH TO DATE    0                         0      0        0
  SINCE DEC 1      0                         0      0        0
  SINCE JAN 1    367                       446    -79      521
..................................................................


WIND (MPH)
  HIGHEST WIND SPEED    15   HIGHEST WIND DIRECTION     S (180)
  HIGHEST GUST SPEED    20   HIGHEST GUST DIRECTION     S (180)
  AVERAGE WIND SPEED     8.7


SKY COVER
  POSSIBLE SUNSHINE  MM
  AVERAGE SKY COVER 0.9


WEATHER CONDITIONS
 THE FOLLOWING WEATHER WAS RECORDED YESTERDAY.
  FOG
  FOG W/VISIBILITY <= 1/4 MILE


RELATIVE HUMIDITY (PERCENT)
 HIGHEST   100           800 AM
 LOWEST     85           200 PM
 AVERAGE    93

..........................................................


THE JAMESTOWN ND CLIMATE NORMALS FOR TODAY
                         NORMAL    RECORD    YEAR
 MAXIMUM TEMPERATURE (F)   22        50      1957
 MINIMUM TEMPERATURE (F)    4       -39      1916


SUNRISE AND SUNSET
DECEMBER 20 2014......SUNRISE   817 AM CST   SUNSET   448 PM CST
DECEMBER 21 2014......SUNRISE   817 AM CST   SUNSET   448 PM CST


-  INDICATES NEGATIVE NUMBERS.
R  INDICATES RECORD WAS SET OR TIED.
MM INDICATES DATA IS MISSING.
T  INDICATES TRACE AMOUNT.




$$
