000
CDUS43 KBIS 280845
CLIJMS


CLIMATE REPORT
NATIONAL WEATHER SERVICE BISMARCK ND
345 AM CDT WED SEP 28 2016


...................................

...THE JAMESTOWN ND CLIMATE SUMMARY FOR SEPTEMBER 27 2016...

CLIMATE NORMAL PERIOD 1981 TO 2010
CLIMATE RECORD PERIOD 1891 TO 2016


WEATHER ITEM   OBSERVED TIME   RECORD YEAR NORMAL DEPARTURE LAST
                VALUE   (LST)  VALUE       VALUE  FROM      YEAR
                                                  NORMAL
..................................................................
TEMPERATURE (F)
 YESTERDAY
  MAXIMUM         67    341 PM  97    1956  65      2       81
  MINIMUM         40   1159 PM  19    1927  40      0       52
  AVERAGE         54                        52      2       67

PRECIPITATION (IN)
  YESTERDAY        0.00          1.18 1924   0.05  -0.05     0.00
  MONTH TO DATE    3.91                      1.83   2.08     0.47
  SINCE SEP 1      3.91                      1.83   2.08     0.47
  SINCE JAN 1     22.66                     16.02   6.64    20.46

DEGREE DAYS
 HEATING
  YESTERDAY       11                        13     -2        0
  MONTH TO DATE  153                       213    -60      104
  SINCE SEP 1    153                       213    -60      104
  SINCE JUL 1    186                       279    -93      160

 COOLING
  YESTERDAY        0                         0      0        2
  MONTH TO DATE   22                        28     -6       70
  SINCE SEP 1     22                        28     -6       70
  SINCE JAN 1    415                       443    -28      502
..................................................................


WIND (MPH)
  HIGHEST WIND SPEED    21   HIGHEST WIND DIRECTION    NW (330)
  HIGHEST GUST SPEED    27   HIGHEST GUST DIRECTION    NW (310)
  AVERAGE WIND SPEED     8.8


SKY COVER
  POSSIBLE SUNSHINE  MM
  AVERAGE SKY COVER 0.0


WEATHER CONDITIONS
 THE FOLLOWING WEATHER WAS RECORDED YESTERDAY.
  NO SIGNIFICANT WEATHER WAS OBSERVED.


RELATIVE HUMIDITY (PERCENT)
 HIGHEST    86          1100 PM
 LOWEST     24           300 PM
 AVERAGE    55

..........................................................


THE JAMESTOWN ND CLIMATE NORMALS FOR TODAY
                         NORMAL    RECORD    YEAR
 MAXIMUM TEMPERATURE (F)   65        96      1905
 MINIMUM TEMPERATURE (F)   40        18      1930


SUNRISE AND SUNSET
SEPTEMBER 28 2016.....SUNRISE   730 AM CDT   SUNSET   719 PM CDT
SEPTEMBER 29 2016.....SUNRISE   731 AM CDT   SUNSET   717 PM CDT


-  INDICATES NEGATIVE NUMBERS.
R  INDICATES RECORD WAS SET OR TIED.
MM INDICATES DATA IS MISSING.
T  INDICATES TRACE AMOUNT.




$$
