000
CDUS43 KBIS 170726
CLIJMS


CLIMATE REPORT
NATIONAL WEATHER SERVICE BISMARCK ND
125 AM CST WED JAN 17 2018


...................................

...THE JAMESTOWN ND CLIMATE SUMMARY FOR JANUARY 16 2018...

CLIMATE NORMAL PERIOD 1981 TO 2010
CLIMATE RECORD PERIOD 1891 TO 2018


WEATHER ITEM   OBSERVED TIME   RECORD YEAR NORMAL DEPARTURE LAST
                VALUE   (LST)  VALUE       VALUE  FROM      YEAR
                                                  NORMAL
..................................................................
TEMPERATURE (F)
 YESTERDAY
  MAXIMUM         11    503 PM  50    1942  20     -9       18
                                      1926
  MINIMUM        -16    537 AM -33    1917   0    -16       -1
  AVERAGE         -2                        10    -12        9

PRECIPITATION (IN)
  YESTERDAY        0.00          0.60 1911   0.02  -0.02     0.00
  MONTH TO DATE    0.01                      0.26  -0.25     0.21
  SINCE DEC 1      0.13                      0.66  -0.53     1.50
  SINCE JAN 1      0.01                      0.26  -0.25     0.21

DEGREE DAYS
 HEATING
  YESTERDAY       67                        55     12       56
  MONTH TO DATE  970                       878     92     1053
  SINCE DEC 1   2487                      2454     33     2667
  SINCE JUL 1   4457                      4538    -81     4228

 COOLING
  YESTERDAY        0                         0      0        0
  MONTH TO DATE    0                         0      0        0
  SINCE DEC 1      0                         0      0        0
  SINCE JAN 1      0                         0      0        0
..................................................................


WIND (MPH)
  HIGHEST WIND SPEED    18   HIGHEST WIND DIRECTION    SW (210)
  HIGHEST GUST SPEED    25   HIGHEST GUST DIRECTION    SW (210)
  AVERAGE WIND SPEED     9.6


SKY COVER
  POSSIBLE SUNSHINE  MM
  AVERAGE SKY COVER 0.1


WEATHER CONDITIONS
 THE FOLLOWING WEATHER WAS RECORDED YESTERDAY.
  NO SIGNIFICANT WEATHER WAS OBSERVED.


RELATIVE HUMIDITY (PERCENT)
 HIGHEST    81           200 AM
 LOWEST     58           400 PM
 AVERAGE    70

..........................................................


THE JAMESTOWN ND CLIMATE NORMALS FOR TODAY
                         NORMAL    RECORD    YEAR
 MAXIMUM TEMPERATURE (F)   20        49      1944
 MINIMUM TEMPERATURE (F)    0       -31      1943


SUNRISE AND SUNSET
JANUARY 17 2018.......SUNRISE   814 AM CST   SUNSET   516 PM CST
JANUARY 18 2018.......SUNRISE   814 AM CST   SUNSET   517 PM CST


-  INDICATES NEGATIVE NUMBERS.
R  INDICATES RECORD WAS SET OR TIED.
MM INDICATES DATA IS MISSING.
T  INDICATES TRACE AMOUNT.




$$
