000
CDAK47 PAJK 111127
CLIJNU
AKZ025-112300-
CLIMATE REPORT
NATIONAL WEATHER SERVICE JUNEAU, AK
327 AM AKDT FRI JUL 11 2014


...................................

...THE JUNEAU CLIMATE SUMMARY FOR JULY 10 2014...

CLIMATE NORMAL PERIOD 1981 TO 2010
CLIMATE RECORD PERIOD 1943 TO 2014


WEATHER ITEM   OBSERVED TIME   RECORD YEAR NORMAL DEPARTURE LAST
                VALUE   (LST)  VALUE       VALUE  FROM      YEAR
                                                  NORMAL
..................................................................
TEMPERATURE (F)
 YESTERDAY
  MAXIMUM         65    616 PM  82    1989  64      1       64
  MINIMUM         51   1159 PM  38    1966  50      1       47
  AVERAGE         58                        57      1       56

PRECIPITATION (IN)
  YESTERDAY        0.00          1.53 1961   0.15  -0.15      T
  MONTH TO DATE    2.66                      1.31   1.35     2.98
  SINCE JUN 1     10.05                      4.55   5.50     6.17
  SINCE JAN 1     29.97                     24.15   5.82    34.54

DEGREE DAYS
 HEATING
  YESTERDAY        7                         8     -1        9
  MONTH TO DATE   75                        89    -14       97
  SINCE JUN 1    425                       404     21      311
  SINCE JUL 1     75                        89    -14       97

 COOLING
  YESTERDAY        0                         0      0        0
  MONTH TO DATE    0                         0      0        0
  SINCE JUN 1      0                         1     -1        7
  SINCE JAN 1      0                         1     -1        7
..................................................................


WIND (MPH)
  HIGHEST WIND SPEED     7   HIGHEST WIND DIRECTION     W (280)
  HIGHEST GUST SPEED    12   HIGHEST GUST DIRECTION    NW (300)
  AVERAGE WIND SPEED     2.5


SKY COVER
  POSSIBLE SUNSHINE  MM
  AVERAGE SKY COVER 0.9


WEATHER CONDITIONS
 THE FOLLOWING WEATHER WAS RECORDED YESTERDAY.
  FOG


RELATIVE HUMIDITY (PERCENT)
 HIGHEST   100           200 AM
 LOWEST     56           100 PM
 AVERAGE    78

..........................................................


THE JUNEAU CLIMATE NORMALS FOR TODAY
                         NORMAL    RECORD    YEAR
 MAXIMUM TEMPERATURE (F)   64        84      1989
 MINIMUM TEMPERATURE (F)   50        39      1954


SUNRISE AND SUNSET
JULY 11 2014..........SUNRISE   410 AM AKDT  SUNSET   957 PM AKDT
JULY 12 2014..........SUNRISE   411 AM AKDT  SUNSET   955 PM AKDT


-  INDICATES NEGATIVE NUMBERS.
R  INDICATES RECORD WAS SET OR TIED.
MM INDICATES DATA IS MISSING.
T  INDICATES TRACE AMOUNT.




$$


&&
----------------------------
AMOUNT OF DAYLIGHT TODAY  (HOUR:MIN)........17:47
GAIN/LOSS SINCE YESTERDAY (HOUR:MIN:SEC)....-0:02:48
