000
CDAK47 PAJK 231127
CLIJNU
AKZ025-232300-
CLIMATE REPORT
NATIONAL WEATHER SERVICE JUNEAU, AK
326 AM AKDT TUE SEP 23 2014


...................................

...THE JUNEAU CLIMATE SUMMARY FOR SEPTEMBER 22 2014...

CLIMATE NORMAL PERIOD 1981 TO 2010
CLIMATE RECORD PERIOD 1943 TO 2014


WEATHER ITEM   OBSERVED TIME   RECORD YEAR NORMAL DEPARTURE LAST
                VALUE   (LST)  VALUE       VALUE  FROM      YEAR
                                                  NORMAL
..................................................................
TEMPERATURE (F)
 YESTERDAY
  MAXIMUM         53    206 PM  62    1984  54     -1       53
  MINIMUM         49   1159 PM  28    1955  44      5       45
  AVERAGE         51                        49      2       49

PRECIPITATION (IN)
  YESTERDAY        0.42          2.16 1989   0.31   0.11     0.10
  MONTH TO DATE    6.50                      6.19   0.31     6.92
  SINCE SEP 1      6.50                      6.19   0.31     6.92
  SINCE JAN 1     50.60                     39.36  11.24    47.83

DEGREE DAYS
 HEATING
  YESTERDAY       14                        16     -2       16
  MONTH TO DATE  273                       311    -38      244
  SINCE SEP 1    273                       311    -38      244
  SINCE JUL 1    749                       846    -97      679

 COOLING
  YESTERDAY        0                         0      0        0
  MONTH TO DATE    0                         0      0        0
  SINCE SEP 1      0                         0      0        0
  SINCE JAN 1      0                         2     -2        9
..................................................................


WIND (MPH)
  HIGHEST WIND SPEED    18   HIGHEST WIND DIRECTION    SE (120)
  HIGHEST GUST SPEED    25   HIGHEST GUST DIRECTION    SE (120)
  AVERAGE WIND SPEED     8.2


SKY COVER
  POSSIBLE SUNSHINE  MM
  AVERAGE SKY COVER 1.0


WEATHER CONDITIONS
 THE FOLLOWING WEATHER WAS RECORDED YESTERDAY.
  RAIN
  LIGHT RAIN
  FOG


RELATIVE HUMIDITY (PERCENT)
 HIGHEST   100           800 PM
 LOWEST     83          1100 AM
 AVERAGE    92

..........................................................


THE JUNEAU CLIMATE NORMALS FOR TODAY
                         NORMAL    RECORD    YEAR
 MAXIMUM TEMPERATURE (F)   54        64      1995
 MINIMUM TEMPERATURE (F)   44        26      1972


SUNRISE AND SUNSET
SEPTEMBER 23 2014.....SUNRISE   646 AM AKDT  SUNSET   654 PM AKDT
SEPTEMBER 24 2014.....SUNRISE   648 AM AKDT  SUNSET   652 PM AKDT


-  INDICATES NEGATIVE NUMBERS.
R  INDICATES RECORD WAS SET OR TIED.
MM INDICATES DATA IS MISSING.
T  INDICATES TRACE AMOUNT.




$$


&&
----------------------------
AMOUNT OF DAYLIGHT TODAY  (HOUR:MIN)........12:09
GAIN/LOSS SINCE YESTERDAY (HOUR:MIN:SEC)....-0:05:03
