000
CDAK47 PAJK 181137
CLIJNU
CLIMATE REPORT
NATIONAL WEATHER SERVICE JUNEAU, AK
334 AM AKDT WED OCT 18 2017


...................................

...THE JUNEAU CLIMATE SUMMARY FOR OCTOBER 17 2017...

CLIMATE NORMAL PERIOD 1981 TO 2010
CLIMATE RECORD PERIOD 1936 TO 2017


WEATHER ITEM   OBSERVED RECORD YEAR NORMAL DEPARTURE LAST
                VALUE   VALUE       VALUE  FROM      YEAR
                                           NORMAL
...........................................................
TEMPERATURE (F)
 YESTERDAY
  MAXIMUM         45     54    2015  47     -2       48
  MINIMUM         39     20    1992  38      1       33
  AVERAGE         42                 42      0       41

PRECIPITATION (IN)
  YESTERDAY        0.25   2.06 1981   0.28  -0.03     0.16
  MONTH TO DATE    2.74               5.05  -2.31     1.55
  SINCE JAN 1     52.57              46.86   5.71    49.71

SNOWFALL (IN)
  YESTERDAY        0.0    T    2012   0.0    0.0      0.0
                               1996
                               1959
  MONTH TO DATE    0.0                0.1   -0.1      5.7
  SINCE JUL 1      0.0                0.1   -0.1      5.7
  SNOW DEPTH       0

DEGREE DAYS
 HEATING
  YESTERDAY       23                 23      0       24
  MONTH TO DATE  251                344    -93      408
...........................................................


WIND (MPH)
  HIGHEST WIND SPEED    22   HIGHEST WIND DIRECTION    SE (120)
  HIGHEST GUST SPEED    29   HIGHEST GUST DIRECTION    SE (130)
  AVERAGE WIND SPEED     9.1


SKY COVER
  AVERAGE SKY COVER 1.0


WEATHER CONDITIONS
 THE FOLLOWING WEATHER WAS RECORDED YESTERDAY.
  LIGHT RAIN
  FOG


..........................................................


THE JUNEAU CLIMATE NORMALS FOR TODAY
                         NORMAL    RECORD    YEAR
 MAXIMUM TEMPERATURE (F)   47        56      1979
 MINIMUM TEMPERATURE (F)   37        23      1950


SUNRISE AND SUNSET
OCTOBER 18 2017.......SUNRISE   742 AM AKDT  SUNSET   544 PM AKDT
OCTOBER 19 2017.......SUNRISE   744 AM AKDT  SUNSET   541 PM AKDT


-  INDICATES NEGATIVE NUMBERS.
R  INDICATES RECORD WAS SET OR TIED.
MM INDICATES DATA IS MISSING.
T  INDICATES TRACE AMOUNT.




$$
--------------------------------------------------------------

AMOUNT OF DAYLIGHT TODAY (HOUR:MIN)......... 10 HOURS 01 MINUTES
GAIN/LOSS SINCE YESTERDAY (HOUR:MIN:SEC).... -0:04:59

$$
