000
CDAK47 PAJK 111245
CLIJNU
CLIMATE REPORT
NATIONAL WEATHER SERVICE JUNEAU, AK
339 AM AKST MON DEC 11 2017


...................................

...THE JUNEAU CLIMATE SUMMARY FOR DECEMBER 10 2017...

CLIMATE NORMAL PERIOD 1981 TO 2010
CLIMATE RECORD PERIOD 1936 TO 2017


WEATHER ITEM   OBSERVED RECORD YEAR NORMAL DEPARTURE LAST
                VALUE   VALUE       VALUE  FROM      YEAR
                                           NORMAL
...........................................................
TEMPERATURE (F)
 YESTERDAY
  MAXIMUM         47     51    1944  35     12       21
  MINIMUM         42     -4    1946  26     16        6
  AVERAGE         45                 30     15       14

PRECIPITATION (IN)
  YESTERDAY        0.32   1.81 1962   0.21   0.11     0.00
  MONTH TO DATE    2.82               2.03   0.79     3.21
  SINCE JAN 1     64.32              58.46   5.86    60.51

SNOWFALL (IN)
  YESTERDAY        0.0    5.0  1979   0.5   -0.5      0.0
  MONTH TO DATE    0.3                5.1   -4.8     10.2
  SINCE JUL 1     25.8               19.0    6.8     18.6
  SNOW DEPTH       0

DEGREE DAYS
 HEATING
  YESTERDAY       20                 35    -15       51
  MONTH TO DATE  238                342   -104      409
...........................................................


WIND (MPH)
  HIGHEST WIND SPEED    23   HIGHEST WIND DIRECTION    SE (120)
  HIGHEST GUST SPEED    30   HIGHEST GUST DIRECTION    SE (120)
  AVERAGE WIND SPEED    11.3


SKY COVER
  AVERAGE SKY COVER 0.9


WEATHER CONDITIONS
 THE FOLLOWING WEATHER WAS RECORDED YESTERDAY.
  LIGHT RAIN
  FOG


..........................................................


THE JUNEAU CLIMATE NORMALS FOR TODAY
                         NORMAL    RECORD    YEAR
 MAXIMUM TEMPERATURE (F)   35        49      1944
 MINIMUM TEMPERATURE (F)   26        -7      1946


SUNRISE AND SUNSET
DECEMBER 11 2017......SUNRISE   837 AM AKST  SUNSET   306 PM AKST
DECEMBER 12 2017......SUNRISE   838 AM AKST  SUNSET   306 PM AKST


-  INDICATES NEGATIVE NUMBERS.
R  INDICATES RECORD WAS SET OR TIED.
MM INDICATES DATA IS MISSING.
T  INDICATES TRACE AMOUNT.




$$
--------------------------------------------------------------

AMOUNT OF DAYLIGHT TODAY (HOUR:MIN)......... 6 HOURS 29 MINUTES
GAIN/LOSS SINCE YESTERDAY (HOUR:MIN:SEC).... -0:01:37

$$
