000
CDUS41 KCTP 300609
CLIJST


CLIMATE REPORT
NATIONAL WEATHER SERVICE STATE COLLEGE PA
208 AM EDT SAT MAY 30 2015


...................................

...THE JOHNSTOWN CLIMATE SUMMARY FOR MAY 29 2015...

CLIMATE NORMAL PERIOD 1981 TO 2010
CLIMATE RECORD PERIOD 2000 TO 2015


WEATHER ITEM   OBSERVED TIME   RECORD YEAR NORMAL DEPARTURE LAST
                VALUE   (LST)  VALUE       VALUE  FROM      YEAR
                                                  NORMAL
..................................................................
TEMPERATURE (F)
 YESTERDAY
  MAXIMUM         80    344 PM  95    1987  69     11       62
  MINIMUM         61    442 AM  33    1894  51     10       51
  AVERAGE         71                        60     11       57

PRECIPITATION (IN)
  YESTERDAY        0.02          2.85 1911   0.15  -0.13     0.17
  MONTH TO DATE    2.22                      4.21  -1.99     3.78
  SINCE MAR 1     10.68                     11.09  -0.41     9.52
  SINCE JAN 1     14.08                     16.32  -2.24    13.56

DEGREE DAYS
 HEATING
  YESTERDAY        0                         6     -6        8
  MONTH TO DATE  132                       266   -134      248
  SINCE MAR 1   1588                      1717   -129     1878
  SINCE JUL 1   6777                      6597    180     7206

 COOLING
  YESTERDAY        6                         1      5        0
  MONTH TO DATE   69                        16     53       22
  SINCE MAR 1     69                        21     48       26
  SINCE JAN 1     69                        21     48       26
..................................................................


WIND (MPH)
  HIGHEST WIND SPEED    17   HIGHEST WIND DIRECTION     S (170)
  HIGHEST GUST SPEED    23   HIGHEST GUST DIRECTION    SE (140)
  AVERAGE WIND SPEED     8.8


SKY COVER
  POSSIBLE SUNSHINE  MM
  AVERAGE SKY COVER 0.2


WEATHER CONDITIONS
 THE FOLLOWING WEATHER WAS RECORDED YESTERDAY.
  LIGHT RAIN
  FOG


RELATIVE HUMIDITY (PERCENT)
 HIGHEST    87          1000 PM
 LOWEST     53           900 AM
 AVERAGE    70

..........................................................


THE JOHNSTOWN CLIMATE NORMALS FOR TODAY
                         NORMAL    RECORD    YEAR
 MAXIMUM TEMPERATURE (F)   69        97      1919
 MINIMUM TEMPERATURE (F)   51        35      1932


SUNRISE AND SUNSET
MAY 30 2015...........SUNRISE   549 AM EDT   SUNSET   837 PM EDT
MAY 31 2015...........SUNRISE   548 AM EDT   SUNSET   838 PM EDT


-  INDICATES NEGATIVE NUMBERS.
R  INDICATES RECORD WAS SET OR TIED.
MM INDICATES DATA IS MISSING.
T  INDICATES TRACE AMOUNT.




$$
