000
CDUS41 KCTP 270618
CLIJST


CLIMATE REPORT
NATIONAL WEATHER SERVICE STATE COLLEGE PA
218 AM EDT THU APR 27 2017


...................................

...THE JOHNSTOWN CLIMATE SUMMARY FOR APRIL 26 2017...

CLIMATE NORMAL PERIOD 1981 TO 2010
CLIMATE RECORD PERIOD 1892 TO 2017


WEATHER ITEM   OBSERVED TIME   RECORD YEAR NORMAL DEPARTURE LAST
                VALUE   (LST)  VALUE       VALUE  FROM      YEAR
                                                  NORMAL
..................................................................
TEMPERATURE (F)
 YESTERDAY
  MAXIMUM         74    547 PM  93    1915  61     13       71
  MINIMUM         50    702 AM  26    2006  41      9       55
  AVERAGE         62                        51     11       63

PRECIPITATION (IN)
  YESTERDAY        0.00          1.05 1961   0.12  -0.12     0.05
  MONTH TO DATE    2.66                      3.14  -0.48     1.55
  SINCE MAR 1      6.72                      6.43   0.29     3.15
  SINCE JAN 1     12.38                     11.66   0.72     6.00

DEGREE DAYS
 HEATING
  YESTERDAY        3                        14    -11        2
  MONTH TO DATE  313                       485   -172      464
  SINCE MAR 1   1243                      1398   -155     1086
  SINCE JUL 1   5163                      6277  -1114     5149

 COOLING
  YESTERDAY        0                         0      0        0
  MONTH TO DATE    0                         0      0        0
  SINCE MAR 1      0                         0      0        0
  SINCE JAN 1      0                         0      0        0
..................................................................


WIND (MPH)
  HIGHEST WIND SPEED    13   HIGHEST WIND DIRECTION    SE (150)
  HIGHEST GUST SPEED    18   HIGHEST GUST DIRECTION     E (110)
  AVERAGE WIND SPEED     4.5


SKY COVER
  POSSIBLE SUNSHINE  MM
  AVERAGE SKY COVER 0.5


WEATHER CONDITIONS
 THE FOLLOWING WEATHER WAS RECORDED YESTERDAY.
  FOG
  FOG W/VISIBILITY <= 1/4 MILE


RELATIVE HUMIDITY (PERCENT)
 HIGHEST   100          1200 AM
 LOWEST     49           500 PM
 AVERAGE    75

..........................................................


THE JOHNSTOWN CLIMATE NORMALS FOR TODAY
                         NORMAL    RECORD    YEAR
 MAXIMUM TEMPERATURE (F)   61        93      1915
 MINIMUM TEMPERATURE (F)   42        27      1993


SUNRISE AND SUNSET
APRIL 27 2017.........SUNRISE   620 AM EDT   SUNSET   807 PM EDT
APRIL 28 2017.........SUNRISE   618 AM EDT   SUNSET   808 PM EDT


-  INDICATES NEGATIVE NUMBERS.
R  INDICATES RECORD WAS SET OR TIED.
MM INDICATES DATA IS MISSING.
T  INDICATES TRACE AMOUNT.




$$
