000
CDUS41 KCTP 050624
CLIJST


CLIMATE REPORT
NATIONAL WEATHER SERVICE STATE COLLEGE PA
224 AM EDT SAT SEP 5 2015


...................................

...THE JOHNSTOWN CLIMATE SUMMARY FOR SEPTEMBER 4 2015...

CLIMATE NORMAL PERIOD 1981 TO 2010
CLIMATE RECORD PERIOD 2000 TO 2015


WEATHER ITEM   OBSERVED TIME   RECORD YEAR NORMAL DEPARTURE LAST
                VALUE   (LST)  VALUE       VALUE  FROM      YEAR
                                                  NORMAL
..................................................................
TEMPERATURE (F)
 YESTERDAY
  MAXIMUM         84    223 PM 101    1953  72     12       84
  MINIMUM         64    528 AM  41    1908  56      8       62
  AVERAGE         74                        64     10       73

PRECIPITATION (IN)
  YESTERDAY        0.01          2.13 1988   0.12  -0.11     0.00
  MONTH TO DATE    0.05                      0.45  -0.40     0.29
  SINCE SEP 1      0.05                      0.45  -0.40     0.29
  SINCE JAN 1     33.70                     24.74   8.96    26.19

DEGREE DAYS
 HEATING
  YESTERDAY        0                         3     -3        0
  MONTH TO DATE    0                         9     -9        0
  SINCE SEP 1      0                         9     -9        0
  SINCE JUL 1     30                        51    -21       83

 COOLING
  YESTERDAY        9                         2      7        8
  MONTH TO DATE   37                         8     29       29
  SINCE SEP 1     37                         8     29       29
  SINCE JAN 1    492                       368    124      324
..................................................................


WIND (MPH)
  HIGHEST WIND SPEED    14   HIGHEST WIND DIRECTION    SW (220)
  HIGHEST GUST SPEED    20   HIGHEST GUST DIRECTION    SW (210)
  AVERAGE WIND SPEED     3.4


SKY COVER
  POSSIBLE SUNSHINE  MM
  AVERAGE SKY COVER 0.3


WEATHER CONDITIONS
 THE FOLLOWING WEATHER WAS RECORDED YESTERDAY.
  THUNDERSTORM
  LIGHT RAIN
  FOG
  HAZE


RELATIVE HUMIDITY (PERCENT)
 HIGHEST    93           200 AM
 LOWEST     58          1200 PM
 AVERAGE    76

..........................................................


THE JOHNSTOWN CLIMATE NORMALS FOR TODAY
                         NORMAL    RECORD    YEAR
 MAXIMUM TEMPERATURE (F)   72        94      1953
 MINIMUM TEMPERATURE (F)   56        42      1902


SUNRISE AND SUNSET
SEPTEMBER  5 2015.....SUNRISE   646 AM EDT   SUNSET   741 PM EDT
SEPTEMBER  6 2015.....SUNRISE   647 AM EDT   SUNSET   739 PM EDT


-  INDICATES NEGATIVE NUMBERS.
R  INDICATES RECORD WAS SET OR TIED.
MM INDICATES DATA IS MISSING.
T  INDICATES TRACE AMOUNT.




$$
