000
CDUS41 KCTP 010633
CLIJST


CLIMATE REPORT
NATIONAL WEATHER SERVICE STATE COLLEGE PA
232 AM EDT SUN MAY 1 2016


...................................

...THE JOHNSTOWN CLIMATE SUMMARY FOR APRIL 30 2016...

CLIMATE NORMAL PERIOD 1981 TO 2010
CLIMATE RECORD PERIOD 1892 TO 2016


WEATHER ITEM   OBSERVED TIME   RECORD YEAR NORMAL DEPARTURE LAST
                VALUE   (LST)  VALUE       VALUE  FROM      YEAR
                                                  NORMAL
..................................................................
TEMPERATURE (F)
 YESTERDAY
  MAXIMUM         52   1228 PM  91    1899  62    -10       57
  MINIMUM         45    609 AM  27    1925  43      2       45
  AVERAGE         49                        52     -3       51

PRECIPITATION (IN)
  YESTERDAY        0.11          1.09 2015   0.11   0.00     1.09
  MONTH TO DATE    2.20                      3.59  -1.39     4.41
  SINCE MAR 1      3.80                      6.88  -3.08     8.46
  SINCE JAN 1      6.65                     12.11  -5.46    11.86

DEGREE DAYS
 HEATING
  YESTERDAY       16                        13      3       14
  MONTH TO DATE  524                       539    -15      475
  SINCE MAR 1   1146                      1451   -305     1456
  SINCE JUL 1   5209                      6331  -1122     6645

 COOLING
  YESTERDAY        0                         0      0        0
  MONTH TO DATE    0                         5     -5        0
  SINCE MAR 1      0                         5     -5        0
  SINCE JAN 1      0                         5     -5        0
..................................................................


WIND (MPH)
  HIGHEST WIND SPEED    17   HIGHEST WIND DIRECTION    SE (150)
  HIGHEST GUST SPEED    29   HIGHEST GUST DIRECTION    SE (140)
  AVERAGE WIND SPEED     7.8


SKY COVER
  POSSIBLE SUNSHINE  MM
  AVERAGE SKY COVER 1.0


WEATHER CONDITIONS
 THE FOLLOWING WEATHER WAS RECORDED YESTERDAY.
  LIGHT RAIN
  FOG
  HAZE


RELATIVE HUMIDITY (PERCENT)
 HIGHEST    93           800 PM
 LOWEST     71          1200 PM
 AVERAGE    82

..........................................................


THE JOHNSTOWN CLIMATE NORMALS FOR TODAY
                         NORMAL    RECORD    YEAR
 MAXIMUM TEMPERATURE (F)   63        92      1899
 MINIMUM TEMPERATURE (F)   43        30      1963


SUNRISE AND SUNSET
MAY  1 2016...........SUNRISE   614 AM EDT   SUNSET   811 PM EDT
MAY  2 2016...........SUNRISE   613 AM EDT   SUNSET   812 PM EDT


-  INDICATES NEGATIVE NUMBERS.
R  INDICATES RECORD WAS SET OR TIED.
MM INDICATES DATA IS MISSING.
T  INDICATES TRACE AMOUNT.




$$
