615
CDUS41 KCTP 230646
CLIJST


CLIMATE REPORT
NATIONAL WEATHER SERVICE STATE COLLEGE PA
146 AM EST TUE JAN 23 2018


...................................

...THE JOHNSTOWN CLIMATE SUMMARY FOR JANUARY 22 2018...

CLIMATE NORMAL PERIOD 1981 TO 2010
CLIMATE RECORD PERIOD 1892 TO 2018


WEATHER ITEM   OBSERVED TIME   RECORD YEAR NORMAL DEPARTURE LAST
                VALUE   (LST)  VALUE       VALUE  FROM      YEAR
                                                  NORMAL
..................................................................
TEMPERATURE (F)
 YESTERDAY
  MAXIMUM         60    141 PM  70    1906  32     28       58
  MINIMUM         46    303 AM  -9    1984  18     28       43
  AVERAGE         53                        25     28       51

PRECIPITATION (IN)
  YESTERDAY        0.03          1.02 1949   0.07  -0.04     0.01
  MONTH TO DATE    1.62                      2.17  -0.55     2.26
  SINCE DEC 1      2.72                      4.74  -2.02     6.44
  SINCE JAN 1      1.62                      2.17  -0.55     2.26

DEGREE DAYS
 HEATING
  YESTERDAY       12                        40    -28       14
  MONTH TO DATE  959                       873     86      706
  SINCE DEC 1   2136                      2000    136     1779
  SINCE JUL 1   3349                      3463   -114     2848

 COOLING
  YESTERDAY        0                         0      0        0
  MONTH TO DATE    0                         0      0        0
  SINCE DEC 1      0                         0      0        0
  SINCE JAN 1      0                         0      0        0
..................................................................


WIND (MPH)
  HIGHEST WIND SPEED    20   HIGHEST WIND DIRECTION    SE (150)
  HIGHEST GUST SPEED    26   HIGHEST GUST DIRECTION    SE (150)
  AVERAGE WIND SPEED    10.2


SKY COVER
  POSSIBLE SUNSHINE  MM
  AVERAGE SKY COVER 0.6


WEATHER CONDITIONS
 THE FOLLOWING WEATHER WAS RECORDED YESTERDAY.
  LIGHT RAIN
  FOG


RELATIVE HUMIDITY (PERCENT)
 HIGHEST   100           100 AM
 LOWEST     57           200 PM
 AVERAGE    79

..........................................................


THE JOHNSTOWN CLIMATE NORMALS FOR TODAY
                         NORMAL    RECORD    YEAR
 MAXIMUM TEMPERATURE (F)   32        66      1906
 MINIMUM TEMPERATURE (F)   18       -12      1936


SUNRISE AND SUNSET
JANUARY 23 2018.......SUNRISE   732 AM EST   SUNSET   523 PM EST
JANUARY 24 2018.......SUNRISE   731 AM EST   SUNSET   524 PM EST


-  INDICATES NEGATIVE NUMBERS.
R  INDICATES RECORD WAS SET OR TIED.
MM INDICATES DATA IS MISSING.
T  INDICATES TRACE AMOUNT.




$$
