000
CDUS41 KCTP 252117
CLIJST


CLIMATE REPORT
NATIONAL WEATHER SERVICE STATE COLLEGE PA
517 PM EDT SUN JUN 25 2017


...................................

...THE JOHNSTOWN CLIMATE SUMMARY FOR JUNE 25 2017...
VALID TODAY AS OF 0500 PM LOCAL TIME.

CLIMATE NORMAL PERIOD 1981 TO 2010
CLIMATE RECORD PERIOD 1892 TO 2017


WEATHER ITEM   OBSERVED TIME   RECORD YEAR NORMAL DEPARTURE LAST
                VALUE   (LST)  VALUE       VALUE  FROM      YEAR
                                                  NORMAL
..................................................................
TEMPERATURE (F)
 TODAY
  MAXIMUM         71    316 PM  95    1949  76     -5       77
  MINIMUM         57    508 AM  44    1902  58     -1       61
  AVERAGE         64                        67     -3       69

PRECIPITATION (IN)
  TODAY            0.00          2.40 1914   0.12  -0.12     0.00
  MONTH TO DATE    7.73                      3.46   4.27     4.68
  SINCE JUN 1      7.73                      3.46   4.27     4.68
  SINCE JAN 1     27.62                     20.10   7.52    15.48

DEGREE DAYS
 HEATING
  TODAY            1                         1      0        0
  MONTH TO DATE   45                        74    -29       38
  SINCE JUN 1     45                        74    -29       38
  SINCE JUL 1   5508                      6683  -1175     5525

 COOLING
  TODAY            0                         3     -3        4
  MONTH TO DATE   95                        55     40       74
  SINCE JUN 1     95                        55     40       74
  SINCE JAN 1    124                        79     45      112
..................................................................


WIND (MPH)
  HIGHEST WIND SPEED    23   HIGHEST WIND DIRECTION     W (260)
  HIGHEST GUST SPEED    30   HIGHEST GUST DIRECTION     W (250)
  AVERAGE WIND SPEED     8.9


SKY COVER
  POSSIBLE SUNSHINE  MM
  AVERAGE SKY COVER 0.5


WEATHER CONDITIONS
 THE FOLLOWING WEATHER WAS RECORDED TODAY.
  NO SIGNIFICANT WEATHER WAS OBSERVED.


RELATIVE HUMIDITY (PERCENT)
 HIGHEST    90           700 AM
 LOWEST     37           400 PM
 AVERAGE    64

..........................................................


THE JOHNSTOWN CLIMATE NORMALS FOR TOMORROW
                         NORMAL    RECORD    YEAR
 MAXIMUM TEMPERATURE (F)   77        97      1952
 MINIMUM TEMPERATURE (F)   58        40      1984


SUNRISE AND SUNSET
JUNE 25 2017..........SUNRISE   547 AM EDT   SUNSET   849 PM EDT
JUNE 26 2017..........SUNRISE   547 AM EDT   SUNSET   849 PM EDT


-  INDICATES NEGATIVE NUMBERS.
R  INDICATES RECORD WAS SET OR TIED.
MM INDICATES DATA IS MISSING.
T  INDICATES TRACE AMOUNT.




$$
