000
CDUS41 KCTP 130633
CLIJST


CLIMATE REPORT
NATIONAL WEATHER SERVICE STATE COLLEGE PA
233 AM EDT SUN JUL 13 2014


...................................

...THE JOHNSTOWN CLIMATE SUMMARY FOR JULY 12 2014...

CLIMATE NORMAL PERIOD 1981 TO 2010
CLIMATE RECORD PERIOD 2000 TO 2014


WEATHER ITEM   OBSERVED TIME   RECORD YEAR NORMAL DEPARTURE LAST
                VALUE   (LST)  VALUE       VALUE  FROM      YEAR
                                                  NORMAL
..................................................................
TEMPERATURE (F)
 YESTERDAY
  MAXIMUM         81    355 PM 100    1936  79      2       69
  MINIMUM         62    613 AM  44    1898  60      2       56
  AVERAGE         72                        69      3       63

PRECIPITATION (IN)
  YESTERDAY        0.00          2.00 1971   0.12  -0.12     0.00
  MONTH TO DATE    0.49                      1.39  -0.90     1.94
  SINCE JUN 1      5.33                      1.39   3.94     7.79
  SINCE JAN 1     18.89                     18.03   0.86    18.71

DEGREE DAYS
 HEATING
  YESTERDAY        0                         0      0        2
  MONTH TO DATE    7                         8     -1        2
  SINCE JUN 1     47                        87    -40       65
  SINCE JUL 1      7                         8     -1        2

 COOLING
  YESTERDAY        7                         5      2        0
  MONTH TO DATE   63                        55      8       68
  SINCE JUN 1    147                       130     17      137
  SINCE JAN 1    173                       148     25      178
..................................................................


WIND (MPH)
  HIGHEST WIND SPEED    14   HIGHEST WIND DIRECTION     W (270)
  HIGHEST GUST SPEED    19   HIGHEST GUST DIRECTION     W (260)
  AVERAGE WIND SPEED     6.3


SKY COVER
  POSSIBLE SUNSHINE  MM
  AVERAGE SKY COVER 0.1


WEATHER CONDITIONS
 THE FOLLOWING WEATHER WAS RECORDED YESTERDAY.
  NO SIGNIFICANT WEATHER WAS OBSERVED.


RELATIVE HUMIDITY (PERCENT)
 HIGHEST    90           600 AM
 LOWEST     42          1200 PM
 AVERAGE    66

..........................................................


THE JOHNSTOWN CLIMATE NORMALS FOR TODAY
                         NORMAL    RECORD    YEAR
 MAXIMUM TEMPERATURE (F)   79        96      1912
 MINIMUM TEMPERATURE (F)   60        48      1940


SUNRISE AND SUNSET
JULY 13 2014..........SUNRISE   557 AM EDT   SUNSET   845 PM EDT
JULY 14 2014..........SUNRISE   557 AM EDT   SUNSET   845 PM EDT


-  INDICATES NEGATIVE NUMBERS.
R  INDICATES RECORD WAS SET OR TIED.
MM INDICATES DATA IS MISSING.
T  INDICATES TRACE AMOUNT.




$$
