000
CDUS41 KCTP 210626
CLIJST


CLIMATE REPORT
NATIONAL WEATHER SERVICE STATE COLLEGE PA
226 AM EDT MON AUG 21 2017


...................................

...THE JOHNSTOWN CLIMATE SUMMARY FOR AUGUST 20 2017...

CLIMATE NORMAL PERIOD 1981 TO 2010
CLIMATE RECORD PERIOD 1892 TO 2017


WEATHER ITEM   OBSERVED TIME   RECORD YEAR NORMAL DEPARTURE LAST
                VALUE   (LST)  VALUE       VALUE  FROM      YEAR
                                                  NORMAL
..................................................................
TEMPERATURE (F)
 YESTERDAY
  MAXIMUM         79    500 PM  98    1983  76      3       82
  MINIMUM         57    644 AM  44    1929  59     -2       65
  AVERAGE         68                        68      0       74

PRECIPITATION (IN)
  YESTERDAY        0.00          1.80 1990   0.12  -0.12     0.00
  MONTH TO DATE    1.90                      2.55  -0.65     2.70
  SINCE JUN 1     14.00                      6.40   7.60    11.90
  SINCE JAN 1     33.89                     23.04  10.85    22.70

DEGREE DAYS
 HEATING
  YESTERDAY        0                         1     -1        0
  MONTH TO DATE   10                        16     -6        0
  SINCE JUN 1     73                       103    -30       54
  SINCE JUL 1     14                        29    -15       11

 COOLING
  YESTERDAY        3                         4     -1        9
  MONTH TO DATE   76                        87    -11      174
  SINCE JUN 1    353                       312     41      500
  SINCE JAN 1    382                       330     52      538
..................................................................


WIND (MPH)
  HIGHEST WIND SPEED     8   HIGHEST WIND DIRECTION     S (190)
  HIGHEST GUST SPEED    16   HIGHEST GUST DIRECTION     N (20)
  AVERAGE WIND SPEED     3.5


SKY COVER
  POSSIBLE SUNSHINE  MM
  AVERAGE SKY COVER 0.1


WEATHER CONDITIONS
 THE FOLLOWING WEATHER WAS RECORDED YESTERDAY.
  FOG
  FOG W/VISIBILITY <= 1/4 MILE


RELATIVE HUMIDITY (PERCENT)
 HIGHEST   100           500 AM
 LOWEST     42           500 PM
 AVERAGE    71

..........................................................


THE JOHNSTOWN CLIMATE NORMALS FOR TODAY
                         NORMAL    RECORD    YEAR
 MAXIMUM TEMPERATURE (F)   76        96      1916
 MINIMUM TEMPERATURE (F)   59        42      1922


SUNRISE AND SUNSET
AUGUST 21 2017........SUNRISE   632 AM EDT   SUNSET   804 PM EDT
AUGUST 22 2017........SUNRISE   633 AM EDT   SUNSET   802 PM EDT


-  INDICATES NEGATIVE NUMBERS.
R  INDICATES RECORD WAS SET OR TIED.
MM INDICATES DATA IS MISSING.
T  INDICATES TRACE AMOUNT.




$$
