000
CDUS41 KCTP 232116
CLIJST


CLIMATE REPORT
NATIONAL WEATHER SERVICE STATE COLLEGE PA
515 PM EDT WED APR 23 2014


...................................

...THE JOHNSTOWN CLIMATE SUMMARY FOR APRIL 23 2014...
VALID TODAY AS OF 0500 PM LOCAL TIME.

CLIMATE NORMAL PERIOD 1981 TO 2010
CLIMATE RECORD PERIOD 2000 TO 2014


WEATHER ITEM   OBSERVED TIME   RECORD YEAR NORMAL DEPARTURE LAST
                VALUE   (LST)  VALUE       VALUE  FROM      YEAR
                                                  NORMAL
..................................................................
TEMPERATURE (F)
 TODAY
  MAXIMUM         40   1248 AM  92    1985  60    -20       61
  MINIMUM         34   1141 AM  27    1982  40     -6       31
  AVERAGE         37                        50    -13       46

PRECIPITATION (IN)
  TODAY            T             1.09 1944   0.10  -0.10     0.00
  MONTH TO DATE    2.38                      2.81  -0.43     1.67
  SINCE MAR 1      4.33                      6.10  -1.77     3.23
  SINCE JAN 1      8.37                     11.33  -2.96     7.36

DEGREE DAYS
 HEATING
  TODAY           28                        15     13       19
  MONTH TO DATE  405                       442    -37      415
  SINCE MAR 1   1501                      1355    146     1450
  SINCE JUL 1   6829                      6234    595     6243

 COOLING
  TODAY            0                         0      0        0
  MONTH TO DATE    4                         0      4        1
  SINCE MAR 1      4                         0      4        1
  SINCE JAN 1      4                         0      4        1
..................................................................


WIND (MPH)
  HIGHEST WIND SPEED    30   HIGHEST WIND DIRECTION     W (290)
  HIGHEST GUST SPEED    40   HIGHEST GUST DIRECTION    NW (310)
  AVERAGE WIND SPEED    17.8


SKY COVER
  POSSIBLE SUNSHINE  MM
  AVERAGE SKY COVER 1.0


WEATHER CONDITIONS
 THE FOLLOWING WEATHER WAS RECORDED TODAY.
  LIGHT RAIN
  LIGHT SNOW
  FOG


RELATIVE HUMIDITY (PERCENT)
 HIGHEST    89           500 AM
 LOWEST     76          1200 AM
 AVERAGE    83

..........................................................


THE JOHNSTOWN CLIMATE NORMALS FOR TOMORROW
                         NORMAL    RECORD    YEAR
 MAXIMUM TEMPERATURE (F)   60        93      1925
 MINIMUM TEMPERATURE (F)   41        25      1930


SUNRISE AND SUNSET
APRIL 23 2014.........SUNRISE   625 AM EDT   SUNSET   802 PM EDT
APRIL 24 2014.........SUNRISE   624 AM EDT   SUNSET   803 PM EDT


-  INDICATES NEGATIVE NUMBERS.
R  INDICATES RECORD WAS SET OR TIED.
MM INDICATES DATA IS MISSING.
T  INDICATES TRACE AMOUNT.




$$
