000
CDUS43 KGRR 260519
CLIJXN


CLIMATE REPORT
NATIONAL WEATHER SERVICE GRAND RAPIDS, MI
118 AM EDT SAT JUL 26 2014


...................................

...THE JACKSON MI CLIMATE SUMMARY FOR JULY 25 2014...

CLIMATE NORMAL PERIOD 1981 TO 2010
CLIMATE RECORD PERIOD 9999 TO 9999


WEATHER ITEM   OBSERVED TIME   NORMAL DEPARTURE LAST
                VALUE   (LST)  VALUE  FROM      YEAR
                                      NORMAL
......................................................
TEMPERATURE (F)
 YESTERDAY
  MAXIMUM         76    247 PM  82     -6       76
  MINIMUM         50    527 AM  60    -10       49
  AVERAGE         63            71     -8       63

PRECIPITATION (IN)
  YESTERDAY        0.00          0.13  -0.13     0.00
  MONTH TO DATE    3.09          2.83   0.26     1.45
  SINCE JUN 1      7.85          6.10   1.75     6.07
  SINCE JAN 1     20.18         16.70   3.48    18.69

DEGREE DAYS
 HEATING
  YESTERDAY        2             0      2        2
  MONTH TO DATE   20             1     19        6
  SINCE JUN 1     51            56     -5       63
  SINCE JUL 1     20             1     19        6

 COOLING
  YESTERDAY        0             6     -6        0
  MONTH TO DATE   87           168    -81      208
  SINCE JUN 1    228           294    -66      325
  SINCE JAN 1    262           331    -69      392
......................................................


WIND (MPH)
  RESULTANT WIND SPEED   5   RESULTANT WIND DIRECTION  SW (230)
  HIGHEST WIND SPEED    15   HIGHEST WIND DIRECTION    SW (230)
  HIGHEST GUST SPEED    21   HIGHEST GUST DIRECTION     S (190)
  AVERAGE WIND SPEED     5.6


SKY COVER
  AVERAGE SKY COVER 0.2


WEATHER CONDITIONS
 THE FOLLOWING WEATHER WAS RECORDED YESTERDAY.
  NO SIGNIFICANT WEATHER WAS OBSERVED.


RELATIVE HUMIDITY (PERCENT)
 HIGHEST    96           300 AM
 LOWEST     43           200 PM
 AVERAGE    70

..........................................................


THE JACKSON MI CLIMATE NORMALS FOR TODAY
                         NORMAL
 MAXIMUM TEMPERATURE (F)   82
 MINIMUM TEMPERATURE (F)   60


SUNRISE AND SUNSET
JULY 26 2014..........SUNRISE   625 AM EDT   SUNSET   904 PM EDT
JULY 27 2014..........SUNRISE   626 AM EDT   SUNSET   903 PM EDT


-  INDICATES NEGATIVE NUMBERS.
R  INDICATES RECORD WAS SET OR TIED.
MM INDICATES DATA IS MISSING.
T  INDICATES TRACE AMOUNT.




$$
