601
CDUS43 KGRR 240523
CLIJXN


CLIMATE REPORT
NATIONAL WEATHER SERVICE GRAND RAPIDS, MI
122 AM EDT TUE MAY 24 2016


...................................

...THE JACKSON MI CLIMATE SUMMARY FOR MAY 23 2016...

CLIMATE NORMAL PERIOD 1981 TO 2010
CLIMATE RECORD PERIOD 1944 TO 9999


WEATHER ITEM   OBSERVED TIME   NORMAL DEPARTURE LAST
                VALUE   (LST)  VALUE  FROM      YEAR
                                      NORMAL
......................................................
TEMPERATURE (F)
 YESTERDAY
  MAXIMUM         77    427 PM  71      6       76
  MINIMUM         39    526 AM  48     -9       40
  AVERAGE         58            60     -2       58

PRECIPITATION (IN)
  YESTERDAY        T             0.12  -0.12     0.00
  MONTH TO DATE    1.66          2.43  -0.77     2.70
  SINCE MAR 1      7.58          6.94   0.64     5.77
  SINCE JAN 1      9.45          9.72  -0.27     7.85

DEGREE DAYS
 HEATING
  YESTERDAY        7             7      0        7
  MONTH TO DATE  252           215     37      136
  SINCE MAR 1   1518          1647   -129     1640
  SINCE JUL 1   5640          6561   -921     7144

 COOLING
  YESTERDAY        0             1     -1        0
  MONTH TO DATE    1            16    -15       30
  SINCE MAR 1      1            22    -21       30
  SINCE JAN 1      1            22    -21       30
......................................................


WIND (MPH)
  RESULTANT WIND SPEED   2   RESULTANT WIND DIRECTION   S (190)
  HIGHEST WIND SPEED    12   HIGHEST WIND DIRECTION    SE (150)
  HIGHEST GUST SPEED    17   HIGHEST GUST DIRECTION     S (200)
  AVERAGE WIND SPEED     2.6


SKY COVER
  AVERAGE SKY COVER 0.0


WEATHER CONDITIONS
 THE FOLLOWING WEATHER WAS RECORDED YESTERDAY.
  LIGHT RAIN


RELATIVE HUMIDITY (PERCENT)
 HIGHEST    93           700 AM
 LOWEST     18           300 PM
 AVERAGE    56

..........................................................


THE JACKSON MI CLIMATE NORMALS FOR TODAY
                         NORMAL
 MAXIMUM TEMPERATURE (F)   72
 MINIMUM TEMPERATURE (F)   49


SUNRISE AND SUNSET
MAY 24 2016...........SUNRISE   608 AM EDT   SUNSET   902 PM EDT
MAY 25 2016...........SUNRISE   608 AM EDT   SUNSET   902 PM EDT


-  INDICATES NEGATIVE NUMBERS.
R  INDICATES RECORD WAS SET OR TIED.
MM INDICATES DATA IS MISSING.
T  INDICATES TRACE AMOUNT.




$$
