000
CDUS43 KGRR 020518
CLIJXN


CLIMATE REPORT
NATIONAL WEATHER SERVICE GRAND RAPIDS, MI
118 AM EDT TUE SEP 2 2014


...................................

...THE JACKSON MI CLIMATE SUMMARY FOR SEPTEMBER 1 2014...

CLIMATE NORMAL PERIOD 1981 TO 2010
CLIMATE RECORD PERIOD 9999 TO 9999


WEATHER ITEM   OBSERVED TIME   NORMAL DEPARTURE LAST
                VALUE   (LST)  VALUE  FROM      YEAR
                                      NORMAL
......................................................
TEMPERATURE (F)
 YESTERDAY
  MAXIMUM         84        MM  78      6       83
  MINIMUM         67   1200 AM  56     11       67
  AVERAGE         76            67      9       75

PRECIPITATION (IN)
  YESTERDAY        0.04          0.12  -0.08     0.34
  MONTH TO DATE    0.04          0.12  -0.08     0.34
  SINCE SEP 1      0.04          0.12  -0.08     0.34
  SINCE JAN 1     23.05         21.04   2.01    24.89

DEGREE DAYS
 HEATING
  YESTERDAY        0             2     -2        0
  MONTH TO DATE    0             2     -2        0
  SINCE SEP 1      0             2     -2        0
  SINCE JUL 1     42            37      5       48

 COOLING
  YESTERDAY       11             4      7       10
  MONTH TO DATE   11             4      7       10
  SINCE SEP 1     11             4      7       10
  SINCE JAN 1    457           533    -76      550
......................................................


WIND (MPH)
  RESULTANT WIND SPEED   8   RESULTANT WIND DIRECTION   S (200)
  HIGHEST WIND SPEED    17   HIGHEST WIND DIRECTION    SW (230)
  HIGHEST GUST SPEED    30   HIGHEST GUST DIRECTION     S (200)
  AVERAGE WIND SPEED     8.6


SKY COVER
  AVERAGE SKY COVER 0.0


WEATHER CONDITIONS
 THE FOLLOWING WEATHER WAS RECORDED YESTERDAY.
  NO SIGNIFICANT WEATHER WAS OBSERVED.


RELATIVE HUMIDITY (PERCENT)
 HIGHEST     0          1200 AM
 LOWEST      0          1200 AM
 AVERAGE     0

..........................................................


THE JACKSON MI CLIMATE NORMALS FOR TODAY
                         NORMAL
 MAXIMUM TEMPERATURE (F)   78
 MINIMUM TEMPERATURE (F)   56


SUNRISE AND SUNSET
SEPTEMBER  2 2014.....SUNRISE   704 AM EDT   SUNSET   810 PM EDT
SEPTEMBER  3 2014.....SUNRISE   705 AM EDT   SUNSET   808 PM EDT


-  INDICATES NEGATIVE NUMBERS.
R  INDICATES RECORD WAS SET OR TIED.
MM INDICATES DATA IS MISSING.
T  INDICATES TRACE AMOUNT.




$$
