000
CDUS43 KGRR 300524
CLIJXN


CLIMATE REPORT
NATIONAL WEATHER SERVICE GRAND RAPIDS, MI
124 AM EDT TUE AUG 30 2016


...................................

...THE JACKSON MI CLIMATE SUMMARY FOR AUGUST 29 2016...

CLIMATE NORMAL PERIOD 1981 TO 2010
CLIMATE RECORD PERIOD 1944 TO 9999


WEATHER ITEM   OBSERVED TIME   NORMAL DEPARTURE LAST
                VALUE   (LST)  VALUE  FROM      YEAR
                                      NORMAL
......................................................
TEMPERATURE (F)
 YESTERDAY
  MAXIMUM         83    508 PM  79      4       72
  MINIMUM         64    437 AM  57      7       59
  AVERAGE         74            68      6       66

PRECIPITATION (IN)
  YESTERDAY        0.00          0.11  -0.11     0.11
  MONTH TO DATE    9.51          3.24   6.27     3.23
  SINCE JUN 1     16.81         10.09   6.72    13.06
  SINCE JAN 1     26.31         20.69   5.62    23.69

DEGREE DAYS
 HEATING
  YESTERDAY        0             1     -1        0
  MONTH TO DATE    0            25    -25       25
  SINCE JUN 1     34            91    -57       70
  SINCE JUL 1      4            36    -32       38

 COOLING
  YESTERDAY        9             4      5        1
  MONTH TO DATE  254           156     98      119
  SINCE JUN 1    663           484    179      358
  SINCE JAN 1    716           521    195      413
......................................................


WIND (MPH)
  RESULTANT WIND SPEED   3   RESULTANT WIND DIRECTION  SE (120)
  HIGHEST WIND SPEED    13   HIGHEST WIND DIRECTION     E (110)
  HIGHEST GUST SPEED    16   HIGHEST GUST DIRECTION    SE (120)
  AVERAGE WIND SPEED     4.2


SKY COVER
  AVERAGE SKY COVER 0.1


WEATHER CONDITIONS
 THE FOLLOWING WEATHER WAS RECORDED YESTERDAY.
  NO SIGNIFICANT WEATHER WAS OBSERVED.


RELATIVE HUMIDITY (PERCENT)
 HIGHEST   100          1200 AM
 LOWEST     51           300 PM
 AVERAGE    76

..........................................................


THE JACKSON MI CLIMATE NORMALS FOR TODAY
                         NORMAL
 MAXIMUM TEMPERATURE (F)   78
 MINIMUM TEMPERATURE (F)   57


SUNRISE AND SUNSET
AUGUST 30 2016........SUNRISE   702 AM EDT   SUNSET   814 PM EDT
AUGUST 31 2016........SUNRISE   703 AM EDT   SUNSET   813 PM EDT


-  INDICATES NEGATIVE NUMBERS.
R  INDICATES RECORD WAS SET OR TIED.
MM INDICATES DATA IS MISSING.
T  INDICATES TRACE AMOUNT.




$$
