000
CDUS43 KGRR 250522
CLIJXN


CLIMATE REPORT
NATIONAL WEATHER SERVICE GRAND RAPIDS, MI
1222 AM EST SAT FEB 25 2017


...................................

...THE JACKSON MI CLIMATE SUMMARY FOR FEBRUARY 24 2017...

CLIMATE NORMAL PERIOD 1981 TO 2010
CLIMATE RECORD PERIOD 1944 TO 9999


WEATHER ITEM   OBSERVED TIME   NORMAL DEPARTURE LAST
                VALUE   (LST)  VALUE  FROM      YEAR
                                      NORMAL
......................................................
TEMPERATURE (F)
 YESTERDAY
  MAXIMUM         67    327 PM  37     30       33
  MINIMUM         40    544 AM  20     20       29
  AVERAGE         54            28     26       31

PRECIPITATION (IN)
  YESTERDAY        0.37          0.05   0.32     0.44
  MONTH TO DATE    1.82          1.07   0.75     0.82
  SINCE DEC 1      5.18          4.43   0.75     3.85
  SINCE JAN 1      4.30          2.56   1.74     1.54

DEGREE DAYS
 HEATING
  YESTERDAY       11            37    -26       34
  MONTH TO DATE  686           940   -254      886
  SINCE DEC 1   2932          3367   -435     2858
  SINCE JUL 1   3902          4771   -869     3979

 COOLING
  YESTERDAY        0             0      0        0
  MONTH TO DATE    0             0      0        0
  SINCE DEC 1      0             0      0        0
  SINCE JAN 1      0             0      0        0
......................................................


WIND (MPH)
  RESULTANT WIND SPEED   7   RESULTANT WIND DIRECTION   S (160)
  HIGHEST WIND SPEED    29   HIGHEST WIND DIRECTION    SW (240)
  HIGHEST GUST SPEED    43   HIGHEST GUST DIRECTION    SW (230)
  AVERAGE WIND SPEED    10.8


SKY COVER
  AVERAGE SKY COVER 0.9


WEATHER CONDITIONS
 THE FOLLOWING WEATHER WAS RECORDED YESTERDAY.
  THUNDERSTORM
  RAIN
  LIGHT RAIN
  FOG
  FOG W/VISIBILITY <= 1/4 MILE


RELATIVE HUMIDITY (PERCENT)
 HIGHEST   100           900 AM
 LOWEST     67           300 PM
 AVERAGE    84

..........................................................


THE JACKSON MI CLIMATE NORMALS FOR TODAY
                         NORMAL
 MAXIMUM TEMPERATURE (F)   37
 MINIMUM TEMPERATURE (F)   20


SUNRISE AND SUNSET
FEBRUARY 25 2017......SUNRISE   719 AM EST   SUNSET   623 PM EST
FEBRUARY 26 2017......SUNRISE   717 AM EST   SUNSET   624 PM EST


-  INDICATES NEGATIVE NUMBERS.
R  INDICATES RECORD WAS SET OR TIED.
MM INDICATES DATA IS MISSING.
T  INDICATES TRACE AMOUNT.




$$
