000
CDUS43 KGRR 292126
CLIJXN


CLIMATE REPORT
NATIONAL WEATHER SERVICE GRAND RAPIDS, MI
525 PM EDT SUN MAR 29 2015


...................................

...THE JACKSON MI CLIMATE SUMMARY FOR MARCH 29 2015...
VALID TODAY AS OF 0500 PM LOCAL TIME.

CLIMATE NORMAL PERIOD 1981 TO 2010
CLIMATE RECORD PERIOD 1944 TO 9999


WEATHER ITEM   OBSERVED TIME   NORMAL DEPARTURE LAST
                VALUE   (LST)  VALUE  FROM      YEAR
                                      NORMAL
......................................................
TEMPERATURE (F)
 TODAY
  MAXIMUM         45    214 PM  51     -6       37
  MINIMUM         18    457 AM  31    -13       27
  AVERAGE         32            41     -9       32

PRECIPITATION (IN)
  TODAY            T             0.08  -0.08     0.00
  MONTH TO DATE    0.32          1.76  -1.44     1.91
  SINCE MAR 1      0.32          1.76  -1.44     1.91
  SINCE JAN 1      2.40          4.54  -2.14     6.19

DEGREE DAYS
 HEATING
  TODAY           33            24      9       33
  MONTH TO DATE  948           863     85     1127
  SINCE MAR 1    948           863     85     1127
  SINCE JUL 1   6452          5777    675     6691

 COOLING
  TODAY            0             0      0        0
  MONTH TO DATE    0             0      0        0
  SINCE MAR 1      0             0      0        0
  SINCE JAN 1      0             0      0        0
......................................................


WIND (MPH)
  RESULTANT WIND SPEED  12   RESULTANT WIND DIRECTION   S (190)
  HIGHEST WIND SPEED    30   HIGHEST WIND DIRECTION     S (180)
  HIGHEST GUST SPEED    41   HIGHEST GUST DIRECTION     S (190)
  AVERAGE WIND SPEED    12.7


SKY COVER
  AVERAGE SKY COVER 0.1


WEATHER CONDITIONS
 THE FOLLOWING WEATHER WAS RECORDED TODAY.
  NO SIGNIFICANT WEATHER WAS OBSERVED.


RELATIVE HUMIDITY (PERCENT)
 HIGHEST    74           200 AM
 LOWEST     33           100 PM
 AVERAGE    54

..........................................................


THE JACKSON MI CLIMATE NORMALS FOR TOMORROW
                         NORMAL
 MAXIMUM TEMPERATURE (F)   52
 MINIMUM TEMPERATURE (F)   31


SUNRISE AND SUNSET
MARCH 29 2015.........SUNRISE   726 AM EDT   SUNSET   800 PM EDT
MARCH 30 2015.........SUNRISE   724 AM EDT   SUNSET   801 PM EDT


-  INDICATES NEGATIVE NUMBERS.
R  INDICATES RECORD WAS SET OR TIED.
MM INDICATES DATA IS MISSING.
T  INDICATES TRACE AMOUNT.




$$
