000
CDUS43 KIND 280534
CLILAF


CLIMATE REPORT
NATIONAL WEATHER SERVICE INDIANAPOLIS IN
133 AM EDT TUE MAR 28 2017


...................................

...THE LAFAYETTE IN CLIMATE SUMMARY FOR MARCH 27 2017...

CLIMATE NORMAL PERIOD 1981 TO 2010
CLIMATE RECORD PERIOD 9999 TO 9999


WEATHER ITEM   OBSERVED TIME   NORMAL DEPARTURE LAST
                VALUE   (LST)  VALUE  FROM      YEAR
                                      NORMAL
......................................................
TEMPERATURE (F)
 YESTERDAY
  MAXIMUM         61    336 PM  55      6       71
  MINIMUM         47    735 AM  35     12       37
  AVERAGE         54            45      9       54

PRECIPITATION (IN)
  YESTERDAY        0.22          0.09   0.13     0.39
  MONTH TO DATE    2.64          2.26   0.38     2.73
  SINCE MAR 1      2.64          2.26   0.38     2.73
  SINCE JAN 1      7.54          5.88   1.66     5.46

DEGREE DAYS
 HEATING
  YESTERDAY       11            20     -9       11
  MONTH TO DATE  659           675    -16      502
  SINCE MAR 1    659           675    -16      502
  SINCE JUL 1   4347          5009   -662     4310

 COOLING
  YESTERDAY        0             0      0        0
  MONTH TO DATE    1             0      1        0
  SINCE MAR 1      1             0      1        0
  SINCE JAN 1      1             0      1        0
......................................................


WIND (MPH)
  HIGHEST WIND SPEED    15   HIGHEST WIND DIRECTION     N (350)
  HIGHEST GUST SPEED    18   HIGHEST GUST DIRECTION     N (10)
  AVERAGE WIND SPEED     6.1


SKY COVER
  AVERAGE SKY COVER 0.8


WEATHER CONDITIONS
 THE FOLLOWING WEATHER WAS RECORDED YESTERDAY.
  HEAVY RAIN
  LIGHT RAIN
  FOG


RELATIVE HUMIDITY (PERCENT)
 HIGHEST   100          1200 AM
 LOWEST     75           200 PM
 AVERAGE    88

..........................................................


THE LAFAYETTE IN CLIMATE NORMALS FOR TODAY
                         NORMAL
 MAXIMUM TEMPERATURE (F)   56
 MINIMUM TEMPERATURE (F)   35


SUNRISE AND SUNSET
MARCH 28 2017.........SUNRISE   738 AM EDT   SUNSET   808 PM EDT
MARCH 29 2017.........SUNRISE   736 AM EDT   SUNSET   809 PM EDT


-  INDICATES NEGATIVE NUMBERS.
R  INDICATES RECORD WAS SET OR TIED.
MM INDICATES DATA IS MISSING.
T  INDICATES TRACE AMOUNT.




$$
