000
CDUS43 KIND 010538
CLILAF


CLIMATE REPORT
NATIONAL WEATHER SERVICE INDIANAPOLIS IN
1237 AM EST SUN MAR 1 2015


...................................

...THE LAFAYETTE IN CLIMATE SUMMARY FOR FEBRUARY 28 2015...

CLIMATE NORMAL PERIOD 1981 TO 2010
CLIMATE RECORD PERIOD 9999 TO 9999


WEATHER ITEM   OBSERVED TIME   NORMAL DEPARTURE LAST
                VALUE   (LST)  VALUE  FROM      YEAR
                                      NORMAL
......................................................
TEMPERATURE (F)
 YESTERDAY
  MAXIMUM         25    312 PM  43    -18       35
  MINIMUM         -1    318 AM  26    -27        4
  AVERAGE         12            35    -23       20

PRECIPITATION (IN)
  YESTERDAY        0.04          0.08  -0.04     0.00
  MONTH TO DATE    0.43          1.76  -1.33     2.43
  SINCE DEC 1      3.52          6.13  -2.61     5.92
  SINCE JAN 1      1.73          3.62  -1.89     3.34

DEGREE DAYS
 HEATING
  YESTERDAY       53            30     23       45
  MONTH TO DATE 1325           964    361     1294
  SINCE DEC 1   3626          3233    393     3786
  SINCE JUL 1   5078          4334    744     4962

 COOLING
  YESTERDAY        0             0      0        0
  MONTH TO DATE    0             0      0        0
  SINCE DEC 1      0             0      0        0
  SINCE JAN 1      0             0      0        0
......................................................


WIND (MPH)
  HIGHEST WIND SPEED    14   HIGHEST WIND DIRECTION    SE (120)
  HIGHEST GUST SPEED    17   HIGHEST GUST DIRECTION     E (100)
  AVERAGE WIND SPEED     6.3


SKY COVER
  AVERAGE SKY COVER 0.5


WEATHER CONDITIONS
 THE FOLLOWING WEATHER WAS RECORDED YESTERDAY.
  LIGHT SNOW
  FOG
  HAZE


RELATIVE HUMIDITY (PERCENT)
 HIGHEST    91           900 PM
 LOWEST     50           200 PM
 AVERAGE    71

..........................................................


THE LAFAYETTE IN CLIMATE NORMALS FOR TODAY
                         NORMAL
 MAXIMUM TEMPERATURE (F)   44
 MINIMUM TEMPERATURE (F)   26


SUNRISE AND SUNSET
MARCH  1 2015.........SUNRISE   722 AM EST   SUNSET   639 PM EST
MARCH  2 2015.........SUNRISE   720 AM EST   SUNSET   640 PM EST


-  INDICATES NEGATIVE NUMBERS.
R  INDICATES RECORD WAS SET OR TIED.
MM INDICATES DATA IS MISSING.
T  INDICATES TRACE AMOUNT.




$$
