000
CDUS43 KIND 240539
CLILAF


CLIMATE REPORT
NATIONAL WEATHER SERVICE INDIANAPOLIS IN
139 AM EDT THU APR 24 2014


...................................

...THE LAFAYETTE IN CLIMATE SUMMARY FOR APRIL 23 2014...

CLIMATE NORMAL PERIOD 1981 TO 2010
CLIMATE RECORD PERIOD 9999 TO 9999


WEATHER ITEM   OBSERVED TIME   NORMAL DEPARTURE LAST
                VALUE   (LST)  VALUE  FROM      YEAR
                                      NORMAL
......................................................
TEMPERATURE (F)
 YESTERDAY
  MAXIMUM         59    545 PM  66     -7       64
  MINIMUM         31    613 AM  43    -12       40
  AVERAGE         45            54     -9       52

PRECIPITATION (IN)
  YESTERDAY        0.00          0.13  -0.13     0.83
  MONTH TO DATE    3.55          2.65   0.90     7.74
  SINCE MAR 1      5.05          5.32  -0.27     8.99
  SINCE JAN 1      8.39          8.94  -0.55    14.94

DEGREE DAYS
 HEATING
  YESTERDAY       20            11      9       13
  MONTH TO DATE  362           337     25      367
  SINCE MAR 1   1350          1088    262     1335
  SINCE JUL 1   6312          5422    890     5670

 COOLING
  YESTERDAY        0             1     -1        0
  MONTH TO DATE    1             5     -4        1
  SINCE MAR 1      1             6     -5        1
  SINCE JAN 1      1             6     -5        1
......................................................


WIND (MPH)
  HIGHEST WIND SPEED    14   HIGHEST WIND DIRECTION     N (20)
  HIGHEST GUST SPEED    18   HIGHEST GUST DIRECTION     N (10)
  AVERAGE WIND SPEED     6.0


SKY COVER
  AVERAGE SKY COVER 0.1


WEATHER CONDITIONS
 THE FOLLOWING WEATHER WAS RECORDED YESTERDAY.
  NO SIGNIFICANT WEATHER WAS OBSERVED.


RELATIVE HUMIDITY (PERCENT)
 HIGHEST    75           400 AM
 LOWEST     30           300 PM
 AVERAGE    53

..........................................................


THE LAFAYETTE IN CLIMATE NORMALS FOR TODAY
                         NORMAL
 MAXIMUM TEMPERATURE (F)   66
 MINIMUM TEMPERATURE (F)   44


SUNRISE AND SUNSET
APRIL 24 2014.........SUNRISE   656 AM EDT   SUNSET   836 PM EDT
APRIL 25 2014.........SUNRISE   655 AM EDT   SUNSET   837 PM EDT


-  INDICATES NEGATIVE NUMBERS.
R  INDICATES RECORD WAS SET OR TIED.
MM INDICATES DATA IS MISSING.
T  INDICATES TRACE AMOUNT.




$$
