000
CDUS43 KIND 020535
CLILAF


CLIMATE REPORT
NATIONAL WEATHER SERVICE INDIANAPOLIS IN
134 AM EDT TUE JUN 2 2015


...................................

...THE LAFAYETTE IN CLIMATE SUMMARY FOR JUNE 1 2015...

CLIMATE NORMAL PERIOD 1981 TO 2010
CLIMATE RECORD PERIOD 9999 TO 9999


WEATHER ITEM   OBSERVED TIME   NORMAL DEPARTURE LAST
                VALUE   (LST)  VALUE  FROM      YEAR
                                      NORMAL
......................................................
TEMPERATURE (F)
 YESTERDAY
  MAXIMUM         64    618 PM  78    -14       88
  MINIMUM         51    857 AM  56     -5       59
  AVERAGE         58            67     -9       74

PRECIPITATION (IN)
  YESTERDAY        0.00          0.16  -0.16     0.02
  MONTH TO DATE    0.00          0.16  -0.16     0.02
  SINCE JUN 1      0.00          0.16  -0.16     0.02
  SINCE JAN 1      8.94         14.18  -5.24    12.85

DEGREE DAYS
 HEATING
  YESTERDAY        7             2      5        0
  MONTH TO DATE    7             2      5        0
  SINCE JUN 1      7             2      5        0
  SINCE JUL 1   6490          5652    838     6546

 COOLING
  YESTERDAY        0             4     -4        9
  MONTH TO DATE    0             4     -4        9
  SINCE JUN 1      0             4     -4        9
  SINCE JAN 1     89            81      8      106
......................................................


WIND (MPH)
  HIGHEST WIND SPEED    14   HIGHEST WIND DIRECTION     E (100)
  HIGHEST GUST SPEED    18   HIGHEST GUST DIRECTION     E (70)
  AVERAGE WIND SPEED     9.2


SKY COVER
  AVERAGE SKY COVER 0.8


WEATHER CONDITIONS
 THE FOLLOWING WEATHER WAS RECORDED YESTERDAY.
  NO SIGNIFICANT WEATHER WAS OBSERVED.


RELATIVE HUMIDITY (PERCENT)
 HIGHEST    89          1200 AM
 LOWEST     67           500 PM
 AVERAGE    78

..........................................................


THE LAFAYETTE IN CLIMATE NORMALS FOR TODAY
                         NORMAL
 MAXIMUM TEMPERATURE (F)   79
 MINIMUM TEMPERATURE (F)   57


SUNRISE AND SUNSET
JUNE  2 2015..........SUNRISE   619 AM EDT   SUNSET   912 PM EDT
JUNE  3 2015..........SUNRISE   619 AM EDT   SUNSET   913 PM EDT


-  INDICATES NEGATIVE NUMBERS.
R  INDICATES RECORD WAS SET OR TIED.
MM INDICATES DATA IS MISSING.
T  INDICATES TRACE AMOUNT.




$$
