000
CDUS43 KIND 280532
CLILAF


CLIMATE REPORT
NATIONAL WEATHER SERVICE INDIANAPOLIS IN
132 AM EDT WED SEP 28 2016


...................................

...THE LAFAYETTE IN CLIMATE SUMMARY FOR SEPTEMBER 27 2016...

CLIMATE NORMAL PERIOD 1981 TO 2010
CLIMATE RECORD PERIOD 9999 TO 9999


WEATHER ITEM   OBSERVED TIME   NORMAL DEPARTURE LAST
                VALUE   (LST)  VALUE  FROM      YEAR
                                      NORMAL
......................................................
TEMPERATURE (F)
 YESTERDAY
  MAXIMUM         74    158 PM  73      1       78
  MINIMUM         45    641 AM  50     -5       62
  AVERAGE         60            61     -1       70

PRECIPITATION (IN)
  YESTERDAY        0.00          0.09  -0.09     0.00
  MONTH TO DATE    2.91          2.38   0.53     2.85
  SINCE SEP 1      2.91          2.38   0.53     2.85
  SINCE JAN 1     30.25         27.93   2.32    26.86

DEGREE DAYS
 HEATING
  YESTERDAY        5             5      0        0
  MONTH TO DATE   12            61    -49       36
  SINCE SEP 1     12            61    -49       36
  SINCE JUL 1     22            67    -45       45

 COOLING
  YESTERDAY        0             2     -2        5
  MONTH TO DATE  154           108     46      145
  SINCE SEP 1    154           108     46      145
  SINCE JAN 1   1066           960    106      804
......................................................


WIND (MPH)
  HIGHEST WIND SPEED    24   HIGHEST WIND DIRECTION     W (270)
  HIGHEST GUST SPEED    34   HIGHEST GUST DIRECTION     W (260)
  AVERAGE WIND SPEED     7.5


SKY COVER
  AVERAGE SKY COVER 0.0


WEATHER CONDITIONS
 THE FOLLOWING WEATHER WAS RECORDED YESTERDAY.
  NO SIGNIFICANT WEATHER WAS OBSERVED.


RELATIVE HUMIDITY (PERCENT)
 HIGHEST    93           100 AM
 LOWEST     25           200 PM
 AVERAGE    59

..........................................................


THE LAFAYETTE IN CLIMATE NORMALS FOR TODAY
                         NORMAL
 MAXIMUM TEMPERATURE (F)   73
 MINIMUM TEMPERATURE (F)   49


SUNRISE AND SUNSET
SEPTEMBER 28 2016.....SUNRISE   742 AM EDT   SUNSET   734 PM EDT
SEPTEMBER 29 2016.....SUNRISE   743 AM EDT   SUNSET   732 PM EDT


-  INDICATES NEGATIVE NUMBERS.
R  INDICATES RECORD WAS SET OR TIED.
MM INDICATES DATA IS MISSING.
T  INDICATES TRACE AMOUNT.




$$
