269
CDUS43 KGRR 200516
CLILAN


CLIMATE REPORT
NATIONAL WEATHER SERVICE GRAND RAPIDS, MI
1216 AM EST SAT JAN 20 2018


...................................

...THE LANSING MI CLIMATE SUMMARY FOR JANUARY 19 2018...

CLIMATE NORMAL PERIOD 1981 TO 2010
CLIMATE RECORD PERIOD 1864 TO 2018


WEATHER ITEM   OBSERVED TIME   RECORD YEAR NORMAL DEPARTURE LAST
                VALUE   (LST)  VALUE       VALUE  FROM      YEAR
                                                  NORMAL
..................................................................
TEMPERATURE (F)
 YESTERDAY
  MAXIMUM         37    321 PM  53    1949  30      7       41
  MINIMUM         24    721 AM -20    1892  16      8       33
  AVERAGE         31                        23      8       37

PRECIPITATION (IN)
  YESTERDAY        0.00          1.16 1907   0.05  -0.05     0.00
  MONTH TO DATE    0.97                      1.09  -0.12     2.64
  SINCE DEC 1      2.29                      2.96  -0.67     4.40
  SINCE JAN 1      0.97                      1.09  -0.12     2.64

SNOWFALL (IN)
  YESTERDAY        0.0           4.5  1963   0.4   -0.4      0.0
  MONTH TO DATE    7.2                       8.6   -1.4      3.7
  SINCE DEC 1     24.6                      21.6    3.0     19.8
  SINCE JUL 1     25.0                      25.4   -0.4     19.8
  SNOW DEPTH       2

DEGREE DAYS
 HEATING
  YESTERDAY       34                        42     -8       28
  MONTH TO DATE  878                       789     89      731
  SINCE DEC 1   2141                      1927    214     1873
  SINCE JUL 1   3397                      3341     56     2848

 COOLING
  YESTERDAY        0                         0      0        0
  MONTH TO DATE    0                         0      0        0
  SINCE DEC 1      0                         0      0        0
  SINCE JAN 1      0                         0      0        0
..................................................................


WIND (MPH)
  RESULTANT WIND SPEED  16   RESULTANT WIND DIRECTION  SW (220)
  HIGHEST WIND SPEED    25   HIGHEST WIND DIRECTION    SW (220)
  HIGHEST GUST SPEED    33   HIGHEST GUST DIRECTION    SW (220)
  AVERAGE WIND SPEED    16.2


SKY COVER
  AVERAGE SKY COVER 0.0


WEATHER CONDITIONS
 THE FOLLOWING WEATHER WAS RECORDED YESTERDAY.
  NO SIGNIFICANT WEATHER WAS OBSERVED.


RELATIVE HUMIDITY (PERCENT)
 HIGHEST    74          1200 AM
 LOWEST     56           200 PM
 AVERAGE    65

..........................................................


THE LANSING MI CLIMATE NORMALS FOR TODAY
                         NORMAL    RECORD    YEAR
 MAXIMUM TEMPERATURE (F)   30        62      1906
 MINIMUM TEMPERATURE (F)   16       -16      1888


SUNRISE AND SUNSET
JANUARY 20 2018.......SUNRISE   803 AM EST   SUNSET   536 PM EST
JANUARY 21 2018.......SUNRISE   803 AM EST   SUNSET   537 PM EST


-  INDICATES NEGATIVE NUMBERS.
R  INDICATES RECORD WAS SET OR TIED.
MM INDICATES DATA IS MISSING.
T  INDICATES TRACE AMOUNT.




$$
