000
CDUS43 KGRR 280518
CLILAN


CLIMATE REPORT
NATIONAL WEATHER SERVICE GRAND RAPIDS, MI
1217 AM EST TUE FEB 28 2017


...................................

...THE LANSING MI CLIMATE SUMMARY FOR FEBRUARY 27 2017...

CLIMATE NORMAL PERIOD 1981 TO 2010
CLIMATE RECORD PERIOD 1864 TO 2017


WEATHER ITEM   OBSERVED TIME   RECORD YEAR NORMAL DEPARTURE LAST
                VALUE   (LST)  VALUE       VALUE  FROM      YEAR
                                                  NORMAL
..................................................................
TEMPERATURE (F)
 YESTERDAY
  MAXIMUM         51    425 PM  64    1867  37     14       44
  MINIMUM         28    705 AM -20    1994  21      7       25
  AVERAGE         40                        29     11       35

PRECIPITATION (IN)
  YESTERDAY        0.00          0.67 1954   0.07  -0.07     0.00
                                      1948
  MONTH TO DATE    2.18                      1.41   0.77     1.58
  SINCE DEC 1      7.59                      4.93   2.66     5.75
  SINCE JAN 1      5.83                      3.06   2.77     3.03

SNOWFALL (IN)
  YESTERDAY        0.0           5.8  1954   0.3   -0.3      0.0
  MONTH TO DATE    2.4                      11.2   -8.8     15.7
  SINCE DEC 1     27.6                      38.0  -10.4     25.4
  SINCE JUL 1     27.6                      41.8  -14.2     33.6
  SNOW DEPTH       0

DEGREE DAYS
 HEATING
  YESTERDAY       25                        36    -11       30
  MONTH TO DATE  803                      1058   -255      994
  SINCE DEC 1   3053                      3484   -431     3002
  SINCE JUL 1   4028                      4898   -870     4110

 COOLING
  YESTERDAY        0                         0      0        0
  MONTH TO DATE    0                         0      0        0
  SINCE DEC 1      0                         0      0        0
  SINCE JAN 1      0                         0      0        0
..................................................................


WIND (MPH)
  RESULTANT WIND SPEED   9   RESULTANT WIND DIRECTION  SW (210)
  HIGHEST WIND SPEED    20   HIGHEST WIND DIRECTION    SW (220)
  HIGHEST GUST SPEED    30   HIGHEST GUST DIRECTION    SW (230)
  AVERAGE WIND SPEED     8.4


SKY COVER
  AVERAGE SKY COVER 0.2


WEATHER CONDITIONS
 THE FOLLOWING WEATHER WAS RECORDED YESTERDAY.
  NO SIGNIFICANT WEATHER WAS OBSERVED.


RELATIVE HUMIDITY (PERCENT)
 HIGHEST    76          1100 PM
 LOWEST     36           500 PM
 AVERAGE    56

..........................................................


THE LANSING MI CLIMATE NORMALS FOR TODAY
                         NORMAL    RECORD    YEAR
 MAXIMUM TEMPERATURE (F)   37        59      1880
 MINIMUM TEMPERATURE (F)   21       -18      1884


SUNRISE AND SUNSET
FEBRUARY 28 2017......SUNRISE   715 AM EST   SUNSET   627 PM EST
MARCH  1 2017.........SUNRISE   714 AM EST   SUNSET   628 PM EST


-  INDICATES NEGATIVE NUMBERS.
R  INDICATES RECORD WAS SET OR TIED.
MM INDICATES DATA IS MISSING.
T  INDICATES TRACE AMOUNT.




$$
