000
CDUS45 KCYS 280755
CLILAR


CLIMATE REPORT
NATIONAL WEATHER SERVICE CHEYENNE WY
154 AM MDT WED SEP 28 2016


...................................

...THE LARAMIE WY AIRPORT CLIMATE SUMMARY FOR SEPTEMBER 27 2016...

CLIMATE NORMAL PERIOD 1981 TO 2010
CLIMATE RECORD PERIOD 1948 TO 2016


WEATHER ITEM   OBSERVED TIME   RECORD YEAR NORMAL DEPARTURE LAST
                VALUE   (LST)  VALUE       VALUE  FROM      YEAR
                                                  NORMAL
..................................................................
TEMPERATURE (F)
 YESTERDAY
  MAXIMUM         73    219 PM  80    2014  64      9       79
  MINIMUM         32    526 AM   8    1996  34     -2       42
  AVERAGE         53                        49      4       61

PRECIPITATION (IN)
  YESTERDAY        0.00          0.19 1982   0.03  -0.03     0.00
  MONTH TO DATE    0.74                      1.01  -0.27     0.34
  SINCE JAN 1     10.79                      9.16   1.63    10.20

DEGREE DAYS
 HEATING
  YESTERDAY       12                        16     -4        4
  MONTH TO DATE  249                       301    -52      174
  SINCE SEP 1    249                       301    -52      174
  SINCE JUL 1    415                       473    -58      323

 COOLING
  YESTERDAY        0                         0      0        0
  MONTH TO DATE    4                         0      4        0
  SINCE SEP 1      4                         0      4        0
  SINCE JAN 1    119                        66     53       65
..................................................................


WIND (MPH)
  HIGHEST WIND SPEED    15   HIGHEST WIND DIRECTION     N (360)
  HIGHEST GUST SPEED    19   HIGHEST GUST DIRECTION    NE (30)
  AVERAGE WIND SPEED     6.8


SKY COVER
  AVERAGE SKY COVER 0.0


WEATHER CONDITIONS
 THE FOLLOWING WEATHER WAS RECORDED YESTERDAY.
  NO SIGNIFICANT WEATHER WAS OBSERVED.


RELATIVE HUMIDITY (PERCENT)
 HIGHEST    92           200 AM
 LOWEST     19           300 PM
 AVERAGE    56

..........................................................


THE LARAMIE WY AIRPORT CLIMATE NORMALS FOR TODAY
                         NORMAL    RECORD    YEAR
 MAXIMUM TEMPERATURE (F)   63        84      2010
 MINIMUM TEMPERATURE (F)   33        18      1985
                                             1976
                                             1974


SUNRISE AND SUNSET
SEPTEMBER 28 2016.....SUNRISE   657 AM MDT   SUNSET   649 PM MDT
SEPTEMBER 29 2016.....SUNRISE   658 AM MDT   SUNSET   647 PM MDT


-  INDICATES NEGATIVE NUMBERS.
R  INDICATES RECORD WAS SET OR TIED.
MM INDICATES DATA IS MISSING.
T  INDICATES TRACE AMOUNT.




$$
