000
CDUS45 KCYS 210730
CLILAR


CLIMATE REPORT
NATIONAL WEATHER SERVICE CHEYENNE WY
1229 AM MST FRI NOV 21 2014


...................................

...THE LARAMIE WY AIRPORT CLIMATE SUMMARY FOR NOVEMBER 20 2014...

CLIMATE NORMAL PERIOD 1981 TO 2010
CLIMATE RECORD PERIOD 1948 TO 2014


WEATHER ITEM   OBSERVED TIME   RECORD YEAR NORMAL DEPARTURE LAST
                VALUE   (LST)  VALUE       VALUE  FROM      YEAR
                                                  NORMAL
..................................................................
TEMPERATURE (F)
 YESTERDAY
  MAXIMUM         45   1239 PM  60    1989  39      6       48
  MINIMUM         17    527 AM -15    1953  16      1       28
  AVERAGE         31                        27      4       38

PRECIPITATION (IN)
  YESTERDAY        0.00          0.14 1979   0.02  -0.02     0.00
  MONTH TO DATE    0.37                      0.39  -0.02     0.36
  SINCE JAN 1     13.53                     10.45   3.08    11.82

DEGREE DAYS
 HEATING
  YESTERDAY       34                        38     -4       27
  MONTH TO DATE  786                       668    118      590
  SINCE SEP 1   1630                      1739   -109     1660
  SINCE JUL 1   1809                      1911   -102     1731

 COOLING
  YESTERDAY        0                         0      0        0
  MONTH TO DATE    0                         0      0        0
  SINCE SEP 1      0                         1     -1       24
  SINCE JAN 1     67                        67      0      162
..................................................................


WIND (MPH)
  HIGHEST WIND SPEED    18   HIGHEST WIND DIRECTION    SW (230)
  HIGHEST GUST SPEED    20   HIGHEST GUST DIRECTION    SW (230)
  AVERAGE WIND SPEED    10.5


SKY COVER
  AVERAGE SKY COVER 0.2


WEATHER CONDITIONS
 THE FOLLOWING WEATHER WAS RECORDED YESTERDAY.
  NO SIGNIFICANT WEATHER WAS OBSERVED.


RELATIVE HUMIDITY (PERCENT)
 HIGHEST    61           900 PM
 LOWEST     27           100 PM
 AVERAGE    44

..........................................................


THE LARAMIE WY AIRPORT CLIMATE NORMALS FOR TODAY
                         NORMAL    RECORD    YEAR
 MAXIMUM TEMPERATURE (F)   38        59      2012
                                             2006
 MINIMUM TEMPERATURE (F)   15       -16      1953


SUNRISE AND SUNSET
NOVEMBER 21 2014......SUNRISE   658 AM MST   SUNSET   439 PM MST
NOVEMBER 22 2014......SUNRISE   659 AM MST   SUNSET   438 PM MST


-  INDICATES NEGATIVE NUMBERS.
R  INDICATES RECORD WAS SET OR TIED.
MM INDICATES DATA IS MISSING.
T  INDICATES TRACE AMOUNT.




$$
