000
CDUS45 KCYS 310340
CLILAR


CLIMATE REPORT
NATIONAL WEATHER SERVICE CHEYENNE WY
939 PM MDT THU OCT 30 2014


...................................

...THE LARAMIE WY AIRPORT CLIMATE SUMMARY FOR OCTOBER 30 2014...
VALID TODAY AS OF 0900 PM LOCAL TIME.

CLIMATE NORMAL PERIOD 1981 TO 2010
CLIMATE RECORD PERIOD 1948 TO 2014


WEATHER ITEM   OBSERVED TIME   RECORD YEAR NORMAL DEPARTURE LAST
                VALUE   (LST)  VALUE       VALUE  FROM      YEAR
                                                  NORMAL
..................................................................
TEMPERATURE (F)
 TODAY
  MAXIMUM         57    321 PM  69    1950  50      7       39
  MINIMUM         25    611 AM -18    1993  24      1       18
  AVERAGE         41                        37      4       29

PRECIPITATION (IN)
  TODAY            0.00          0.27 1987   0.02  -0.02     0.09
  MONTH TO DATE    0.30                      0.78  -0.48     2.08
  SINCE JAN 1     13.16                     10.04   3.12    11.46

DEGREE DAYS
 HEATING
  TODAY           24                        28     -4       36
  MONTH TO DATE  555                       687   -132      783
  SINCE SEP 1    827                      1040   -213     1036
  SINCE JUL 1   1006                      1212   -206     1107

 COOLING
  TODAY            0                         0      0        0
  MONTH TO DATE    0                         0      0        0
  SINCE SEP 1      0                         1     -1       24
  SINCE JAN 1     67                        67      0      162
..................................................................


WIND (MPH)
  HIGHEST WIND SPEED    14   HIGHEST WIND DIRECTION     N (350)
  HIGHEST GUST SPEED    17   HIGHEST GUST DIRECTION     N (350)
  AVERAGE WIND SPEED     5.8


SKY COVER
  AVERAGE SKY COVER 0.2


WEATHER CONDITIONS
 THE FOLLOWING WEATHER WAS RECORDED TODAY.
  NO SIGNIFICANT WEATHER WAS OBSERVED.


RELATIVE HUMIDITY (PERCENT)
 HIGHEST    81           600 AM
 LOWEST     20           400 PM
 AVERAGE    51

..........................................................


THE LARAMIE WY AIRPORT CLIMATE NORMALS FOR TOMORROW
                         NORMAL    RECORD    YEAR
 MAXIMUM TEMPERATURE (F)   49        67      1950
 MINIMUM TEMPERATURE (F)   24        -9      1991


SUNRISE AND SUNSET
OCTOBER 30 2014.......SUNRISE   732 AM MDT   SUNSET   600 PM MDT
OCTOBER 31 2014.......SUNRISE   733 AM MDT   SUNSET   559 PM MDT


-  INDICATES NEGATIVE NUMBERS.
R  INDICATES RECORD WAS SET OR TIED.
MM INDICATES DATA IS MISSING.
T  INDICATES TRACE AMOUNT.




$$
