000
CDUS45 KVEF 220829
CLILAS


CLIMATE REPORT
NATIONAL WEATHER SERVICE LAS VEGAS, NV
128 AM PDT FRI MAY 22 2015


...................................

...THE LAS VEGAS NV CLIMATE SUMMARY FOR MAY 21 2015...

CLIMATE NORMAL PERIOD 1981 TO 2010
CLIMATE RECORD PERIOD 1937 TO 2015


WEATHER ITEM   OBSERVED TIME   RECORD YEAR NORMAL DEPARTURE LAST
                VALUE   (LST)  VALUE       VALUE  FROM      YEAR
                                                  NORMAL
..................................................................
TEMPERATURE (F)
 YESTERDAY
  MAXIMUM         82    137 PM 104    2012  91     -9       80
                                      1942
  MINIMUM         65    342 AM  42    1975  67     -2       58
  AVERAGE         74                        79     -5       69

PRECIPITATION (IN)
  YESTERDAY        0.00          0.10 1951   0.00   0.00     0.00
  MONTH TO DATE    0.09                      0.08   0.01      T
  SINCE OCT 1      2.34                      3.10  -0.76     1.72
  SINCE JAN 1      2.04                      1.97   0.07     0.30

SNOWFALL (IN)
  YESTERDAY        0.0           0.0    MM   0.0    0.0      0.0
  MONTH TO DATE    0.0                       0.0    0.0      0.0
  SINCE MAR 1      0.0                       0.0    0.0      0.0
  SINCE JUL 1      T                         0.3   -0.3      0.0
  SNOW DEPTH       0

DEGREE DAYS
 HEATING
  YESTERDAY        0                         0      0        0
  MONTH TO DATE   12                         4      8        1
  SINCE MAR 1    114                       256   -142      126
  SINCE JUL 1   1221                      1947   -726     1512

 COOLING
  YESTERDAY        9                        14     -5        4
  MONTH TO DATE  158                       233    -75      231
  SINCE MAR 1    443                       392     51      455
  SINCE JAN 1    453                       393     60      458
..................................................................


WIND (MPH)
  RESULTANT WIND SPEED   9   RESULTANT WIND DIRECTION   S (190)
  HIGHEST WIND SPEED    22   HIGHEST WIND DIRECTION    SW (240)
  HIGHEST GUST SPEED    31   HIGHEST GUST DIRECTION    SE (130)
  AVERAGE WIND SPEED    11.0


SKY COVER
  POSSIBLE SUNSHINE  MM
  AVERAGE SKY COVER 0.7


WEATHER CONDITIONS
 THE FOLLOWING WEATHER WAS RECORDED YESTERDAY.
  NO SIGNIFICANT WEATHER WAS OBSERVED.


RELATIVE HUMIDITY (PERCENT)
 HIGHEST    28          1000 PM
 LOWEST     14           200 PM
 AVERAGE    21

..........................................................


THE LAS VEGAS NV CLIMATE NORMALS FOR TODAY
                         NORMAL    RECORD    YEAR
 MAXIMUM TEMPERATURE (F)   91       108      2000
 MINIMUM TEMPERATURE (F)   68        45      1975


SUNRISE AND SUNSET
MAY 22 2015...........SUNRISE   530 AM PDT   SUNSET   745 PM PDT
MAY 23 2015...........SUNRISE   529 AM PDT   SUNSET   746 PM PDT


-  INDICATES NEGATIVE NUMBERS.
R  INDICATES RECORD WAS SET OR TIED.
MM INDICATES DATA IS MISSING.
T  INDICATES TRACE AMOUNT.




$$
