000
CDUS45 KVEF 210026
CLILAS


CLIMATE REPORT
NATIONAL WEATHER SERVICE LAS VEGAS, NV
526 PM PDT SUN APR 20 2014


...................................

...THE LAS VEGAS NV CLIMATE SUMMARY FOR APRIL 20 2014...
VALID TODAY AS OF 0500 PM LOCAL TIME.

CLIMATE NORMAL PERIOD 1981 TO 2010
CLIMATE RECORD PERIOD 1937 TO 2014


WEATHER ITEM   OBSERVED TIME   RECORD YEAR NORMAL DEPARTURE LAST
                VALUE   (LST)  VALUE       VALUE  FROM      YEAR
                                                  NORMAL
..................................................................
TEMPERATURE (F)
 TODAY
  MAXIMUM         91    331 PM  97    1994  80     11       82
                                      1938
  MINIMUM         65    512 AM  34    1966  57      8       57
  AVERAGE         78                        68     10       70

PRECIPITATION (IN)
  TODAY            0.00          0.18 1990   0.01  -0.01     0.00
  MONTH TO DATE    T                         0.12  -0.12     0.03
  SINCE OCT 1      1.72                      2.99  -1.27     2.04
  SINCE JAN 1      0.30                      1.86  -1.56     0.61

SNOWFALL (IN)
  TODAY            0.0           0.0    MM   0.0    0.0      0.0
  MONTH TO DATE    0.0                       0.0    0.0      0.0
  SINCE MAR 1      0.0                       0.0    0.0      0.0
  SINCE JUL 1      0.0                       0.3   -0.3       T
  SNOW DEPTH      MM

DEGREE DAYS
 HEATING
  TODAY            0                         2     -2        0
  MONTH TO DATE   35                        54    -19       34
  SINCE MAR 1    120                       243   -123      120
  SINCE JUL 1   1506                      1934   -428     1757

 COOLING
  TODAY           13                         5      8        5
  MONTH TO DATE  140                        65     75       80
  SINCE MAR 1    171                        95     76      166
  SINCE JAN 1    174                        96     78      166
..................................................................


WIND (MPH)
  RESULTANT WIND SPEED   5   RESULTANT WIND DIRECTION   S (200)
  HIGHEST WIND SPEED    15   HIGHEST WIND DIRECTION     S (190)
  HIGHEST GUST SPEED    27   HIGHEST GUST DIRECTION    SW (220)
  AVERAGE WIND SPEED     6.0


SKY COVER
  POSSIBLE SUNSHINE  MM
  AVERAGE SKY COVER 0.2


WEATHER CONDITIONS
 THE FOLLOWING WEATHER WAS RECORDED TODAY.
  NO SIGNIFICANT WEATHER WAS OBSERVED.


RELATIVE HUMIDITY (PERCENT)
 HIGHEST    34           600 AM
 LOWEST     11           300 PM
 AVERAGE    23

..........................................................


THE LAS VEGAS NV CLIMATE NORMALS FOR TOMORROW
                         NORMAL    RECORD    YEAR
 MAXIMUM TEMPERATURE (F)   80        98      1950
 MINIMUM TEMPERATURE (F)   58        37      1966


SUNRISE AND SUNSET
APRIL 20 2014.........SUNRISE   601 AM PDT   SUNSET   719 PM PDT
APRIL 21 2014.........SUNRISE   600 AM PDT   SUNSET   720 PM PDT


-  INDICATES NEGATIVE NUMBERS.
R  INDICATES RECORD WAS SET OR TIED.
MM INDICATES DATA IS MISSING.
T  INDICATES TRACE AMOUNT.




$$
