000
CDUS45 KVEF 180828
CLILAS


CLIMATE REPORT
NATIONAL WEATHER SERVICE LAS VEGAS, NV
128 AM PDT THU SEP 18 2014


...................................

...THE LAS VEGAS NV CLIMATE SUMMARY FOR SEPTEMBER 17 2014...

CLIMATE NORMAL PERIOD 1981 TO 2010
CLIMATE RECORD PERIOD 1937 TO 2014


WEATHER ITEM   OBSERVED TIME   RECORD YEAR NORMAL DEPARTURE LAST
                VALUE   (LST)  VALUE       VALUE  FROM      YEAR
                                                  NORMAL
..................................................................
TEMPERATURE (F)
 YESTERDAY
  MAXIMUM         97    356 PM 108    1937  94      3      100
  MINIMUM         79    544 AM  53    1941  71      8       78
  AVERAGE         88                        82      6       89

PRECIPITATION (IN)
  YESTERDAY        0.00          0.34 1940   0.00   0.00     0.00
  MONTH TO DATE    0.29                      0.16   0.13     0.35
  SINCE OCT 1      2.58                      4.10  -1.52     2.97
  SINCE JAN 1      1.16                      2.97  -1.81     1.54

SNOWFALL (IN)
  YESTERDAY        0.0           0.0    MM   0.0    0.0      0.0
  MONTH TO DATE    0.0                       0.0    0.0      0.0
  SINCE SEP 1      0.0                       0.0    0.0      0.0
  SINCE JUL 1      0.0                       0.0    0.0      0.0
  SNOW DEPTH       0

DEGREE DAYS
 HEATING
  YESTERDAY        0                         0      0        0
  MONTH TO DATE    0                         0      0        0
  SINCE SEP 1      0                         0      0        0
  SINCE JUL 1      0                         0      0        0

 COOLING
  YESTERDAY       23                        17      6       24
  MONTH TO DATE  397                       343     54      339
  SINCE SEP 1    397                       343     54      339
  SINCE JAN 1   3422                      3192    230     3511
..................................................................


WIND (MPH)
  RESULTANT WIND SPEED   5   RESULTANT WIND DIRECTION   S (180)
  HIGHEST WIND SPEED    17   HIGHEST WIND DIRECTION     S (180)
  HIGHEST GUST SPEED    22   HIGHEST GUST DIRECTION     S (180)
  AVERAGE WIND SPEED     6.5


SKY COVER
  POSSIBLE SUNSHINE  MM
  AVERAGE SKY COVER 0.3


WEATHER CONDITIONS
 THE FOLLOWING WEATHER WAS RECORDED YESTERDAY.
  NO SIGNIFICANT WEATHER WAS OBSERVED.


RELATIVE HUMIDITY (PERCENT)
 HIGHEST    45           300 AM
 LOWEST     22           400 PM
 AVERAGE    34

..........................................................


THE LAS VEGAS NV CLIMATE NORMALS FOR TODAY
                         NORMAL    RECORD    YEAR
 MAXIMUM TEMPERATURE (F)   93       108      1937
 MINIMUM TEMPERATURE (F)   70        53      1965


SUNRISE AND SUNSET
SEPTEMBER 18 2014.....SUNRISE   625 AM PDT   SUNSET   643 PM PDT
SEPTEMBER 19 2014.....SUNRISE   626 AM PDT   SUNSET   642 PM PDT


-  INDICATES NEGATIVE NUMBERS.
R  INDICATES RECORD WAS SET OR TIED.
MM INDICATES DATA IS MISSING.
T  INDICATES TRACE AMOUNT.




$$
