000
CDUS45 KVEF 270827
CLILAS


CLIMATE REPORT
NATIONAL WEATHER SERVICE LAS VEGAS, NV
1226 AM PST FRI FEB 27 2015


...................................

...THE LAS VEGAS NV CLIMATE SUMMARY FOR FEBRUARY 26 2015...

CLIMATE NORMAL PERIOD 1981 TO 2010
CLIMATE RECORD PERIOD 1937 TO 2015


WEATHER ITEM   OBSERVED TIME   RECORD YEAR NORMAL DEPARTURE LAST
                VALUE   (LST)  VALUE       VALUE  FROM      YEAR
                                                  NORMAL
..................................................................
TEMPERATURE (F)
 YESTERDAY
  MAXIMUM         71    229 PM  87    1986  65      6       74
  MINIMUM         47    607 AM  28    1971  46      1       52
  AVERAGE         59                        56      3       63

PRECIPITATION (IN)
  YESTERDAY        0.00          0.57 2001   0.03  -0.03     0.00
  MONTH TO DATE    0.54                      0.71  -0.17      T
  SINCE OCT 1      1.71                      2.38  -0.67     1.42
  SINCE JAN 1      1.41                      1.25   0.16      T

SNOWFALL (IN)
  YESTERDAY        0.0           T    1996   0.0    0.0      0.0
                                      1962
  MONTH TO DATE    0.0                       0.1   -0.1      0.0
  SINCE DEC 1      T                         0.3   -0.3      0.0
  SINCE JUL 1      T                         0.3   -0.3      0.0
  SNOW DEPTH       0

DEGREE DAYS
 HEATING
  YESTERDAY        6                        10     -4        2
  MONTH TO DATE  125                       321   -196      212
  SINCE DEC 1    917                      1364   -447     1113
  SINCE JUL 1   1090                      1673   -583     1376

 COOLING
  YESTERDAY        0                         0      0        0
  MONTH TO DATE   10                         0     10        2
  SINCE DEC 1     10                         0     10        2
  SINCE JAN 1     10                         0     10        2
..................................................................


WIND (MPH)
  RESULTANT WIND SPEED   4   RESULTANT WIND DIRECTION   S (170)
  HIGHEST WIND SPEED    14   HIGHEST WIND DIRECTION     E (80)
  HIGHEST GUST SPEED    17   HIGHEST GUST DIRECTION     S (160)
  AVERAGE WIND SPEED     6.8


SKY COVER
  POSSIBLE SUNSHINE  MM
  AVERAGE SKY COVER 0.3


WEATHER CONDITIONS
 THE FOLLOWING WEATHER WAS RECORDED YESTERDAY.
  NO SIGNIFICANT WEATHER WAS OBSERVED.


RELATIVE HUMIDITY (PERCENT)
 HIGHEST    54           300 AM
 LOWEST     14           400 PM
 AVERAGE    34

..........................................................


THE LAS VEGAS NV CLIMATE NORMALS FOR TODAY
                         NORMAL    RECORD    YEAR
 MAXIMUM TEMPERATURE (F)   66        83      1986
 MINIMUM TEMPERATURE (F)   46        19      1971


SUNRISE AND SUNSET
FEBRUARY 27 2015......SUNRISE   614 AM PST   SUNSET   534 PM PST
FEBRUARY 28 2015......SUNRISE   612 AM PST   SUNSET   534 PM PST


-  INDICATES NEGATIVE NUMBERS.
R  INDICATES RECORD WAS SET OR TIED.
MM INDICATES DATA IS MISSING.
T  INDICATES TRACE AMOUNT.




$$
