000
CDUS45 KVEF 210827
CLILAS


CLIMATE REPORT
NATIONAL WEATHER SERVICE LAS VEGAS, NV
1226 AM PST TUE NOV 21 2017


...................................

...THE LAS VEGAS NV CLIMATE SUMMARY FOR NOVEMBER 20 2017...

CLIMATE NORMAL PERIOD 1981 TO 2010
CLIMATE RECORD PERIOD 1937 TO 2017


WEATHER ITEM   OBSERVED TIME   RECORD YEAR NORMAL DEPARTURE LAST
                VALUE   (LST)  VALUE       VALUE  FROM      YEAR
                                                  NORMAL
..................................................................
TEMPERATURE (F)
 YESTERDAY
  MAXIMUM         65    323 PM  76    2007  64      1       69
                                      1976
                                      1954
  MINIMUM         44    524 AM  23    1956  45     -1       51
  AVERAGE         55                        54      1       60

PRECIPITATION (IN)
  YESTERDAY        0.00          0.26 1963   0.01  -0.01      T
  MONTH TO DATE    0.00                      0.23  -0.23      T
  SINCE OCT 1      0.00                      0.50  -0.50     0.23
  SINCE JAN 1      2.38                      3.56  -1.18     3.94

SNOWFALL (IN)
  YESTERDAY        0.0           T    1953   0.0    0.0      0.0
  MONTH TO DATE    0.0                       0.0    0.0      0.0
  SINCE SEP 1      0.0                       0.0    0.0      0.0
  SINCE JUL 1      0.0                       0.0    0.0      0.0
  SNOW DEPTH       0

DEGREE DAYS
 HEATING
  YESTERDAY       10                        11     -1        5
  MONTH TO DATE   60                       140    -80       40
  SINCE SEP 1     60                       179   -119       40
  SINCE JUL 1     60                       179   -119       40

 COOLING
  YESTERDAY        0                         0      0        0
  MONTH TO DATE   16                        10      6       45
  SINCE SEP 1    745                       717     28      856
  SINCE JAN 1   4037                      3566    471     4002
..................................................................


WIND (MPH)
  RESULTANT WIND SPEED   1   RESULTANT WIND DIRECTION  SW (220)
  HIGHEST WIND SPEED     8   HIGHEST WIND DIRECTION    SW (210)
  HIGHEST GUST SPEED    10   HIGHEST GUST DIRECTION    SW (210)
  AVERAGE WIND SPEED     2.4


SKY COVER
  POSSIBLE SUNSHINE  MM
  AVERAGE SKY COVER 0.8


WEATHER CONDITIONS
 THE FOLLOWING WEATHER WAS RECORDED YESTERDAY.
  NO SIGNIFICANT WEATHER WAS OBSERVED.


RELATIVE HUMIDITY (PERCENT)
 HIGHEST    27           400 AM
 LOWEST     11           300 PM
 AVERAGE    19

..........................................................


THE LAS VEGAS NV CLIMATE NORMALS FOR TODAY
                         NORMAL    RECORD    YEAR
 MAXIMUM TEMPERATURE (F)   64        77      1976
                                             1949
                                             1937
 MINIMUM TEMPERATURE (F)   44        24      1945


SUNRISE AND SUNSET
NOVEMBER 21 2017......SUNRISE   624 AM PST   SUNSET   429 PM PST
NOVEMBER 22 2017......SUNRISE   625 AM PST   SUNSET   429 PM PST


-  INDICATES NEGATIVE NUMBERS.
R  INDICATES RECORD WAS SET OR TIED.
MM INDICATES DATA IS MISSING.
T  INDICATES TRACE AMOUNT.




$$
