000
CDUS45 KVEF 230845
CLILAS


CLIMATE REPORT
NATIONAL WEATHER SERVICE LAS VEGAS, NV
145 AM PDT SUN JUL 23 2017


...................................

...THE LAS VEGAS NV CLIMATE SUMMARY FOR JULY 22 2017...

CLIMATE NORMAL PERIOD 1981 TO 2010
CLIMATE RECORD PERIOD 1937 TO 2017


WEATHER ITEM   OBSERVED TIME   RECORD YEAR NORMAL DEPARTURE LAST
                VALUE   (LST)  VALUE       VALUE  FROM      YEAR
                                                  NORMAL
..................................................................
TEMPERATURE (F)
 YESTERDAY
  MAXIMUM        108    448 PM 114    1937 105      3      112
  MINIMUM         86    437 AM  62    1943  82      4       87
  AVERAGE         97                        93      4      100

PRECIPITATION (IN)
  YESTERDAY        0.00          0.41 1960   0.01  -0.01     0.00
  MONTH TO DATE    0.09                      0.25  -0.16     0.17
  SINCE OCT 1      2.74                      3.46  -0.72     4.92
  SINCE JAN 1      1.68                      2.33  -0.65     3.51

SNOWFALL (IN)
  YESTERDAY        0.0           0.0    MM   0.0    0.0      0.0
  MONTH TO DATE    0.0                       0.0    0.0      0.0
  SINCE JUN 1      0.0                       0.0    0.0      0.0
  SINCE JUL 1      0.0                       0.0    0.0      0.0
  SNOW DEPTH       0

DEGREE DAYS
 HEATING
  YESTERDAY        0                         0      0        0
  MONTH TO DATE    0                         0      0        0
  SINCE JUN 1      0                         1     -1        0
  SINCE JUL 1      0                         0      0        0

 COOLING
  YESTERDAY       32                        28      4       35
  MONTH TO DATE  704                       603    101      631
  SINCE JUN 1   1516                      1253    263     1474
  SINCE JAN 1   2193                      1803    390     2010
..................................................................


WIND (MPH)
  RESULTANT WIND SPEED   2   RESULTANT WIND DIRECTION  SE (130)
  HIGHEST WIND SPEED    13   HIGHEST WIND DIRECTION     E (80)
  HIGHEST GUST SPEED    16   HIGHEST GUST DIRECTION     E (80)
  AVERAGE WIND SPEED     4.2


SKY COVER
  POSSIBLE SUNSHINE  MM
  AVERAGE SKY COVER 0.3


WEATHER CONDITIONS
 THE FOLLOWING WEATHER WAS RECORDED YESTERDAY.
  NO SIGNIFICANT WEATHER WAS OBSERVED.


RELATIVE HUMIDITY (PERCENT)
 HIGHEST    26           100 AM
 LOWEST     15          1000 AM
 AVERAGE    21

..........................................................


THE LAS VEGAS NV CLIMATE NORMALS FOR TODAY
                         NORMAL    RECORD    YEAR
 MAXIMUM TEMPERATURE (F)  105       115      1942
 MINIMUM TEMPERATURE (F)   82        61      1938


SUNRISE AND SUNSET
JULY 23 2017..........SUNRISE   541 AM PDT   SUNSET   753 PM PDT
JULY 24 2017..........SUNRISE   542 AM PDT   SUNSET   752 PM PDT


-  INDICATES NEGATIVE NUMBERS.
R  INDICATES RECORD WAS SET OR TIED.
MM INDICATES DATA IS MISSING.
T  INDICATES TRACE AMOUNT.




$$
