000
CDUS45 KVEF 010832
CLILAS


CLIMATE REPORT
NATIONAL WEATHER SERVICE LAS VEGAS, NV
131 AM PDT TUE SEP 1 2015


...................................

...THE LAS VEGAS NV CLIMATE SUMMARY FOR AUGUST 31 2015...

CLIMATE NORMAL PERIOD 1981 TO 2010
CLIMATE RECORD PERIOD 1937 TO 2015


WEATHER ITEM   OBSERVED TIME   RECORD YEAR NORMAL DEPARTURE LAST
                VALUE   (LST)  VALUE       VALUE  FROM      YEAR
                                                  NORMAL
..................................................................
TEMPERATURE (F)
 YESTERDAY
  MAXIMUM        103    300 PM 112    1948  99      4      104
  MINIMUM         80    443 AM  55    1942  77      3       80
  AVERAGE         92                        88      4       92

PRECIPITATION (IN)
  YESTERDAY        0.00          0.07 1938   0.01  -0.01     0.00
  MONTH TO DATE    0.68                      0.33   0.35     0.35
  SINCE OCT 1      3.36                      3.94  -0.58     2.29
  SINCE JAN 1      3.06                      2.81   0.25     0.87

SNOWFALL (IN)
  YESTERDAY        0.0           0.0    MM   0.0    0.0      0.0
  MONTH TO DATE    0.0                       0.0    0.0      0.0
  SINCE JUN 1      0.0                       0.0    0.0      0.0
  SINCE JUL 1      0.0                       0.0    0.0      0.0
  SNOW DEPTH       0

DEGREE DAYS
 HEATING
  YESTERDAY        0                         0      0        0
  MONTH TO DATE    0                         0      0        0
  SINCE JUN 1      0                         1     -1        0
  SINCE JUL 1      0                         0      0        0

 COOLING
  YESTERDAY       27                        23      4       27
  MONTH TO DATE  873                       795     78      728
  SINCE JUN 1   2489                      2299    190     2367
  SINCE JAN 1   3092                      2849    243     3025
..................................................................


WIND (MPH)
  RESULTANT WIND SPEED   4   RESULTANT WIND DIRECTION   S (200)
  HIGHEST WIND SPEED    16   HIGHEST WIND DIRECTION     S (200)
  HIGHEST GUST SPEED    24   HIGHEST GUST DIRECTION    SW (210)
  AVERAGE WIND SPEED     5.4


SKY COVER
  POSSIBLE SUNSHINE  MM
  AVERAGE SKY COVER 0.3


WEATHER CONDITIONS
 THE FOLLOWING WEATHER WAS RECORDED YESTERDAY.
  NO SIGNIFICANT WEATHER WAS OBSERVED.


RELATIVE HUMIDITY (PERCENT)
 HIGHEST    28           600 AM
 LOWEST     12           500 PM
 AVERAGE    20

..........................................................


THE LAS VEGAS NV CLIMATE NORMALS FOR TODAY
                         NORMAL    RECORD    YEAR
 MAXIMUM TEMPERATURE (F)   99       113      1950
 MINIMUM TEMPERATURE (F)   76        57      1942
                                             1941


SUNRISE AND SUNSET
SEPTEMBER  1 2015.....SUNRISE   612 AM PDT   SUNSET   709 PM PDT
SEPTEMBER  2 2015.....SUNRISE   613 AM PDT   SUNSET   707 PM PDT


-  INDICATES NEGATIVE NUMBERS.
R  INDICATES RECORD WAS SET OR TIED.
MM INDICATES DATA IS MISSING.
T  INDICATES TRACE AMOUNT.




$$
