697
CDUS46 KLOX 220908
CLILAX


CLIMATE REPORT
NATIONAL WEATHER SERVICE LOS ANGELES/OXNARD CA
107 AM PST MON JAN 22 2018


...................................

...THE LOS ANGELES INTL AIRPORT CA CLIMATE SUMMARY FOR JANUARY 21 2018...

CLIMATE NORMAL PERIOD 1981 TO 2010
CLIMATE RECORD PERIOD 1944 TO 2018


WEATHER ITEM   OBSERVED TIME   RECORD YEAR NORMAL DEPARTURE LAST
                VALUE   (LST)  VALUE       VALUE  FROM      YEAR
                                                  NORMAL
..................................................................
TEMPERATURE (F)
 YESTERDAY
  MAXIMUM         63    238 PM  83    1976  65     -2       59
  MINIMUM         44    600 AM  37    1966  49     -5       48
  AVERAGE         54                        57     -3       54

PRECIPITATION (IN)
  YESTERDAY        0.00          0.73 2010   0.08  -0.08     0.00
  MONTH TO DATE    1.40                      1.86  -0.46     4.35
  SINCE OCT 1      1.51                      5.58  -4.07     8.60
  SINCE JAN 1      1.40                      1.86  -0.46     4.35

SNOWFALL (IN)
  YESTERDAY        0.0
  MONTH TO DATE    0.0
  SINCE DEC 1      0.0
  SINCE JUL 1      0.0

DEGREE DAYS
 HEATING
  YESTERDAY       11                         8      3       11
  MONTH TO DATE   80                       179    -99      179
  SINCE DEC 1    199                       439   -240      384
  SINCE JUL 1    230                       621   -391      463

 COOLING
  YESTERDAY        0                         0      0        0
  MONTH TO DATE   13                         0     13        0
  SINCE DEC 1     30                         1     29        2
  SINCE JAN 1     13                         0     13        0
..................................................................


WIND (MPH)
  HIGHEST WIND SPEED    14   HIGHEST WIND DIRECTION     W (270)
  HIGHEST GUST SPEED    17   HIGHEST GUST DIRECTION     W (250)
  AVERAGE WIND SPEED     5.8


SKY COVER
  POSSIBLE SUNSHINE  MM
  AVERAGE SKY COVER 0.4


WEATHER CONDITIONS
 THE FOLLOWING WEATHER WAS RECORDED YESTERDAY.
  NO SIGNIFICANT WEATHER WAS OBSERVED.


RELATIVE HUMIDITY (PERCENT)
 HIGHEST    55           800 PM
 LOWEST     27           200 PM
 AVERAGE    41

..........................................................


THE LOS ANGELES INTL AIRPORT CA CLIMATE NORMALS FOR TODAY
                         NORMAL    RECORD    YEAR
 MAXIMUM TEMPERATURE (F)   65        82      1976
 MINIMUM TEMPERATURE (F)   49        38      1966


SUNRISE AND SUNSET
JANUARY 22 2018.......SUNRISE   656 AM PST   SUNSET   515 PM PST
JANUARY 23 2018.......SUNRISE   656 AM PST   SUNSET   516 PM PST


-  INDICATES NEGATIVE NUMBERS.
R  INDICATES RECORD WAS SET OR TIED.
MM INDICATES DATA IS MISSING.
T  INDICATES TRACE AMOUNT.




$$
