000
CDUS46 KLOX 220857
CLILAX


CLIMATE REPORT
NATIONAL WEATHER SERVICE LOS ANGELES/OXNARD CA
157 AM PDT FRI MAY 22 2015


...................................

...THE LOS ANGELES INTL AIRPORT CA CLIMATE SUMMARY FOR MAY 21 2015...

CLIMATE NORMAL PERIOD 1981 TO 2010
CLIMATE RECORD PERIOD 1944 TO 2015


WEATHER ITEM   OBSERVED TIME   RECORD YEAR NORMAL DEPARTURE LAST
                VALUE   (LST)  VALUE       VALUE  FROM      YEAR
                                                  NORMAL
..................................................................
TEMPERATURE (F)
 YESTERDAY
  MAXIMUM         67   1107 AM  78    2005  68     -1       70
  MINIMUM         57    527 AM  46    1948  58     -1       57
  AVERAGE         62                        63     -1       64

PRECIPITATION (IN)
  YESTERDAY        0.00          0.14 2006   0.00   0.00     0.00
  MONTH TO DATE    0.43                      0.17   0.26     0.00
  SINCE OCT 1      7.25                     12.40  -5.15     4.42
  SINCE JAN 1      2.55                      8.68  -6.13     3.41

SNOWFALL (IN)
  YESTERDAY        0.0
  MONTH TO DATE    0.0
  SINCE MAR 1      0.0
  SINCE JUL 1      0.0

DEGREE DAYS
 HEATING
  YESTERDAY        3                         2      1        1
  MONTH TO DATE   85                        66     19       19
  SINCE MAR 1    252                       445   -193      202
  SINCE JUL 1    785                      1374   -589      757

 COOLING
  YESTERDAY        0                         0      0        0
  MONTH TO DATE    0                         4     -4      122
  SINCE MAR 1     86                        21     65      169
  SINCE JAN 1    113                        30     83      185
..................................................................


WIND (MPH)
  HIGHEST WIND SPEED    25   HIGHEST WIND DIRECTION     W (260)
  HIGHEST GUST SPEED    30   HIGHEST GUST DIRECTION     W (250)
  AVERAGE WIND SPEED    10.0


SKY COVER
  POSSIBLE SUNSHINE  MM
  AVERAGE SKY COVER 0.6


WEATHER CONDITIONS
 THE FOLLOWING WEATHER WAS RECORDED YESTERDAY.
  NO SIGNIFICANT WEATHER WAS OBSERVED.


RELATIVE HUMIDITY (PERCENT)
 HIGHEST    86          1200 AM
 LOWEST     48          1100 AM
 AVERAGE    67

..........................................................


THE LOS ANGELES INTL AIRPORT CA CLIMATE NORMALS FOR TODAY
                         NORMAL    RECORD    YEAR
 MAXIMUM TEMPERATURE (F)   68        76      1967
                                             1962
                                             1958
 MINIMUM TEMPERATURE (F)   58        49      1948


SUNRISE AND SUNSET
MAY 22 2015...........SUNRISE   548 AM PDT   SUNSET   753 PM PDT
MAY 23 2015...........SUNRISE   547 AM PDT   SUNSET   754 PM PDT


-  INDICATES NEGATIVE NUMBERS.
R  INDICATES RECORD WAS SET OR TIED.
MM INDICATES DATA IS MISSING.
T  INDICATES TRACE AMOUNT.




$$
