000
CDUS46 KLOX 060859
CLILAX


CLIMATE REPORT
NATIONAL WEATHER SERVICE LOS ANGELES/OXNARD CA
158 AM PDT MON JUL 6 2015


...................................

...THE LOS ANGELES INTL AIRPORT CA CLIMATE SUMMARY FOR JULY 5 2015...

CLIMATE NORMAL PERIOD 1981 TO 2010
CLIMATE RECORD PERIOD 1944 TO 2015


WEATHER ITEM   OBSERVED TIME   RECORD YEAR NORMAL DEPARTURE LAST
                VALUE   (LST)  VALUE       VALUE  FROM      YEAR
                                                  NORMAL
..................................................................
TEMPERATURE (F)
 YESTERDAY
  MAXIMUM         70    210 PM  85    1957  73     -3       80
  MINIMUM         63    338 AM  53    1948  63      0       69
  AVERAGE         67                        68     -1       75

PRECIPITATION (IN)
  YESTERDAY        0.00          T    2001   0.00   0.00     0.00
                                      1967
  MONTH TO DATE    T                         0.00   0.00     0.00
  SINCE OCT 1      7.26                     12.53  -5.27     4.42
  SINCE JAN 1      2.56                      8.81  -6.25     3.41

SNOWFALL (IN)
  YESTERDAY        0.0
  MONTH TO DATE    0.0
  SINCE JUN 1      0.0
  SINCE JUL 1      0.0

DEGREE DAYS
 HEATING
  YESTERDAY        0                         0      0        0
  MONTH TO DATE    0                         0      0        0
  SINCE JUN 1     11                        25    -14        1
  SINCE JUL 1      0                         0      0        0

 COOLING
  YESTERDAY        2                         3     -1       10
  MONTH TO DATE   16                        15      1       34
  SINCE JUN 1     73                        57     16      121
  SINCE JAN 1    186                        97     89      332
..................................................................


WIND (MPH)
  HIGHEST WIND SPEED    16   HIGHEST WIND DIRECTION     W (260)
  HIGHEST GUST SPEED    20   HIGHEST GUST DIRECTION     W (270)
  AVERAGE WIND SPEED     7.8


SKY COVER
  POSSIBLE SUNSHINE  MM
  AVERAGE SKY COVER 1.0


WEATHER CONDITIONS
 THE FOLLOWING WEATHER WAS RECORDED YESTERDAY.
  NO SIGNIFICANT WEATHER WAS OBSERVED.


RELATIVE HUMIDITY (PERCENT)
 HIGHEST    93           300 AM
 LOWEST     73           100 PM
 AVERAGE    83

..........................................................


THE LOS ANGELES INTL AIRPORT CA CLIMATE NORMALS FOR TODAY
                         NORMAL    RECORD    YEAR
 MAXIMUM TEMPERATURE (F)   73        88      1957
 MINIMUM TEMPERATURE (F)   63        52      1948
                                             1947


SUNRISE AND SUNSET
JULY  6 2015..........SUNRISE   548 AM PDT   SUNSET   808 PM PDT
JULY  7 2015..........SUNRISE   549 AM PDT   SUNSET   808 PM PDT


-  INDICATES NEGATIVE NUMBERS.
R  INDICATES RECORD WAS SET OR TIED.
MM INDICATES DATA IS MISSING.
T  INDICATES TRACE AMOUNT.




$$
