501
CDUS46 KLOX 220111
CLILAX


CLIMATE REPORT
NATIONAL WEATHER SERVICE LOS ANGELES/OXNARD CA
611 PM PDT THU SEP 21 2017


...................................

...THE LOS ANGELES AIRPORT CLIMATE SUMMARY FOR SEPTEMBER 21 2017...
VALID TODAY AS OF 0600 PM LOCAL TIME.

CLIMATE NORMAL PERIOD 1981 TO 2010
CLIMATE RECORD PERIOD 1944 TO 2017


WEATHER ITEM   OBSERVED TIME   RECORD YEAR NORMAL DEPARTURE LAST
                VALUE   (LST)  VALUE       VALUE  FROM      YEAR
                                                  NORMAL
..................................................................
TEMPERATURE (F)
 TODAY
  MAXIMUM         71    246 PM  93    1978  74     -3       79
  MINIMUM         65    651 AM  53    1944  63      2       67
  AVERAGE         68                        68      0       73

PRECIPITATION (IN)
  TODAY            0.02          0.24 2007   0.01   0.01     0.00
  MONTH TO DATE    0.08                      0.11  -0.03     0.01
  SINCE OCT 1     16.40                     12.72   3.68     7.26
  SINCE JAN 1     12.15                      9.00   3.15     6.02

SNOWFALL (IN)
  TODAY            0.0
  MONTH TO DATE    0.0
  SINCE SEP 1      0.0
  SINCE JUL 1      0.0

DEGREE DAYS
 HEATING
  TODAY            0                         0      0        0
  MONTH TO DATE    0                         0      0        0
  SINCE SEP 1      0                         0      0        0
  SINCE JUL 1      0                         4     -4        0

 COOLING
  TODAY            3                         4     -1        8
  MONTH TO DATE  167                        93     74       87
  SINCE SEP 1    167                        93     74       87
  SINCE JAN 1    732                       439    293      669
..................................................................


WIND (MPH)
  HIGHEST WIND SPEED    23   HIGHEST WIND DIRECTION     W (270)
  HIGHEST GUST SPEED    28   HIGHEST GUST DIRECTION     W (280)
  AVERAGE WIND SPEED    11.8


SKY COVER
  POSSIBLE SUNSHINE  MM
  AVERAGE SKY COVER 0.7


WEATHER CONDITIONS
 THE FOLLOWING WEATHER WAS RECORDED TODAY.
  LIGHT RAIN
  HAZE


RELATIVE HUMIDITY (PERCENT)
 HIGHEST    93          1200 AM
 LOWEST     61          1200 PM
 AVERAGE    77

..........................................................


THE LOS ANGELES AIRPORT CLIMATE NORMALS FOR TOMORROW
                         NORMAL    RECORD    YEAR
 MAXIMUM TEMPERATURE (F)   74        94      1987
 MINIMUM TEMPERATURE (F)   63        51      1944


SUNRISE AND SUNSET
SEPTEMBER 21 2017.....SUNRISE   641 AM PDT   SUNSET   651 PM PDT
SEPTEMBER 22 2017.....SUNRISE   642 AM PDT   SUNSET   650 PM PDT


-  INDICATES NEGATIVE NUMBERS.
R  INDICATES RECORD WAS SET OR TIED.
MM INDICATES DATA IS MISSING.
T  INDICATES TRACE AMOUNT.




$$
