000
CDUS46 KLOX 250930
CLILAX


CLIMATE REPORT
NATIONAL WEATHER SERVICE LOS ANGELES/OXNARD CA
230 AM PDT TUE APR 25 2017


...................................

...THE LOS ANGELES INTL AIRPORT CA CLIMATE SUMMARY FOR APRIL 24 2017...

CLIMATE NORMAL PERIOD 1981 TO 2010
CLIMATE RECORD PERIOD 1944 TO 2017


WEATHER ITEM   OBSERVED TIME   RECORD YEAR NORMAL DEPARTURE LAST
                VALUE   (LST)  VALUE       VALUE  FROM      YEAR
                                                  NORMAL
..................................................................
TEMPERATURE (F)
 YESTERDAY
  MAXIMUM         68    142 PM  82    1995  67      1       71
  MINIMUM         58    805 PM  47    1963  55      3       56
                                      1960
  AVERAGE         63                        61      2       64

PRECIPITATION (IN)
  YESTERDAY        0.00          0.10 1983   0.01  -0.01     0.00
  MONTH TO DATE    0.38                      0.60  -0.22     0.29
  SINCE OCT 1     16.19                     12.13   4.06     6.66
  SINCE JAN 1     11.94                      8.41   3.53     5.42

SNOWFALL (IN)
  YESTERDAY        0.0
  MONTH TO DATE    0.0
  SINCE MAR 1      0.0
  SINCE JUL 1      0.0

DEGREE DAYS
 HEATING
  YESTERDAY        2                         5     -3        1
  MONTH TO DATE   66                       133    -67       41
  SINCE MAR 1    178                       354   -176      173
  SINCE JUL 1    951                      1283   -332      869

 COOLING
  YESTERDAY        0                         1     -1        0
  MONTH TO DATE   13                         3     10       34
  SINCE MAR 1     15                         9      6       35
  SINCE JAN 1     15                        18     -3       92
..................................................................


WIND (MPH)
  HIGHEST WIND SPEED    25   HIGHEST WIND DIRECTION     W (270)
  HIGHEST GUST SPEED    30   HIGHEST GUST DIRECTION     W (270)
  AVERAGE WIND SPEED     8.3


SKY COVER
  POSSIBLE SUNSHINE  MM
  AVERAGE SKY COVER 0.6


WEATHER CONDITIONS
 THE FOLLOWING WEATHER WAS RECORDED YESTERDAY.
  NO SIGNIFICANT WEATHER WAS OBSERVED.


RELATIVE HUMIDITY (PERCENT)
 HIGHEST    86           800 PM
 LOWEST     63           100 PM
 AVERAGE    75

..........................................................


THE LOS ANGELES INTL AIRPORT CA CLIMATE NORMALS FOR TODAY
                         NORMAL    RECORD    YEAR
 MAXIMUM TEMPERATURE (F)   67        80      1992
 MINIMUM TEMPERATURE (F)   55        46      1974
                                             1960


SUNRISE AND SUNSET
APRIL 25 2017.........SUNRISE   611 AM PDT   SUNSET   733 PM PDT
APRIL 26 2017.........SUNRISE   609 AM PDT   SUNSET   734 PM PDT


-  INDICATES NEGATIVE NUMBERS.
R  INDICATES RECORD WAS SET OR TIED.
MM INDICATES DATA IS MISSING.
T  INDICATES TRACE AMOUNT.




$$
