000
CDUS46 KLOX 040916
CLILAX


CLIMATE REPORT
NATIONAL WEATHER SERVICE LOS ANGELES/OXNARD CA
116 AM PST SUN DEC 4 2016


...................................

...THE LOS ANGELES INTL AIRPORT CA CLIMATE SUMMARY FOR DECEMBER 3 2016...

CLIMATE NORMAL PERIOD 1981 TO 2010
CLIMATE RECORD PERIOD 1944 TO 2016


WEATHER ITEM   OBSERVED TIME   RECORD YEAR NORMAL DEPARTURE LAST
                VALUE   (LST)  VALUE       VALUE  FROM      YEAR
                                                  NORMAL
..................................................................
TEMPERATURE (F)
 YESTERDAY
  MAXIMUM         66   1223 PM  94    1958  66      0       74
  MINIMUM         45    712 AM  42    1973  50     -5       57
  AVERAGE         56                        58     -2       66

PRECIPITATION (IN)
  YESTERDAY        0.00          0.95 1966   0.05  -0.05     0.00
  MONTH TO DATE    0.00                      0.14  -0.14     0.00
  SINCE OCT 1      1.47                      1.81  -0.34     0.16
  SINCE JAN 1      7.49                     10.91  -3.42     4.88

SNOWFALL (IN)
  YESTERDAY        0.0
  MONTH TO DATE    0.0
  SINCE DEC 1      0.0
  SINCE JUL 1      0.0

DEGREE DAYS
 HEATING
  YESTERDAY        9                         7      2        0
  MONTH TO DATE   22                        21      1        6
  SINCE DEC 1     22                        21      1        6
  SINCE JUL 1    101                       203   -102      117

 COOLING
  YESTERDAY        0                         0      0        1
  MONTH TO DATE    0                         0      0        1
  SINCE DEC 1      0                         0      0        1
  SINCE JAN 1    962                       550    412     1216
..................................................................


WIND (MPH)
  HIGHEST WIND SPEED    12   HIGHEST WIND DIRECTION     W (270)
  HIGHEST GUST SPEED    MM   HIGHEST GUST DIRECTION    MM
  AVERAGE WIND SPEED     4.9


SKY COVER
  POSSIBLE SUNSHINE  MM
  AVERAGE SKY COVER 0.0


WEATHER CONDITIONS
 THE FOLLOWING WEATHER WAS RECORDED YESTERDAY.
  NO SIGNIFICANT WEATHER WAS OBSERVED.


RELATIVE HUMIDITY (PERCENT)
 HIGHEST    62           800 PM
 LOWEST     17           100 AM
 AVERAGE    40

..........................................................


THE LOS ANGELES INTL AIRPORT CA CLIMATE NORMALS FOR TODAY
                         NORMAL    RECORD    YEAR
 MAXIMUM TEMPERATURE (F)   66        86      1979
 MINIMUM TEMPERATURE (F)   50        39      1948


SUNRISE AND SUNSET
DECEMBER  4 2016......SUNRISE   644 AM PST   SUNSET   444 PM PST
DECEMBER  5 2016......SUNRISE   644 AM PST   SUNSET   444 PM PST


-  INDICATES NEGATIVE NUMBERS.
R  INDICATES RECORD WAS SET OR TIED.
MM INDICATES DATA IS MISSING.
T  INDICATES TRACE AMOUNT.




$$
