000
CDUS44 KLUB 250627
CLILBB


CLIMATE REPORT
NATIONAL WEATHER SERVICE LUBBOCK, TX
126 AM CDT THU MAY 25 2017


...................................

...THE LUBBOCK CLIMATE SUMMARY FOR MAY 24 2017...

CLIMATE NORMAL PERIOD 1981 TO 2010
CLIMATE RECORD PERIOD 1911 TO 2017


WEATHER ITEM   OBSERVED TIME   RECORD YEAR NORMAL DEPARTURE LAST
                VALUE   (LST)  VALUE       VALUE  FROM      YEAR
                                                  NORMAL
..................................................................
TEMPERATURE (F)
 YESTERDAY
  MAXIMUM         89    528 PM 109    2000  86      3       89
  MINIMUM         46    607 AM  40    1930  58    -12       68
  AVERAGE         68                        72     -4       79

PRECIPITATION (IN)
  YESTERDAY        0.00          2.18 1937   0.09  -0.09     0.00
  MONTH TO DATE    0.58                      1.65  -1.07     3.28
  SINCE MAR 1      2.57                      4.16  -1.59     4.50
  SINCE JAN 1      5.49                      5.56  -0.07     4.89

SNOWFALL (IN)
  YESTERDAY        0.0           0.0  2002   0.0    0.0      0.0
  MONTH TO DATE    0.0                       0.0    0.0      0.0
  SINCE MAR 1      T                         0.8   -0.8       T
  SINCE JUL 1      0.2                       8.2   -8.0     13.3
  SNOW DEPTH       0

DEGREE DAYS
 HEATING
  YESTERDAY        0                         1     -1        0
  MONTH TO DATE   23                        37    -14       83
  SINCE MAR 1    384                       635   -251      454
  SINCE JUL 1   2468                      3374   -906     2854

 COOLING
  YESTERDAY        3                         8     -5       14
  MONTH TO DATE  103                       129    -26      118
  SINCE MAR 1    228                       185     43      165
  SINCE JAN 1    232                       185     47      169
..................................................................


WIND (MPH)
  RESULTANT WIND SPEED  10   RESULTANT WIND DIRECTION   W (250)
  HIGHEST WIND SPEED    25   HIGHEST WIND DIRECTION    SW (240)
  HIGHEST GUST SPEED    30   HIGHEST GUST DIRECTION    SW (230)
  AVERAGE WIND SPEED    11.8


SKY COVER
  AVERAGE SKY COVER 0.1


WEATHER CONDITIONS
 THE FOLLOWING WEATHER WAS RECORDED YESTERDAY.
  HAZE


RELATIVE HUMIDITY (PERCENT)
 HIGHEST    86           400 AM
 LOWEST     11           700 PM
 AVERAGE    49

..........................................................


THE LUBBOCK CLIMATE NORMALS FOR TODAY
                         NORMAL    RECORD    YEAR
 MAXIMUM TEMPERATURE (F)   86       102      2012
 MINIMUM TEMPERATURE (F)   59        44      1924


SUNRISE AND SUNSET
MAY 25 2017...........SUNRISE   640 AM CDT   SUNSET   848 PM CDT
MAY 26 2017...........SUNRISE   640 AM CDT   SUNSET   849 PM CDT


-  INDICATES NEGATIVE NUMBERS.
R  INDICATES RECORD WAS SET OR TIED.
MM INDICATES DATA IS MISSING.
T  INDICATES TRACE AMOUNT.




$$
