000
CDUS43 KLBF 290918
CLILBF


CLIMATE REPORT
NATIONAL WEATHER SERVICE NORTH PLATTE
417 AM CDT MON MAY 29 2017


...................................

...THE NORTH PLATTE NE CLIMATE SUMMARY FOR MAY 28 2017...

CLIMATE NORMAL PERIOD 1981 TO 2010
CLIMATE RECORD PERIOD 1874 TO 2017


WEATHER ITEM   OBSERVED TIME   RECORD YEAR NORMAL DEPARTURE LAST
                VALUE   (LST)  VALUE       VALUE  FROM      YEAR
                                                  NORMAL
..................................................................
TEMPERATURE (F)
 YESTERDAY
  MAXIMUM         78    330 PM  98    2006  75      3       75
  MINIMUM         41    523 AM  33    1992  48     -7       49
                                      1947
  AVERAGE         60                        62     -2       62

PRECIPITATION (IN)
  YESTERDAY        0.03          2.00 1962   0.12  -0.09     0.05
  MONTH TO DATE    3.28                      2.90   0.38     3.21
  SINCE MAR 1      7.33                      6.22   1.11     9.23
  SINCE JAN 1      8.52                      7.06   1.46    10.49

SNOWFALL (IN)
  YESTERDAY        0.0           0.5  1947   0.0    0.0      0.0
  MONTH TO DATE    T                         0.0    0.0       T
  SINCE MAR 1      1.0                       7.6   -6.6      6.8
  SINCE JUL 1     21.3                      28.5   -7.2     32.4
  SNOW DEPTH       0

DEGREE DAYS
 HEATING
  YESTERDAY        5                         5      0        3
  MONTH TO DATE  254                       231     23      260
  SINCE MAR 1   1326                      1593   -267     1424
  SINCE JUL 1   5648                      6621   -973     5701

 COOLING
  YESTERDAY        0                         1     -1        0
  MONTH TO DATE   15                        18     -3        8
  SINCE MAR 1     17                        21     -4        9
  SINCE JAN 1     17                        21     -4        9
..................................................................


WIND (MPH)
  HIGHEST WIND SPEED    22   HIGHEST WIND DIRECTION     N (360)
  HIGHEST GUST SPEED    29   HIGHEST GUST DIRECTION     N (350)
  AVERAGE WIND SPEED     9.7


SKY COVER
  POSSIBLE SUNSHINE  MM
  AVERAGE SKY COVER 0.2


WEATHER CONDITIONS
 THE FOLLOWING WEATHER WAS RECORDED YESTERDAY.
  FOG


RELATIVE HUMIDITY (PERCENT)
 HIGHEST   100          1200 AM
 LOWEST     31          1200 PM
 AVERAGE    66

..........................................................


THE NORTH PLATTE NE CLIMATE NORMALS FOR TODAY
                         NORMAL    RECORD    YEAR
 MAXIMUM TEMPERATURE (F)   76        98      1934
 MINIMUM TEMPERATURE (F)   49        28      1947


SUNRISE AND SUNSET
MAY 29 2017...........SUNRISE   614 AM CDT   SUNSET   907 PM CDT
MAY 30 2017...........SUNRISE   613 AM CDT   SUNSET   908 PM CDT


-  INDICATES NEGATIVE NUMBERS.
R  INDICATES RECORD WAS SET OR TIED.
MM INDICATES DATA IS MISSING.
T  INDICATES TRACE AMOUNT.




$$
