000
CDUS43 KLBF 010942
CLILBF


CLIMATE REPORT
NATIONAL WEATHER SERVICE NORTH PLATTE
440 AM CDT SUN MAY 1 2016


...................................

...THE NORTH PLATTE NE CLIMATE SUMMARY FOR APRIL 30 2016...

CLIMATE NORMAL PERIOD 1981 TO 2010
CLIMATE RECORD PERIOD 1874 TO 2016


WEATHER ITEM   OBSERVED TIME   RECORD YEAR NORMAL DEPARTURE LAST
                VALUE   (LST)  VALUE       VALUE  FROM      YEAR
                                                  NORMAL
..................................................................
TEMPERATURE (F)
 YESTERDAY
  MAXIMUM         38    429 PM  98    1992  67    -29       79
  MINIMUM         32    716 AM  15    1907  38     -6       40
  AVERAGE         35                        53    -18       60

PRECIPITATION (IN)
  YESTERDAY        0.65          1.51 1879   0.09   0.56     0.02
  MONTH TO DATE    5.36                      2.27   3.09     3.01
  SINCE MAR 1      6.02                      3.32   2.70     3.02
  SINCE JAN 1      7.28                      4.16   3.12     3.76

SNOWFALL (IN)
  YESTERDAY        2.3 R         0.4  1994   0.0    2.3      0.0
                                      1911
  MONTH TO DATE    2.5                       3.2   -0.7      2.1
  SINCE MAR 1      6.8                       7.6   -0.8      2.4
  SINCE JUL 1     32.4                      28.5    3.9     21.3
  SNOW DEPTH       T

DEGREE DAYS
 HEATING
  YESTERDAY       30                        13     17        5
  MONTH TO DATE  478                       525    -47      436
  SINCE MAR 1   1164                      1362   -198     1095
  SINCE JUL 1   5441                      6390   -949     5984

 COOLING
  YESTERDAY        0                         0      0        0
  MONTH TO DATE    1                         3     -2        2
  SINCE MAR 1      1                         3     -2        2
  SINCE JAN 1      1                         3     -2        2
..................................................................


WIND (MPH)
  HIGHEST WIND SPEED    25   HIGHEST WIND DIRECTION     N (10)
  HIGHEST GUST SPEED    33   HIGHEST GUST DIRECTION     N (10)
  AVERAGE WIND SPEED    14.4


SKY COVER
  POSSIBLE SUNSHINE  MM
  AVERAGE SKY COVER 1.0


WEATHER CONDITIONS
 THE FOLLOWING WEATHER WAS RECORDED YESTERDAY.
  LIGHT RAIN
  LIGHT SNOW
  FOG


RELATIVE HUMIDITY (PERCENT)
 HIGHEST    96           100 AM
 LOWEST     92          1000 AM
 AVERAGE    94

..........................................................


THE NORTH PLATTE NE CLIMATE NORMALS FOR TODAY
                         NORMAL    RECORD    YEAR
 MAXIMUM TEMPERATURE (F)   67        96      1928
 MINIMUM TEMPERATURE (F)   39        19      1989
                                             1909


SUNRISE AND SUNSET
MAY  1 2016...........SUNRISE   640 AM CDT   SUNSET   840 PM CDT
MAY  2 2016...........SUNRISE   639 AM CDT   SUNSET   841 PM CDT


-  INDICATES NEGATIVE NUMBERS.
R  INDICATES RECORD WAS SET OR TIED.
MM INDICATES DATA IS MISSING.
T  INDICATES TRACE AMOUNT.

$$
