186
CDUS43 KLBF 101034
CLILBF


CLIMATE REPORT
NATIONAL WEATHER SERVICE NORTH PLATTE
433 AM CST SAT DEC 10 2016


...................................

...THE NORTH PLATTE NE CLIMATE SUMMARY FOR DECEMBER 9 2016...

CLIMATE NORMAL PERIOD 1981 TO 2010
CLIMATE RECORD PERIOD 1874 TO 2016


WEATHER ITEM   OBSERVED TIME   RECORD YEAR NORMAL DEPARTURE LAST
                VALUE   (LST)  VALUE       VALUE  FROM      YEAR
                                                  NORMAL
..................................................................
TEMPERATURE (F)
 YESTERDAY
  MAXIMUM         29    224 PM  71    1939  40    -11       68
  MINIMUM          2    446 AM -25    1919  12    -10       23
  AVERAGE         16                        26    -10       46

PRECIPITATION (IN)
  YESTERDAY        0.00          0.46 1985   0.02  -0.02     0.00
  MONTH TO DATE    0.01                      0.13  -0.12     0.09
  SINCE DEC 1      0.01                      0.13  -0.12     0.09
  SINCE JAN 1     22.44                     19.95   2.49    20.64

SNOWFALL (IN)
  YESTERDAY        0.0           5.0  1985   0.2   -0.2      0.0
  MONTH TO DATE    0.2                       1.3   -1.1      1.6
  SINCE DEC 1      0.2                       1.3   -1.1      1.6
  SINCE JUL 1      5.2                       7.5   -2.3      6.2
  SNOW DEPTH       0

DEGREE DAYS
 HEATING
  YESTERDAY       49                        39     10       19
  MONTH TO DATE  353                       341     12      258
  SINCE DEC 1    353                       341     12      258
  SINCE JUL 1   1394                      1892   -498     1444

 COOLING
  YESTERDAY        0                         0      0        0
  MONTH TO DATE    0                         0      0        0
  SINCE DEC 1      0                         0      0        0
  SINCE JAN 1    911                       768    143      823
..................................................................


WIND (MPH)
  HIGHEST WIND SPEED    17   HIGHEST WIND DIRECTION     S (170)
  HIGHEST GUST SPEED    25   HIGHEST GUST DIRECTION     S (160)
  AVERAGE WIND SPEED     8.1


SKY COVER
  POSSIBLE SUNSHINE  MM
  AVERAGE SKY COVER 0.4


WEATHER CONDITIONS
 THE FOLLOWING WEATHER WAS RECORDED YESTERDAY.
  NO SIGNIFICANT WEATHER WAS OBSERVED.


RELATIVE HUMIDITY (PERCENT)
 HIGHEST    88          1000 PM
 LOWEST     50           300 PM
 AVERAGE    69

..........................................................


THE NORTH PLATTE NE CLIMATE NORMALS FOR TODAY
                         NORMAL    RECORD    YEAR
 MAXIMUM TEMPERATURE (F)   40        70      1890
 MINIMUM TEMPERATURE (F)   12       -19      1919


SUNRISE AND SUNSET
DECEMBER 10 2016......SUNRISE   757 AM CST   SUNSET   514 PM CST
DECEMBER 11 2016......SUNRISE   758 AM CST   SUNSET   514 PM CST


-  INDICATES NEGATIVE NUMBERS.
R  INDICATES RECORD WAS SET OR TIED.
MM INDICATES DATA IS MISSING.
T  INDICATES TRACE AMOUNT.




$$
