000
CDUS43 KLBF 281026
CLILBF

CLIMATE REPORT
NATIONAL WEATHER SERVICE NORTH PLATTE
425 AM CST WED JAN 28 2015


...................................

...THE NORTH PLATTE NE CLIMATE SUMMARY FOR JANUARY 27 2015...

CLIMATE NORMAL PERIOD 1981 TO 2010
CLIMATE RECORD PERIOD 1874 TO 2015


WEATHER ITEM   OBSERVED TIME   RECORD YEAR NORMAL DEPARTURE LAST
                VALUE   (LST)  VALUE       VALUE  FROM      YEAR
                                                  NORMAL
..................................................................
TEMPERATURE (F)
 YESTERDAY
  MAXIMUM         74R   408 PM  74    2015  40     34       19
  MINIMUM         22    735 AM -21    1963  12     10        2
  AVERAGE         48                        26     22       11

PRECIPITATION (IN)
  YESTERDAY        0.00          0.86 1944   0.01  -0.01     0.00
  MONTH TO DATE    0.06                      0.29  -0.23     0.07
  SINCE DEC 1      1.10                      0.70   0.40     0.23
  SINCE JAN 1      0.06                      0.29  -0.23     0.07

SNOWFALL (IN)
  YESTERDAY        0.0           2.2  1973   0.2   -0.2      0.0
  MONTH TO DATE    1.5                       4.2   -2.7      0.8
  SINCE DEC 1     10.2                       8.8    1.4      4.4
  SINCE JUL 1     10.6                      15.0   -4.4      7.5
  SNOW DEPTH       0

DEGREE DAYS
 HEATING
  YESTERDAY       17                        39    -22       54
  MONTH TO DATE 1044                      1083    -39     1023
  SINCE DEC 1   2211                      2312   -101     2290
  SINCE JUL 1   3731                      3863   -132     3775

 COOLING
  YESTERDAY        0                         0      0        0
  MONTH TO DATE    0                         0      0        0
  SINCE DEC 1      0                         0      0        0
  SINCE JAN 1      0                         0      0        0
..................................................................


WIND (MPH)
  HIGHEST WIND SPEED    10   HIGHEST WIND DIRECTION     W (290)
  HIGHEST GUST SPEED    12   HIGHEST GUST DIRECTION     W (290)
  AVERAGE WIND SPEED     3.5


SKY COVER
  POSSIBLE SUNSHINE  MM
  AVERAGE SKY COVER 0.0


WEATHER CONDITIONS
 THE FOLLOWING WEATHER WAS RECORDED YESTERDAY.
  NO SIGNIFICANT WEATHER WAS OBSERVED.


RELATIVE HUMIDITY (PERCENT)
 HIGHEST    96           800 AM
 LOWEST     19           400 PM
 AVERAGE    58

..........................................................


THE NORTH PLATTE NE CLIMATE NORMALS FOR TODAY
                         NORMAL    RECORD    YEAR
 MAXIMUM TEMPERATURE (F)   40        66      1888
 MINIMUM TEMPERATURE (F)   12       -15      1918


SUNRISE AND SUNSET
JANUARY 28 2015.......SUNRISE   757 AM CST   SUNSET   554 PM CST
JANUARY 29 2015.......SUNRISE   757 AM CST   SUNSET   556 PM CST


-  INDICATES NEGATIVE NUMBERS.
R  INDICATES RECORD WAS SET OR TIED.
MM INDICATES DATA IS MISSING.
T  INDICATES TRACE AMOUNT.

$$
