000
CDUS43 KLBF 210935
CLILBF

CLIMATE REPORT
NATIONAL WEATHER SERVICE NORTH PLATTE
434 AM CDT THU AUG 21 2014


...................................

...THE NORTH PLATTE NE CLIMATE SUMMARY FOR AUGUST 20 2014...

CLIMATE NORMAL PERIOD 1981 TO 2010
CLIMATE RECORD PERIOD 1874 TO 2014


WEATHER ITEM   OBSERVED TIME   RECORD YEAR NORMAL DEPARTURE LAST
                VALUE   (LST)  VALUE       VALUE  FROM      YEAR
                                                  NORMAL
..................................................................
TEMPERATURE (F)
 YESTERDAY
  MAXIMUM         91    403 PM 101    1898  86      5       97
  MINIMUM         66    300 AM  40    1950  58      8       61
  AVERAGE         79                        72      7       79

PRECIPITATION (IN)
  YESTERDAY        T             1.30 1920   0.06  -0.06     0.00
  MONTH TO DATE    2.52                      1.68   0.84     3.33
  SINCE JUN 1     11.41                      8.17   3.24     8.02
  SINCE JAN 1     15.70                     15.61   0.09    14.18

SNOWFALL (IN)
  YESTERDAY        0.0           0.0  2002   0.0    0.0      0.0
                                      2001
  MONTH TO DATE    0.0                       0.0    0.0      0.0
  SINCE JUN 1      T                         0.0    0.0       T
  SINCE JUL 1      0.0                       0.0    0.0      0.0
  SNOW DEPTH       0

DEGREE DAYS
 HEATING
  YESTERDAY        0                         0      0        0
  MONTH TO DATE    0                         0      0        0
  SINCE JUN 1     56                        56      0       60
  SINCE JUL 1     17                         5     12       13

 COOLING
  YESTERDAY       14                         7      7       14
  MONTH TO DATE  193                       168     25      141
  SINCE JUN 1    559                       599    -40      622
  SINCE JAN 1    608                       627    -19      670
..................................................................


WIND (MPH)
  HIGHEST WIND SPEED    17   HIGHEST WIND DIRECTION    SE (140)
  HIGHEST GUST SPEED    26   HIGHEST GUST DIRECTION     S (170)
  AVERAGE WIND SPEED     6.0


SKY COVER
  POSSIBLE SUNSHINE  MM
  AVERAGE SKY COVER 0.1


WEATHER CONDITIONS
 THE FOLLOWING WEATHER WAS RECORDED YESTERDAY.
  THUNDERSTORM
  LIGHT RAIN


RELATIVE HUMIDITY (PERCENT)
 HIGHEST    93           300 AM
 LOWEST     47           400 PM
 AVERAGE    70

..........................................................


THE NORTH PLATTE NE CLIMATE NORMALS FOR TODAY
                         NORMAL    RECORD    YEAR
 MAXIMUM TEMPERATURE (F)   86       101      1878
 MINIMUM TEMPERATURE (F)   57        44      2009


SUNRISE AND SUNSET
AUGUST 21 2014........SUNRISE   658 AM CDT   SUNSET   833 PM CDT
AUGUST 22 2014........SUNRISE   659 AM CDT   SUNSET   831 PM CDT


-  INDICATES NEGATIVE NUMBERS.
R  INDICATES RECORD WAS SET OR TIED.
MM INDICATES DATA IS MISSING.
T  INDICATES TRACE AMOUNT.

$$
