000
CDUS43 KLBF 222226
CLILBF

CLIMATE REPORT
NATIONAL WEATHER SERVICE NORTH PLATTE
525 PM CDT MON SEP 22 2014


...................................

...THE NORTH PLATTE NE CLIMATE SUMMARY FOR SEPTEMBER 22 2014...
VALID TODAY AS OF 0500 PM LOCAL TIME.

CLIMATE NORMAL PERIOD 1981 TO 2010
CLIMATE RECORD PERIOD 1874 TO 2014


WEATHER ITEM   OBSERVED TIME   RECORD YEAR NORMAL DEPARTURE LAST
                VALUE   (LST)  VALUE       VALUE  FROM      YEAR
                                                  NORMAL
..................................................................
TEMPERATURE (F)
 TODAY
  MAXIMUM         71   1115 AM  93    1938  75     -4       84
  MINIMUM         47    631 AM  24    1995  44      3       52
  AVERAGE         59                        59      0       68

PRECIPITATION (IN)
  TODAY            0.19          1.21 1941   0.04   0.15     0.00
  MONTH TO DATE    1.02                      1.03  -0.01     3.83
  SINCE SEP 1      1.02                      1.03  -0.01     3.83
  SINCE JAN 1     19.30                     17.25   2.05    18.19

SNOWFALL (IN)
  TODAY            0.0           T    1895   0.0    0.0      0.0
  MONTH TO DATE    T                         0.1   -0.1      0.0
  SINCE SEP 1      T                         0.1   -0.1      0.0
  SINCE JUL 1      T                         0.1   -0.1      0.0
  SNOW DEPTH       0

DEGREE DAYS
 HEATING
  TODAY            6                         7     -1        0
  MONTH TO DATE  123                        84     39       33
  SINCE SEP 1    123                        84     39       33
  SINCE JUL 1    140                       104     36       46

 COOLING
  TODAY            0                         1     -1        3
  MONTH TO DATE   42                        64    -22      157
  SINCE SEP 1     42                        64    -22      157
  SINCE JAN 1    711                       759    -48      994
..................................................................


WIND (MPH)
  HIGHEST WIND SPEED    18   HIGHEST WIND DIRECTION     S (170)
  HIGHEST GUST SPEED    25   HIGHEST GUST DIRECTION     S (170)
  AVERAGE WIND SPEED     8.4


SKY COVER
  POSSIBLE SUNSHINE  MM
  AVERAGE SKY COVER 0.7


WEATHER CONDITIONS
 THE FOLLOWING WEATHER WAS RECORDED TODAY.
  RAIN
  LIGHT RAIN
  FOG


RELATIVE HUMIDITY (PERCENT)
 HIGHEST    86           400 PM
 LOWEST     44          1100 AM
 AVERAGE    65

..........................................................


THE NORTH PLATTE NE CLIMATE NORMALS FOR TOMORROW
                         NORMAL    RECORD    YEAR
 MAXIMUM TEMPERATURE (F)   75        95      1921
 MINIMUM TEMPERATURE (F)   43        23      1989


SUNRISE AND SUNSET
SEPTEMBER 22 2014.....SUNRISE   730 AM CDT   SUNSET   740 PM CDT
SEPTEMBER 23 2014.....SUNRISE   731 AM CDT   SUNSET   738 PM CDT


-  INDICATES NEGATIVE NUMBERS.
R  INDICATES RECORD WAS SET OR TIED.
MM INDICATES DATA IS MISSING.
T  INDICATES TRACE AMOUNT.

$$
