000
CDUS43 KLBF 262232
CLILBF


CLIMATE REPORT
NATIONAL WEATHER SERVICE NORTH PLATTE
532 PM CDT FRI AUG 26 2016


...................................

...THE NORTH PLATTE NE CLIMATE SUMMARY FOR AUGUST 26 2016...
VALID TODAY AS OF 0500 PM LOCAL TIME.

CLIMATE NORMAL PERIOD 1981 TO 2010
CLIMATE RECORD PERIOD 1874 TO 2016


WEATHER ITEM   OBSERVED TIME   RECORD YEAR NORMAL DEPARTURE LAST
                VALUE   (LST)  VALUE       VALUE  FROM      YEAR
                                                  NORMAL
..................................................................
TEMPERATURE (F)
 TODAY
  MAXIMUM         77    233 PM 103    1970  85     -8       92
                                      1952
                                      1926
  MINIMUM         50    625 AM  42    1972  56     -6       55
  AVERAGE         64                        70     -6       74

PRECIPITATION (IN)
  TODAY            0.05          1.73 1880   0.06  -0.01     0.00
  MONTH TO DATE    0.85                      2.03  -1.18     3.19
  SINCE JUN 1      7.95                      8.52  -0.57     8.47
  SINCE JAN 1     19.13                     15.96   3.17    16.57

SNOWFALL (IN)
  TODAY            0.0           0.0  2002   0.0    0.0      0.0
                                      2001
  MONTH TO DATE    0.0                       0.0    0.0      0.0
  SINCE JUN 1      0.0                       0.0    0.0      0.0
  SINCE JUL 1      0.0                       0.0    0.0      0.0
  SNOW DEPTH       0

DEGREE DAYS
 HEATING
  TODAY            1                         1      0        0
  MONTH TO DATE    6                         5      1       23
  SINCE JUN 1     22                        61    -39       34
  SINCE JUL 1     12                        10      2       29

 COOLING
  TODAY            0                         6     -6        9
  MONTH TO DATE  209                       207      2      155
  SINCE JUN 1    761                       638    123      631
  SINCE JAN 1    771                       666    105      633
..................................................................


WIND (MPH)
  HIGHEST WIND SPEED    20   HIGHEST WIND DIRECTION    NW (300)
  HIGHEST GUST SPEED    23   HIGHEST GUST DIRECTION     W (290)
  AVERAGE WIND SPEED     7.3


SKY COVER
  POSSIBLE SUNSHINE  MM
  AVERAGE SKY COVER 0.3


WEATHER CONDITIONS
 THE FOLLOWING WEATHER WAS RECORDED TODAY.
  LIGHT RAIN
  FOG
  FOG W/VISIBILITY <= 1/4 MILE


RELATIVE HUMIDITY (PERCENT)
 HIGHEST   100           700 AM
 LOWEST     47           100 PM
 AVERAGE    74

..........................................................


THE NORTH PLATTE NE CLIMATE NORMALS FOR TOMORROW
                         NORMAL    RECORD    YEAR
 MAXIMUM TEMPERATURE (F)   85       104      1990
 MINIMUM TEMPERATURE (F)   55        40      1992


SUNRISE AND SUNSET
AUGUST 26 2016........SUNRISE   704 AM CDT   SUNSET   824 PM CDT
AUGUST 27 2016........SUNRISE   705 AM CDT   SUNSET   823 PM CDT


-  INDICATES NEGATIVE NUMBERS.
R  INDICATES RECORD WAS SET OR TIED.
MM INDICATES DATA IS MISSING.
T  INDICATES TRACE AMOUNT.




$$
