000
CDUS43 KLBF 180932
CLILBF

CLIMATE REPORT
NATIONAL WEATHER SERVICE NORTH PLATTE
431 AM CDT FRI APR 18 2014

...................................

...THE NORTH PLATTE NE CLIMATE SUMMARY FOR APRIL 17 2014...

CLIMATE NORMAL PERIOD 1981 TO 2010
CLIMATE RECORD PERIOD 1874 TO 2014


WEATHER ITEM   OBSERVED TIME   RECORD YEAR NORMAL DEPARTURE LAST
                VALUE   (LST)  VALUE       VALUE  FROM      YEAR
                                                  NORMAL
..................................................................
TEMPERATURE (F)
 YESTERDAY
  MAXIMUM         55    516 PM  89    1994  63     -8       34
                                      1985
  MINIMUM         28    648 AM  15    1956  33     -5       27
  AVERAGE         42                        48     -6       31

PRECIPITATION (IN)
  YESTERDAY        0.00          1.66 1896   0.09  -0.09     0.02
  MONTH TO DATE    0.14                      1.13  -0.99     1.24
  SINCE MAR 1      0.93                      2.18  -1.25     1.73
  SINCE JAN 1      1.98                      3.02  -1.04     3.01

SNOWFALL (IN)
  YESTERDAY        0.0           4.0  1995   0.1   -0.1      0.4
  MONTH TO DATE    1.1                       2.3   -1.2      6.6
  SINCE MAR 1      7.4                       6.7    0.7      9.3
  SINCE JUL 1     29.8                      27.6    2.2     29.2
  SNOW DEPTH       0

DEGREE DAYS
 HEATING
  YESTERDAY       23                        17      6       34
  MONTH TO DATE  355                       334     21      413
  SINCE MAR 1   1229                      1171     58     1286
  SINCE JUL 1   6420                      6199    221     6246

 COOLING
  YESTERDAY        0                         0      0        0
  MONTH TO DATE    0                         0      0        0
  SINCE MAR 1      0                         0      0        0
  SINCE JAN 1      0                         0      0        0
..................................................................


WIND (MPH)
  HIGHEST WIND SPEED    18   HIGHEST WIND DIRECTION     S (190)
  HIGHEST GUST SPEED    24   HIGHEST GUST DIRECTION     S (180)
  AVERAGE WIND SPEED     8.6


SKY COVER
  POSSIBLE SUNSHINE  MM
  AVERAGE SKY COVER 0.5


WEATHER CONDITIONS
 THE FOLLOWING WEATHER WAS RECORDED YESTERDAY.
  NO SIGNIFICANT WEATHER WAS OBSERVED.


RELATIVE HUMIDITY (PERCENT)
 HIGHEST    78          1200 AM
 LOWEST     39           200 PM
 AVERAGE    59

..........................................................


THE NORTH PLATTE NE CLIMATE NORMALS FOR TODAY
                         NORMAL    RECORD    YEAR
 MAXIMUM TEMPERATURE (F)   63        92      1948
 MINIMUM TEMPERATURE (F)   34        17      1953


SUNRISE AND SUNSET
APRIL 18 2014.........SUNRISE   659 AM CDT   SUNSET   826 PM CDT
APRIL 19 2014.........SUNRISE   657 AM CDT   SUNSET   827 PM CDT


-  INDICATES NEGATIVE NUMBERS.
R  INDICATES RECORD WAS SET OR TIED.
MM INDICATES DATA IS MISSING.
T  INDICATES TRACE AMOUNT.

$$
