000
CDUS43 KLBF 242231
CLILBF


CLIMATE REPORT
NATIONAL WEATHER SERVICE NORTH PLATTE
531 PM CDT SAT SEP 24 2016


...................................

...THE NORTH PLATTE NE CLIMATE SUMMARY FOR SEPTEMBER 24 2016...
VALID TODAY AS OF 0500 PM LOCAL TIME.

CLIMATE NORMAL PERIOD 1981 TO 2010
CLIMATE RECORD PERIOD 1874 TO 2016


WEATHER ITEM   OBSERVED TIME   RECORD YEAR NORMAL DEPARTURE LAST
                VALUE   (LST)  VALUE       VALUE  FROM      YEAR
                                                  NORMAL
..................................................................
TEMPERATURE (F)
 TODAY
  MAXIMUM         81    400 PM  92    1990  74      7       76
  MINIMUM         52    656 AM  26    1975  43      9       60
                                      1965
  AVERAGE         67                        58      9       68

PRECIPITATION (IN)
  TODAY            0.13          0.94 1886   0.05   0.08     0.00
  MONTH TO DATE    0.94                      1.13  -0.19     1.23
  SINCE SEP 1      0.94                      1.13  -0.19     1.23
  SINCE JAN 1     20.10                     17.35   2.75    17.80

SNOWFALL (IN)
  TODAY            0.0           2.4  2000   0.0    0.0      0.0
  MONTH TO DATE    0.0                       0.1   -0.1      0.0
  SINCE SEP 1      0.0                       0.1   -0.1      0.0
  SINCE JUL 1      0.0                       0.1   -0.1      0.0
  SNOW DEPTH       0

DEGREE DAYS
 HEATING
  TODAY            0                         8     -8        0
  MONTH TO DATE   33                        99    -66       23
  SINCE SEP 1     33                        99    -66       23
  SINCE JUL 1     45                       119    -74       52

 COOLING
  TODAY            2                         1      1        3
  MONTH TO DATE  102                        66     36      138
  SINCE SEP 1    102                        66     36      138
  SINCE JAN 1    909                       761    148      806
..................................................................


WIND (MPH)
  HIGHEST WIND SPEED    28   HIGHEST WIND DIRECTION     S (160)
  HIGHEST GUST SPEED    39   HIGHEST GUST DIRECTION     S (180)
  AVERAGE WIND SPEED     9.6


SKY COVER
  POSSIBLE SUNSHINE  MM
  AVERAGE SKY COVER 0.0


WEATHER CONDITIONS
 THE FOLLOWING WEATHER WAS RECORDED TODAY.
  THUNDERSTORM
  HEAVY RAIN
  LIGHT RAIN
  HAZE


RELATIVE HUMIDITY (PERCENT)
 HIGHEST    84           400 AM
 LOWEST     21           300 PM
 AVERAGE    53

..........................................................


THE NORTH PLATTE NE CLIMATE NORMALS FOR TOMORROW
                         NORMAL    RECORD    YEAR
 MAXIMUM TEMPERATURE (F)   74        94      1903
 MINIMUM TEMPERATURE (F)   42        23      1926


SUNRISE AND SUNSET
SEPTEMBER 24 2016.....SUNRISE   733 AM CDT   SUNSET   736 PM CDT
SEPTEMBER 25 2016.....SUNRISE   734 AM CDT   SUNSET   734 PM CDT


-  INDICATES NEGATIVE NUMBERS.
R  INDICATES RECORD WAS SET OR TIED.
MM INDICATES DATA IS MISSING.
T  INDICATES TRACE AMOUNT.




$$
