000
CDUS43 KLBF 030955 RRB
CLILBF

CLIMATE REPORT
NATIONAL WEATHER SERVICE NORTH PLATTE
449 AM CDT MON AUG 3 2015


...................................

...THE NORTH PLATTE NE CLIMATE SUMMARY FOR AUGUST 2 2015...

CLIMATE NORMAL PERIOD 1981 TO 2010
CLIMATE RECORD PERIOD 1874 TO 2015


WEATHER ITEM   OBSERVED TIME   RECORD YEAR NORMAL DEPARTURE LAST
                VALUE   (LST)  VALUE       VALUE  FROM      YEAR
                                                  NORMAL
..................................................................
TEMPERATURE (F)
 YESTERDAY
  MAXIMUM         96    154 PM 108    2008  88      8       94
  MINIMUM         57    551 AM  47    1973  61     -4       61
  AVERAGE         77                        74      3       78

PRECIPITATION (IN)
  YESTERDAY        T             1.54 1952   0.10  -0.10     0.29
  MONTH TO DATE    T                         0.20  -0.20     0.47
  SINCE JUN 1      5.28                      6.69  -1.41     9.36
  SINCE JAN 1     13.38                     14.13  -0.75    13.65

SNOWFALL (IN)
  YESTERDAY        0.0           0.0  2002   0.0    0.0      0.0
                                      2001
  MONTH TO DATE    0.0                       0.0    0.0      0.0
  SINCE JUN 1      0.0                       0.0    0.0       T
  SINCE JUL 1      0.0                       0.0    0.0      0.0
  SNOW DEPTH       0

DEGREE DAYS
 HEATING
  YESTERDAY        0                         0      0        0
  MONTH TO DATE    0                         0      0        0
  SINCE JUN 1     11                        56    -45       56
  SINCE JUL 1      6                         5      1       17

 COOLING
  YESTERDAY       12                         9      3       13
  MONTH TO DATE   21                        19      2       18
  SINCE JUN 1    497                       450     47      384
  SINCE JAN 1    499                       478     21      433
..................................................................


WIND (MPH)
  HIGHEST WIND SPEED    26   HIGHEST WIND DIRECTION    SE (140)
  HIGHEST GUST SPEED    37   HIGHEST GUST DIRECTION    SE (130)
  AVERAGE WIND SPEED     3.6


SKY COVER
  POSSIBLE SUNSHINE  MM
  AVERAGE SKY COVER 0.0


WEATHER CONDITIONS
 THE FOLLOWING WEATHER WAS RECORDED YESTERDAY.
  THUNDERSTORM
  LIGHT RAIN


RELATIVE HUMIDITY (PERCENT)
 HIGHEST    93           200 AM
 LOWEST     30           200 PM
 AVERAGE    62

..........................................................


THE NORTH PLATTE NE CLIMATE NORMALS FOR TODAY
                         NORMAL    RECORD    YEAR
 MAXIMUM TEMPERATURE (F)   88       105      1954
 MINIMUM TEMPERATURE (F)   61        42      1974


SUNRISE AND SUNSET
AUGUST  3 2015........SUNRISE   640 AM CDT   SUNSET   857 PM CDT
AUGUST  4 2015........SUNRISE   641 AM CDT   SUNSET   856 PM CDT


-  INDICATES NEGATIVE NUMBERS.
R  INDICATES RECORD WAS SET OR TIED.
MM INDICATES DATA IS MISSING.
T  INDICATES TRACE AMOUNT.




$$
